000
CDUS44 KFWD 210642
CLIDFW


CLIMATE REPORT
NATIONAL WEATHER SERVICE FORT WORTH TX
142 AM CDT FRI JUL 21 2017


...................................

...THE DALLAS FORT WORTH CLIMATE SUMMARY FOR JULY 20 2017...

CLIMATE NORMAL PERIOD 1981 TO 2010
CLIMATE RECORD PERIOD 1898 TO 2017


WEATHER ITEM   OBSERVED TIME   RECORD YEAR NORMAL DEPARTURE LAST
                VALUE   (LST)  VALUE       VALUE  FROM      YEAR
                                                  NORMAL
..................................................................
TEMPERATURE (F)
 YESTERDAY
  MAXIMUM        100    335 PM 105    2012  96      4       97
                                      2000
  MINIMUM         80    556 AM  65    2014  75      5       80
                                      1920
  AVERAGE         90                        86      4       89

PRECIPITATION (IN)
  YESTERDAY        0.00          1.10 1920   0.06  -0.06     0.00
  MONTH TO DATE    2.78                      1.57   1.21     3.86
  SINCE JUN 1     11.22                      5.36   5.86     7.46
  SINCE JAN 1     23.08                     21.61   1.47    24.22

DEGREE DAYS
 HEATING
  YESTERDAY        0                         0      0        0
  MONTH TO DATE    0                         0      0        0
  SINCE JUN 1      0                         0      0        0
  SINCE JUL 1      0                         0      0        0

 COOLING
  YESTERDAY       25                        21      4       24
  MONTH TO DATE  422                       399     23      434
  SINCE JUN 1    954                       890     64     1008
  SINCE JAN 1   1636                      1312    324     1431
..................................................................


WIND (MPH)
  HIGHEST WIND SPEED    16   HIGHEST WIND DIRECTION    SE (130)
  HIGHEST GUST SPEED    21   HIGHEST GUST DIRECTION     S (190)
  AVERAGE WIND SPEED     8.4


SKY COVER
  POSSIBLE SUNSHINE  MM
  AVERAGE SKY COVER 0.2


WEATHER CONDITIONS
 THE FOLLOWING WEATHER WAS RECORDED YESTERDAY.
  HAZE


RELATIVE HUMIDITY (PERCENT)
 HIGHEST    79           500 AM
 LOWEST     33           300 PM
 AVERAGE    56

..........................................................


THE DALLAS FORT WORTH CLIMATE NORMALS FOR TODAY
                         NORMAL    RECORD    YEAR
 MAXIMUM TEMPERATURE (F)   96       107      2012
 MINIMUM TEMPERATURE (F)   76        66      1989


SUNRISE AND SUNSET
JULY 21 2017..........SUNRISE   635 AM CDT   SUNSET   834 PM CDT
JULY 22 2017..........SUNRISE   635 AM CDT   SUNSET   834 PM CDT


-  INDICATES NEGATIVE NUMBERS.
R  INDICATES RECORD WAS SET OR TIED.
MM INDICATES DATA IS MISSING.
T  INDICATES TRACE AMOUNT.




$$
