000
CDUS44 KFWD 300636
CLIDFW


CLIMATE REPORT
NATIONAL WEATHER SERVICE FORT WORTH TX
136 AM CDT SUN AUG 30 2015


...................................

...THE DALLAS FORT WORTH CLIMATE SUMMARY FOR AUGUST 29 2015...

CLIMATE NORMAL PERIOD 1981 TO 2010
CLIMATE RECORD PERIOD 1898 TO 2015


WEATHER ITEM   OBSERVED TIME   RECORD YEAR NORMAL DEPARTURE LAST
                VALUE   (LST)  VALUE       VALUE  FROM      YEAR
                                                  NORMAL
..................................................................
TEMPERATURE (F)
 YESTERDAY
  MAXIMUM         96    352 PM 105    1951  94      2       94
                                      1943
  MINIMUM         78    612 AM  60    1992  73      5       71
  AVERAGE         87                        84      3       83

PRECIPITATION (IN)
  YESTERDAY        T             1.74 1970   0.08  -0.08     0.40
  MONTH TO DATE    0.46                      1.74  -1.28     4.34
  SINCE JUN 1      5.33                      7.69  -2.36     8.58
  SINCE JAN 1     36.96                     23.94  13.02    15.91

DEGREE DAYS
 HEATING
  YESTERDAY        0                         0      0        0
  MONTH TO DATE    0                         0      0        0
  SINCE JUN 1      0                         0      0        0
  SINCE JUL 1      0                         0      0        0

 COOLING
  YESTERDAY       22                        19      3       18
  MONTH TO DATE  658                       596     62      623
  SINCE JUN 1   1872                      1718    154     1739
  SINCE JAN 1   2191                      2140     51     2215
..................................................................


WIND (MPH)
  HIGHEST WIND SPEED    20   HIGHEST WIND DIRECTION     S (160)
  HIGHEST GUST SPEED    23   HIGHEST GUST DIRECTION     S (160)
  AVERAGE WIND SPEED     9.3


SKY COVER
  POSSIBLE SUNSHINE  MM
  AVERAGE SKY COVER 0.8


WEATHER CONDITIONS
 THE FOLLOWING WEATHER WAS RECORDED YESTERDAY.
  NO SIGNIFICANT WEATHER WAS OBSERVED.


RELATIVE HUMIDITY (PERCENT)
 HIGHEST    62           500 AM
 LOWEST     33           500 PM
 AVERAGE    48

..........................................................


THE DALLAS FORT WORTH CLIMATE NORMALS FOR TODAY
                         NORMAL    RECORD    YEAR
 MAXIMUM TEMPERATURE (F)   94       106      2000
                                             1954
 MINIMUM TEMPERATURE (F)   73        59      1915


SUNRISE AND SUNSET
AUGUST 30 2015........SUNRISE   701 AM CDT   SUNSET   756 PM CDT
AUGUST 31 2015........SUNRISE   702 AM CDT   SUNSET   754 PM CDT


-  INDICATES NEGATIVE NUMBERS.
R  INDICATES RECORD WAS SET OR TIED.
MM INDICATES DATA IS MISSING.
T  INDICATES TRACE AMOUNT.




$$
