000
CDUS44 KFWD 160640
CLIDFW

CLIMATE REPORT
NATIONAL WEATHER SERVICE FORT WORTH TX
137 AM CDT TUE SEP 16 2014

...................................

...THE DALLAS FORT WORTH CLIMATE SUMMARY FOR SEPTEMBER 15 2014...

CLIMATE NORMAL PERIOD 1981 TO 2010
CLIMATE RECORD PERIOD 1898 TO 2014


WEATHER ITEM   OBSERVED TIME   RECORD YEAR NORMAL DEPARTURE LAST
                VALUE   (LST)  VALUE       VALUE  FROM      YEAR
                                                  NORMAL
..................................................................
TEMPERATURE (F)
 YESTERDAY
  MAXIMUM         86    407 PM 100    1980  89     -3       96
                                      1965
  MINIMUM         71    647 AM  51    1993  68      3       75
  AVERAGE         79                        78      1       86

PRECIPITATION (IN)
  YESTERDAY        T             1.05 1955   0.09  -0.09     0.00
  MONTH TO DATE    0.06                      1.40  -1.34     0.26
  SINCE SEP 1      0.06                      1.40  -1.34     0.26
  SINCE JAN 1     15.97                     25.51  -9.54    18.93

DEGREE DAYS
 HEATING
  YESTERDAY        0                         0      0        0
  MONTH TO DATE    1                         0      1        0
  SINCE SEP 1      1                         0      1        0
  SINCE JUL 1      1                         0      1        0

 COOLING
  YESTERDAY       14                        13      1       21
  MONTH TO DATE  252                       235     17      329
  SINCE SEP 1    252                       235     17      329
  SINCE JAN 1   2508                      2417     91     2557
..................................................................


WIND (MPH)
  HIGHEST WIND SPEED     9   HIGHEST WIND DIRECTION     S (170)
  HIGHEST GUST SPEED    12   HIGHEST GUST DIRECTION    NE (60)
  AVERAGE WIND SPEED     2.7


SKY COVER
  POSSIBLE SUNSHINE  MM
  AVERAGE SKY COVER 0.9


WEATHER CONDITIONS
 THE FOLLOWING WEATHER WAS RECORDED YESTERDAY.
  LIGHT RAIN


RELATIVE HUMIDITY (PERCENT)
 HIGHEST    84           700 AM
 LOWEST     55           500 PM
 AVERAGE    70

..........................................................


THE DALLAS FORT WORTH CLIMATE NORMALS FOR TODAY
                         NORMAL    RECORD    YEAR
 MAXIMUM TEMPERATURE (F)   88       102      1900
 MINIMUM TEMPERATURE (F)   67        50      1903


SUNRISE AND SUNSET
SEPTEMBER 16 2014.....SUNRISE   712 AM CDT   SUNSET   733 PM CDT
SEPTEMBER 17 2014.....SUNRISE   713 AM CDT   SUNSET   732 PM CDT


-  INDICATES NEGATIVE NUMBERS.
R  INDICATES RECORD WAS SET OR TIED.
MM INDICATES DATA IS MISSING.
T  INDICATES TRACE AMOUNT.


$$
