000
CDUS44 KFWD 250639
CLIDFW

CLIMATE REPORT
NATIONAL WEATHER SERVICE FORT WORTH TX
140 AM CDT MON SEP 25 2017

...................................

...THE DALLAS FORT WORTH CLIMATE SUMMARY FOR SEPTEMBER 24 2017...

CLIMATE NORMAL PERIOD 1981 TO 2010
CLIMATE RECORD PERIOD 1898 TO 2017


WEATHER ITEM   OBSERVED TIME   RECORD YEAR NORMAL DEPARTURE LAST
                VALUE   (LST)  VALUE       VALUE  FROM      YEAR
                                                  NORMAL
..................................................................
TEMPERATURE (F)
 YESTERDAY
  MAXIMUM         94    316 PM  99    1907  85      9       91
  MINIMUM         74    656 AM  49    1989  64     10       75
  AVERAGE         84                        75      9       83

PRECIPITATION (IN)
  YESTERDAY        0.00          1.45 1968   0.09  -0.09     0.38
  MONTH TO DATE    T                         2.09  -2.09     0.86
  SINCE SEP 1      T                         2.09  -2.09     0.86
  SINCE JAN 1     28.66                     26.20   2.46    29.53

DEGREE DAYS
 HEATING
  YESTERDAY        0                         0      0        0
  MONTH TO DATE    0                         0      0        0
  SINCE SEP 1      0                         0      0        0
  SINCE JUL 1      0                         0      0        0

 COOLING
  YESTERDAY       19                        10      9       18
  MONTH TO DATE  397                       340     57      460
  SINCE SEP 1    397                       340     57      460
  SINCE JAN 1   2898                      2522    376     2811
..................................................................


WIND (MPH)
  HIGHEST WIND SPEED    18   HIGHEST WIND DIRECTION     S (160)
  HIGHEST GUST SPEED    24   HIGHEST GUST DIRECTION     S (160)
  AVERAGE WIND SPEED    10.4


SKY COVER
  POSSIBLE SUNSHINE  MM
  AVERAGE SKY COVER 0.4


WEATHER CONDITIONS
 THE FOLLOWING WEATHER WAS RECORDED YESTERDAY.
  NO SIGNIFICANT WEATHER WAS OBSERVED.


RELATIVE HUMIDITY (PERCENT)
 HIGHEST    87           700 AM
 LOWEST     36           500 PM
 AVERAGE    62

..........................................................


THE DALLAS FORT WORTH CLIMATE NORMALS FOR TODAY
                         NORMAL    RECORD    YEAR
 MAXIMUM TEMPERATURE (F)   85       102      2005
 MINIMUM TEMPERATURE (F)   64        44      1989


SUNRISE AND SUNSET
SEPTEMBER 25 2017.....SUNRISE   718 AM CDT   SUNSET   720 PM CDT
SEPTEMBER 26 2017.....SUNRISE   719 AM CDT   SUNSET   719 PM CDT


-  INDICATES NEGATIVE NUMBERS.
R  INDICATES RECORD WAS SET OR TIED.
MM INDICATES DATA IS MISSING.
T  INDICATES TRACE AMOUNT.

$$
