000
CDUS44 KFWD 040704
CLIDFW


CLIMATE REPORT
NATIONAL WEATHER SERVICE FORT WORTH TX
104 AM CST WED MAR 4 2015


...................................

...THE DALLAS FORT WORTH CLIMATE SUMMARY FOR MARCH 3 2015...

CLIMATE NORMAL PERIOD 1981 TO 2010
CLIMATE RECORD PERIOD 1898 TO 2015


WEATHER ITEM   OBSERVED TIME   RECORD YEAR NORMAL DEPARTURE LAST
                VALUE   (LST)  VALUE       VALUE  FROM      YEAR
                                                  NORMAL
..................................................................
TEMPERATURE (F)
 YESTERDAY
  MAXIMUM         52   1053 PM  94    1902  64    -12       34
  MINIMUM         40    605 AM  10    1943  44     -4       16
  AVERAGE         46                        54     -8       25

PRECIPITATION (IN)
  YESTERDAY        0.05          1.81 1981   0.10  -0.05      T
  MONTH TO DATE    0.15                      0.32  -0.17     0.09
  SINCE MAR 1      0.15                      0.32  -0.17     0.09
  SINCE JAN 1      6.73                      5.11   1.62     0.83

SNOWFALL (IN)
  YESTERDAY        0.0           1.0  2008   0.0    0.0       T
  MONTH TO DATE    0.0                       0.0    0.0      0.1
  SINCE MAR 1      0.0                       0.0    0.0      0.1
  SINCE JUL 1      2.3                       1.0    1.3      2.9
  SNOW DEPTH       0

DEGREE DAYS
 HEATING
  YESTERDAY       19                        12      7       40
  MONTH TO DATE   77                        36     41       61
  SINCE MAR 1     77                        36     41       61
  SINCE JUL 1   2113                      1968    145     2234

 COOLING
  YESTERDAY        0                         1     -1        0
  MONTH TO DATE    0                         1     -1        0
  SINCE MAR 1      0                         1     -1        0
  SINCE JAN 1      0                         8     -8        0
..................................................................


WIND (MPH)
  HIGHEST WIND SPEED    12   HIGHEST WIND DIRECTION     S (170)
  HIGHEST GUST SPEED    16   HIGHEST GUST DIRECTION     S (170)
  AVERAGE WIND SPEED     4.4


SKY COVER
  POSSIBLE SUNSHINE  MM
  AVERAGE SKY COVER 1.0


WEATHER CONDITIONS
 THE FOLLOWING WEATHER WAS RECORDED YESTERDAY.
  LIGHT RAIN
  FOG
  FOG W/VISIBILITY <= 1/4 MILE


RELATIVE HUMIDITY (PERCENT)
 HIGHEST   100          1200 AM
 LOWEST     93           700 AM
 AVERAGE    97

..........................................................


THE DALLAS FORT WORTH CLIMATE NORMALS FOR TODAY
                         NORMAL    RECORD    YEAR
 MAXIMUM TEMPERATURE (F)   65        88      2013
                                             1955
 MINIMUM TEMPERATURE (F)   44        20      2002


SUNRISE AND SUNSET
MARCH  4 2015.........SUNRISE   653 AM CST   SUNSET   628 PM CST
MARCH  5 2015.........SUNRISE   651 AM CST   SUNSET   628 PM CST


-  INDICATES NEGATIVE NUMBERS.
R  INDICATES RECORD WAS SET OR TIED.
MM INDICATES DATA IS MISSING.
T  INDICATES TRACE AMOUNT.




$$
