000
CDUS44 KFWD 030642
CLIDFW


CLIMATE REPORT
NATIONAL WEATHER SERVICE FORT WORTH TX
141 AM CDT MON AUG 3 2015

...THE DALLAS FORT WORTH CLIMATE SUMMARY FOR AUGUST 2 2015...

CLIMATE NORMAL PERIOD 1981 TO 2010
CLIMATE RECORD PERIOD 1898 TO 2015


WEATHER ITEM   OBSERVED TIME   RECORD YEAR NORMAL DEPARTURE LAST
                VALUE   (LST)  VALUE       VALUE  FROM      YEAR
                                                  NORMAL
..................................................................
TEMPERATURE (F)
 YESTERDAY
  MAXIMUM         99    259 PM 110    2011  97      2       90
  MINIMUM         77    611 AM  62    1965  76      1       67
  AVERAGE         88                        86      2       79

PRECIPITATION (IN)
  YESTERDAY        0.00          1.99 1962   0.05  -0.05     0.00
  MONTH TO DATE    0.00                      0.10  -0.10      T
  SINCE JUN 1      4.87                      6.05  -1.18     4.24
  SINCE JAN 1     36.50                     22.30  14.20    11.57

DEGREE DAYS
 HEATING
  YESTERDAY        0                         0      0        0
  MONTH TO DATE    0                         0      0        0
  SINCE JUN 1      0                         0      0        0
  SINCE JUL 1      0                         0      0        0

 COOLING
  YESTERDAY       23                        21      2       14
  MONTH TO DATE   46                        42      4       26
  SINCE JUN 1   1260                      1164     96     1142
  SINCE JAN 1   1579                      1586     -7     1618
..................................................................


WIND (MPH)
  HIGHEST WIND SPEED    15   HIGHEST WIND DIRECTION    SE (130)
  HIGHEST GUST SPEED    18   HIGHEST GUST DIRECTION    SE (120)
  AVERAGE WIND SPEED     7.5


SKY COVER
  POSSIBLE SUNSHINE  MM
  AVERAGE SKY COVER 0.6


WEATHER CONDITIONS
 THE FOLLOWING WEATHER WAS RECORDED YESTERDAY.
  NO SIGNIFICANT WEATHER WAS OBSERVED.


RELATIVE HUMIDITY (PERCENT)
 HIGHEST    56           600 AM
 LOWEST     24           100 PM
 AVERAGE    40

..........................................................


THE DALLAS FORT WORTH CLIMATE NORMALS FOR TODAY
                         NORMAL    RECORD    YEAR
 MAXIMUM TEMPERATURE (F)   97       109      2011
 MINIMUM TEMPERATURE (F)   76        64      1973


SUNRISE AND SUNSET
AUGUST  3 2015........SUNRISE   643 AM CDT   SUNSET   825 PM CDT
AUGUST  4 2015........SUNRISE   644 AM CDT   SUNSET   824 PM CDT


-  INDICATES NEGATIVE NUMBERS.
R  INDICATES RECORD WAS SET OR TIED.
MM INDICATES DATA IS MISSING.
T  INDICATES TRACE AMOUNT.




$$
