492
CDUS44 KFWD 080637
CLIDFW


CLIMATE REPORT
NATIONAL WEATHER SERVICE FORT WORTH TX
1236 AM CST MON FEB 8 2016


...................................

...THE DALLAS FORT WORTH CLIMATE SUMMARY FOR FEBRUARY 7 2016...

CLIMATE NORMAL PERIOD 1981 TO 2010
CLIMATE RECORD PERIOD 1898 TO 2016


WEATHER ITEM   OBSERVED TIME   RECORD YEAR NORMAL DEPARTURE LAST
                VALUE   (LST)  VALUE       VALUE  FROM      YEAR
                                                  NORMAL
..................................................................
TEMPERATURE (F)
 YESTERDAY
  MAXIMUM         65    446 PM  88    1932  59      6       69
  MINIMUM         32    621 AM   7    1933  38     -6       42
  AVERAGE         49                        48      1       56

PRECIPITATION (IN)
  YESTERDAY        0.00          1.53 1973   0.09  -0.09     0.00
  MONTH TO DATE    T                         0.57  -0.57     0.10
  SINCE DEC 1      4.87                      5.25  -0.38     4.85
  SINCE JAN 1      1.04                      2.70  -1.66     3.72

SNOWFALL (IN)
  YESTERDAY        0.0           3.7  1978   0.1   -0.1      0.0
  MONTH TO DATE    0.0                       0.3   -0.3      0.0
  SINCE DEC 1      T                         0.8   -0.8       T
  SINCE JUL 1      T                         0.8   -0.8       T
  SNOW DEPTH       0

DEGREE DAYS
 HEATING
  YESTERDAY       16                        17     -1        9
  MONTH TO DATE  114                       122     -8      152
  SINCE DEC 1   1020                      1273   -253     1233
  SINCE JUL 1   1235                      1627   -392     1651

 COOLING
  YESTERDAY        0                         0      0        0
  MONTH TO DATE    0                         0      0        0
  SINCE DEC 1      9                         6      3        1
  SINCE JAN 1      0                         2     -2        0
..................................................................


WIND (MPH)
  HIGHEST WIND SPEED    22   HIGHEST WIND DIRECTION     S (200)
  HIGHEST GUST SPEED    26   HIGHEST GUST DIRECTION     S (190)
  AVERAGE WIND SPEED     9.4


SKY COVER
  POSSIBLE SUNSHINE  MM
  AVERAGE SKY COVER 0.1


WEATHER CONDITIONS
 THE FOLLOWING WEATHER WAS RECORDED YESTERDAY.
  NO SIGNIFICANT WEATHER WAS OBSERVED.


RELATIVE HUMIDITY (PERCENT)
 HIGHEST    82           200 AM
 LOWEST     26           500 PM
 AVERAGE    54

..........................................................


THE DALLAS FORT WORTH CLIMATE NORMALS FOR TODAY
                         NORMAL    RECORD    YEAR
 MAXIMUM TEMPERATURE (F)   59        85      1962
 MINIMUM TEMPERATURE (F)   38         2      1933


SUNRISE AND SUNSET
FEBRUARY  8 2016......SUNRISE   718 AM CST   SUNSET   607 PM CST
FEBRUARY  9 2016......SUNRISE   717 AM CST   SUNSET   608 PM CST


-  INDICATES NEGATIVE NUMBERS.
R  INDICATES RECORD WAS SET OR TIED.
MM INDICATES DATA IS MISSING.
T  INDICATES TRACE AMOUNT.




$$
