000
CDUS44 KFWD 290800
CLIDFW


CLIMATE REPORT
NATIONAL WEATHER SERVICE FORT WORTH TX
300 AM CDT FRI APR 29 2016


...................................

...THE DALLAS FORT WORTH CLIMATE SUMMARY FOR APRIL 28 2016...

CLIMATE NORMAL PERIOD 1981 TO 2010
CLIMATE RECORD PERIOD 1898 TO 2016


WEATHER ITEM   OBSERVED TIME   RECORD YEAR NORMAL DEPARTURE LAST
                VALUE   (LST)  VALUE       VALUE  FROM      YEAR
                                                  NORMAL
..................................................................
TEMPERATURE (F)
 YESTERDAY
  MAXIMUM         84    419 PM  93    1989  79      5       59
  MINIMUM         59    559 AM  42    1979  59      0       49
  AVERAGE         72                        69      3       54

PRECIPITATION (IN)
  YESTERDAY        T             2.86 1953   0.13  -0.13     0.05
  MONTH TO DATE    4.53                      2.81   1.72     5.56
  SINCE MAR 1      7.20                      6.30   0.90     8.09
  SINCE JAN 1     10.44                     11.09  -0.65    14.67

SNOWFALL (IN)
  YESTERDAY        0.0           0.0    MM   0.0    0.0      0.0
  MONTH TO DATE    0.0                       0.0    0.0      0.0
  SINCE MAR 1      0.0                       0.2   -0.2      3.5
  SINCE JUL 1      T                         1.6   -1.6      5.8
  SNOW DEPTH       0

DEGREE DAYS
 HEATING
  YESTERDAY        0                         1     -1       11
  MONTH TO DATE   27                        81    -54       53
  SINCE MAR 1    169                       342   -173      354
  SINCE JUL 1   1580                      2274   -694     2390

 COOLING
  YESTERDAY        7                         5      2        0
  MONTH TO DATE  114                        89     25       89
  SINCE MAR 1    144                       121     23      123
  SINCE JAN 1    155                       128     27      123
..................................................................


WIND (MPH)
  HIGHEST WIND SPEED    20   HIGHEST WIND DIRECTION    SE (120)
  HIGHEST GUST SPEED    25   HIGHEST GUST DIRECTION    SE (140)
  AVERAGE WIND SPEED     9.5


SKY COVER
  POSSIBLE SUNSHINE  MM
  AVERAGE SKY COVER 0.2


WEATHER CONDITIONS
 THE FOLLOWING WEATHER WAS RECORDED YESTERDAY.
  THUNDERSTORM
  LIGHT RAIN


RELATIVE HUMIDITY (PERCENT)
 HIGHEST    78           500 AM
 LOWEST     37           400 PM
 AVERAGE    58

..........................................................


THE DALLAS FORT WORTH CLIMATE NORMALS FOR TODAY
                         NORMAL    RECORD    YEAR
 MAXIMUM TEMPERATURE (F)   79        97      1909
 MINIMUM TEMPERATURE (F)   59        41      1908


SUNRISE AND SUNSET
APRIL 29 2016.........SUNRISE   642 AM CDT   SUNSET   809 PM CDT
APRIL 30 2016.........SUNRISE   641 AM CDT   SUNSET   810 PM CDT


-  INDICATES NEGATIVE NUMBERS.
R  INDICATES RECORD WAS SET OR TIED.
MM INDICATES DATA IS MISSING.
T  INDICATES TRACE AMOUNT.




$$
