000
CDUS43 KDDC 250725
CLIDGC


CLIMATE REPORT
NATIONAL WEATHER SERVICE DODGE CITY KS
225 AM CDT SUN JUN 25 2017


...................................

...THE DODGE CITY KS CLIMATE SUMMARY FOR JUNE 24 2017...

CLIMATE NORMAL PERIOD 1981 TO 2010
CLIMATE RECORD PERIOD 1875 TO 2017


WEATHER ITEM   OBSERVED TIME   RECORD YEAR NORMAL DEPARTURE LAST
                VALUE   (LST)  VALUE       VALUE  FROM      YEAR
                                                  NORMAL
..................................................................
TEMPERATURE (F)
 YESTERDAY
  MAXIMUM         80    456 PM 107    2012  90    -10       92
  MINIMUM         59    313 AM  48    1940  63     -4       67
  AVERAGE         70                        76     -6       80

PRECIPITATION (IN)
  YESTERDAY        0.00          1.68 1889   0.11  -0.11     0.38
  MONTH TO DATE    2.72                      2.66   0.06     1.99
  SINCE JUN 1      2.72                      2.66   0.06     1.99
  SINCE JAN 1     20.15                     10.18   9.97    13.11

SNOWFALL (IN)
  YESTERDAY        0.0          90.0  2001   0.0    0.0      0.0
  MONTH TO DATE    0.0                       0.0    0.0      0.0
  SINCE JUN 1      0.0                       0.0    0.0      0.0
  SINCE JUL 1      7.5                      21.1  -13.6     10.4
  SNOW DEPTH       0

DEGREE DAYS
 HEATING
  YESTERDAY        0                         0      0        0
  MONTH TO DATE    0                        10    -10        1
  SINCE JUN 1      0                        10    -10        1
  SINCE JUL 1   4170                      4964   -794     4340

 COOLING
  YESTERDAY        5                        12     -7       15
  MONTH TO DATE  257                       204     53      271
  SINCE JUN 1    257                       204     53      271
  SINCE JAN 1    359                       313     46      329
..................................................................


WIND (MPH)
  HIGHEST WIND SPEED    17   HIGHEST WIND DIRECTION     S (170)
  HIGHEST GUST SPEED    22   HIGHEST GUST DIRECTION    SE (150)
  AVERAGE WIND SPEED     7.8


SKY COVER
  POSSIBLE SUNSHINE  MM
  AVERAGE SKY COVER 0.8


WEATHER CONDITIONS
 THE FOLLOWING WEATHER WAS RECORDED YESTERDAY.
  NO SIGNIFICANT WEATHER WAS OBSERVED.


RELATIVE HUMIDITY (PERCENT)
 HIGHEST    84           400 AM
 LOWEST     35           300 PM
 AVERAGE    60

..........................................................


THE DODGE CITY KS CLIMATE NORMALS FOR TODAY
                         NORMAL    RECORD    YEAR
 MAXIMUM TEMPERATURE (F)   90       108      2012
                                             1978
 MINIMUM TEMPERATURE (F)   64        46      1958


SUNRISE AND SUNSET
JUNE 25 2017..........SUNRISE   619 AM CDT   SUNSET   906 PM CDT
JUNE 26 2017..........SUNRISE   620 AM CDT   SUNSET   906 PM CDT


-  INDICATES NEGATIVE NUMBERS.
R  INDICATES RECORD WAS SET OR TIED.
MM INDICATES DATA IS MISSING.
T  INDICATES TRACE AMOUNT.




$$
