000
CDUS43 KDDC 120718
CLIDGC


CLIMATE REPORT
NATIONAL WEATHER SERVICE DODGE CITY KS
118 AM CST TUE DEC 12 2017


...................................

...THE DODGE CITY KS CLIMATE SUMMARY FOR DECEMBER 11 2017...

CLIMATE NORMAL PERIOD 1981 TO 2010
CLIMATE RECORD PERIOD 1875 TO 2017


WEATHER ITEM   OBSERVED TIME   RECORD YEAR NORMAL DEPARTURE LAST
                VALUE   (LST)  VALUE       VALUE  FROM      YEAR
                                                  NORMAL
..................................................................
TEMPERATURE (F)
 YESTERDAY
  MAXIMUM         65    229 PM  78    1939  45     20       43
  MINIMUM         27   1159 PM  -9    1932  21      6       24
  AVERAGE         46                        33     13       34

PRECIPITATION (IN)
  YESTERDAY        0.00          0.50 2007   0.03  -0.03     0.00
  MONTH TO DATE    0.00                      0.28  -0.28     0.34
  SINCE DEC 1      0.00                      0.28  -0.28     0.34
  SINCE JAN 1     25.57                     21.04   4.53    23.12

SNOWFALL (IN)
  YESTERDAY        0.0           2.5  1941   0.2   -0.2      0.0
  MONTH TO DATE    0.0                       1.5   -1.5      0.2
  SINCE DEC 1      0.0                       1.5   -1.5      0.2
  SINCE JUL 1      0.0                       3.7   -3.7      0.2
  SNOW DEPTH       0

DEGREE DAYS
 HEATING
  YESTERDAY       19                        32    -13       31
  MONTH TO DATE  262                       337    -75      371
  SINCE DEC 1    262                       337    -75      371
  SINCE JUL 1   1116                      1351   -235      967

 COOLING
  YESTERDAY        0                         0      0        0
  MONTH TO DATE    0                         0      0        0
  SINCE DEC 1      0                         0      0        0
  SINCE JAN 1   1520                      1463     57     1580
..................................................................


WIND (MPH)
  HIGHEST WIND SPEED    30   HIGHEST WIND DIRECTION     N (350)
  HIGHEST GUST SPEED    45   HIGHEST GUST DIRECTION     N (350)
  AVERAGE WIND SPEED    15.0


SKY COVER
  POSSIBLE SUNSHINE  MM
  AVERAGE SKY COVER 0.0


WEATHER CONDITIONS
 THE FOLLOWING WEATHER WAS RECORDED YESTERDAY.
  HAZE


RELATIVE HUMIDITY (PERCENT)
 HIGHEST    63          1100 PM
 LOWEST     13           200 PM
 AVERAGE    38

..........................................................


THE DODGE CITY KS CLIMATE NORMALS FOR TODAY
                         NORMAL    RECORD    YEAR
 MAXIMUM TEMPERATURE (F)   44        72      1889
 MINIMUM TEMPERATURE (F)   21       -10      1932


SUNRISE AND SUNSET
DECEMBER 12 2017......SUNRISE   746 AM CST   SUNSET   521 PM CST
DECEMBER 13 2017......SUNRISE   747 AM CST   SUNSET   522 PM CST


-  INDICATES NEGATIVE NUMBERS.
R  INDICATES RECORD WAS SET OR TIED.
MM INDICATES DATA IS MISSING.
T  INDICATES TRACE AMOUNT.




$$
