000
CDUS43 KDDC 251425
CLIDGC


CLIMATE REPORT
NATIONAL WEATHER SERVICE DODGE CITY KS
825 AM CST SUN FEB 25 2018


...................................

...THE DODGE CITY KS CLIMATE SUMMARY FOR FEBRUARY 25 2018...
VALID AS OF 0800 AM LOCAL TIME.

CLIMATE NORMAL PERIOD 1981 TO 2010
CLIMATE RECORD PERIOD 1875 TO 2018


WEATHER ITEM   OBSERVED TIME   RECORD YEAR NORMAL DEPARTURE LAST
                VALUE   (LST)  VALUE       VALUE  FROM      YEAR
                                                  NORMAL
..................................................................
TEMPERATURE (F)
 TODAY
  MAXIMUM         28   1257 AM  80    1989  51    -23       48
  MINIMUM         17    505 AM  -4    1960  26     -9        9
  AVERAGE         23                        39    -16       29

PRECIPITATION (IN)
  TODAY            0.00          1.50 1912   0.02  -0.02     0.00
  MONTH TO DATE    0.06                      0.60  -0.54     0.01
  SINCE DEC 1      0.15                      2.02  -1.87     3.19
  SINCE JAN 1      0.15                      1.18  -1.03     2.57

SNOWFALL (IN)
  TODAY            0.0          15.0  1912   0.1   -0.1      0.0
  MONTH TO DATE    0.2                       3.5   -3.3      0.0
  SINCE DEC 1      1.4                      12.5  -11.1      5.0
  SINCE JUL 1      1.4                      14.7  -13.3      5.0
  SNOW DEPTH       0

..................................................................


WIND (MPH)
  HIGHEST WIND SPEED    10   HIGHEST WIND DIRECTION     E (110)
  HIGHEST GUST SPEED    12   HIGHEST GUST DIRECTION     E (110)
  AVERAGE WIND SPEED     6.3



WEATHER CONDITIONS
 THE FOLLOWING WEATHER WAS RECORDED TODAY.
  NO SIGNIFICANT WEATHER WAS OBSERVED.


RELATIVE HUMIDITY (PERCENT)
 HIGHEST    57           600 AM
 LOWEST     46          1200 AM

..........................................................


THE DODGE CITY KS CLIMATE NORMALS FOR TOMORROW
                         NORMAL    RECORD    YEAR
 MAXIMUM TEMPERATURE (F)   52        76      1981
 MINIMUM TEMPERATURE (F)   26        -3      1890


SUNRISE AND SUNSET
FEBRUARY 25 2018......SUNRISE   717 AM CST   SUNSET   630 PM CST
FEBRUARY 26 2018......SUNRISE   715 AM CST   SUNSET   631 PM CST


-  INDICATES NEGATIVE NUMBERS.
R  INDICATES RECORD WAS SET OR TIED.
MM INDICATES DATA IS MISSING.
T  INDICATES TRACE AMOUNT.




$$
