000
CDUS43 KDDC 051428
CLIDGC


CLIMATE REPORT
NATIONAL WEATHER SERVICE DODGE CITY KS
928 AM CDT SAT SEP 5 2015


...................................

...THE DODGE CITY KS CLIMATE SUMMARY FOR SEPTEMBER 5 2015...
VALID AS OF 0800 AM LOCAL TIME.

CLIMATE NORMAL PERIOD 1981 TO 2010
CLIMATE RECORD PERIOD 1875 TO 2015


WEATHER ITEM   OBSERVED TIME   RECORD YEAR NORMAL DEPARTURE LAST
                VALUE   (LST)  VALUE       VALUE  FROM      YEAR
                                                  NORMAL
..................................................................
TEMPERATURE (F)
 TODAY
  MAXIMUM         76   1210 AM 103    1931  87    -11       73
  MINIMUM         70    555 AM  39    1889  61      9       53
  AVERAGE         73                        74     -1       63

PRECIPITATION (IN)
  TODAY            0.00          1.17 2008   0.06  -0.06     0.40
  MONTH TO DATE    0.00                      0.35  -0.35     0.44
  SINCE SEP 1      0.00                      0.35  -0.35     0.44
  SINCE JAN 1     19.69                     16.94   2.75    18.67

SNOWFALL (IN)
  TODAY            0.0           0.0  2002   0.0    0.0      0.0
                                      2001
  MONTH TO DATE    0.0                       0.0    0.0      0.0
  SINCE SEP 1      0.0                       0.0    0.0      0.0
  SINCE JUL 1      0.0                       0.0    0.0      0.0
  SNOW DEPTH       0

..................................................................


WIND (MPH)
  HIGHEST WIND SPEED    18   HIGHEST WIND DIRECTION     S (170)
  HIGHEST GUST SPEED    22   HIGHEST GUST DIRECTION     S (180)
  AVERAGE WIND SPEED    13.6



WEATHER CONDITIONS
 THE FOLLOWING WEATHER WAS RECORDED TODAY.
  NO SIGNIFICANT WEATHER WAS OBSERVED.


RELATIVE HUMIDITY (PERCENT)
 HIGHEST    78           600 AM
 LOWEST     54          1200 AM

..........................................................


THE DODGE CITY KS CLIMATE NORMALS FOR TOMORROW
                         NORMAL    RECORD    YEAR
 MAXIMUM TEMPERATURE (F)   86       102      2000
                                             1998
                                             1947
 MINIMUM TEMPERATURE (F)   60        42      1956


SUNRISE AND SUNSET
SEPTEMBER  5 2015.....SUNRISE   713 AM CDT   SUNSET   803 PM CDT
SEPTEMBER  6 2015.....SUNRISE   714 AM CDT   SUNSET   802 PM CDT


-  INDICATES NEGATIVE NUMBERS.
R  INDICATES RECORD WAS SET OR TIED.
MM INDICATES DATA IS MISSING.
T  INDICATES TRACE AMOUNT.




$$
