000
CDUS44 KTAE 020632
CLIDHN


CLIMATE REPORT
NATIONAL WEATHER SERVICE TALLAHASSEE FL
231 AM EDT MON MAY 2 2016


...................................

...THE DOTHAN CLIMATE SUMMARY FOR MAY 1 2016...

CLIMATE NORMAL PERIOD 1981 TO 2010
CLIMATE RECORD PERIOD 1965 TO 2016


WEATHER ITEM   OBSERVED TIME   NORMAL DEPARTURE LAST
                VALUE   (LST)  VALUE  FROM      YEAR
                                      NORMAL
......................................................
TEMPERATURE (F)
 YESTERDAY
  MAXIMUM         88    222 PM  83      5       76
  MINIMUM         65    409 AM  58      7       54
  AVERAGE         77            70      7       65

PRECIPITATION (IN)
  YESTERDAY        0.11          0.09   0.02     0.00
  MONTH TO DATE    0.11          0.09   0.02     0.00
  SINCE MAR 1     12.06          9.49   2.57    12.16
  SINCE JAN 1     22.91         18.89   4.02    18.83

SNOWFALL (IN)
  YESTERDAY        0.0

DEGREE DAYS
 HEATING
  YESTERDAY        0             1     -1        0
  MONTH TO DATE    0             1     -1        0
  SINCE MAR 1    160           282   -122      133
  SINCE JUL 1   1338          1841   -503     1820

 COOLING
  YESTERDAY       12             6      6        0
  MONTH TO DATE   12             6      6        0
  SINCE MAR 1    172           117     55      240
  SINCE JAN 1    178           127     51      244
......................................................


WIND (MPH)
  HIGHEST WIND SPEED    16   HIGHEST WIND DIRECTION    SE (150)
  HIGHEST GUST SPEED    19   HIGHEST GUST DIRECTION    SE (150)
  AVERAGE WIND SPEED     4.6








-  INDICATES NEGATIVE NUMBERS.
R  INDICATES RECORD WAS SET OR TIED.
MM INDICATES DATA IS MISSING.
T  INDICATES TRACE AMOUNT.




$$
