000
CDUS44 KTAE 110633
CLIDHN


CLIMATE REPORT
NATIONAL WEATHER SERVICE TALLAHASSEE FL
131 AM EST SUN DEC 11 2016

...................................

...THE DOTHAN CLIMATE SUMMARY FOR DECEMBER 10 2016...

CLIMATE NORMAL PERIOD 1981 TO 2010
CLIMATE RECORD PERIOD 1965 TO 2016


WEATHER ITEM   OBSERVED TIME   NORMAL DEPARTURE LAST
                VALUE   (LST)  VALUE  FROM      YEAR
                                      NORMAL
......................................................
TEMPERATURE (F)
 YESTERDAY
  MAXIMUM         54    323 PM  64    -10       74
  MINIMUM         29    652 AM  41    -12       46
  AVERAGE         42            52    -10       60

PRECIPITATION (IN)
  YESTERDAY        0.00          0.16  -0.16     0.00
  MONTH TO DATE    8.01          1.81   6.20     0.48
  SINCE DEC 1      8.01          1.81   6.20     0.48
  SINCE JAN 1     52.82         51.39   1.43    59.91

SNOWFALL (IN)
  YESTERDAY        0.0

DEGREE DAYS
 HEATING
  YESTERDAY       23            13     10        5
  MONTH TO DATE  119           121     -2       86
  SINCE DEC 1    119           121     -2       86
  SINCE JUL 1    280           398   -118      221
......................................................


WIND (MPH)
  HIGHEST WIND SPEED    12   HIGHEST WIND DIRECTION     E (80)
  HIGHEST GUST SPEED    15   HIGHEST GUST DIRECTION     E (70)
  AVERAGE WIND SPEED     5.8





-  INDICATES NEGATIVE NUMBERS.
R  INDICATES RECORD WAS SET OR TIED.
MM INDICATES DATA IS MISSING.
T  INDICATES TRACE AMOUNT.


$$
