000
CDUS44 KTAE 190702
CLIDHN


CLIMATE REPORT
NATIONAL WEATHER SERVICE TALLAHASSEE FL
154 AM EST FRI DEC 19 2014


...................................

...THE DOTHAN CLIMATE SUMMARY FOR DECEMBER 18 2014...

CLIMATE NORMAL PERIOD 1981 TO 2010
CLIMATE RECORD PERIOD 1965 TO 2014


WEATHER ITEM   OBSERVED TIME   NORMAL DEPARTURE LAST
                VALUE   (LST)  VALUE  FROM      YEAR
                                      NORMAL
......................................................
TEMPERATURE (F)
 YESTERDAY
  MAXIMUM         65    254 PM  62      3       62
  MINIMUM         39    711 AM  40     -1       36
  AVERAGE         52            51      1       49

PRECIPITATION (IN)
  YESTERDAY        0.00          0.13  -0.13     0.00
  MONTH TO DATE    0.17          2.97  -2.80     2.84
  SINCE DEC 1      0.17          2.97  -2.80     2.84
  SINCE JAN 1     50.16         52.55  -2.39    72.11

SNOWFALL (IN)
  YESTERDAY        0.0

DEGREE DAYS
 HEATING
  YESTERDAY       13            15     -2       16
  MONTH TO DATE  190           233    -43      164
  SINCE DEC 1    190           233    -43      164
  SINCE JUL 1    611           510    101      464
......................................................


WIND (MPH)
  HIGHEST WIND SPEED    10   HIGHEST WIND DIRECTION    NW (330)
  HIGHEST GUST SPEED    13   HIGHEST GUST DIRECTION    NW (330)
  AVERAGE WIND SPEED     3.5








-  INDICATES NEGATIVE NUMBERS.
R  INDICATES RECORD WAS SET OR TIED.
MM INDICATES DATA IS MISSING.
T  INDICATES TRACE AMOUNT.




$$
