000
CDUS44 KTAE 200638
CLIDHN


CLIMATE REPORT
NATIONAL WEATHER SERVICE TALLAHASSEE FL
237 AM EDT WED AUG 20 2014


...................................

...THE DOTHAN CLIMATE SUMMARY FOR AUGUST 19 2014...

CLIMATE NORMAL PERIOD 1981 TO 2010
CLIMATE RECORD PERIOD 1965 TO 2014


WEATHER ITEM   OBSERVED TIME   NORMAL DEPARTURE LAST
                VALUE   (LST)  VALUE  FROM      YEAR
                                      NORMAL
......................................................
TEMPERATURE (F)
 YESTERDAY
  MAXIMUM         93   1219 PM  91      2       88
  MINIMUM         74   1159 PM  71      3       70
  AVERAGE         84            81      3       79

PRECIPITATION (IN)
  YESTERDAY        0.03          0.16  -0.13      T
  MONTH TO DATE    2.17          2.85  -0.68     7.02
  SINCE JUN 1      9.86         14.40  -4.54    29.18
  SINCE JAN 1     39.93         36.76   3.17    56.48

SNOWFALL (IN)
  YESTERDAY        0.0

DEGREE DAYS
 COOLING
  YESTERDAY       19            16      3       14
  MONTH TO DATE  320           314      6      308
  SINCE JUN 1   1289          1282      7     1215
  SINCE JAN 1   1674          1695    -21     1587
......................................................


WIND (MPH)
  HIGHEST WIND SPEED    30   HIGHEST WIND DIRECTION    NW (330)
  HIGHEST GUST SPEED    40   HIGHEST GUST DIRECTION    NW (330)
  AVERAGE WIND SPEED     8.1








-  INDICATES NEGATIVE NUMBERS.
R  INDICATES RECORD WAS SET OR TIED.
MM INDICATES DATA IS MISSING.
T  INDICATES TRACE AMOUNT.




$$
