476
CDUS44 KAMA 161521
CLIDHT


CLIMATE REPORT
NATIONAL WEATHER SERVICE AMARILLO TX
920 AM CST SAT DEC 16 2017


...................................

...THE DALHART CLIMATE SUMMARY FOR DECEMBER 16 2017...
VALID AS OF 0900 AM LOCAL TIME.

CLIMATE NORMAL PERIOD 1981 TO 2010
CLIMATE RECORD PERIOD 1948 TO 2017


WEATHER ITEM   OBSERVED TIME   RECORD YEAR NORMAL DEPARTURE LAST
                VALUE   (LST)  VALUE       VALUE  FROM      YEAR
                                                  NORMAL
..................................................................
TEMPERATURE (F)
 TODAY
  MINIMUM         20    600 AM   0    1987  19      1       38

PRECIPITATION (IN)
  TODAY            0.00          0.71 1959   0.02  -0.02     0.00
  MONTH TO DATE    T                         0.28  -0.28     0.03
  SINCE DEC 1      T                         0.28  -0.28     0.03
  SINCE JAN 1     24.41                     17.33   7.08    18.91

SNOWFALL (IN)
  TODAY            0.0           2.0  1992   0.2   -0.2      0.0
  MONTH TO DATE    0.0                       2.2   -2.2      0.5
  SINCE DEC 1      0.0                       2.2   -2.2      0.5
  SINCE JUL 1      2.3                       4.1   -1.8      0.5
  SNOW DEPTH       0

..................................................................


WIND (MPH)
  RESULTANT WIND SPEED  10   RESULTANT WIND DIRECTION  SW (210)
  HIGHEST WIND SPEED    13   HIGHEST WIND DIRECTION    SW (210)
  HIGHEST GUST SPEED    15   HIGHEST GUST DIRECTION    SW (210)
  AVERAGE WIND SPEED     9.8


SKY COVER
  AVERAGE SKY COVER 0.0


WEATHER CONDITIONS
 THE FOLLOWING WEATHER WAS RECORDED TODAY.
  NO SIGNIFICANT WEATHER WAS OBSERVED.


RELATIVE HUMIDITY (PERCENT)
 HIGHEST    84           100 AM
 LOWEST     74          1200 AM
 AVERAGE    79

..........................................................


THE DALHART CLIMATE NORMALS FOR TOMORROW
                         NORMAL    RECORD    YEAR
 MAXIMUM TEMPERATURE (F)   48        80      1980
 MINIMUM TEMPERATURE (F)   19         0      2016


SUNRISE AND SUNSET
DECEMBER 16 2017......SUNRISE   754 AM CST   SUNSET   538 PM CST
DECEMBER 17 2017......SUNRISE   755 AM CST   SUNSET   538 PM CST


-  INDICATES NEGATIVE NUMBERS.
R  INDICATES RECORD WAS SET OR TIED.
MM INDICATES DATA IS MISSING.
T  INDICATES TRACE AMOUNT.




$$
