000
CDUS44 KAMA 180631
CLIDHT


CLIMATE REPORT
NATIONAL WEATHER SERVICE AMARILLO TX
129 AM CDT THU SEP 18 2014


...................................

...THE DALHART CLIMATE SUMMARY FOR SEPTEMBER 17 2014...

CLIMATE NORMAL PERIOD 1981 TO 2010
CLIMATE RECORD PERIOD 1894 TO 2014


WEATHER ITEM   OBSERVED TIME   RECORD YEAR NORMAL DEPARTURE LAST
                VALUE   (LST)  VALUE       VALUE  FROM      YEAR
                                                  NORMAL
..................................................................
TEMPERATURE (F)
 YESTERDAY
  MAXIMUM         81    249 PM  97    2004  82     -1       83
  MINIMUM         58   1159 PM  36    1965  52      6       61
  AVERAGE         70                        67      3       72

PRECIPITATION (IN)
  YESTERDAY        0.00          1.38 1969   0.05  -0.05     0.00
  MONTH TO DATE    1.13                      0.98   0.15     1.51
  SINCE SEP 1      1.13                      0.98   0.15     1.51
  SINCE JAN 1      9.77                     14.33  -4.56     6.53

SNOWFALL (IN)
  YESTERDAY        0.0           T    1950   0.0    0.0      0.0
  MONTH TO DATE    0.0                       0.0    0.0      0.0
  SINCE SEP 1      0.0                       0.0    0.0      0.0
  SINCE JUL 1      0.0                       0.0    0.0      0.0
  SNOW DEPTH       0

DEGREE DAYS
 HEATING
  YESTERDAY        0                         2     -2        0
  MONTH TO DATE   21                        15      6        0
  SINCE SEP 1     21                        15      6        0
  SINCE JUL 1     21                        18      3        0

 COOLING
  YESTERDAY        5                         4      1        7
  MONTH TO DATE  108                       100      8      166
  SINCE SEP 1    108                       100      8      166
  SINCE JAN 1   1323                      1096    227     1519
..................................................................


WIND (MPH)
  RESULTANT WIND SPEED  10   RESULTANT WIND DIRECTION  SW (230)
  HIGHEST WIND SPEED    21   HIGHEST WIND DIRECTION    SW (220)
  HIGHEST GUST SPEED    25   HIGHEST GUST DIRECTION    SW (210)
  AVERAGE WIND SPEED    10.5


SKY COVER
  AVERAGE SKY COVER 0.0


WEATHER CONDITIONS
 THE FOLLOWING WEATHER WAS RECORDED YESTERDAY.
  NO SIGNIFICANT WEATHER WAS OBSERVED.


RELATIVE HUMIDITY (PERCENT)
 HIGHEST    93           700 AM
 LOWEST     48           500 PM
 AVERAGE    71

..........................................................


THE DALHART CLIMATE NORMALS FOR TODAY
                         NORMAL    RECORD    YEAR
 MAXIMUM TEMPERATURE (F)   81        98      1997
 MINIMUM TEMPERATURE (F)   52        37      1971


SUNRISE AND SUNSET
SEPTEMBER 18 2014.....SUNRISE   735 AM CDT   SUNSET   753 PM CDT
SEPTEMBER 19 2014.....SUNRISE   736 AM CDT   SUNSET   751 PM CDT


-  INDICATES NEGATIVE NUMBERS.
R  INDICATES RECORD WAS SET OR TIED.
MM INDICATES DATA IS MISSING.
T  INDICATES TRACE AMOUNT.




$$
