000
CDUS44 KAMA 220628
CLIDHT


CLIMATE REPORT
NATIONAL WEATHER SERVICE AMARILLO TX
126 AM CDT FRI AUG 22 2014


...................................

...THE DALHART CLIMATE SUMMARY FOR AUGUST 21 2014...

CLIMATE NORMAL PERIOD 1981 TO 2010
CLIMATE RECORD PERIOD 1894 TO 2014


WEATHER ITEM   OBSERVED TIME   RECORD YEAR NORMAL DEPARTURE LAST
                VALUE   (LST)  VALUE       VALUE  FROM      YEAR
                                                  NORMAL
..................................................................
TEMPERATURE (F)
 YESTERDAY
  MAXIMUM         98    342 PM 100    2007  89      9       93
  MINIMUM         69    733 AM  52    2009  61      8       67
                                      1964
  AVERAGE         84                        75      9       80

PRECIPITATION (IN)
  YESTERDAY        0.00          1.10 1980   0.07  -0.07     0.00
  MONTH TO DATE    0.37                      2.12  -1.75     1.56
  SINCE JUN 1      6.29                      7.21  -0.92     3.72
  SINCE JAN 1      8.13                     12.62  -4.49     5.02

SNOWFALL (IN)
  YESTERDAY        0.0           0.0    MM   0.0    0.0      0.0
  MONTH TO DATE    0.0                       0.0    0.0      0.0
  SINCE JUN 1      0.0                       0.0    0.0      0.0
  SINCE JUL 1      0.0                       0.0    0.0      0.0
  SNOW DEPTH       0

DEGREE DAYS
 HEATING
  YESTERDAY        0                         0      0        0
  MONTH TO DATE    0                         0      0        0
  SINCE JUN 1      4                        13     -9        0
  SINCE JUL 1      0                         1     -1        0

 COOLING
  YESTERDAY       19                        10      9       15
  MONTH TO DATE  280                       227     53      252
  SINCE JUN 1    953                       832    121     1061
  SINCE JAN 1   1073                       904    169     1215
..................................................................


WIND (MPH)
  RESULTANT WIND SPEED  10   RESULTANT WIND DIRECTION   S (190)
  HIGHEST WIND SPEED    28   HIGHEST WIND DIRECTION    SE (140)
  HIGHEST GUST SPEED    33   HIGHEST GUST DIRECTION    SE (140)
  AVERAGE WIND SPEED    11.4


SKY COVER
  AVERAGE SKY COVER 0.0


WEATHER CONDITIONS
 THE FOLLOWING WEATHER WAS RECORDED YESTERDAY.
  NO SIGNIFICANT WEATHER WAS OBSERVED.


RELATIVE HUMIDITY (PERCENT)
 HIGHEST    73           600 AM
 LOWEST     20           400 PM
 AVERAGE    47

..........................................................


THE DALHART CLIMATE NORMALS FOR TODAY
                         NORMAL    RECORD    YEAR
 MAXIMUM TEMPERATURE (F)   89        99      2011
 MINIMUM TEMPERATURE (F)   61        53      1979


SUNRISE AND SUNSET
AUGUST 22 2014........SUNRISE   714 AM CDT   SUNSET   831 PM CDT
AUGUST 23 2014........SUNRISE   715 AM CDT   SUNSET   830 PM CDT


-  INDICATES NEGATIVE NUMBERS.
R  INDICATES RECORD WAS SET OR TIED.
MM INDICATES DATA IS MISSING.
T  INDICATES TRACE AMOUNT.




$$
