000
CDUS44 KAMA 301408
CLIDHT


CLIMATE REPORT
NATIONAL WEATHER SERVICE AMARILLO TX
907 AM CDT FRI SEP 30 2016


...................................

...THE DALHART CLIMATE SUMMARY FOR SEPTEMBER 30 2016...
VALID AS OF 0907 AM LOCAL TIME.

CLIMATE NORMAL PERIOD 1981 TO 2010
CLIMATE RECORD PERIOD 1948 TO 2016


WEATHER ITEM   OBSERVED TIME   RECORD YEAR NORMAL DEPARTURE LAST
                VALUE   (LST)  VALUE       VALUE  FROM      YEAR
                                                  NORMAL
..................................................................
TEMPERATURE (F)
 TODAY
  MINIMUM         46    659 AM  27    1985  47     -1       58

PRECIPITATION (IN)
  TODAY            0.00          0.49 1959   0.05  -0.05     0.01
  MONTH TO DATE    3.42                      1.65   1.77     1.07
  SINCE SEP 1      3.42                      1.65   1.77     1.07
  SINCE JAN 1     17.61                     15.00   2.61    14.50

SNOWFALL (IN)
  TODAY            0.0           0.0    MM   0.0    0.0      0.0
  MONTH TO DATE    0.0                       0.0    0.0      0.0
  SINCE SEP 1      0.0                       0.0    0.0      0.0
  SINCE JUL 1      0.0                       0.0    0.0      0.0
  SNOW DEPTH       0

..................................................................


WIND (MPH)
  RESULTANT WIND SPEED   9   RESULTANT WIND DIRECTION   S (190)
  HIGHEST WIND SPEED    10   HIGHEST WIND DIRECTION     S (190)
  HIGHEST GUST SPEED    12   HIGHEST GUST DIRECTION     S (180)
  AVERAGE WIND SPEED     8.8


SKY COVER
  AVERAGE SKY COVER 0.0


WEATHER CONDITIONS
 THE FOLLOWING WEATHER WAS RECORDED TODAY.
  NO SIGNIFICANT WEATHER WAS OBSERVED.


RELATIVE HUMIDITY (PERCENT)
 HIGHEST    86           500 AM
 LOWEST     66          1200 AM
 AVERAGE    76

..........................................................


THE DALHART CLIMATE NORMALS FOR TOMORROW
                         NORMAL    RECORD    YEAR
 MAXIMUM TEMPERATURE (F)   76        94      2000
 MINIMUM TEMPERATURE (F)   46        34      1965


SUNRISE AND SUNSET
SEPTEMBER 30 2016.....SUNRISE   745 AM CDT   SUNSET   734 PM CDT
OCTOBER  1 2016.......SUNRISE   746 AM CDT   SUNSET   733 PM CDT


-  INDICATES NEGATIVE NUMBERS.
R  INDICATES RECORD WAS SET OR TIED.
MM INDICATES DATA IS MISSING.
T  INDICATES TRACE AMOUNT.




$$
