000
CDUS44 KAMA 010818
CLIDHT


CLIMATE REPORT
NATIONAL WEATHER SERVICE AMARILLO TX
218 AM CST SUN FEB 1 2015


...................................

...THE DALHART CLIMATE SUMMARY FOR JANUARY 31 2015...

CLIMATE NORMAL PERIOD 1981 TO 2010
CLIMATE RECORD PERIOD 1894 TO 2015


WEATHER ITEM   OBSERVED TIME   RECORD YEAR NORMAL DEPARTURE LAST
                VALUE   (LST)  VALUE       VALUE  FROM      YEAR
                                                  NORMAL
..................................................................
TEMPERATURE (F)
 YESTERDAY
  MAXIMUM         44    338 PM  80      MM  51     -7       38
  MINIMUM         34    731 AM -12    1951  20     14       22
  AVERAGE         39                        36      3       30

PRECIPITATION (IN)
  YESTERDAY        0.05          0.42 1983   0.02   0.03      T
  MONTH TO DATE    1.15                      0.52   0.63     0.01
  SINCE DEC 1      1.48                      1.06   0.42     0.22
  SINCE JAN 1      1.15                      0.52   0.63     0.01

SNOWFALL (IN)
  YESTERDAY        T             2.3  1983   0.2   -0.2       T
  MONTH TO DATE   15.0                       4.3   10.7      3.0
  SINCE DEC 1     19.5                       8.6   10.9      9.5
  SINCE JUL 1     21.0                      10.5   10.5     12.5
  SNOW DEPTH       0

DEGREE DAYS
 HEATING
  YESTERDAY       26                        29     -3       35
  MONTH TO DATE  872                       940    -68      912
  SINCE DEC 1   1735                      1887   -152     1901
  SINCE JUL 1   2588                      2882   -294     2847

 COOLING
  YESTERDAY        0                         0      0        0
  MONTH TO DATE    0                         0      0        0
  SINCE DEC 1      0                         0      0        0
  SINCE JAN 1      0                         0      0        0
..................................................................


WIND (MPH)
  RESULTANT WIND SPEED  11   RESULTANT WIND DIRECTION   S (200)
  HIGHEST WIND SPEED    18   HIGHEST WIND DIRECTION    SW (220)
  HIGHEST GUST SPEED    22   HIGHEST GUST DIRECTION     S (200)
  AVERAGE WIND SPEED    11.7


SKY COVER
  AVERAGE SKY COVER 1.0


WEATHER CONDITIONS
 THE FOLLOWING WEATHER WAS RECORDED YESTERDAY.
  LIGHT RAIN
  LIGHT SNOW
  FOG
  FOG W/VISIBILITY <= 1/4 MILE


RELATIVE HUMIDITY (PERCENT)
 HIGHEST    96           500 AM
 LOWEST     76           300 PM
 AVERAGE    86

..........................................................


THE DALHART CLIMATE NORMALS FOR TODAY
                         NORMAL    RECORD    YEAR
 MAXIMUM TEMPERATURE (F)   51        85      1963
 MINIMUM TEMPERATURE (F)   20       -19      1951


SUNRISE AND SUNSET
FEBRUARY  1 2015......SUNRISE   751 AM CST   SUNSET   617 PM CST
FEBRUARY  2 2015......SUNRISE   750 AM CST   SUNSET   618 PM CST


-  INDICATES NEGATIVE NUMBERS.
R  INDICATES RECORD WAS SET OR TIED.
MM INDICATES DATA IS MISSING.
T  INDICATES TRACE AMOUNT.




$$
