000
CDUS44 KAMA 040743
CLIDHT


CLIMATE REPORT
NATIONAL WEATHER SERVICE AMARILLO TX
142 AM CST SUN DEC 4 2016


...................................

...THE DALHART CLIMATE SUMMARY FOR DECEMBER 3 2016...

CLIMATE NORMAL PERIOD 1981 TO 2010
CLIMATE RECORD PERIOD 1948 TO 2016


WEATHER ITEM   OBSERVED TIME   RECORD YEAR NORMAL DEPARTURE LAST
                VALUE   (LST)  VALUE       VALUE  FROM      YEAR
                                                  NORMAL
..................................................................
TEMPERATURE (F)
 YESTERDAY
  MAXIMUM         40    336 PM  75    2010  51    -11       58
  MINIMUM         32    928 AM   7    1964  22     10       24
  AVERAGE         36                        36      0       41

PRECIPITATION (IN)
  YESTERDAY        0.01          0.61 1983   0.02  -0.01     0.00
  MONTH TO DATE    0.03                      0.05  -0.02     0.00
  SINCE DEC 1      0.03                      0.05  -0.02     0.00
  SINCE JAN 1     18.91                     17.10   1.81    20.82

SNOWFALL (IN)
  YESTERDAY        0.5           3.0  1973   0.1    0.4      0.0
  MONTH TO DATE    0.5                       0.3    0.2      0.0
  SINCE DEC 1      0.5                       0.3    0.2      0.0
  SINCE JUL 1      0.5                       2.2   -1.7      0.5
  SNOW DEPTH       0

DEGREE DAYS
 HEATING
  YESTERDAY       29                        29      0       24
  MONTH TO DATE   89                        85      4       78
  SINCE DEC 1     89                        85      4       78
  SINCE JUL 1    665                      1080   -415      788

 COOLING
  YESTERDAY        0                         0      0        0
  MONTH TO DATE    0                         0      0        0
  SINCE DEC 1      0                         0      0        0
  SINCE JAN 1   1556                      1138    418     1538
..................................................................


WIND (MPH)
  RESULTANT WIND SPEED   0   RESULTANT WIND DIRECTION   S (190)
  HIGHEST WIND SPEED    15   HIGHEST WIND DIRECTION     N (20)
  HIGHEST GUST SPEED    17   HIGHEST GUST DIRECTION     N (10)
  AVERAGE WIND SPEED     7.6


SKY COVER
  AVERAGE SKY COVER 1.0


WEATHER CONDITIONS
 THE FOLLOWING WEATHER WAS RECORDED YESTERDAY.
  LIGHT SNOW
  FOG
  FOG W/VISIBILITY <= 1/4 MILE


RELATIVE HUMIDITY (PERCENT)
 HIGHEST   100           700 AM
 LOWEST     85           400 PM
 AVERAGE    93

..........................................................


THE DALHART CLIMATE NORMALS FOR TODAY
                         NORMAL    RECORD    YEAR
 MAXIMUM TEMPERATURE (F)   51        77      1958
 MINIMUM TEMPERATURE (F)   21         4      2009


SUNRISE AND SUNSET
DECEMBER  4 2016......SUNRISE   745 AM CST   SUNSET   536 PM CST
DECEMBER  5 2016......SUNRISE   746 AM CST   SUNSET   536 PM CST


-  INDICATES NEGATIVE NUMBERS.
R  INDICATES RECORD WAS SET OR TIED.
MM INDICATES DATA IS MISSING.
T  INDICATES TRACE AMOUNT.




$$
