000
CDUS44 KAMA 202237
CLIDHT


CLIMATE REPORT
NATIONAL WEATHER SERVICE AMARILLO TX
437 PM CST FRI JAN 20 2017


...................................

...THE DALHART CLIMATE SUMMARY FOR JANUARY 20 2017...
VALID TODAY AS OF 0400 PM LOCAL TIME.

CLIMATE NORMAL PERIOD 1981 TO 2010
CLIMATE RECORD PERIOD 1948 TO 2017


WEATHER ITEM   OBSERVED TIME   RECORD YEAR NORMAL DEPARTURE LAST
                VALUE   (LST)  VALUE       VALUE  FROM      YEAR
                                                  NORMAL
..................................................................
TEMPERATURE (F)
 TODAY
  MAXIMUM         58    407 PM  78    1986  50      8       65
  MINIMUM         28    520 AM  -6    1960  19      9       23
  AVERAGE         43                        35      8       44

PRECIPITATION (IN)
  TODAY            T             0.66 2007   0.02  -0.02     0.00
  MONTH TO DATE    0.90                      0.30   0.60     0.24
  SINCE DEC 1      1.10                      0.84   0.26     0.79
  SINCE JAN 1      0.90                      0.30   0.60     0.24

SNOWFALL (IN)
  TODAY           MM             8.0  2007   0.1   MM        0.0
  MONTH TO DATE    0.0                       2.5   -2.5      4.0
  SINCE DEC 1      1.3                       6.8   -5.5      5.5
  SINCE JUL 1      1.3                       8.7   -7.4      6.0
  SNOW DEPTH       0

DEGREE DAYS
 HEATING
  TODAY           22                        30     -8       21
  MONTH TO DATE  555                       611    -56      611
  SINCE DEC 1   1447                      1559   -112     1408
  SINCE JUL 1   2023                      2554   -531     2118

 COOLING
  TODAY            0                         0      0        0
  MONTH TO DATE    0                         0      0        0
  SINCE DEC 1      0                         0      0        0
  SINCE JAN 1      0                         0      0        0
..................................................................


WIND (MPH)
  RESULTANT WIND SPEED  14   RESULTANT WIND DIRECTION   W (250)
  HIGHEST WIND SPEED    39   HIGHEST WIND DIRECTION     W (260)
  HIGHEST GUST SPEED    47   HIGHEST GUST DIRECTION     W (260)
  AVERAGE WIND SPEED    17.5


SKY COVER
  AVERAGE SKY COVER 0.2


WEATHER CONDITIONS
 THE FOLLOWING WEATHER WAS RECORDED TODAY.
  LIGHT RAIN
  FOG


RELATIVE HUMIDITY (PERCENT)
 HIGHEST    92           200 AM
 LOWEST     21           300 PM
 AVERAGE    57

..........................................................


THE DALHART CLIMATE NORMALS FOR TOMORROW
                         NORMAL    RECORD    YEAR
 MAXIMUM TEMPERATURE (F)   51        80      1950
 MINIMUM TEMPERATURE (F)   20        -4      1984


SUNRISE AND SUNSET
JANUARY 20 2017.......SUNRISE   758 AM CST   SUNSET   605 PM CST
JANUARY 21 2017.......SUNRISE   758 AM CST   SUNSET   606 PM CST


-  INDICATES NEGATIVE NUMBERS.
R  INDICATES RECORD WAS SET OR TIED.
MM INDICATES DATA IS MISSING.
T  INDICATES TRACE AMOUNT.




$$
