000
CDUS44 KAMA 282128
CLIDHT


CLIMATE REPORT
NATIONAL WEATHER SERVICE AMARILLO TX
427 PM CDT THU APR 28 2016


...................................

...THE DALHART CLIMATE SUMMARY FOR APRIL 28 2016...
VALID TODAY AS OF 0427 PM LOCAL TIME.

CLIMATE NORMAL PERIOD 1981 TO 2010
CLIMATE RECORD PERIOD 1948 TO 2016


WEATHER ITEM   OBSERVED TIME   RECORD YEAR NORMAL DEPARTURE LAST
                VALUE   (LST)  VALUE       VALUE  FROM      YEAR
                                                  NORMAL
..................................................................
TEMPERATURE (F)
 TODAY
  MAXIMUM         66    318 PM  88    1951  73     -7       63
  MINIMUM         46    656 AM  27    2008  42      4       38
                                      1994
  AVERAGE         56                        58     -2       51

PRECIPITATION (IN)
  TODAY            0.00          0.95 1985   0.04  -0.04     0.00
  MONTH TO DATE    3.37                      0.99   2.38     1.30
  SINCE MAR 1      3.53                      2.16   1.37     1.38
  SINCE JAN 1      3.78                      3.08   0.70     4.69

SNOWFALL (IN)
  TODAY            0.0           2.4  1994   0.0    0.0      0.0
  MONTH TO DATE    0.0                       1.2   -1.2      0.0
  SINCE MAR 1      0.0                       5.4   -5.4      0.8
  SINCE JUL 1      2.5                      18.9  -16.4     34.1
  SNOW DEPTH       0

DEGREE DAYS
 HEATING
  TODAY            9                         8      1       14
  MONTH TO DATE  251                       332    -81      238
  SINCE MAR 1    722                       943   -221      721
  SINCE JUL 1   3667                      4586   -919     4014

 COOLING
  TODAY            0                         1     -1        0
  MONTH TO DATE    2                         1      1        1
  SINCE MAR 1      2                         1      1        1
  SINCE JAN 1      2                         1      1        1
..................................................................


WIND (MPH)
  RESULTANT WIND SPEED  16   RESULTANT WIND DIRECTION   E (70)
  HIGHEST WIND SPEED    26   HIGHEST WIND DIRECTION    NE (40)
  HIGHEST GUST SPEED    33   HIGHEST GUST DIRECTION     E (80)
  AVERAGE WIND SPEED    16.8


SKY COVER
  AVERAGE SKY COVER 0.4


WEATHER CONDITIONS
 THE FOLLOWING WEATHER WAS RECORDED TODAY.
  NO SIGNIFICANT WEATHER WAS OBSERVED.


RELATIVE HUMIDITY (PERCENT)
 HIGHEST    66           800 AM
 LOWEST     44           100 PM
 AVERAGE    55

..........................................................


THE DALHART CLIMATE NORMALS FOR TOMORROW
                         NORMAL    RECORD    YEAR
 MAXIMUM TEMPERATURE (F)   73        92      2011
 MINIMUM TEMPERATURE (F)   42        31      1996


SUNRISE AND SUNSET
APRIL 28 2016.........SUNRISE   700 AM CDT   SUNSET   835 PM CDT
APRIL 29 2016.........SUNRISE   659 AM CDT   SUNSET   836 PM CDT


-  INDICATES NEGATIVE NUMBERS.
R  INDICATES RECORD WAS SET OR TIED.
MM INDICATES DATA IS MISSING.
T  INDICATES TRACE AMOUNT.




$$
