000
CDUS44 KAMA 010629
CLIDHT


CLIMATE REPORT
NATIONAL WEATHER SERVICE AMARILLO TX
128 AM CDT SAT NOV 1 2014


...................................

...THE DALHART CLIMATE SUMMARY FOR OCTOBER 31 2014...

CLIMATE NORMAL PERIOD 1981 TO 2010
CLIMATE RECORD PERIOD 1894 TO 2014


WEATHER ITEM   OBSERVED TIME   RECORD YEAR NORMAL DEPARTURE LAST
                VALUE   (LST)  VALUE       VALUE  FROM      YEAR
                                                  NORMAL
..................................................................
TEMPERATURE (F)
 YESTERDAY
  MAXIMUM         61    342 PM  86    1950  67     -6       64
  MINIMUM         36    726 AM  13    1991  35      1       39
  AVERAGE         49                        51     -2       52

PRECIPITATION (IN)
  YESTERDAY        0.00          1.61 1998   0.04  -0.04     0.12
  MONTH TO DATE    1.01                      1.47  -0.46     0.12
  SINCE SEP 1      2.56                      3.12  -0.56     1.76
  SINCE JAN 1     11.20                     16.47  -5.27     6.78

SNOWFALL (IN)
  YESTERDAY        0.0           1.8  1991   0.0    0.0      0.0
  MONTH TO DATE    0.0                       0.6   -0.6       T
  SINCE SEP 1      0.0                       0.6   -0.6       T
  SINCE JUL 1      0.0                       0.6   -0.6       T
  SNOW DEPTH       0

DEGREE DAYS
 HEATING
  YESTERDAY       16                        14      2       13
  MONTH TO DATE  171                       296   -125      289
  SINCE SEP 1    192                       357   -165      303
  SINCE JUL 1    192                       360   -168      303

 COOLING
  YESTERDAY        0                         0      0        0
  MONTH TO DATE   19                        10      9       13
  SINCE SEP 1    196                       142     54      223
  SINCE JAN 1   1411                      1138    273     1576
..................................................................


WIND (MPH)
  RESULTANT WIND SPEED   5   RESULTANT WIND DIRECTION  SE (130)
  HIGHEST WIND SPEED    18   HIGHEST WIND DIRECTION     S (160)
  HIGHEST GUST SPEED    24   HIGHEST GUST DIRECTION    SE (140)
  AVERAGE WIND SPEED    10.3


SKY COVER
  AVERAGE SKY COVER 0.0


WEATHER CONDITIONS
 THE FOLLOWING WEATHER WAS RECORDED YESTERDAY.
  NO SIGNIFICANT WEATHER WAS OBSERVED.


RELATIVE HUMIDITY (PERCENT)
 HIGHEST    70           700 AM
 LOWEST     29           200 PM
 AVERAGE    50

..........................................................


THE DALHART CLIMATE NORMALS FOR TODAY
                         NORMAL    RECORD    YEAR
 MAXIMUM TEMPERATURE (F)   66        83      1944
 MINIMUM TEMPERATURE (F)   34        18      1951


SUNRISE AND SUNSET
NOVEMBER  1 2014......SUNRISE   813 AM CDT   SUNSET   654 PM CDT
NOVEMBER  2 2014......SUNRISE   714 AM CST   SUNSET   553 PM CST


-  INDICATES NEGATIVE NUMBERS.
R  INDICATES RECORD WAS SET OR TIED.
MM INDICATES DATA IS MISSING.
T  INDICATES TRACE AMOUNT.




$$
