000
CDUS44 KAMA 212129
CLIDHT


CLIMATE REPORT
NATIONAL WEATHER SERVICE AMARILLO TX
428 PM CDT MON AUG 21 2017


...................................

...THE DALHART CLIMATE SUMMARY FOR AUGUST 21 2017...
VALID TODAY AS OF 0400 PM LOCAL TIME.

CLIMATE NORMAL PERIOD 1981 TO 2010
CLIMATE RECORD PERIOD 1948 TO 2017


WEATHER ITEM   OBSERVED TIME   RECORD YEAR NORMAL DEPARTURE LAST
                VALUE   (LST)  VALUE       VALUE  FROM      YEAR
                                                  NORMAL
..................................................................
TEMPERATURE (F)
 TODAY
  MAXIMUM         84    251 PM 100    2007  89     -5       84
  MINIMUM         63    641 AM  52    2009  61      2       59
                                      1964
  AVERAGE         74                        75     -1       72

PRECIPITATION (IN)
  TODAY            0.02          1.10 1980   0.07  -0.05     0.00
  MONTH TO DATE    3.78                      2.12   1.66     2.17
  SINCE JUN 1      8.05                      7.21   0.84     6.25
  SINCE JAN 1     17.19                     12.62   4.57    13.47

SNOWFALL (IN)
  TODAY            0.0           0.0    MM   0.0    0.0      0.0
  MONTH TO DATE    0.0                       0.0    0.0      0.0
  SINCE JUN 1      0.0                       0.0    0.0      0.0
  SINCE JUL 1      0.0                       0.0    0.0      0.0
  SNOW DEPTH       0

DEGREE DAYS
 HEATING
  TODAY            0                         0      0        0
  MONTH TO DATE    0                         0      0        0
  SINCE JUN 1      0                        13    -13        0
  SINCE JUL 1      0                         1     -1        0

 COOLING
  TODAY            9                        10     -1        7
  MONTH TO DATE  189                       227    -38      266
  SINCE JUN 1   1010                       832    178     1148
  SINCE JAN 1   1087                       904    183     1194
..................................................................


WIND (MPH)
  RESULTANT WIND SPEED  13   RESULTANT WIND DIRECTION   S (200)
  HIGHEST WIND SPEED    22   HIGHEST WIND DIRECTION     S (200)
  HIGHEST GUST SPEED    28   HIGHEST GUST DIRECTION    SW (210)
  AVERAGE WIND SPEED    13.7


SKY COVER
  AVERAGE SKY COVER 0.2


WEATHER CONDITIONS
 THE FOLLOWING WEATHER WAS RECORDED TODAY.
  LIGHT RAIN


RELATIVE HUMIDITY (PERCENT)
 HIGHEST   100           600 AM
 LOWEST     55           300 PM
 AVERAGE    78

..........................................................


THE DALHART CLIMATE NORMALS FOR TOMORROW
                         NORMAL    RECORD    YEAR
 MAXIMUM TEMPERATURE (F)   89       101      2015
 MINIMUM TEMPERATURE (F)   61        53      1979


SUNRISE AND SUNSET
AUGUST 21 2017........SUNRISE   714 AM CDT   SUNSET   832 PM CDT
AUGUST 22 2017........SUNRISE   714 AM CDT   SUNSET   831 PM CDT


-  INDICATES NEGATIVE NUMBERS.
R  INDICATES RECORD WAS SET OR TIED.
MM INDICATES DATA IS MISSING.
T  INDICATES TRACE AMOUNT.




$$
