000
CDUS44 KAMA 212242
CLIDHT


CLIMATE REPORT
NATIONAL WEATHER SERVICE AMARILLO TX
440 PM CST FRI NOV 21 2014


...THE DALHART CLIMATE SUMMARY FOR NOVEMBER 21 2014...
VALID TODAY AS OF 400 PM LOCAL TIME.

CLIMATE NORMAL PERIOD 1981 TO 2010
CLIMATE RECORD PERIOD 1894 TO 2014


WEATHER ITEM   OBSERVED TIME   RECORD YEAR NORMAL DEPARTURE LAST
                VALUE   (LST)  VALUE       VALUE  FROM      YEAR
                                                  NORMAL
..................................................................
TEMPERATURE (F)
 TODAY
  MAXIMUM         60    259 PM  78    1966  57      3       49
  MINIMUM         24    744 AM   6    1972  26     -2       22
  AVERAGE         42                        41      1       36

PRECIPITATION (IN)
  TODAY            0.00          0.44 1992   0.01  -0.01      T
  MONTH TO DATE    0.08                      0.45  -0.37     0.65
  SINCE SEP 1      2.64                      3.57  -0.93     2.41
  SINCE JAN 1     11.28                     16.92  -5.64     7.43

SNOWFALL (IN)
  TODAY            0.0           4.4  1992   0.0    0.0       T
  MONTH TO DATE    1.5                       0.7    0.8       T
  SINCE SEP 1      1.5                       1.3    0.2       T
  SINCE JUL 1      1.5                       1.3    0.2       T
  SNOW DEPTH       0

DEGREE DAYS
 HEATING
  TODAY           23                        24     -1       29
  MONTH TO DATE  480                       401     79      358
  SINCE SEP 1    672                       758    -86      661
  SINCE JUL 1    672                       761    -89      661

 COOLING
  TODAY            0                         0      0        0
  MONTH TO DATE    0                         0      0        0
  SINCE SEP 1    196                       142     54      223
  SINCE JAN 1   1411                      1138    273     1576
..................................................................


WIND (MPH)
  RESULTANT WIND SPEED   3   RESULTANT WIND DIRECTION  SW (240)
  HIGHEST WIND SPEED    15   HIGHEST WIND DIRECTION     S (190)
  HIGHEST GUST SPEED    19   HIGHEST GUST DIRECTION     S (190)
  AVERAGE WIND SPEED   7.3


SKY COVER
  AVERAGE SKY COVER 0.0


WEATHER CONDITIONS
 THE FOLLOWING WEATHER WAS RECORDED TODAY.
  NO SIGNIFICANT WEATHER WAS OBSERVED.


RELATIVE HUMIDITY (PERCENT)
 HIGHEST    88           600 AM
 LOWEST     27           400 PM
 AVERAGE    58

..................................................................


THE DALHART CLIMATE NORMALS FOR TOMORROW
                         NORMAL    RECORD    YEAR
 MAXIMUM TEMPERATURE (F)   56        81      1998
 MINIMUM TEMPERATURE (F)   25         3      1972


SUNRISE AND SUNSET
NOVEMBER 21 2014......SUNRISE   733 AM CST   SUNSET   539 PM CST
NOVEMBER 22 2014......SUNRISE   734 AM CST   SUNSET   539 PM CST


-  INDICATES NEGATIVE NUMBERS.
R  INDICATES RECORD WAS SET OR TIED.
MM INDICATES DATA IS MISSING.
T  INDICATES TRACE AMOUNT.


$$
