718
CDUS44 KAMA 180627
CLIDHT


CLIMATE REPORT
NATIONAL WEATHER SERVICE AMARILLO TX
127 AM CDT WED OCT 18 2017


...................................

...THE DALHART CLIMATE SUMMARY FOR OCTOBER 17 2017...

CLIMATE NORMAL PERIOD 1981 TO 2010
CLIMATE RECORD PERIOD 1948 TO 2017


WEATHER ITEM   OBSERVED TIME   RECORD YEAR NORMAL DEPARTURE LAST
                VALUE   (LST)  VALUE       VALUE  FROM      YEAR
                                                  NORMAL
..................................................................
TEMPERATURE (F)
 YESTERDAY
  MAXIMUM         83    354 PM  95    2016  71     12       95
  MINIMUM         36    553 AM  30    1992  40     -4       50
  AVERAGE         60                        55      5       73

PRECIPITATION (IN)
  YESTERDAY        0.00          1.19 1960   0.05  -0.05     0.00
  MONTH TO DATE    4.03                      0.81   3.22     0.10
  SINCE SEP 1      7.04                      2.46   4.58     3.52
  SINCE JAN 1     24.28                     15.81   8.47    17.71

SNOWFALL (IN)
  YESTERDAY        0.0           0.5  1999   0.0    0.0      0.0
  MONTH TO DATE    0.0                       0.1   -0.1      0.0
  SINCE SEP 1      0.0                       0.1   -0.1      0.0
  SINCE JUL 1      0.0                       0.1   -0.1      0.0
  SNOW DEPTH       0

DEGREE DAYS
 HEATING
  YESTERDAY        5                        10     -5        0
  MONTH TO DATE   81                       126    -45       54
  SINCE SEP 1    119                       186    -67       65
  SINCE JUL 1    119                       189    -70       65

 COOLING
  YESTERDAY        0                         0      0        8
  MONTH TO DATE   34                         8     26       46
  SINCE SEP 1    192                       140     52      266
  SINCE JAN 1   1340                      1136    204     1541
..................................................................


WIND (MPH)
  RESULTANT WIND SPEED   6   RESULTANT WIND DIRECTION  SW (220)
  HIGHEST WIND SPEED    14   HIGHEST WIND DIRECTION     S (200)
  HIGHEST GUST SPEED    19   HIGHEST GUST DIRECTION    SW (220)
  AVERAGE WIND SPEED     7.1


SKY COVER
  AVERAGE SKY COVER 0.0


WEATHER CONDITIONS
 THE FOLLOWING WEATHER WAS RECORDED YESTERDAY.
  NO SIGNIFICANT WEATHER WAS OBSERVED.


RELATIVE HUMIDITY (PERCENT)
 HIGHEST    92           600 AM
 LOWEST     15           300 PM
 AVERAGE    54

..........................................................


THE DALHART CLIMATE NORMALS FOR TODAY
                         NORMAL    RECORD    YEAR
 MAXIMUM TEMPERATURE (F)   70        87      2003
 MINIMUM TEMPERATURE (F)   40        25      1989


SUNRISE AND SUNSET
OCTOBER 18 2017.......SUNRISE   800 AM CDT   SUNSET   710 PM CDT
OCTOBER 19 2017.......SUNRISE   801 AM CDT   SUNSET   709 PM CDT


-  INDICATES NEGATIVE NUMBERS.
R  INDICATES RECORD WAS SET OR TIED.
MM INDICATES DATA IS MISSING.
T  INDICATES TRACE AMOUNT.




$$
