000
CDUS44 KAMA 292137
CLIDHT


CLIMATE REPORT
NATIONAL WEATHER SERVICE AMARILLO TX
436 PM CDT SAT APR 29 2017


...................................

...THE DALHART CLIMATE SUMMARY FOR APRIL 29 2017...
VALID TODAY AS OF 0400 PM LOCAL TIME.

CLIMATE NORMAL PERIOD 1981 TO 2010
CLIMATE RECORD PERIOD 1948 TO 2017


WEATHER ITEM   OBSERVED TIME   RECORD YEAR NORMAL DEPARTURE LAST
                VALUE   (LST)  VALUE       VALUE  FROM      YEAR
                                                  NORMAL
..................................................................
TEMPERATURE (F)
 TODAY
  MAXIMUM         45   1242 AM  92    2011  73    -28       51
  MINIMUM         33    844 AM  31    1996  42     -9       39
  AVERAGE         39                        58    -19       45

PRECIPITATION (IN)
  TODAY            0.06          0.86 1955   0.05   0.01     0.76
  MONTH TO DATE    2.81                      1.04   1.77     4.18
  SINCE MAR 1      4.23                      2.21   2.02     4.48
  SINCE JAN 1      5.31                      3.13   2.18     4.86

SNOWFALL (IN)
  TODAY            T             1.2  1994   0.0    0.0      0.0
  MONTH TO DATE    1.0                       1.2   -0.2      0.0
  SINCE MAR 1      1.0                       5.4   -4.4      6.0
  SINCE JUL 1      2.3                      18.9  -16.6     12.7
  SNOW DEPTH      MM

DEGREE DAYS
 HEATING
  TODAY           26                         8     18       20
  MONTH TO DATE  261                       340    -79      271
  SINCE MAR 1    676                       951   -275      742
  SINCE JUL 1   3493                      4594  -1101     3687

 COOLING
  TODAY            0                         1     -1        0
  MONTH TO DATE   29                         2     27        2
  SINCE MAR 1     35                         2     33        2
  SINCE JAN 1     35                         2     33        2
..................................................................


WIND (MPH)
  RESULTANT WIND SPEED  23   RESULTANT WIND DIRECTION   N (0)
  HIGHEST WIND SPEED    38   HIGHEST WIND DIRECTION     N (10)
  HIGHEST GUST SPEED    45   HIGHEST GUST DIRECTION     N (10)
  AVERAGE WIND SPEED    23.0


SKY COVER
  AVERAGE SKY COVER 1.0


WEATHER CONDITIONS
 THE FOLLOWING WEATHER WAS RECORDED TODAY.
  HEAVY RAIN
  RAIN
  LIGHT RAIN
  SNOW
  LIGHT SNOW
  FOG


RELATIVE HUMIDITY (PERCENT)
 HIGHEST   100          1200 AM
 LOWEST     89          1200 PM
 AVERAGE    95

..........................................................


THE DALHART CLIMATE NORMALS FOR TOMORROW
                         NORMAL    RECORD    YEAR
 MAXIMUM TEMPERATURE (F)   74        96      2013
 MINIMUM TEMPERATURE (F)   43        26      1950


SUNRISE AND SUNSET
APRIL 29 2017.........SUNRISE   659 AM CDT   SUNSET   836 PM CDT
APRIL 30 2017.........SUNRISE   658 AM CDT   SUNSET   837 PM CDT


-  INDICATES NEGATIVE NUMBERS.
R  INDICATES RECORD WAS SET OR TIED.
MM INDICATES DATA IS MISSING.
T  INDICATES TRACE AMOUNT.




$$
