000
CDUS44 KAMA 180734
CLIDHT


CLIMATE REPORT
NATIONAL WEATHER SERVICE AMARILLO TX
134 AM CST THU DEC 18 2014


...................................

...THE DALHART CLIMATE SUMMARY FOR DECEMBER 17 2014...

CLIMATE NORMAL PERIOD 1981 TO 2010
CLIMATE RECORD PERIOD 1894 TO 2014


WEATHER ITEM   OBSERVED TIME   RECORD YEAR NORMAL DEPARTURE LAST
                VALUE   (LST)  VALUE       VALUE  FROM      YEAR
                                                  NORMAL
..................................................................
TEMPERATURE (F)
 YESTERDAY
  MAXIMUM         53    346 PM  80    1980  48      5       61
  MINIMUM         27    759 AM   3    1964  19      8       28
  AVERAGE         40                        34      6       45

PRECIPITATION (IN)
  YESTERDAY        0.00          0.34 1995   0.02  -0.02     0.00
  MONTH TO DATE    0.17                      0.30  -0.13      T
  SINCE DEC 1      0.17                      0.30  -0.13      T
  SINCE JAN 1     11.52                     17.35  -5.83     7.63

SNOWFALL (IN)
  YESTERDAY        0.0           6.0  2010   0.2   -0.2      0.0
  MONTH TO DATE    0.0                       2.4   -2.4      0.5
  SINCE DEC 1      0.0                       2.4   -2.4      0.5
  SINCE JUL 1      1.5                       4.3   -2.8      3.5
  SNOW DEPTH       0

DEGREE DAYS
 HEATING
  YESTERDAY       25                        31     -6       20
  MONTH TO DATE  382                       509   -127      544
  SINCE DEC 1    382                       509   -127      544
  SINCE JUL 1   1235                      1504   -269     1490

 COOLING
  YESTERDAY        0                         0      0        0
  MONTH TO DATE    0                         0      0        0
  SINCE DEC 1      0                         0      0        0
  SINCE JAN 1   1411                      1138    273     1576
..................................................................


WIND (MPH)
  RESULTANT WIND SPEED   8   RESULTANT WIND DIRECTION   S (180)
  HIGHEST WIND SPEED    22   HIGHEST WIND DIRECTION     S (200)
  HIGHEST GUST SPEED    27   HIGHEST GUST DIRECTION     S (200)
  AVERAGE WIND SPEED    10.7


SKY COVER
  AVERAGE SKY COVER 0.4


WEATHER CONDITIONS
 THE FOLLOWING WEATHER WAS RECORDED YESTERDAY.
  FOG


RELATIVE HUMIDITY (PERCENT)
 HIGHEST    92          1000 PM
 LOWEST     48           300 PM
 AVERAGE    70

..........................................................


THE DALHART CLIMATE NORMALS FOR TODAY
                         NORMAL    RECORD    YEAR
 MAXIMUM TEMPERATURE (F)   48        72      1979
 MINIMUM TEMPERATURE (F)   19        -1      1996


SUNRISE AND SUNSET
DECEMBER 18 2014......SUNRISE   755 AM CST   SUNSET   538 PM CST
DECEMBER 19 2014......SUNRISE   756 AM CST   SUNSET   539 PM CST


-  INDICATES NEGATIVE NUMBERS.
R  INDICATES RECORD WAS SET OR TIED.
MM INDICATES DATA IS MISSING.
T  INDICATES TRACE AMOUNT.




$$
