000
CDUS44 KAMA 210726
CLIDHT


CLIMATE REPORT
NATIONAL WEATHER SERVICE AMARILLO TX
125 AM CST TUE FEB 21 2017


...................................

...THE DALHART CLIMATE SUMMARY FOR FEBRUARY 20 2017...

CLIMATE NORMAL PERIOD 1981 TO 2010
CLIMATE RECORD PERIOD 1948 TO 2017


WEATHER ITEM   OBSERVED TIME   RECORD YEAR NORMAL DEPARTURE LAST
                VALUE   (LST)  VALUE       VALUE  FROM      YEAR
                                                  NORMAL
..................................................................
TEMPERATURE (F)
 YESTERDAY
  MAXIMUM         69    340 PM  81    1981  54     15       73
  MINIMUM         29    403 AM   0    1955  24      5       40
  AVERAGE         49                        39     10       57

PRECIPITATION (IN)
  YESTERDAY        0.00          0.82 1990   0.01  -0.01     0.00
  MONTH TO DATE    0.05                      0.28  -0.23     0.03
  SINCE DEC 1      1.28                      1.34  -0.06     0.82
  SINCE JAN 1      1.08                      0.80   0.28     0.27

SNOWFALL (IN)
  YESTERDAY        0.0           4.1  1987   0.0    0.0      0.0
  MONTH TO DATE    T                         2.3   -2.3      0.5
  SINCE DEC 1      1.3                      10.9   -9.6      6.0
  SINCE JUL 1      1.3                      12.8  -11.5      6.5
  SNOW DEPTH       0

DEGREE DAYS
 HEATING
  YESTERDAY       16                        26    -10        8
  MONTH TO DATE  384                       560   -176      405
  SINCE DEC 1   2098                      2447   -349     2059
  SINCE JUL 1   2674                      3442   -768     2769

 COOLING
  YESTERDAY        0                         0      0        0
  MONTH TO DATE    0                         0      0        0
  SINCE DEC 1      0                         0      0        0
  SINCE JAN 1      0                         0      0        0
..................................................................


WIND (MPH)
  RESULTANT WIND SPEED  10   RESULTANT WIND DIRECTION  NW (330)
  HIGHEST WIND SPEED    32   HIGHEST WIND DIRECTION     N (350)
  HIGHEST GUST SPEED    41   HIGHEST GUST DIRECTION     N (350)
  AVERAGE WIND SPEED    13.8


SKY COVER
  AVERAGE SKY COVER 0.0


WEATHER CONDITIONS
 THE FOLLOWING WEATHER WAS RECORDED YESTERDAY.
  NO SIGNIFICANT WEATHER WAS OBSERVED.


RELATIVE HUMIDITY (PERCENT)
 HIGHEST    85           400 AM
 LOWEST     10           400 PM
 AVERAGE    48

..........................................................


THE DALHART CLIMATE NORMALS FOR TODAY
                         NORMAL    RECORD    YEAR
 MAXIMUM TEMPERATURE (F)   54        80      1996
 MINIMUM TEMPERATURE (F)   24         1      1955


SUNRISE AND SUNSET
FEBRUARY 21 2017......SUNRISE   730 AM CST   SUNSET   638 PM CST
FEBRUARY 22 2017......SUNRISE   729 AM CST   SUNSET   639 PM CST


-  INDICATES NEGATIVE NUMBERS.
R  INDICATES RECORD WAS SET OR TIED.
MM INDICATES DATA IS MISSING.
T  INDICATES TRACE AMOUNT.




$$
