000
CDUS44 KAMA 280635
CLIDHT


CLIMATE REPORT
NATIONAL WEATHER SERVICE AMARILLO TX
134 AM CDT FRI AUG 28 2015


...................................

...THE DALHART CLIMATE SUMMARY FOR AUGUST 27 2015...

CLIMATE NORMAL PERIOD 1981 TO 2010
CLIMATE RECORD PERIOD 1894 TO 2015


WEATHER ITEM   OBSERVED TIME   RECORD YEAR NORMAL DEPARTURE LAST
                VALUE   (LST)  VALUE       VALUE  FROM      YEAR
                                                  NORMAL
..................................................................
TEMPERATURE (F)
 YESTERDAY
  MAXIMUM         96    222 PM  99    1978  88      8       88
  MINIMUM         65    200 AM  49    1992  60      5       66
  AVERAGE         81                        74      7       77

PRECIPITATION (IN)
  YESTERDAY        0.00          1.42 2006   0.07  -0.07     0.00
  MONTH TO DATE    1.72                      2.58  -0.86     0.88
  SINCE JUN 1      6.72                      7.67  -0.95     6.80
  SINCE JAN 1     13.43                     13.08   0.35     8.64

SNOWFALL (IN)
  YESTERDAY        0.0           0.0    MM   0.0    0.0      0.0
  MONTH TO DATE    0.0                       0.0    0.0      0.0
  SINCE JUN 1      0.0                       0.0    0.0      0.0
  SINCE JUL 1      0.0                       0.0    0.0      0.0
  SNOW DEPTH       0

DEGREE DAYS
 HEATING
  YESTERDAY        0                         0      0        0
  MONTH TO DATE    0                         0      0        0
  SINCE JUN 1      0                        13    -13        4
  SINCE JUL 1      0                         1     -1        0

 COOLING
  YESTERDAY       16                         9      7       12
  MONTH TO DATE  344                       284     60      373
  SINCE JUN 1   1143                       889    254     1046
  SINCE JAN 1   1165                       961    204     1166
..................................................................


WIND (MPH)
  RESULTANT WIND SPEED  13   RESULTANT WIND DIRECTION   S (200)
  HIGHEST WIND SPEED    30   HIGHEST WIND DIRECTION     S (170)
  HIGHEST GUST SPEED    37   HIGHEST GUST DIRECTION    SW (210)
  AVERAGE WIND SPEED    13.3


SKY COVER
  AVERAGE SKY COVER 0.2


WEATHER CONDITIONS
 THE FOLLOWING WEATHER WAS RECORDED YESTERDAY.
  NO SIGNIFICANT WEATHER WAS OBSERVED.


RELATIVE HUMIDITY (PERCENT)
 HIGHEST    73           200 AM
 LOWEST     23           600 PM
 AVERAGE    48

..........................................................


THE DALHART CLIMATE NORMALS FOR TODAY
                         NORMAL    RECORD    YEAR
 MAXIMUM TEMPERATURE (F)   88       101      2011
 MINIMUM TEMPERATURE (F)   60        48      1987


SUNRISE AND SUNSET
AUGUST 28 2015........SUNRISE   719 AM CDT   SUNSET   824 PM CDT
AUGUST 29 2015........SUNRISE   719 AM CDT   SUNSET   822 PM CDT


-  INDICATES NEGATIVE NUMBERS.
R  INDICATES RECORD WAS SET OR TIED.
MM INDICATES DATA IS MISSING.
T  INDICATES TRACE AMOUNT.




$$
