000
CDUS43 KBIS 270725
CLIDIK


CLIMATE REPORT
NATIONAL WEATHER SERVICE BISMARCK ND
224 AM CDT MON MAR 27 2017


...................................

...THE DICKINSON ND CLIMATE SUMMARY FOR MARCH 26 2017...

CLIMATE NORMAL PERIOD 1981 TO 2010
CLIMATE RECORD PERIOD 1893 TO 2017


WEATHER ITEM   OBSERVED TIME   RECORD YEAR NORMAL DEPARTURE LAST
                VALUE   (LST)  VALUE       VALUE  FROM      YEAR
                                                  NORMAL
..................................................................
TEMPERATURE (F)
 YESTERDAY
  MAXIMUM         61    218 PM  75    1999  46     15       46
                                      1997
  MINIMUM         33   1159 PM -16    1913  22     11        7
  AVERAGE         47                        34     13       27

PRECIPITATION (IN)
  YESTERDAY        T             0.58 1945   0.03  -0.03     0.00
  MONTH TO DATE    0.21                      0.54  -0.33     0.10
  SINCE MAR 1      0.21                      0.54  -0.33     0.10
  SINCE JAN 1      0.49                      1.17  -0.68     0.52

DEGREE DAYS
 HEATING
  YESTERDAY       18                        31    -13       38
  MONTH TO DATE  922                       938    -16      751
  SINCE MAR 1    922                       938    -16      751
  SINCE JUL 1   7052                      7232   -180     6160

 COOLING
  YESTERDAY        0                         0      0        0
  MONTH TO DATE    0                         0      0        0
  SINCE MAR 1      0                         0      0        0
  SINCE JAN 1      0                         0      0        0
..................................................................


WIND (MPH)
  HIGHEST WIND SPEED    13   HIGHEST WIND DIRECTION     S (170)
  HIGHEST GUST SPEED    16   HIGHEST GUST DIRECTION     S (160)
  AVERAGE WIND SPEED     4.7


SKY COVER
  POSSIBLE SUNSHINE  MM
  AVERAGE SKY COVER 0.6


WEATHER CONDITIONS
 THE FOLLOWING WEATHER WAS RECORDED YESTERDAY.
  LIGHT RAIN


RELATIVE HUMIDITY (PERCENT)
 HIGHEST    85           400 AM
 LOWEST     25           300 PM
 AVERAGE    55

..........................................................


THE DICKINSON ND CLIMATE NORMALS FOR TODAY
                         NORMAL    RECORD    YEAR
 MAXIMUM TEMPERATURE (F)   46        80      1946
 MINIMUM TEMPERATURE (F)   23       -13      1898


SUNRISE AND SUNSET
MARCH 27 2017.........SUNRISE   640 AM MDT   SUNSET   714 PM MDT
MARCH 28 2017.........SUNRISE   638 AM MDT   SUNSET   715 PM MDT


-  INDICATES NEGATIVE NUMBERS.
R  INDICATES RECORD WAS SET OR TIED.
MM INDICATES DATA IS MISSING.
T  INDICATES TRACE AMOUNT.




$$
