000
CDUS43 KBIS 260723
CLIDIK


CLIMATE REPORT
NATIONAL WEATHER SERVICE BISMARCK ND
223 AM CDT WED JUL 26 2017


...................................

...THE DICKINSON ND CLIMATE SUMMARY FOR JULY 25 2017...

CLIMATE NORMAL PERIOD 1981 TO 2010
CLIMATE RECORD PERIOD 1893 TO 2017


WEATHER ITEM   OBSERVED TIME   RECORD YEAR NORMAL DEPARTURE LAST
                VALUE   (LST)  VALUE       VALUE  FROM      YEAR
                                                  NORMAL
..................................................................
TEMPERATURE (F)
 YESTERDAY
  MAXIMUM         87    330 PM 108    1931  85      2       93
  MINIMUM         63    433 AM  37    1911  56      7       56
  AVERAGE         75                        71      4       75

PRECIPITATION (IN)
  YESTERDAY        0.00          0.93 1953   0.07  -0.07     0.00
  MONTH TO DATE    1.96                      2.08  -0.12     3.00
  SINCE JUN 1      2.59                      5.28  -2.69     5.66
  SINCE JAN 1      4.92                     10.39  -5.47    10.08

DEGREE DAYS
 HEATING
  YESTERDAY        0                         1     -1        0
  MONTH TO DATE    0                        31    -31       13
  SINCE JUN 1     92                       168    -76       72
  SINCE JUL 1      0                        31    -31       13

 COOLING
  YESTERDAY       10                         6      4       10
  MONTH TO DATE  257                       126    131      115
  SINCE JUN 1    307                       180    127      172
  SINCE JAN 1    317                       190    127      175
..................................................................


WIND (MPH)
  HIGHEST WIND SPEED    22   HIGHEST WIND DIRECTION     N (20)
  HIGHEST GUST SPEED    26   HIGHEST GUST DIRECTION     N (20)
  AVERAGE WIND SPEED     8.2


SKY COVER
  POSSIBLE SUNSHINE  MM
  AVERAGE SKY COVER 0.0


WEATHER CONDITIONS
 THE FOLLOWING WEATHER WAS RECORDED YESTERDAY.
  NO SIGNIFICANT WEATHER WAS OBSERVED.


RELATIVE HUMIDITY (PERCENT)
 HIGHEST    78           100 AM
 LOWEST     22           300 PM
 AVERAGE    50

..........................................................


THE DICKINSON ND CLIMATE NORMALS FOR TODAY
                         NORMAL    RECORD    YEAR
 MAXIMUM TEMPERATURE (F)   85       106      1929
 MINIMUM TEMPERATURE (F)   56        38      1971


SUNRISE AND SUNSET
JULY 26 2017..........SUNRISE   524 AM MDT   SUNSET   830 PM MDT
JULY 27 2017..........SUNRISE   526 AM MDT   SUNSET   829 PM MDT


-  INDICATES NEGATIVE NUMBERS.
R  INDICATES RECORD WAS SET OR TIED.
MM INDICATES DATA IS MISSING.
T  INDICATES TRACE AMOUNT.




$$
