000
CDUS43 KBIS 010726
CLIDIK


CLIMATE REPORT
NATIONAL WEATHER SERVICE BISMARCK ND
225 AM CDT WED OCT 1 2014


...................................

...THE DICKINSON ND CLIMATE SUMMARY FOR SEPTEMBER 30 2014...

CLIMATE NORMAL PERIOD 1981 TO 2010
CLIMATE RECORD PERIOD 1903 TO 2014


WEATHER ITEM   OBSERVED TIME   RECORD YEAR NORMAL DEPARTURE LAST
                VALUE   (LST)  VALUE       VALUE  FROM      YEAR
                                                  NORMAL
..................................................................
TEMPERATURE (F)
 YESTERDAY
  MAXIMUM         54   1159 PM  93    1989  64    -10       77
  MINIMUM         51    910 PM  17    1974  37     14       41
  AVERAGE         53                        51      2       59

PRECIPITATION (IN)
  YESTERDAY        0.49          0.93 1977   0.04   0.45     0.02
  MONTH TO DATE    1.36                      1.47  -0.11     3.32
  SINCE SEP 1      1.36                      1.47  -0.11     3.32
  SINCE JAN 1     21.13                     13.76   7.37    18.33

DEGREE DAYS
 HEATING
  YESTERDAY       12                        15     -3        6
  MONTH TO DATE  262                       268     -6      128
  SINCE SEP 1    262                       268     -6      128
  SINCE JUL 1    363                       354      9      168

 COOLING
  YESTERDAY        0                         0      0        0
  MONTH TO DATE   24                        32     -8       74
  SINCE SEP 1     24                        32     -8       74
  SINCE JAN 1    256                       418   -162      386
..................................................................


WIND (MPH)
  HIGHEST WIND SPEED    20   HIGHEST WIND DIRECTION     W (260)
  HIGHEST GUST SPEED    24   HIGHEST GUST DIRECTION     W (270)
  AVERAGE WIND SPEED    12.4


SKY COVER
  POSSIBLE SUNSHINE  MM
  AVERAGE SKY COVER 1.0


WEATHER CONDITIONS
 THE FOLLOWING WEATHER WAS RECORDED YESTERDAY.
  HEAVY RAIN
  RAIN
  LIGHT RAIN
  FOG


RELATIVE HUMIDITY (PERCENT)
 HIGHEST   100           300 AM
 LOWEST     89          1200 AM
 AVERAGE    95

..........................................................


THE DICKINSON ND CLIMATE NORMALS FOR TODAY
                         NORMAL    RECORD    YEAR
 MAXIMUM TEMPERATURE (F)   64        94      1953
 MINIMUM TEMPERATURE (F)   37        12      1936


SUNRISE AND SUNSET
OCTOBER  1 2014.......SUNRISE   650 AM MDT   SUNSET   631 PM MDT
OCTOBER  2 2014.......SUNRISE   651 AM MDT   SUNSET   629 PM MDT


-  INDICATES NEGATIVE NUMBERS.
R  INDICATES RECORD WAS SET OR TIED.
MM INDICATES DATA IS MISSING.
T  INDICATES TRACE AMOUNT.




$$
