000
CDUS43 KBIS 300735
CLIDIK


CLIMATE REPORT
NATIONAL WEATHER SERVICE BISMARCK ND
235 AM CDT SUN APR 30 2017


...................................

...THE DICKINSON ND CLIMATE SUMMARY FOR APRIL 29 2017...

CLIMATE NORMAL PERIOD 1981 TO 2010
CLIMATE RECORD PERIOD 1893 TO 2017


WEATHER ITEM   OBSERVED TIME   RECORD YEAR NORMAL DEPARTURE LAST
                VALUE   (LST)  VALUE       VALUE  FROM      YEAR
                                                  NORMAL
..................................................................
TEMPERATURE (F)
 YESTERDAY
  MAXIMUM         61    351 PM  89    1949  61      0       57
  MINIMUM         26    418 AM  13    1907  34     -8       34
  AVERAGE         44                        48     -4       46

PRECIPITATION (IN)
  YESTERDAY        0.00          0.80 1953   0.07  -0.07     0.00
  MONTH TO DATE    0.50                      1.40  -0.90     2.38
  SINCE MAR 1      0.84                      2.09  -1.25     2.63
  SINCE JAN 1      1.12                      2.72  -1.60     3.05

DEGREE DAYS
 HEATING
  YESTERDAY       21                        18      3       19
  MONTH TO DATE  683                       664     19      655
  SINCE MAR 1   1696                      1750    -54     1526
  SINCE JUL 1   7826                      8044   -218     6935

 COOLING
  YESTERDAY        0                         0      0        0
  MONTH TO DATE    0                         0      0        0
  SINCE MAR 1      0                         0      0        0
  SINCE JAN 1      0                         0      0        0
..................................................................


WIND (MPH)
  HIGHEST WIND SPEED    15   HIGHEST WIND DIRECTION    SW (220)
  HIGHEST GUST SPEED    19   HIGHEST GUST DIRECTION     S (190)
  AVERAGE WIND SPEED     6.5


SKY COVER
  POSSIBLE SUNSHINE  MM
  AVERAGE SKY COVER 0.2


WEATHER CONDITIONS
 THE FOLLOWING WEATHER WAS RECORDED YESTERDAY.
  NO SIGNIFICANT WEATHER WAS OBSERVED.


RELATIVE HUMIDITY (PERCENT)
 HIGHEST    75           500 AM
 LOWEST     17           500 PM
 AVERAGE    46

..........................................................


THE DICKINSON ND CLIMATE NORMALS FOR TODAY
                         NORMAL    RECORD    YEAR
 MAXIMUM TEMPERATURE (F)   61        92      1901
 MINIMUM TEMPERATURE (F)   34        15      1903


SUNRISE AND SUNSET
APRIL 30 2017.........SUNRISE   537 AM MDT   SUNSET   800 PM MDT
MAY  1 2017...........SUNRISE   536 AM MDT   SUNSET   802 PM MDT


-  INDICATES NEGATIVE NUMBERS.
R  INDICATES RECORD WAS SET OR TIED.
MM INDICATES DATA IS MISSING.
T  INDICATES TRACE AMOUNT.




$$
