000
CDUS43 KDLH 222230
CLIDLH


CLIMATE REPORT
NATIONAL WEATHER SERVICE DULUTH MN
529 PM CDT SUN OCT 22 2017


...................................

...THE DULUTH CLIMATE SUMMARY FOR OCTOBER 22 2017...
VALID TODAY AS OF 0500 PM LOCAL TIME.

CLIMATE NORMAL PERIOD 1981 TO 2010
CLIMATE RECORD PERIOD 1870 TO 2017


WEATHER ITEM   OBSERVED TIME   RECORD YEAR NORMAL DEPARTURE LAST
                VALUE   (LST)  VALUE       VALUE  FROM      YEAR
                                                  NORMAL
..................................................................
TEMPERATURE (F)
 TODAY
  MAXIMUM         59    244 PM  76    1901  49     10       62
  MINIMUM         45    825 AM   9    1936  33     12       36
  AVERAGE         52                        41     11       49

PRECIPITATION (IN)
  TODAY            0.00          0.71 1951   0.07  -0.07     0.00
  MONTH TO DATE    2.82                      2.15   0.67     1.34
  SINCE SEP 1      6.37                      6.26   0.11     4.86
  SINCE JAN 1     34.06                     26.96   7.10    28.78

SNOWFALL (IN)
  TODAY            0.0           2.5  1917   0.1   -0.1      0.0
  MONTH TO DATE    0.0                       1.1   -1.1       T
  SINCE JUL 1      T                         1.2   -1.2       T
  SNOW DEPTH       0

DEGREE DAYS
 HEATING
  TODAY           13                        24    -11       16
  MONTH TO DATE  326                       441   -115      337
  SINCE SEP 1    538                       739   -201      499
  SINCE JUL 1    708                       888   -180      553

 COOLING
  TODAY            0                         0      0        0
  MONTH TO DATE    0                         0      0        0
  SINCE SEP 1     26                        14     12       14
  SINCE JAN 1    126                       204    -78      281
..................................................................


WIND (MPH)
  HIGHEST WIND SPEED    23   HIGHEST WIND DIRECTION     W (270)
  HIGHEST GUST SPEED    28   HIGHEST GUST DIRECTION     W (270)
  AVERAGE WIND SPEED    14.2


SKY COVER
  AVERAGE SKY COVER 0.2


WEATHER CONDITIONS
 THE FOLLOWING WEATHER WAS RECORDED TODAY.
  NO SIGNIFICANT WEATHER WAS OBSERVED.


RELATIVE HUMIDITY (PERCENT)
 HIGHEST   100           200 AM
 LOWEST     36           200 PM
 AVERAGE    68

..........................................................


THE DULUTH CLIMATE NORMALS FOR TOMORROW
                         NORMAL    RECORD    YEAR
 MAXIMUM TEMPERATURE (F)   48        78      1963
 MINIMUM TEMPERATURE (F)   33         9      1936


SUNRISE AND SUNSET
OCTOBER 22 2017.......SUNRISE   737 AM CDT   SUNSET   609 PM CDT
OCTOBER 23 2017.......SUNRISE   738 AM CDT   SUNSET   607 PM CDT


-  INDICATES NEGATIVE NUMBERS.
R  INDICATES RECORD WAS SET OR TIED.
MM INDICATES DATA IS MISSING.
T  INDICATES TRACE AMOUNT.




$$
