000
CDUS43 KDLH 010621
CLIDLH


CLIMATE REPORT
NATIONAL WEATHER SERVICE DULUTH MN
121 AM CDT WED JUL 1 2015


...................................

...THE DULUTH MN CLIMATE SUMMARY FOR JUNE 30 2015...

CLIMATE NORMAL PERIOD 1981 TO 2010
CLIMATE RECORD PERIOD 1870 TO 2015


WEATHER ITEM   OBSERVED TIME   RECORD YEAR NORMAL DEPARTURE LAST
                VALUE   (LST)  VALUE       VALUE  FROM      YEAR
                                                  NORMAL
..................................................................
TEMPERATURE (F)
 YESTERDAY
  MAXIMUM         63    451 PM  96    1910  75    -12       82
  MINIMUM         49   1122 PM  36    1988  53     -4       63
  AVERAGE         56                        64     -8       73

PRECIPITATION (IN)
  YESTERDAY        T             3.14 1958   0.15  -0.15      T
  MONTH TO DATE    3.64                      4.23  -0.59     4.47
  SINCE JUN 1      3.64                      4.23  -0.59     4.47
  SINCE JAN 1     10.03                     13.15  -3.12    16.90

SNOWFALL (IN)
  YESTERDAY        0.0           T    1949   0.0    0.0      0.0
  MONTH TO DATE    T                         0.0    0.0       T
  SINCE JUN 1      T                         0.0    0.0       T
  SINCE JUL 1     49.2                      86.1  -36.9    131.0
  SNOW DEPTH       0

DEGREE DAYS
 HEATING
  YESTERDAY        9                         3      6        0
  MONTH TO DATE  121                       178    -57      162
  SINCE JUN 1    121                       179    -58      162
  SINCE JUL 1   9103                      9444   -341    10342

 COOLING
  YESTERDAY        0                         2     -2        8
  MONTH TO DATE   22                        30     -8       29
  SINCE JUN 1     22                        30     -8       29
  SINCE JAN 1     26                        34     -8       47
..................................................................


WIND (MPH)
  HIGHEST WIND SPEED    15   HIGHEST WIND DIRECTION     E (90)
  HIGHEST GUST SPEED    19   HIGHEST GUST DIRECTION     E (100)
  AVERAGE WIND SPEED     8.0


SKY COVER
  AVERAGE SKY COVER 0.6


WEATHER CONDITIONS
 THE FOLLOWING WEATHER WAS RECORDED YESTERDAY.
  LIGHT RAIN
  FOG


RELATIVE HUMIDITY (PERCENT)
 HIGHEST    93           700 AM
 LOWEST     52           400 PM
 AVERAGE    73

..........................................................


THE DULUTH MN CLIMATE NORMALS FOR TODAY
                         NORMAL    RECORD    YEAR
 MAXIMUM TEMPERATURE (F)   75        99      1883
 MINIMUM TEMPERATURE (F)   54        35      1988


SUNRISE AND SUNSET
JULY  1 2015..........SUNRISE   518 AM CDT   SUNSET   906 PM CDT
JULY  2 2015..........SUNRISE   519 AM CDT   SUNSET   906 PM CDT


-  INDICATES NEGATIVE NUMBERS.
R  INDICATES RECORD WAS SET OR TIED.
MM INDICATES DATA IS MISSING.
T  INDICATES TRACE AMOUNT.




$$
