000
CDUS43 KDLH 040623
CLIDLH


CLIMATE REPORT
NATIONAL WEATHER SERVICE DULUTH MN
123 AM CDT TUE AUG 4 2015


...................................

...THE DULUTH MN CLIMATE SUMMARY FOR AUGUST 3 2015...

CLIMATE NORMAL PERIOD 1981 TO 2010
CLIMATE RECORD PERIOD 1870 TO 2015


WEATHER ITEM   OBSERVED TIME   RECORD YEAR NORMAL DEPARTURE LAST
                VALUE   (LST)  VALUE       VALUE  FROM      YEAR
                                                  NORMAL
..................................................................
TEMPERATURE (F)
 YESTERDAY
  MAXIMUM         71    402 PM  91    1893  76     -5       77
  MINIMUM         53   1154 PM  39    1971  56     -3       60
  AVERAGE         62                        66     -4       69

PRECIPITATION (IN)
  YESTERDAY        0.00          2.80 1888   0.11  -0.11      T
  MONTH TO DATE    0.02                      0.33  -0.31     0.01
  SINCE JUN 1      6.67                      8.41  -1.74     7.90
  SINCE JAN 1     13.06                     17.33  -4.27    20.33

SNOWFALL (IN)
  YESTERDAY        0.0           0.0  2002   0.0    0.0      0.0
                                      2001
  MONTH TO DATE    0.0                       0.0    0.0      0.0
  SINCE JUN 1      T                         0.0    0.0       T
  SINCE JUL 1      0.0                       0.0    0.0      0.0
  SNOW DEPTH       0

DEGREE DAYS
 HEATING
  YESTERDAY        3                         2      1        0
  MONTH TO DATE    3                         6     -3        0
  SINCE JUN 1    139                       248   -109      202
  SINCE JUL 1     18                        69    -51       40

 COOLING
  YESTERDAY        0                         3     -3        4
  MONTH TO DATE    6                         9     -3        9
  SINCE JUN 1    184                       129     55      123
  SINCE JAN 1    188                       133     55      141
..................................................................


WIND (MPH)
  HIGHEST WIND SPEED    21   HIGHEST WIND DIRECTION    NW (310)
  HIGHEST GUST SPEED    28   HIGHEST GUST DIRECTION    NW (300)
  AVERAGE WIND SPEED    11.8


SKY COVER
  AVERAGE SKY COVER 0.5


WEATHER CONDITIONS
 THE FOLLOWING WEATHER WAS RECORDED YESTERDAY.
  NO SIGNIFICANT WEATHER WAS OBSERVED.


RELATIVE HUMIDITY (PERCENT)
 HIGHEST    83          1100 PM
 LOWEST     53           200 PM
 AVERAGE    68

..........................................................


THE DULUTH MN CLIMATE NORMALS FOR TODAY
                         NORMAL    RECORD    YEAR
 MAXIMUM TEMPERATURE (F)   76        92      1989
                                             1932
                                             1900
 MINIMUM TEMPERATURE (F)   56        38      1972


SUNRISE AND SUNSET
AUGUST  4 2015........SUNRISE   552 AM CDT   SUNSET   836 PM CDT
AUGUST  5 2015........SUNRISE   553 AM CDT   SUNSET   835 PM CDT


-  INDICATES NEGATIVE NUMBERS.
R  INDICATES RECORD WAS SET OR TIED.
MM INDICATES DATA IS MISSING.
T  INDICATES TRACE AMOUNT.




$$
