000
CDUS43 KDLH 310642
CLIDLH


CLIMATE REPORT
NATIONAL WEATHER SERVICE DULUTH MN
141 AM CDT FRI OCT 31 2014


...................................

...THE DULUTH MN CLIMATE SUMMARY FOR OCTOBER 30 2014...

CLIMATE NORMAL PERIOD 1981 TO 2010
CLIMATE RECORD PERIOD 1870 TO 2014


WEATHER ITEM   OBSERVED TIME   RECORD YEAR NORMAL DEPARTURE LAST
                VALUE   (LST)  VALUE       VALUE  FROM      YEAR
                                                  NORMAL
..................................................................
TEMPERATURE (F)
 YESTERDAY
  MAXIMUM         42    231 PM  73    1901  45     -3       44
  MINIMUM         28   1159 PM   8    1925  30     -2       35
  AVERAGE         35                        37     -2       40

PRECIPITATION (IN)
  YESTERDAY        0.01          1.12 1971   0.08  -0.07     0.06
  MONTH TO DATE    1.80                      2.78  -0.98     3.80
  SINCE SEP 1      3.44                      6.89  -3.45     5.06
  SINCE JAN 1     28.39                     27.59   0.80    26.65

SNOWFALL (IN)
  YESTERDAY        0.1           5.2  1951   0.1    0.0      0.0
  MONTH TO DATE    0.1                       2.1   -2.0      0.3
  SINCE SEP 1      0.1                       2.2   -2.1      0.3
  SINCE JUL 1      0.1                       2.2   -2.1      0.3
  SNOW DEPTH       0

DEGREE DAYS
 HEATING
  YESTERDAY       30                        28      2       25
  MONTH TO DATE  588                       650    -62      588
  SINCE SEP 1    815                       948   -133      756
  SINCE JUL 1    892                      1097   -205      830

 COOLING
  YESTERDAY        0                         0      0        0
  MONTH TO DATE    0                         0      0        0
  SINCE SEP 1      9                        14     -5       24
  SINCE JAN 1    179                       204    -25      375
..................................................................


WIND (MPH)
  HIGHEST WIND SPEED    29   HIGHEST WIND DIRECTION     N (340)
  HIGHEST GUST SPEED    38   HIGHEST GUST DIRECTION    NW (330)
  AVERAGE WIND SPEED    11.6


SKY COVER
  AVERAGE SKY COVER 0.9


WEATHER CONDITIONS
 THE FOLLOWING WEATHER WAS RECORDED YESTERDAY.
  LIGHT RAIN
  LIGHT SNOW
  HAZE


RELATIVE HUMIDITY (PERCENT)
 HIGHEST    89          1200 AM
 LOWEST     63           800 PM
 AVERAGE    76

..........................................................


THE DULUTH MN CLIMATE NORMALS FOR TODAY
                         NORMAL    RECORD    YEAR
 MAXIMUM TEMPERATURE (F)   44        74      1950
 MINIMUM TEMPERATURE (F)   30         8      1878


SUNRISE AND SUNSET
OCTOBER 31 2014.......SUNRISE   749 AM CDT   SUNSET   554 PM CDT
NOVEMBER  1 2014......SUNRISE   751 AM CDT   SUNSET   553 PM CDT


-  INDICATES NEGATIVE NUMBERS.
R  INDICATES RECORD WAS SET OR TIED.
MM INDICATES DATA IS MISSING.
T  INDICATES TRACE AMOUNT.




$$
