000
CDUS43 KDLH 272221
CLIDLH


CLIMATE REPORT
NATIONAL WEATHER SERVICE DULUTH MN
521 PM CDT TUE JUN 27 2017


...................................

...THE DULUTH MN CLIMATE SUMMARY FOR JUNE 27 2017...
VALID TODAY AS OF 0500 PM LOCAL TIME.

CLIMATE NORMAL PERIOD 1981 TO 2010
CLIMATE RECORD PERIOD 1870 TO 2017


WEATHER ITEM   OBSERVED TIME   RECORD YEAR NORMAL DEPARTURE LAST
                VALUE   (LST)  VALUE       VALUE  FROM      YEAR
                                                  NORMAL
..................................................................
TEMPERATURE (F)
 TODAY
  MAXIMUM         73    359 PM  94    1910  74     -1       65
  MINIMUM         44    423 AM  37    1925  53     -9       56
  AVERAGE         59                        63     -4       61

PRECIPITATION (IN)
  TODAY            0.00          1.48 1965   0.15  -0.15      T
  MONTH TO DATE    3.03                      3.77  -0.74     3.93
  SINCE JUN 1      3.03                      3.77  -0.74     3.93
  SINCE JAN 1     14.17                     12.69   1.48    14.04

SNOWFALL (IN)
  TODAY            0.0           0.0  2002   0.0    0.0      0.0
                                      2001
  MONTH TO DATE    T                         0.0    0.0       T
  SINCE JUL 1     67.0                      86.1  -19.1     81.4
  SNOW DEPTH       0

DEGREE DAYS
 HEATING
  TODAY            6                         4      2        4
  MONTH TO DATE  116                       169    -53      135
  SINCE JUN 1    116                       169    -53      135
  SINCE JUL 1   8123                      9434  -1311     8179

 COOLING
  TODAY            0                         2     -2        0
  MONTH TO DATE   13                        23    -10       42
  SINCE JUN 1     13                        23    -10       42
  SINCE JAN 1     13                        27    -14       51
..................................................................


WIND (MPH)
  HIGHEST WIND SPEED    21   HIGHEST WIND DIRECTION    SW (230)
  HIGHEST GUST SPEED    28   HIGHEST GUST DIRECTION    SW (240)
  AVERAGE WIND SPEED     9.8


SKY COVER
  POSSIBLE SUNSHINE  MM
  AVERAGE SKY COVER 0.0


WEATHER CONDITIONS
 THE FOLLOWING WEATHER WAS RECORDED TODAY.
  NO SIGNIFICANT WEATHER WAS OBSERVED.


RELATIVE HUMIDITY (PERCENT)
 HIGHEST    86           300 AM
 LOWEST     35           300 PM
 AVERAGE    61

..........................................................


THE DULUTH MN CLIMATE NORMALS FOR TOMORROW
                         NORMAL    RECORD    YEAR
 MAXIMUM TEMPERATURE (F)   74        97      1910
 MINIMUM TEMPERATURE (F)   53        40      1968


SUNRISE AND SUNSET
JUNE 27 2017..........SUNRISE   516 AM CDT   SUNSET   907 PM CDT
JUNE 28 2017..........SUNRISE   517 AM CDT   SUNSET   907 PM CDT


-  INDICATES NEGATIVE NUMBERS.
R  INDICATES RECORD WAS SET OR TIED.
MM INDICATES DATA IS MISSING.
T  INDICATES TRACE AMOUNT.




$$
