000
CDUS43 KDLH 232229
CLIDLH


CLIMATE REPORT
NATIONAL WEATHER SERVICE DULUTH MN
428 PM CST MON JAN 23 2017


...................................

...THE DULUTH MN CLIMATE SUMMARY FOR JANUARY 23 2017...
VALID TODAY AS OF 0400 PM LOCAL TIME.

CLIMATE NORMAL PERIOD 1981 TO 2010
CLIMATE RECORD PERIOD 1870 TO 2017


WEATHER ITEM   OBSERVED TIME   RECORD YEAR NORMAL DEPARTURE LAST
                VALUE   (LST)  VALUE       VALUE  FROM      YEAR
                                                  NORMAL
..................................................................
TEMPERATURE (F)
 TODAY
  MAXIMUM         38    114 PM  55    1942  19     19       22
  MINIMUM         33    934 AM -38    1935   1     32       10
  AVERAGE         36                        10     26       16

PRECIPITATION (IN)
  TODAY            0.02          1.18 1969   0.03  -0.01      T
  MONTH TO DATE    0.81                      0.75   0.06     0.50
  SINCE DEC 1      2.88                      1.96   0.92     4.20
  SINCE JAN 1      0.81                      0.75   0.06     0.50

SNOWFALL (IN)
  TODAY            T            10.1  1969   0.5   -0.5       T
  MONTH TO DATE   10.2                      15.1   -4.9      8.0
  SINCE JUL 1     39.6                      48.9   -9.3     37.0
  SNOW DEPTH       8

DEGREE DAYS
 HEATING
  TODAY           29                        55    -26       49
  MONTH TO DATE 1168                      1262    -94     1277
  SINCE DEC 1   2680                      2818   -138     2464
  SINCE JUL 1   4162                      5031   -869     4127

 COOLING
  TODAY            0                         0      0        0
  MONTH TO DATE    0                         0      0        0
  SINCE DEC 1      0                         0      0        0
  SINCE JAN 1      0                         0      0        0
..................................................................


WIND (MPH)
  HIGHEST WIND SPEED    14   HIGHEST WIND DIRECTION     W (270)
  HIGHEST GUST SPEED    15   HIGHEST GUST DIRECTION     W (270)
  AVERAGE WIND SPEED     5.1


SKY COVER
  POSSIBLE SUNSHINE  MM
  AVERAGE SKY COVER 1.0


WEATHER CONDITIONS
 THE FOLLOWING WEATHER WAS RECORDED TODAY.
  LIGHT RAIN
  LIGHT SNOW
  FOG


RELATIVE HUMIDITY (PERCENT)
 HIGHEST   100           300 AM
 LOWEST     82           100 PM
 AVERAGE    91

..........................................................


THE DULUTH MN CLIMATE NORMALS FOR TOMORROW
                         NORMAL    RECORD    YEAR
 MAXIMUM TEMPERATURE (F)   19        50      1892
 MINIMUM TEMPERATURE (F)    1       -37      1904


SUNRISE AND SUNSET
JANUARY 23 2017.......SUNRISE   743 AM CST   SUNSET   459 PM CST
JANUARY 24 2017.......SUNRISE   742 AM CST   SUNSET   500 PM CST


-  INDICATES NEGATIVE NUMBERS.
R  INDICATES RECORD WAS SET OR TIED.
MM INDICATES DATA IS MISSING.
T  INDICATES TRACE AMOUNT.




$$
