198
CDUS45 KTFX 261018
CLIDLN


CLIMATE REPORT
NATIONAL WEATHER SERVICE GREAT FALLS MT
418 AM MDT TUE JUL 26 2016


...................................

...THE DILLON AIRPORT MT CLIMATE SUMMARY FOR JULY 25 2016...

CLIMATE NORMAL PERIOD 1981 TO 2010
CLIMATE RECORD PERIOD 1929 TO 2016


WEATHER ITEM   OBSERVED TIME   RECORD YEAR NORMAL DEPARTURE LAST
                VALUE   (LST)  VALUE       VALUE  FROM      YEAR
                                                  NORMAL
..................................................................
TEMPERATURE (F)
 YESTERDAY
  MAXIMUM         90    302 PM  98    1931  84      6       84
  MINIMUM         50    546 AM  37    1948  50      0       52
  AVERAGE         70                        67      3       68

PRECIPITATION (IN)
  YESTERDAY        T             0.89 1986   0.03  -0.03      T
  MONTH TO DATE    0.85                      0.98  -0.13     0.58
  SINCE OCT 1      7.45                      8.42  -0.97     6.84
  SINCE JAN 1      5.37                      7.02  -1.65     5.68

SNOWFALL (IN)
  YESTERDAY       MM
  SNOW DEPTH       0

DEGREE DAYS
 HEATING
  YESTERDAY        0                               -1        0
  MONTH TO DATE   54                                6       21
  SINCE JUN 1    162                             -109       97
  SINCE JUL 1     54                                6       21

 COOLING
  YESTERDAY        5                                2        3
  MONTH TO DATE   56                               -7       59
  SINCE JUN 1     97                               18      134
  SINCE JAN 1     97                               17      134
..................................................................


WIND (MPH)
  HIGHEST WIND SPEED    24   HIGHEST WIND DIRECTION     N (340)
  HIGHEST GUST SPEED    38   HIGHEST GUST DIRECTION     N (340)
  AVERAGE WIND SPEED     6.8


SKY COVER
  AVERAGE SKY COVER 0.0


WEATHER CONDITIONS
 THE FOLLOWING WEATHER WAS RECORDED YESTERDAY.
  LIGHT RAIN


RELATIVE HUMIDITY (PERCENT)
 HIGHEST    55
 LOWEST     12
 AVERAGE    34

..........................................................


THE DILLON AIRPORT MT CLIMATE NORMALS FOR TODAY
                         NORMAL    RECORD    YEAR
 MAXIMUM TEMPERATURE (F)   84        95      1939
 MINIMUM TEMPERATURE (F)   50        39      2014
                                             2005


SUNRISE AND SUNSET
JULY 26 2016..........SUNRISE   609 AM MDT   SUNSET   904 PM MDT
JULY 27 2016..........SUNRISE   610 AM MDT   SUNSET   903 PM MDT


-  INDICATES NEGATIVE NUMBERS.
R  INDICATES RECORD WAS SET OR TIED.
MM INDICATES DATA IS MISSING.
T  INDICATES TRACE AMOUNT.




$$
