000
CDUS45 KTFX 260817
CLIDLN


CLIMATE REPORT
NATIONAL WEATHER SERVICE GREAT FALLS MT
216 AM MDT MON JUN 26 2017


...................................

...THE DILLON AIRPORT MT CLIMATE SUMMARY FOR JUNE 25 2017...

CLIMATE NORMAL PERIOD 1981 TO 2010
CLIMATE RECORD PERIOD 1929 TO 2017


WEATHER ITEM   OBSERVED TIME   RECORD YEAR NORMAL DEPARTURE LAST
                VALUE   (LST)  VALUE       VALUE  FROM      YEAR
                                                  NORMAL
..................................................................
TEMPERATURE (F)
 YESTERDAY
  MAXIMUM         83    530 PM  97    1988  76      7       75
  MINIMUM         41    455 AM  35    1966  46     -5       40
  AVERAGE         62                        61      1       58

PRECIPITATION (IN)
  YESTERDAY        0.00          0.99 1978   0.05  -0.05     0.00
  MONTH TO DATE    1.16                      1.75  -0.59     1.12
  SINCE OCT 1      7.93                      7.22   0.71     6.60
  SINCE JAN 1      5.39                      5.82  -0.43     4.52

SNOWFALL (IN)
  YESTERDAY       MM
  SNOW DEPTH       0

DEGREE DAYS
 HEATING
  YESTERDAY        3                               -2        7
  MONTH TO DATE  160                              -42      106
  SINCE JUN 1    160                              -42      106
  SINCE JUL 1   7941                             -286     7478

 COOLING
  YESTERDAY        0                               -1        0
  MONTH TO DATE   18                               10       23
  SINCE JUN 1     18                               10       23
  SINCE JAN 1     18                                9       23
..................................................................


WIND (MPH)
  HIGHEST WIND SPEED    12   HIGHEST WIND DIRECTION    NE (30)
  HIGHEST GUST SPEED    14   HIGHEST GUST DIRECTION    NE (40)
  AVERAGE WIND SPEED     5.7


SKY COVER
  AVERAGE SKY COVER 0.0


WEATHER CONDITIONS
 THE FOLLOWING WEATHER WAS RECORDED YESTERDAY.
  NO SIGNIFICANT WEATHER WAS OBSERVED.


RELATIVE HUMIDITY (PERCENT)
 HIGHEST    79
 LOWEST     22
 AVERAGE    51

..........................................................


THE DILLON AIRPORT MT CLIMATE NORMALS FOR TODAY
                         NORMAL    RECORD    YEAR
 MAXIMUM TEMPERATURE (F)   76        95      2015
 MINIMUM TEMPERATURE (F)   46        32      2007
                                             1976


SUNRISE AND SUNSET
JUNE 26 2017..........SUNRISE   544 AM MDT   SUNSET   922 PM MDT
JUNE 27 2017..........SUNRISE   545 AM MDT   SUNSET   922 PM MDT


-  INDICATES NEGATIVE NUMBERS.
R  INDICATES RECORD WAS SET OR TIED.
MM INDICATES DATA IS MISSING.
T  INDICATES TRACE AMOUNT.




$$
