000
CDUS45 KTFX 182330
CLIDLN


CLIMATE REPORT
NATIONAL WEATHER SERVICE GREAT FALLS MT
430 PM MST THU JAN 18 2018


...................................

...THE DILLON AIRPORT MT CLIMATE SUMMARY FOR JANUARY 18 2018...
VALID TODAY AS OF 0400 PM LOCAL TIME.

CLIMATE NORMAL PERIOD 1981 TO 2010
CLIMATE RECORD PERIOD 1929 TO 2018


WEATHER ITEM   OBSERVED TIME   RECORD YEAR NORMAL DEPARTURE LAST
                VALUE   (LST)  VALUE       VALUE  FROM      YEAR
                                                  NORMAL
..................................................................
TEMPERATURE (F)
 TODAY
  MAXIMUM         41    204 PM  52    2015  33      8       34
  MINIMUM         21    129 AM -29    1943  14      7       18
  AVERAGE         31                        23      8       26

PRECIPITATION (IN)
  TODAY            0.00          0.13 1998   0.00   0.00     0.00
  MONTH TO DATE    0.03                      0.16  -0.13     0.05
  SINCE OCT 1      1.16                      1.56  -0.40     2.59
  SINCE JAN 1      0.03                      0.16  -0.13     0.05

DEGREE DAYS
 HEATING
  TODAY           34                        42     -8       39
  MONTH TO DATE  658                       768   -110     1048
  SINCE DEC 1   2011                      2138   -127     2576
  SINCE JUL 1   4054                      4289   -235     4359

 COOLING
  TODAY            0                         0      0        0
  MONTH TO DATE    0                         0      0        0
  SINCE DEC 1      0                         0      0        0
  SINCE JAN 1      0                         0      0        0
..................................................................


WIND (MPH)
  HIGHEST WIND SPEED    28   HIGHEST WIND DIRECTION    SE (150)
  HIGHEST GUST SPEED    34   HIGHEST GUST DIRECTION    SE (150)
  AVERAGE WIND SPEED    10.4


SKY COVER
  AVERAGE SKY COVER 0.0


WEATHER CONDITIONS
 THE FOLLOWING WEATHER WAS RECORDED TODAY.
  NO SIGNIFICANT WEATHER WAS OBSERVED.


RELATIVE HUMIDITY (PERCENT)
 HIGHEST   100
 LOWEST     64
 AVERAGE    82

..........................................................


THE DILLON AIRPORT MT CLIMATE NORMALS FOR TOMORROW
                         NORMAL    RECORD    YEAR
 MAXIMUM TEMPERATURE (F)   33        54      1981
 MINIMUM TEMPERATURE (F)   14       -26      1963


SUNRISE AND SUNSET
JANUARY 18 2018.......SUNRISE   804 AM MST   SUNSET   518 PM MST
JANUARY 19 2018.......SUNRISE   803 AM MST   SUNSET   519 PM MST


-  INDICATES NEGATIVE NUMBERS.
R  INDICATES RECORD WAS SET OR TIED.
MM INDICATES DATA IS MISSING.
T  INDICATES TRACE AMOUNT.




$$
