000
CDUS45 KTFX 221042
CLIDLN


CLIMATE REPORT
NATIONAL WEATHER SERVICE GREAT FALLS MT
442 AM MDT TUE JUL 22 2014


...................................

...THE DILLON AIRPORT MT CLIMATE SUMMARY FOR JULY 21 2014...

CLIMATE NORMAL PERIOD 1981 TO 2010
CLIMATE RECORD PERIOD 1929 TO 2014


WEATHER ITEM   OBSERVED TIME   RECORD YEAR NORMAL DEPARTURE LAST
                VALUE   (LST)  VALUE       VALUE  FROM      YEAR
                                                  NORMAL
..................................................................
TEMPERATURE (F)
 YESTERDAY
  MAXIMUM         77    141 PM  97    1960  83     -6       89
  MINIMUM         58    612 AM  37    1949  50      8       50
  AVERAGE         68                        67      1       70

PRECIPITATION (IN)
  YESTERDAY        0.08          0.55 1984   0.04   0.04     0.00
  MONTH TO DATE    0.63                      0.83  -0.20     0.83
  SINCE OCT 1      6.58                      8.27  -1.69     6.43
  SINCE JAN 1      6.09                      6.87  -0.78     5.41

SNOWFALL (IN)
  YESTERDAY       MM
  SNOW DEPTH       0

DEGREE DAYS
 HEATING
  YESTERDAY        0                               -1        0
  MONTH TO DATE    7                              -37        0
  SINCE JUN 1    257                              -10      188
  SINCE JUL 1      7                              -37        0

 COOLING
  YESTERDAY        3                                0        5
  MONTH TO DATE   85                               34      100
  SINCE JUN 1     85                               18      122
  SINCE JAN 1     85                               17      125
..................................................................


WIND (MPH)
  HIGHEST WIND SPEED    22   HIGHEST WIND DIRECTION    SW (230)
  HIGHEST GUST SPEED    27   HIGHEST GUST DIRECTION    SW (230)
  AVERAGE WIND SPEED     8.6



WEATHER CONDITIONS
 THE FOLLOWING WEATHER WAS RECORDED YESTERDAY.
  LIGHT RAIN
  FOG
  HAZE


RELATIVE HUMIDITY (PERCENT)
 HIGHEST    90
 LOWEST     35
 AVERAGE    63

..........................................................


THE DILLON AIRPORT MT CLIMATE NORMALS FOR TODAY
                         NORMAL    RECORD    YEAR
 MAXIMUM TEMPERATURE (F)   84        98      2006
 MINIMUM TEMPERATURE (F)   50        37      1954


SUNRISE AND SUNSET
JULY 22 2014..........SUNRISE   604 AM MDT   SUNSET   909 PM MDT
JULY 23 2014..........SUNRISE   605 AM MDT   SUNSET   908 PM MDT


-  INDICATES NEGATIVE NUMBERS.
R  INDICATES RECORD WAS SET OR TIED.
MM INDICATES DATA IS MISSING.
T  INDICATES TRACE AMOUNT.




$$
