000
CDUS45 KTFX 302218
CLIDLN


CLIMATE REPORT
NATIONAL WEATHER SERVICE GREAT FALLS MT
417 PM MDT THU JUL 30 2015


...................................

...THE DILLON AIRPORT MT CLIMATE SUMMARY FOR JULY 30 2015...
VALID TODAY AS OF 0400 PM LOCAL TIME.

CLIMATE NORMAL PERIOD 1981 TO 2010
CLIMATE RECORD PERIOD 1929 TO 2015


WEATHER ITEM   OBSERVED TIME   RECORD YEAR NORMAL DEPARTURE LAST
                VALUE   (LST)  VALUE       VALUE  FROM      YEAR
                                                  NORMAL
..................................................................
TEMPERATURE (F)
 TODAY
  MAXIMUM         85    227 PM  98    1988  84      1       86
  MINIMUM         47    414 AM  41    1977  50     -3       50
  AVERAGE         66                        67     -1       68

PRECIPITATION (IN)
  TODAY            0.00          0.50 1975   0.04  -0.04     0.00
  MONTH TO DATE    1.31                      1.17   0.14     0.63
  SINCE OCT 1      7.57                      8.61  -1.04     6.58
  SINCE JAN 1      6.41                      7.21  -0.80     6.09

SNOWFALL (IN)
  TODAY           MM
  SNOW DEPTH       0

DEGREE DAYS
 HEATING
  TODAY            0                         1     -1        0
  MONTH TO DATE   49                        53     -4       16
  SINCE JUN 1    125                       276   -151      266
  SINCE JUL 1     49                        53     -4       16

 COOLING
  TODAY            1                         3     -2        3
  MONTH TO DATE   63                        78    -15      108
  SINCE JUN 1    138                        94     44      108
  SINCE JAN 1    138                        95     43      108
..................................................................


WIND (MPH)
  HIGHEST WIND SPEED    13   HIGHEST WIND DIRECTION     S (200)
  HIGHEST GUST SPEED    15   HIGHEST GUST DIRECTION     S (200)
  AVERAGE WIND SPEED     7.1


SKY COVER
  AVERAGE SKY COVER 0.0


WEATHER CONDITIONS
 THE FOLLOWING WEATHER WAS RECORDED TODAY.
  NO SIGNIFICANT WEATHER WAS OBSERVED.


RELATIVE HUMIDITY (PERCENT)
 HIGHEST    77
 LOWEST     18
 AVERAGE    48

..........................................................


THE DILLON AIRPORT MT CLIMATE NORMALS FOR TOMORROW
                         NORMAL    RECORD    YEAR
 MAXIMUM TEMPERATURE (F)   83        96      1943
 MINIMUM TEMPERATURE (F)   50        38      1968


SUNRISE AND SUNSET
JULY 30 2015..........SUNRISE   612 AM MDT   SUNSET   900 PM MDT
JULY 31 2015..........SUNRISE   613 AM MDT   SUNSET   859 PM MDT


-  INDICATES NEGATIVE NUMBERS.
R  INDICATES RECORD WAS SET OR TIED.
MM INDICATES DATA IS MISSING.
T  INDICATES TRACE AMOUNT.




$$
