000
CDUS45 KTFX 241006
CLIDLN


CLIMATE REPORT
NATIONAL WEATHER SERVICE GREAT FALLS MT
306 AM MST FRI FEB 24 2017


...................................

...THE DILLON AIRPORT MT CLIMATE SUMMARY FOR FEBRUARY 23 2017...

CLIMATE NORMAL PERIOD 1981 TO 2010
CLIMATE RECORD PERIOD 1929 TO 2017


WEATHER ITEM   OBSERVED TIME   RECORD YEAR NORMAL DEPARTURE LAST
                VALUE   (LST)  VALUE       VALUE  FROM      YEAR
                                                  NORMAL
..................................................................
TEMPERATURE (F)
 YESTERDAY
  MAXIMUM         31    320 PM  58    1990  40     -9       40
  MINIMUM         23   1159 PM -15    2003  17      6       13
  AVERAGE         27                        28     -1       27

PRECIPITATION (IN)
  YESTERDAY        0.00          0.24 2007   0.01  -0.01     0.00
  MONTH TO DATE    0.13                      0.18  -0.05     0.01
  SINCE OCT 1      2.73                      1.86   0.87     2.14
  SINCE JAN 1      0.19                      0.46  -0.27     0.06

SNOWFALL (IN)
  YESTERDAY        0.0
  SNOW DEPTH       0

DEGREE DAYS
 HEATING
  YESTERDAY       38                                1       38
  MONTH TO DATE  801                             -106      745
  SINCE DEC 1   3964                              377     3411
  SINCE JUL 1   5747                                9     5334

 COOLING
  YESTERDAY        0                                0        0
  MONTH TO DATE    0                                0        0
  SINCE DEC 1      0                                0        0
  SINCE JAN 1      0                                0        0
..................................................................


WIND (MPH)
  HIGHEST WIND SPEED    26   HIGHEST WIND DIRECTION    NE (30)
  HIGHEST GUST SPEED    32   HIGHEST GUST DIRECTION     N (20)
  AVERAGE WIND SPEED    17.1


SKY COVER
  AVERAGE SKY COVER 0.9


WEATHER CONDITIONS
 THE FOLLOWING WEATHER WAS RECORDED YESTERDAY.
  NO SIGNIFICANT WEATHER WAS OBSERVED.


RELATIVE HUMIDITY (PERCENT)
 HIGHEST    85
 LOWEST     53
 AVERAGE    69

..........................................................


THE DILLON AIRPORT MT CLIMATE NORMALS FOR TODAY
                         NORMAL    RECORD    YEAR
 MAXIMUM TEMPERATURE (F)   40        62      1986
 MINIMUM TEMPERATURE (F)   17       -20      2003


SUNRISE AND SUNSET
FEBRUARY 24 2017......SUNRISE   716 AM MST   SUNSET   611 PM MST
FEBRUARY 25 2017......SUNRISE   715 AM MST   SUNSET   612 PM MST


-  INDICATES NEGATIVE NUMBERS.
R  INDICATES RECORD WAS SET OR TIED.
MM INDICATES DATA IS MISSING.
T  INDICATES TRACE AMOUNT.




$$
