000
CDUS45 KTFX 200915
CLIDLN


CLIMATE REPORT
NATIONAL WEATHER SERVICE GREAT FALLS MT
315 AM MDT WED AUG 20 2014


...................................

...THE DILLON AIRPORT MT CLIMATE SUMMARY FOR AUGUST 19 2014...

CLIMATE NORMAL PERIOD 1981 TO 2010
CLIMATE RECORD PERIOD 1929 TO 2014


WEATHER ITEM   OBSERVED TIME   RECORD YEAR NORMAL DEPARTURE LAST
                VALUE   (LST)  VALUE       VALUE  FROM      YEAR
                                                  NORMAL
..................................................................
TEMPERATURE (F)
 YESTERDAY
  MAXIMUM         85    113 PM  96    1942  81      4       90
  MINIMUM         50    553 AM  36    1964  47      3       49
  AVERAGE         68                        64      4       70

PRECIPITATION (IN)
  YESTERDAY        0.17          0.78 1965   0.03   0.14     0.00
  MONTH TO DATE    1.39                      0.62   0.77     0.09
  SINCE OCT 1      7.97                      9.27  -1.30     6.53
  SINCE JAN 1      7.48                      7.87  -0.39     5.51

SNOWFALL (IN)
  YESTERDAY       MM
  SNOW DEPTH       0

DEGREE DAYS
 HEATING
  YESTERDAY        0                               -3        0
  MONTH TO DATE    4                              -31        5
  SINCE JUN 1    270                              -43      193
  SINCE JUL 1     20                              -70        5

 COOLING
  YESTERDAY        3                                1        5
  MONTH TO DATE   48                                7       38
  SINCE JUN 1    160                               26      191
  SINCE JAN 1    160                               25      194
..................................................................


WIND (MPH)
  HIGHEST WIND SPEED    26   HIGHEST WIND DIRECTION     W (290)
  HIGHEST GUST SPEED    36   HIGHEST GUST DIRECTION     N (340)
  AVERAGE WIND SPEED     8.1



WEATHER CONDITIONS
 THE FOLLOWING WEATHER WAS RECORDED YESTERDAY.
  HEAVY RAIN
  RAIN
  LIGHT RAIN
  HAZE


RELATIVE HUMIDITY (PERCENT)
 HIGHEST    72
 LOWEST     20
 AVERAGE    46

..........................................................


THE DILLON AIRPORT MT CLIMATE NORMALS FOR TODAY
                         NORMAL    RECORD    YEAR
 MAXIMUM TEMPERATURE (F)   80        94      1953
 MINIMUM TEMPERATURE (F)   47        39      1974


SUNRISE AND SUNSET
AUGUST 20 2014........SUNRISE   637 AM MDT   SUNSET   829 PM MDT
AUGUST 21 2014........SUNRISE   639 AM MDT   SUNSET   827 PM MDT


-  INDICATES NEGATIVE NUMBERS.
R  INDICATES RECORD WAS SET OR TIED.
MM INDICATES DATA IS MISSING.
T  INDICATES TRACE AMOUNT.




$$
