000
CDUS45 KTFX 090806
CLIDLN


CLIMATE REPORT
NATIONAL WEATHER SERVICE GREAT FALLS MT
106 AM MST TUE FEB 9 2016


...................................

...THE DILLON AIRPORT MT CLIMATE SUMMARY FOR FEBRUARY 8 2016...

CLIMATE NORMAL PERIOD 1981 TO 2010
CLIMATE RECORD PERIOD 1929 TO 2016


WEATHER ITEM   OBSERVED TIME   RECORD YEAR NORMAL DEPARTURE LAST
                VALUE   (LST)  VALUE       VALUE  FROM      YEAR
                                                  NORMAL
..................................................................
TEMPERATURE (F)
 YESTERDAY
  MAXIMUM         43    556 PM  56    2015  35      8       56
                                      1991
  MINIMUM         18    548 AM -38    1936  14      4       33
  AVERAGE         31                        25      6       45

PRECIPITATION (IN)
  YESTERDAY        0.00          0.23 1960   0.00   0.00     0.00
  MONTH TO DATE    0.00                      0.05  -0.05     0.03
  SINCE OCT 1      2.13                      1.73   0.40     1.19
  SINCE JAN 1      0.05                      0.33  -0.28     0.03

SNOWFALL (IN)
  YESTERDAY       MM
  SNOW DEPTH       0

DEGREE DAYS
 HEATING
  YESTERDAY       34                               -6       20
  MONTH TO DATE  330                                3      205
  SINCE DEC 1   2996                              -11     2469
  SINCE JUL 1   4919                             -239     4443

 COOLING
  YESTERDAY        0                                0        0
  MONTH TO DATE    0                                0        0
  SINCE DEC 1      0                                0        0
  SINCE JAN 1      0                                0        0
..................................................................


WIND (MPH)
  HIGHEST WIND SPEED    16   HIGHEST WIND DIRECTION     S (200)
  HIGHEST GUST SPEED    20   HIGHEST GUST DIRECTION     S (170)
  AVERAGE WIND SPEED     4.6


SKY COVER
  AVERAGE SKY COVER 0.0


WEATHER CONDITIONS
 THE FOLLOWING WEATHER WAS RECORDED YESTERDAY.
  NO SIGNIFICANT WEATHER WAS OBSERVED.


RELATIVE HUMIDITY (PERCENT)
 HIGHEST    78
 LOWEST     49
 AVERAGE    64

..........................................................


THE DILLON AIRPORT MT CLIMATE NORMALS FOR TODAY
                         NORMAL    RECORD    YEAR
 MAXIMUM TEMPERATURE (F)   35        55      1987
 MINIMUM TEMPERATURE (F)   14       -43      1933


SUNRISE AND SUNSET
FEBRUARY  9 2016......SUNRISE   741 AM MST   SUNSET   549 PM MST
FEBRUARY 10 2016......SUNRISE   739 AM MST   SUNSET   550 PM MST


-  INDICATES NEGATIVE NUMBERS.
R  INDICATES RECORD WAS SET OR TIED.
MM INDICATES DATA IS MISSING.
T  INDICATES TRACE AMOUNT.




$$
