000
CDUS41 KLWX 260534
CLIDMH


CLIMATE REPORT
NATIONAL WEATHER SERVICE BALTIMORE MD/WASHINGTON DC
129 AM EDT MON JUN 26 2017


...................................

...THE BALTIMORE INNER HARBOR MD CLIMATE SUMMARY FOR JUNE 25 2017...

CLIMATE NORMAL PERIOD 1981 TO 2010
CLIMATE RECORD PERIOD 1999 TO 2017


WEATHER ITEM   OBSERVED TIME   RECORD YEAR NORMAL DEPARTURE LAST
                VALUE   (LST)  VALUE       VALUE  FROM      YEAR
                                                  NORMAL
..................................................................
TEMPERATURE (F)
 YESTERDAY
  MAXIMUM         88    232 PM  MM      MM  88      0       84
  MINIMUM         74   1159 PM  MM      MM  70      4       70
  AVERAGE         81                        79      2       77

PRECIPITATION (IN)
  YESTERDAY        0.00         MM      MM   0.10  -0.10     0.00
  MONTH TO DATE    0.73                      2.72  -1.99     2.95
  SINCE JUN 1      0.73                      2.72  -1.99     2.95
  SINCE JAN 1     15.65                     18.81  -3.16    19.13

DEGREE DAYS
 HEATING
  YESTERDAY        0                         0      0        0
  MONTH TO DATE    2                         4     -2        0
  SINCE JUN 1      2                         4     -2        0
  SINCE JUL 1   3245                      4030   -785     3421

 COOLING
  YESTERDAY       16                        14      2       12
  MONTH TO DATE  335                       263     72      267
  SINCE JUN 1    335                       263     72      267
  SINCE JAN 1    512                       402    110      404
..................................................................


WIND (MPH)
  HIGHEST WIND SPEED    MM   HIGHEST WIND DIRECTION    MM
  HIGHEST GUST SPEED    MM   HIGHEST GUST DIRECTION    MM
  AVERAGE WIND SPEED    MM


SKY COVER
  POSSIBLE SUNSHINE  MM



RELATIVE HUMIDITY (PERCENT)
 HIGHEST    58           400 AM
 LOWEST     25           500 PM
 AVERAGE    42

..........................................................


THE BALTIMORE INNER HARBOR MD CLIMATE NORMALS FOR TODAY
                         NORMAL
 MAXIMUM TEMPERATURE (F)   88
 MINIMUM TEMPERATURE (F)   70


SUNRISE AND SUNSET
JUNE 26 2017..........SUNRISE   542 AM EDT   SUNSET   837 PM EDT
JUNE 27 2017..........SUNRISE   542 AM EDT   SUNSET   837 PM EDT


-  INDICATES NEGATIVE NUMBERS.
R  INDICATES RECORD WAS SET OR TIED.
MM INDICATES DATA IS MISSING.
T  INDICATES TRACE AMOUNT.




$$
