000
CDUS41 KLWX 292130
CLIDMH


CLIMATE REPORT
NATIONAL WEATHER SERVICE BALTIMORE MD/WASHINGTON DC
530 PM EDT SAT APR 29 2017


...................................

...THE BALTIMORE INNER HARBOR MD CLIMATE SUMMARY FOR APRIL 29 2017...
VALID TODAY AS OF 0500 PM LOCAL TIME.

CLIMATE NORMAL PERIOD 1981 TO 2010
CLIMATE RECORD PERIOD 9999 TO 9999


WEATHER ITEM   OBSERVED TIME   RECORD YEAR NORMAL DEPARTURE LAST
                VALUE   (LST)  VALUE       VALUE  FROM      YEAR
                                                  NORMAL
..................................................................
TEMPERATURE (F)
 TODAY
  MAXIMUM         92    242 PM  MM      MM  70     22       53
  MINIMUM         71    208 AM  MM      MM  52     19       47
  AVERAGE         82                        61     21       50

PRECIPITATION (IN)
  TODAY            0.00         MM      MM   0.11  -0.11     0.06
  MONTH TO DATE    3.09                      3.12  -0.03     1.59
  SINCE MAR 1      6.76                      6.98  -0.22     3.77
  SINCE JAN 1     10.65                     12.50  -1.85    12.37

DEGREE DAYS
 HEATING
  TODAY            0                         5     -5       15
  MONTH TO DATE  130                       272   -142      276
  SINCE MAR 1    716                       851   -135      662
  SINCE JUL 1   3170                      3939   -769     3278

 COOLING
  TODAY           17                         1     16        0
  MONTH TO DATE   72                        22     50       29
  SINCE MAR 1     76                        23     53       35
  SINCE JAN 1     76                        23     53       35
..................................................................


WIND (MPH)
  HIGHEST WIND SPEED    MM   HIGHEST WIND DIRECTION    MM
  HIGHEST GUST SPEED    MM   HIGHEST GUST DIRECTION    MM
  AVERAGE WIND SPEED    MM


SKY COVER
  POSSIBLE SUNSHINE  MM



RELATIVE HUMIDITY (PERCENT)
 HIGHEST    84           100 AM
 LOWEST     36           200 PM
 AVERAGE    60

..........................................................


THE BALTIMORE INNER HARBOR MD CLIMATE NORMALS FOR TOMORROW
                         NORMAL    RECORD    YEAR
 MAXIMUM TEMPERATURE (F)   71        MM        MM
 MINIMUM TEMPERATURE (F)   52        MM        MM


SUNRISE AND SUNSET
APRIL 29 2017.........SUNRISE   610 AM EDT   SUNSET   758 PM EDT
APRIL 30 2017.........SUNRISE   609 AM EDT   SUNSET   759 PM EDT


-  INDICATES NEGATIVE NUMBERS.
R  INDICATES RECORD WAS SET OR TIED.
MM INDICATES DATA IS MISSING.
T  INDICATES TRACE AMOUNT.




$$
