000
CDUS41 KLWX 200521
CLIDMH


CLIMATE REPORT
NATIONAL WEATHER SERVICE BALTIMORE MD/WASHINGTON DC
120 AM EDT SAT SEP 20 2014


...................................

...THE BALTIMORE INNER HARBOR MD CLIMATE SUMMARY FOR SEPTEMBER 19 2014...

CLIMATE NORMAL PERIOD 1981 TO 2010
CLIMATE RECORD PERIOD 9999 TO 9999


WEATHER ITEM   OBSERVED TIME   RECORD YEAR NORMAL DEPARTURE LAST
                VALUE   (LST)  VALUE       VALUE  FROM      YEAR
                                                  NORMAL
..................................................................
TEMPERATURE (F)
 YESTERDAY
  MAXIMUM         74    329 PM  MM      MM  79     -5       80
  MINIMUM         59    705 AM  MM      MM  63     -4       58
  AVERAGE         67                        71     -4       69

PRECIPITATION (IN)
  YESTERDAY        0.00         MM      MM   0.14  -0.14     0.00
  MONTH TO DATE    0.76                      2.51  -1.75     0.38
  SINCE SEP 1      0.76                      2.51  -1.75     0.38
  SINCE JAN 1     40.37                     29.88  10.49    28.36

DEGREE DAYS
 HEATING
  YESTERDAY        0                         1     -1        0
  MONTH TO DATE    1                         1      0        4
  SINCE SEP 1      1                         1      0        4
  SINCE JUL 1      1                         1      0        4

 COOLING
  YESTERDAY        2                         6     -4        4
  MONTH TO DATE  172                       176     -4      202
  SINCE SEP 1    172                       176     -4      202
  SINCE JAN 1   1390                      1572   -182     1876
..................................................................


WIND (MPH)
  HIGHEST WIND SPEED    MM   HIGHEST WIND DIRECTION    MM
  HIGHEST GUST SPEED    MM   HIGHEST GUST DIRECTION    MM
  AVERAGE WIND SPEED    MM


SKY COVER
  POSSIBLE SUNSHINE  MM



RELATIVE HUMIDITY (PERCENT)
 HIGHEST    84          1200 AM
 LOWEST     53           200 PM
 AVERAGE    69

..........................................................


THE BALTIMORE INNER HARBOR MD CLIMATE NORMALS FOR TODAY
                         NORMAL
 MAXIMUM TEMPERATURE (F)   79
 MINIMUM TEMPERATURE (F)   62


SUNRISE AND SUNSET
SEPTEMBER 20 2014.....SUNRISE   652 AM EDT   SUNSET   707 PM EDT
SEPTEMBER 21 2014.....SUNRISE   653 AM EDT   SUNSET   705 PM EDT


-  INDICATES NEGATIVE NUMBERS.
R  INDICATES RECORD WAS SET OR TIED.
MM INDICATES DATA IS MISSING.
T  INDICATES TRACE AMOUNT.




$$
