000
CDUS41 KLWX 240541
CLIDMH


CLIMATE REPORT
NATIONAL WEATHER SERVICE BALTIMORE MD/WASHINGTON DC
141 AM EDT FRI OCT 24 2014


...................................

...THE BALTIMORE INNER HARBOR MD CLIMATE SUMMARY FOR OCTOBER 23 2014...

CLIMATE NORMAL PERIOD 1981 TO 2010
CLIMATE RECORD PERIOD 9999 TO 9999


WEATHER ITEM   OBSERVED TIME   RECORD YEAR NORMAL DEPARTURE LAST
                VALUE   (LST)  VALUE       VALUE  FROM      YEAR
                                                  NORMAL
..................................................................
TEMPERATURE (F)
 YESTERDAY
  MAXIMUM         64    709 PM  MM      MM  66     -2       60
  MINIMUM         54    541 AM  MM      MM  50      4       48
  AVERAGE         59                        58      1       54

PRECIPITATION (IN)
  YESTERDAY        0.00         MM      MM   0.09  -0.09     0.00
  MONTH TO DATE    3.66                      2.38   1.28     4.58
  SINCE SEP 1      6.46                      6.47  -0.01     6.25
  SINCE JAN 1     46.07                     33.84  12.23    34.23

DEGREE DAYS
 HEATING
  YESTERDAY        6                         8     -2       11
  MONTH TO DATE  100                       119    -19       45
  SINCE SEP 1    105                       137    -32       50
  SINCE JUL 1    105                       137    -32       50

 COOLING
  YESTERDAY        0                         1     -1        0
  MONTH TO DATE   21                        38    -17       98
  SINCE SEP 1    238                       267    -29      345
  SINCE JAN 1   1456                      1663   -207     2019
..................................................................


WIND (MPH)
  HIGHEST WIND SPEED    MM   HIGHEST WIND DIRECTION    MM
  HIGHEST GUST SPEED    MM   HIGHEST GUST DIRECTION    MM
  AVERAGE WIND SPEED    MM


SKY COVER
  POSSIBLE SUNSHINE  MM



RELATIVE HUMIDITY (PERCENT)
 HIGHEST    66          1200 AM
 LOWEST     48           400 PM
 AVERAGE    57

..........................................................


THE BALTIMORE INNER HARBOR MD CLIMATE NORMALS FOR TODAY
                         NORMAL
 MAXIMUM TEMPERATURE (F)   66
 MINIMUM TEMPERATURE (F)   49


SUNRISE AND SUNSET
OCTOBER 24 2014.......SUNRISE   726 AM EDT   SUNSET   615 PM EDT
OCTOBER 25 2014.......SUNRISE   727 AM EDT   SUNSET   614 PM EDT


-  INDICATES NEGATIVE NUMBERS.
R  INDICATES RECORD WAS SET OR TIED.
MM INDICATES DATA IS MISSING.
T  INDICATES TRACE AMOUNT.




$$
