000
CDUS45 KEPZ 220933
CLIDMN


CLIMATE REPORT
NATIONAL WEATHER SERVICE EL PASO, TX
232 AM MST SUN JAN 22 2017


...................................

...THE DEMING CLIMATE SUMMARY FOR JANUARY 21 2017...

CLIMATE NORMAL PERIOD 1981 TO 2010
CLIMATE RECORD PERIOD 2000 TO 2017


WEATHER ITEM   OBSERVED TIME   NORMAL DEPARTURE LAST
                VALUE   (LST)  VALUE  FROM      YEAR
                                      NORMAL
......................................................
TEMPERATURE (F)
 YESTERDAY
  MAXIMUM         48   1208 PM  58              56
  MINIMUM         38   1159 PM  28              27
  AVERAGE         43            43      0       42

PRECIPITATION (IN)
  YESTERDAY        0.36          0.02   0.34     0.00
  MONTH TO DATE    2.45          0.39   2.06     0.42
  SINCE DEC 1      4.24          1.28   2.96     0.78
  SINCE JAN 1      2.45          0.39   2.06     0.42

......................................................


WIND (MPH)
  HIGHEST WIND SPEED    45   HIGHEST WIND DIRECTION     W (260)
  HIGHEST GUST SPEED    56   HIGHEST GUST DIRECTION     W (270)
  AVERAGE WIND SPEED    22.2


SKY COVER
  AVERAGE SKY COVER 0.4


WEATHER CONDITIONS
 THE FOLLOWING WEATHER WAS RECORDED YESTERDAY.
  RAIN
  LIGHT RAIN
  FOG


RELATIVE HUMIDITY (PERCENT)
 HIGHEST    89           400 AM
 LOWEST     50          1200 PM
 AVERAGE    70

..........................................................


THE DEMING CLIMATE NORMALS FOR TODAY
                         NORMAL
 MAXIMUM TEMPERATURE (F)   58
 MINIMUM TEMPERATURE (F)   28


SUNRISE AND SUNSET
JANUARY 22 2017.......SUNRISE   710 AM MST   SUNSET   535 PM MST
JANUARY 23 2017.......SUNRISE   709 AM MST   SUNSET   536 PM MST


-  INDICATES NEGATIVE NUMBERS.
R  INDICATES RECORD WAS SET OR TIED.
MM INDICATES DATA IS MISSING.
T  INDICATES TRACE AMOUNT.




$$
