000
CDUS45 KEPZ 290926
CLIDMN


CLIMATE REPORT
NATIONAL WEATHER SERVICE EL PASO, TX
325 AM MDT FRI AUG 29 2014


...................................

...THE DEMING CLIMATE SUMMARY FOR AUGUST 28 2014...

CLIMATE NORMAL PERIOD 1981 TO 2010
CLIMATE RECORD PERIOD 2000 TO 2014


WEATHER ITEM   OBSERVED TIME   NORMAL DEPARTURE LAST
                VALUE   (LST)  VALUE  FROM      YEAR
                                      NORMAL
......................................................
TEMPERATURE (F)
 YESTERDAY
  MAXIMUM         92    329 PM  91              76
  MINIMUM         60    600 AM  63              65
  AVERAGE         76            77     -1       71

PRECIPITATION (IN)
  YESTERDAY        0.00          0.05  -0.05     0.35
  MONTH TO DATE    1.01          2.17  -1.16     2.25
  SINCE JUN 1      3.01          5.06  -2.05     5.51
  SINCE JAN 1      3.58          7.47  -3.89     6.02

......................................................


WIND (MPH)
  HIGHEST WIND SPEED    14   HIGHEST WIND DIRECTION     W (270)
  HIGHEST GUST SPEED    22   HIGHEST GUST DIRECTION    NE (60)
  AVERAGE WIND SPEED     5.7


SKY COVER
  AVERAGE SKY COVER 0.0


WEATHER CONDITIONS
 THE FOLLOWING WEATHER WAS RECORDED YESTERDAY.
  NO SIGNIFICANT WEATHER WAS OBSERVED.


RELATIVE HUMIDITY (PERCENT)
 HIGHEST    84           500 AM
 LOWEST     19           200 PM
 AVERAGE    52

..........................................................


THE DEMING CLIMATE NORMALS FOR TODAY
                         NORMAL
 MAXIMUM TEMPERATURE (F)   91
 MINIMUM TEMPERATURE (F)   62


SUNRISE AND SUNSET
AUGUST 29 2014........SUNRISE   644 AM MDT   SUNSET   739 PM MDT
AUGUST 30 2014........SUNRISE   645 AM MDT   SUNSET   737 PM MDT


-  INDICATES NEGATIVE NUMBERS.
R  INDICATES RECORD WAS SET OR TIED.
MM INDICATES DATA IS MISSING.
T  INDICATES TRACE AMOUNT.




$$
