000
CDUS45 KEPZ 170927
CLIDMN


CLIMATE REPORT
NATIONAL WEATHER SERVICE EL PASO, TX
227 AM MST WED DEC 17 2014


...................................

...THE DEMING CLIMATE SUMMARY FOR DECEMBER 16 2014...

CLIMATE NORMAL PERIOD 1981 TO 2010
CLIMATE RECORD PERIOD 2000 TO 2014


WEATHER ITEM   OBSERVED TIME   NORMAL DEPARTURE LAST
                VALUE   (LST)  VALUE  FROM      YEAR
                                      NORMAL
......................................................
TEMPERATURE (F)
 YESTERDAY
  MAXIMUM         58    329 PM  56              60
  MINIMUM         32    256 AM  26              24
  AVERAGE         45            41      4       42

PRECIPITATION (IN)
  YESTERDAY        0.00          0.02  -0.02     0.00
  MONTH TO DATE    0.28          0.48  -0.20     0.34
  SINCE DEC 1      0.28          0.48  -0.20     0.34
  SINCE JAN 1      9.55         11.14  -1.59     9.98

......................................................


WIND (MPH)
  HIGHEST WIND SPEED    16   HIGHEST WIND DIRECTION     E (80)
  HIGHEST GUST SPEED    20   HIGHEST GUST DIRECTION     E (80)
  AVERAGE WIND SPEED     7.7


SKY COVER
  AVERAGE SKY COVER 0.0


WEATHER CONDITIONS
 THE FOLLOWING WEATHER WAS RECORDED YESTERDAY.
  NO SIGNIFICANT WEATHER WAS OBSERVED.


RELATIVE HUMIDITY (PERCENT)
 HIGHEST    63           300 AM
 LOWEST     24           300 PM
 AVERAGE    44

..........................................................


THE DEMING CLIMATE NORMALS FOR TODAY
                         NORMAL
 MAXIMUM TEMPERATURE (F)   56
 MINIMUM TEMPERATURE (F)   26


SUNRISE AND SUNSET
DECEMBER 17 2014......SUNRISE   706 AM MST   SUNSET   508 PM MST
DECEMBER 18 2014......SUNRISE   706 AM MST   SUNSET   509 PM MST


-  INDICATES NEGATIVE NUMBERS.
R  INDICATES RECORD WAS SET OR TIED.
MM INDICATES DATA IS MISSING.
T  INDICATES TRACE AMOUNT.




$$
