000
CDUS45 KEPZ 250927
CLIDMN


CLIMATE REPORT
NATIONAL WEATHER SERVICE EL PASO, TX
326 AM MDT SAT OCT 25 2014


...................................

...THE DEMING CLIMATE SUMMARY FOR OCTOBER 24 2014...

CLIMATE NORMAL PERIOD 1981 TO 2010
CLIMATE RECORD PERIOD 2000 TO 2014


WEATHER ITEM   OBSERVED TIME   NORMAL DEPARTURE LAST
                VALUE   (LST)  VALUE  FROM      YEAR
                                      NORMAL
......................................................
TEMPERATURE (F)
 YESTERDAY
  MAXIMUM         82    314 PM  75              80
  MINIMUM         45    623 AM  42              46
  AVERAGE         64            58      6       63

PRECIPITATION (IN)
  YESTERDAY        0.00          0.03  -0.03     0.05
  MONTH TO DATE    0.35          0.90  -0.55     0.05
  SINCE SEP 1      5.18          2.20   2.98     3.12
  SINCE JAN 1      8.76          9.79  -1.03     9.36

......................................................


WIND (MPH)
  HIGHEST WIND SPEED     8   HIGHEST WIND DIRECTION    SW (230)
  HIGHEST GUST SPEED    11   HIGHEST GUST DIRECTION    SW (220)
  AVERAGE WIND SPEED     2.7


SKY COVER
  AVERAGE SKY COVER 0.0


WEATHER CONDITIONS
 THE FOLLOWING WEATHER WAS RECORDED YESTERDAY.
  NO SIGNIFICANT WEATHER WAS OBSERVED.


RELATIVE HUMIDITY (PERCENT)
 HIGHEST    93           500 AM
 LOWEST     21           500 PM
 AVERAGE    57

..........................................................


THE DEMING CLIMATE NORMALS FOR TODAY
                         NORMAL
 MAXIMUM TEMPERATURE (F)   74
 MINIMUM TEMPERATURE (F)   42


SUNRISE AND SUNSET
OCTOBER 25 2014.......SUNRISE   722 AM MDT   SUNSET   627 PM MDT
OCTOBER 26 2014.......SUNRISE   723 AM MDT   SUNSET   626 PM MDT


-  INDICATES NEGATIVE NUMBERS.
R  INDICATES RECORD WAS SET OR TIED.
MM INDICATES DATA IS MISSING.
T  INDICATES TRACE AMOUNT.




$$
