000
CDUS43 KEAX 300632
CLIDMO


CLIMATE REPORT
NATIONAL WEATHER SERVICE KANSAS CITY/PLEASANT HILL MO
131 AM CDT FRI SEP 30 2016


...................................

...THE SEDALIA MO CLIMATE SUMMARY FOR SEPTEMBER 29 2016...

CLIMATE NORMAL PERIOD 1981 TO 2010
CLIMATE RECORD PERIOD 9999 TO 9999


WEATHER ITEM   OBSERVED TIME   NORMAL DEPARTURE LAST
                VALUE   (LST)  VALUE  FROM      YEAR
                                      NORMAL
......................................................
TEMPERATURE (F)
 YESTERDAY
  MAXIMUM         77    332 PM  74      3       85
  MINIMUM         49    614 AM  53     -4       60
  AVERAGE         63            64     -1       73

PRECIPITATION (IN)
  YESTERDAY        0.00          0.12  -0.12     0.00
  MONTH TO DATE    4.47          3.99   0.48     0.96
  SINCE SEP 1      4.47          3.99   0.48     0.96
  SINCE JAN 1     28.83         31.93  -3.10    29.19

DEGREE DAYS
 HEATING
  YESTERDAY        2             4     -2        0
  MONTH TO DATE    5            38    -33        8
  SINCE SEP 1      5            38    -33        8
  SINCE JUL 1      5            39    -34        8

 COOLING
  YESTERDAY        0             3     -3        8
  MONTH TO DATE  258           162     96      271
  SINCE SEP 1    258           162     96      271
  SINCE JAN 1   1671          1447    224     1510
......................................................


WIND (MPH)
  HIGHEST WIND SPEED    18   HIGHEST WIND DIRECTION    NW (330)
  HIGHEST GUST SPEED    25   HIGHEST GUST DIRECTION     N (340)
  AVERAGE WIND SPEED     8.7


SKY COVER
  AVERAGE SKY COVER 0.0


WEATHER CONDITIONS
 THE FOLLOWING WEATHER WAS RECORDED YESTERDAY.
  NO SIGNIFICANT WEATHER WAS OBSERVED.


RELATIVE HUMIDITY (PERCENT)
 HIGHEST    93           300 AM
 LOWEST     33           100 PM
 AVERAGE    63

..........................................................


THE SEDALIA MO CLIMATE NORMALS FOR TODAY
                         NORMAL
 MAXIMUM TEMPERATURE (F)   74
 MINIMUM TEMPERATURE (F)   53


SUNRISE AND SUNSET
SEPTEMBER 30 2016.....SUNRISE   708 AM CDT   SUNSET   656 PM CDT
OCTOBER  1 2016.......SUNRISE   709 AM CDT   SUNSET   654 PM CDT


-  INDICATES NEGATIVE NUMBERS.
R  INDICATES RECORD WAS SET OR TIED.
MM INDICATES DATA IS MISSING.
T  INDICATES TRACE AMOUNT.




$$
