000
CDUS43 KEAX 030035
CLIDMO


CLIMATE REPORT
NATIONAL WEATHER SERVICE KANSAS CITY/PLEASANT HILL MO
734 PM CDT MON MAY 2 2016


...................................

...THE SEDALIA MO CLIMATE SUMMARY FOR MAY 2 2016...
VALID TODAY AS OF 0700 PM LOCAL TIME.

CLIMATE NORMAL PERIOD 1981 TO 2010
CLIMATE RECORD PERIOD 9999 TO 9999


WEATHER ITEM   OBSERVED TIME   NORMAL DEPARTURE LAST
                VALUE   (LST)  VALUE  FROM      YEAR
                                      NORMAL
......................................................
TEMPERATURE (F)
 TODAY
  MAXIMUM         55    250 PM  72    -17       77
  MINIMUM         49    609 AM  51     -2       49
  AVERAGE         52            62    -10       63

PRECIPITATION (IN)
  TODAY            T             0.17  -0.17     0.00
  MONTH TO DATE    T             0.33  -0.33     0.00
  SINCE MAR 1      3.60          7.19  -3.59     4.95
  SINCE JAN 1      4.75         10.79  -6.04     7.03

DEGREE DAYS
 HEATING
  TODAY           13             5      8        2
  MONTH TO DATE   21            10     11        9
  SINCE MAR 1    603           875   -272      736
  SINCE JUL 1   3591          4492   -901     4584

 COOLING
  TODAY            0             1     -1        0
  MONTH TO DATE    0             2     -2        0
  SINCE MAR 1     24            36    -12       17
  SINCE JAN 1     24            36    -12       17
......................................................


WIND (MPH)
  HIGHEST WIND SPEED    12   HIGHEST WIND DIRECTION     N (340)
  HIGHEST GUST SPEED    14   HIGHEST GUST DIRECTION     N (340)
  AVERAGE WIND SPEED     6.4


SKY COVER
  AVERAGE SKY COVER 0.9


WEATHER CONDITIONS
 THE FOLLOWING WEATHER WAS RECORDED TODAY.
  LIGHT RAIN
  FOG


RELATIVE HUMIDITY (PERCENT)
 HIGHEST    86           400 AM
 LOWEST     72           100 PM
 AVERAGE    79

..........................................................


THE SEDALIA MO CLIMATE NORMALS FOR TOMORROW
                         NORMAL
 MAXIMUM TEMPERATURE (F)   72
 MINIMUM TEMPERATURE (F)   52


SUNRISE AND SUNSET
MAY  2 2016...........SUNRISE   613 AM CDT   SUNSET   806 PM CDT
MAY  3 2016...........SUNRISE   612 AM CDT   SUNSET   807 PM CDT


-  INDICATES NEGATIVE NUMBERS.
R  INDICATES RECORD WAS SET OR TIED.
MM INDICATES DATA IS MISSING.
T  INDICATES TRACE AMOUNT.




$$
