000
CDUS43 KEAX 270031
CLIDMO


CLIMATE REPORT
NATIONAL WEATHER SERVICE KANSAS CITY/PLEASANT HILL MO
631 PM CST WED NOV 26 2014


...................................

...THE SEDALIA MO CLIMATE SUMMARY FOR NOVEMBER 26 2014...
VALID TODAY AS OF 0600 PM LOCAL TIME.

CLIMATE NORMAL PERIOD 1981 TO 2010
CLIMATE RECORD PERIOD 9999 TO 9999


WEATHER ITEM   OBSERVED TIME   NORMAL DEPARTURE LAST
                VALUE   (LST)  VALUE  FROM      YEAR
                                      NORMAL
......................................................
TEMPERATURE (F)
 TODAY
  MAXIMUM         44   1101 AM  50     -6       39
  MINIMUM         31   1243 AM  33     -2       21
  AVERAGE         38            42     -4       30

PRECIPITATION (IN)
  TODAY            0.04          0.10  -0.06     0.00
  MONTH TO DATE    1.30          2.70  -1.40     2.04
  SINCE SEP 1     11.76         10.45   1.31     9.15
  SINCE JAN 1     33.33         38.39  -5.06    39.06

DEGREE DAYS
 HEATING
  TODAY           27            23      4       35
  MONTH TO DATE  666           455    211      535
  SINCE SEP 1    905           745    160      833
  SINCE JUL 1    905           746    159      833

 COOLING
  TODAY            0             0      0        0
  MONTH TO DATE    0             0      0        0
  SINCE SEP 1    192           202    -10      270
  SINCE JAN 1   1409          1487    -78     1485
......................................................


WIND (MPH)
  HIGHEST WIND SPEED    28   HIGHEST WIND DIRECTION    NW (300)
  HIGHEST GUST SPEED    35   HIGHEST GUST DIRECTION    NW (300)
  AVERAGE WIND SPEED    11.8


SKY COVER
  AVERAGE SKY COVER 0.8


WEATHER CONDITIONS
 THE FOLLOWING WEATHER WAS RECORDED TODAY.
  LIGHT RAIN
  LIGHT SNOW
  FOG


RELATIVE HUMIDITY (PERCENT)
 HIGHEST    82           800 AM
 LOWEST     56           300 AM
 AVERAGE    69

..........................................................


THE SEDALIA MO CLIMATE NORMALS FOR TOMORROW
                         NORMAL
 MAXIMUM TEMPERATURE (F)   50
 MINIMUM TEMPERATURE (F)   33


SUNRISE AND SUNSET
NOVEMBER 26 2014......SUNRISE   706 AM CST   SUNSET   453 PM CST
NOVEMBER 27 2014......SUNRISE   707 AM CST   SUNSET   452 PM CST


-  INDICATES NEGATIVE NUMBERS.
R  INDICATES RECORD WAS SET OR TIED.
MM INDICATES DATA IS MISSING.
T  INDICATES TRACE AMOUNT.




$$
