814
CDUS43 KEAX 090033
CLIDMO


CLIMATE REPORT
NATIONAL WEATHER SERVICE KANSAS CITY/PLEASANT HILL MO
631 PM CST MON FEB 8 2016


...................................

...THE SEDALIA MO CLIMATE SUMMARY FOR FEBRUARY 8 2016...
VALID TODAY AS OF 0600 PM LOCAL TIME.

CLIMATE NORMAL PERIOD 1981 TO 2010
CLIMATE RECORD PERIOD 9999 TO 9999


WEATHER ITEM   OBSERVED TIME   NORMAL DEPARTURE LAST
                VALUE   (LST)  VALUE  FROM      YEAR
                                      NORMAL
......................................................
TEMPERATURE (F)
 TODAY
  MAXIMUM         38   1207 AM  44     -6       65
  MINIMUM         27    559 PM  25      2       41
  AVERAGE         33            34     -1       53

PRECIPITATION (IN)
  TODAY            T             0.08  -0.08     0.00
  MONTH TO DATE    0.10          0.57  -0.47     0.37
  SINCE DEC 1      6.21          4.56   1.65     3.26
  SINCE JAN 1      1.01          2.24  -1.23     1.32

DEGREE DAYS
 HEATING
  TODAY           32            31      1       12
  MONTH TO DATE  206           251    -45      244
  SINCE DEC 1   1844          2221   -377     2056
  SINCE JUL 1   2489          3066   -577     3041

 COOLING
  TODAY            0             0      0        0
  MONTH TO DATE    0             0      0        0
  SINCE DEC 1      0             0      0        0
  SINCE JAN 1      0             0      0        0
......................................................


WIND (MPH)
  HIGHEST WIND SPEED    38   HIGHEST WIND DIRECTION    NW (320)
  HIGHEST GUST SPEED    50   HIGHEST GUST DIRECTION    NW (320)
  AVERAGE WIND SPEED    22.7


SKY COVER
  AVERAGE SKY COVER 1.0


WEATHER CONDITIONS
 THE FOLLOWING WEATHER WAS RECORDED TODAY.
  LIGHT SNOW


RELATIVE HUMIDITY (PERCENT)
 HIGHEST    72           400 AM
 LOWEST     53          1200 PM
 AVERAGE    63

..........................................................


THE SEDALIA MO CLIMATE NORMALS FOR TOMORROW
                         NORMAL
 MAXIMUM TEMPERATURE (F)   44
 MINIMUM TEMPERATURE (F)   26


SUNRISE AND SUNSET
FEBRUARY  8 2016......SUNRISE   712 AM CST   SUNSET   542 PM CST
FEBRUARY  9 2016......SUNRISE   711 AM CST   SUNSET   543 PM CST


-  INDICATES NEGATIVE NUMBERS.
R  INDICATES RECORD WAS SET OR TIED.
MM INDICATES DATA IS MISSING.
T  INDICATES TRACE AMOUNT.




$$
