000
CDUS43 KEAX 230033
CLIDMO


CLIMATE REPORT
NATIONAL WEATHER SERVICE KANSAS CITY/PLEASANT HILL MO
632 PM CST WED NOV 22 2017


...................................

...THE SEDALIA MO CLIMATE SUMMARY FOR NOVEMBER 22 2017...
VALID TODAY AS OF 0600 PM LOCAL TIME.

CLIMATE NORMAL PERIOD 1981 TO 2010
CLIMATE RECORD PERIOD 9999 TO 9999


WEATHER ITEM   OBSERVED TIME   NORMAL DEPARTURE LAST
                VALUE   (LST)  VALUE  FROM      YEAR
                                      NORMAL
......................................................
TEMPERATURE (F)
 TODAY
  MAXIMUM         43    350 PM  52     -9       57
  MINIMUM         20    725 AM  35    -15       45
  AVERAGE         32            44    -12       51

PRECIPITATION (IN)
  TODAY            0.00          0.10  -0.10      T
  MONTH TO DATE    0.59          2.31  -1.72     0.39
  SINCE SEP 1      6.00         10.06  -4.06     6.79
  SINCE JAN 1     35.20         38.00  -2.80    31.15

DEGREE DAYS
 HEATING
  TODAY           33            21     12       14
  MONTH TO DATE  419           365     54      243
  SINCE SEP 1    656           655      1      358
  SINCE JUL 1    661           656      5      358

 COOLING
  TODAY            0             0      0        0
  MONTH TO DATE    0             0      0       23
  SINCE SEP 1    317           202    115      362
  SINCE JAN 1   1491          1487      4     1775
......................................................


WIND (MPH)
  HIGHEST WIND SPEED    15   HIGHEST WIND DIRECTION    NW (330)
  HIGHEST GUST SPEED    18   HIGHEST GUST DIRECTION    NW (330)
  AVERAGE WIND SPEED     5.5


SKY COVER
  AVERAGE SKY COVER 0.0


WEATHER CONDITIONS
 THE FOLLOWING WEATHER WAS RECORDED TODAY.
  NO SIGNIFICANT WEATHER WAS OBSERVED.


RELATIVE HUMIDITY (PERCENT)
 HIGHEST    92           500 AM
 LOWEST     33           300 PM
 AVERAGE    63

..........................................................


THE SEDALIA MO CLIMATE NORMALS FOR TOMORROW
                         NORMAL
 MAXIMUM TEMPERATURE (F)   52
 MINIMUM TEMPERATURE (F)   34


SUNRISE AND SUNSET
NOVEMBER 22 2017......SUNRISE   703 AM CST   SUNSET   454 PM CST
NOVEMBER 23 2017......SUNRISE   704 AM CST   SUNSET   454 PM CST


-  INDICATES NEGATIVE NUMBERS.
R  INDICATES RECORD WAS SET OR TIED.
MM INDICATES DATA IS MISSING.
T  INDICATES TRACE AMOUNT.




$$
