000
CDUS43 KEAX 270645
CLIDMO


CLIMATE REPORT
NATIONAL WEATHER SERVICE KANSAS CITY/PLEASANT HILL MO
136 AM CDT THU JUL 27 2017


...................................

...THE SEDALIA MO CLIMATE SUMMARY FOR JULY 26 2017...

CLIMATE NORMAL PERIOD 1981 TO 2010
CLIMATE RECORD PERIOD 9999 TO 9999


WEATHER ITEM   OBSERVED TIME   NORMAL DEPARTURE LAST
                VALUE   (LST)  VALUE  FROM      YEAR
                                      NORMAL
......................................................
TEMPERATURE (F)
 YESTERDAY
  MAXIMUM         89    315 PM  90     -1       88
  MINIMUM         73   1159 PM  69      4       71
  AVERAGE         81            80      1       80

PRECIPITATION (IN)
  YESTERDAY        0.19          0.10   0.09     0.00
  MONTH TO DATE    2.27          3.71  -1.44     8.36
  SINCE JUN 1      6.79          8.80  -2.01    12.54
  SINCE JAN 1     22.98         23.95  -0.97    21.80

DEGREE DAYS
 HEATING
  YESTERDAY        0             0      0        0
  MONTH TO DATE    0             0      0        0
  SINCE JUN 1      0             6     -6        0
  SINCE JUL 1      0             0      0        0

 COOLING
  YESTERDAY       16            14      2       15
  MONTH TO DATE  378           361     17      394
  SINCE JUN 1    691           665     26      812
  SINCE JAN 1    854           804     50      934
......................................................


WIND (MPH)
  HIGHEST WIND SPEED    24   HIGHEST WIND DIRECTION    NW (320)
  HIGHEST GUST SPEED    37   HIGHEST GUST DIRECTION    NW (320)
  AVERAGE WIND SPEED     6.0


SKY COVER
  AVERAGE SKY COVER 0.3


WEATHER CONDITIONS
 THE FOLLOWING WEATHER WAS RECORDED YESTERDAY.
  THUNDERSTORM
  HEAVY RAIN
  RAIN
  LIGHT RAIN
  FOG


RELATIVE HUMIDITY (PERCENT)
 HIGHEST   100           700 PM
 LOWEST     72          1000 AM
 AVERAGE    86

..........................................................


THE SEDALIA MO CLIMATE NORMALS FOR TODAY
                         NORMAL
 MAXIMUM TEMPERATURE (F)   90
 MINIMUM TEMPERATURE (F)   69


SUNRISE AND SUNSET
JULY 27 2017..........SUNRISE   610 AM CDT   SUNSET   828 PM CDT
JULY 28 2017..........SUNRISE   611 AM CDT   SUNSET   827 PM CDT


-  INDICATES NEGATIVE NUMBERS.
R  INDICATES RECORD WAS SET OR TIED.
MM INDICATES DATA IS MISSING.
T  INDICATES TRACE AMOUNT.




$$
