000
CDUS43 KEAX 241452
CLIDMO


CLIMATE REPORT
NATIONAL WEATHER SERVICE KANSAS CITY/PLEASANT HILL MO
850 AM CST TUE JAN 24 2017


...................................

...THE SEDALIA MO CLIMATE SUMMARY FOR JANUARY 23 2017...

CLIMATE NORMAL PERIOD 1981 TO 2010
CLIMATE RECORD PERIOD 9999 TO 9999


WEATHER ITEM   OBSERVED TIME   NORMAL DEPARTURE LAST
                VALUE   (LST)  VALUE  FROM      YEAR
                                      NORMAL
......................................................
TEMPERATURE (F)
 YESTERDAY
  MAXIMUM         41    318 PM  41      0       MM
  MINIMUM         30   1159 PM  23      7       26
  AVERAGE         36            32      4       MM

PRECIPITATION (IN)
  YESTERDAY        0.00          0.06  -0.06     0.00
  MONTH TO DATE    0.99          1.20  -0.21     0.91
  SINCE DEC 1      1.77          3.52  -1.75     6.11
  SINCE JAN 1      0.99          1.20  -0.21     0.91

DEGREE DAYS
 HEATING
  YESTERDAY       29            33     -4       MM
  MONTH TO DATE  691           776    -85      779
  SINCE DEC 1   1676          1712    -36     1450
  SINCE JUL 1   2183          2557   -374     2095

 COOLING
  YESTERDAY        0             0      0       MM
  MONTH TO DATE    0             0      0        0
  SINCE DEC 1      0             0      0        0
  SINCE JAN 1      0             0      0        0
......................................................


WIND (MPH)
  HIGHEST WIND SPEED    15   HIGHEST WIND DIRECTION    NW (320)
  HIGHEST GUST SPEED    18   HIGHEST GUST DIRECTION    NW (310)
  AVERAGE WIND SPEED     5.9


SKY COVER
  AVERAGE SKY COVER 0.7


WEATHER CONDITIONS
 THE FOLLOWING WEATHER WAS RECORDED YESTERDAY.
  FOG
  FOG W/VISIBILITY <= 1/4 MILE


RELATIVE HUMIDITY (PERCENT)
 HIGHEST   100           700 AM
 LOWEST     70           400 PM
 AVERAGE    85

..........................................................


THE SEDALIA MO CLIMATE NORMALS FOR TODAY
                         NORMAL
 MAXIMUM TEMPERATURE (F)   41
 MINIMUM TEMPERATURE (F)   23


SUNRISE AND SUNSET
JANUARY 24 2017.......SUNRISE   724 AM CST   SUNSET   525 PM CST
JANUARY 25 2017.......SUNRISE   723 AM CST   SUNSET   527 PM CST


-  INDICATES NEGATIVE NUMBERS.
R  INDICATES RECORD WAS SET OR TIED.
MM INDICATES DATA IS MISSING.
T  INDICATES TRACE AMOUNT.




$$
