000
CDUS42 KCAE 012125
CLIDNL


CLIMATE REPORT
NATIONAL WEATHER SERVICE COLUMBIA SC
525 PM EDT MON SEP 1 2014


...................................

...THE AUGUSTA DANIEL FIELD GA CLIMATE SUMMARY FOR SEPTEMBER 1 2014...
VALID TODAY AS OF 0500 PM LOCAL TIME.

CLIMATE NORMAL PERIOD 1981 TO 2010
CLIMATE RECORD PERIOD 9999 TO 9999


WEATHER ITEM   OBSERVED TIME   RECORD YEAR NORMAL DEPARTURE LAST
                VALUE   (LST)  VALUE       VALUE  FROM      YEAR
                                                  NORMAL
..................................................................
TEMPERATURE (F)
 TODAY
  MAXIMUM         98    219 PM  MM      MM  88     10       92
  MINIMUM         74    604 AM  MM      MM  70      4       73
  AVERAGE         86                        79      7

PRECIPITATION (IN)
  TODAY            0.00         MM      MM   0.14  -0.14     0.41
  MONTH TO DATE    0.00                      0.14  -0.14     0.41
  SINCE SEP 1      0.00                      0.14  -0.14     0.41
  SINCE JAN 1     28.49                     33.30  -4.81    49.48

DEGREE DAYS
 HEATING
  TODAY            0                         0      0        0
  MONTH TO DATE    0                         0      0        0
  SINCE SEP 1      0                         0      0        0
  SINCE JUL 1      0                         0      0        0

 COOLING
  TODAY           21                        14      7       18
  MONTH TO DATE   21                        14      7       18
  SINCE SEP 1     21                        14      7       18
  SINCE JAN 1   2092                      1825    267     1620
..................................................................


WIND (MPH)
  HIGHEST WIND SPEED    10   HIGHEST WIND DIRECTION     S (170)
  HIGHEST GUST SPEED    15   HIGHEST GUST DIRECTION    SE (130)
  AVERAGE WIND SPEED     2.9


SKY COVER
  AVERAGE SKY COVER 0.1


WEATHER CONDITIONS
 THE FOLLOWING WEATHER WAS RECORDED TODAY.
  NO SIGNIFICANT WEATHER WAS OBSERVED.


RELATIVE HUMIDITY (PERCENT)
 HIGHEST    94           100 AM
 LOWEST     38           100 PM

..........................................................


THE AUGUSTA DANIEL FIELD GA CLIMATE NORMALS FOR TOMORROW
                         NORMAL    RECORD    YEAR
 MAXIMUM TEMPERATURE (F)   88        MM        MM
 MINIMUM TEMPERATURE (F)   70        MM        MM


SUNRISE AND SUNSET
SEPTEMBER  1 2014.....SUNRISE   702 AM EDT   SUNSET   753 PM EDT
SEPTEMBER  2 2014.....SUNRISE   703 AM EDT   SUNSET   752 PM EDT


-  INDICATES NEGATIVE NUMBERS.
R  INDICATES RECORD WAS SET OR TIED.
MM INDICATES DATA IS MISSING.
T  INDICATES TRACE AMOUNT.




$$
