563
CDUS42 KCAE 240735
CLIDNL


CLIMATE REPORT
NATIONAL WEATHER SERVICE COLUMBIA SC
334 AM EDT WED AUG 24 2016


...................................

...THE AUGUSTA DANIEL FIELD GA CLIMATE SUMMARY FOR AUGUST 23 2016...

CLIMATE NORMAL PERIOD 1981 TO 2010
CLIMATE RECORD PERIOD 9999 TO 9999


WEATHER ITEM   OBSERVED TIME   NORMAL DEPARTURE LAST
                VALUE   (LST)  VALUE  FROM      YEAR
                                      NORMAL
......................................................
TEMPERATURE (F)
 YESTERDAY
  MAXIMUM         95    417 PM  89      6       85
  MINIMUM         MM        MM  71     MM       72
  AVERAGE         MM            80     MM       79

PRECIPITATION (IN)
  YESTERDAY        0.00          0.15  -0.15     0.76
  MONTH TO DATE    3.21          3.80  -0.59     3.74
  SINCE JUN 1     10.24         13.36  -3.12     9.87
  SINCE JAN 1     23.21         32.04  -8.83    22.31

DEGREE DAYS
 HEATING
  YESTERDAY       MM             0     MM        0
  MONTH TO DATE    0             0      0        0
  SINCE JUN 1      0             1     -1        0
  SINCE JUL 1      0             0      0        0

 COOLING
  YESTERDAY       MM            15     MM       14
  MONTH TO DATE  445           374     71      426
  SINCE JUN 1   1692          1338    354     1621
  SINCE JAN 1   2214          1695    519     2169
......................................................


WIND (MPH)
  HIGHEST WIND SPEED    12   HIGHEST WIND DIRECTION     S (160)
  HIGHEST GUST SPEED    17   HIGHEST GUST DIRECTION    SE (150)
  AVERAGE WIND SPEED     5.5


SKY COVER
  AVERAGE SKY COVER 0.6


WEATHER CONDITIONS
 THE FOLLOWING WEATHER WAS RECORDED YESTERDAY.
  NO SIGNIFICANT WEATHER WAS OBSERVED.


RELATIVE HUMIDITY (PERCENT)
 HIGHEST    74           300 AM
 LOWEST     36           400 PM

..........................................................


THE AUGUSTA DANIEL FIELD GA CLIMATE NORMALS FOR TODAY
                         NORMAL    RECORD    YEAR
 MAXIMUM TEMPERATURE (F)   89        MM        MM
 MINIMUM TEMPERATURE (F)   71        MM        MM


SUNRISE AND SUNSET
AUGUST 24 2016........SUNRISE   657 AM EDT   SUNSET   803 PM EDT
AUGUST 25 2016........SUNRISE   658 AM EDT   SUNSET   802 PM EDT


-  INDICATES NEGATIVE NUMBERS.
R  INDICATES RECORD WAS SET OR TIED.
MM INDICATES DATA IS MISSING.
T  INDICATES TRACE AMOUNT.




$$
