000
CDUS42 KCAE 250646
CLIDNL


CLIMATE REPORT
NATIONAL WEATHER SERVICE COLUMBIA SC
145 AM EST SAT FEB 25 2017


...................................

...THE AUGUSTA DANIEL FIELD GA CLIMATE SUMMARY FOR FEBRUARY 24 2017...

CLIMATE NORMAL PERIOD 1981 TO 2010
CLIMATE RECORD PERIOD 9999 TO 9999


WEATHER ITEM   OBSERVED TIME   NORMAL DEPARTURE LAST
                VALUE   (LST)  VALUE  FROM      YEAR
                                      NORMAL
......................................................
TEMPERATURE (F)
 YESTERDAY
  MAXIMUM         82    418 PM  63     19       76
  MINIMUM         58    706 AM  42     16       49
  AVERAGE         70            53     17       63

PRECIPITATION (IN)
  YESTERDAY        0.00          0.15  -0.15     0.79
  MONTH TO DATE    1.82          3.37  -1.55     2.94
  SINCE DEC 1     16.53         11.20   5.33    10.09
  SINCE JAN 1     12.32          7.58   4.74     4.61

DEGREE DAYS
 HEATING
  YESTERDAY        0            13    -13        2
  MONTH TO DATE  137           360   -223      307
  SINCE DEC 1    820          1432   -612     1049
  SINCE JUL 1    989          1766   -777     1240

 COOLING
  YESTERDAY        5             0      5        0
  MONTH TO DATE   15             0     15        6
  SINCE DEC 1     34             6     28       70
  SINCE JAN 1     30             1     29        6
......................................................


WIND (MPH)
  HIGHEST WIND SPEED    10   HIGHEST WIND DIRECTION    SE (130)
  HIGHEST GUST SPEED    14   HIGHEST GUST DIRECTION     E (90)
  AVERAGE WIND SPEED     4.0


SKY COVER
  AVERAGE SKY COVER 0.0


WEATHER CONDITIONS
 THE FOLLOWING WEATHER WAS RECORDED YESTERDAY.
  NO SIGNIFICANT WEATHER WAS OBSERVED.


RELATIVE HUMIDITY (PERCENT)
 HIGHEST    87           600 AM
 LOWEST     35           400 PM

..........................................................


THE AUGUSTA DANIEL FIELD GA CLIMATE NORMALS FOR TODAY
                         NORMAL    RECORD    YEAR
 MAXIMUM TEMPERATURE (F)   63        MM        MM
 MINIMUM TEMPERATURE (F)   43        MM        MM


SUNRISE AND SUNSET
FEBRUARY 25 2017......SUNRISE   701 AM EST   SUNSET   622 PM EST
FEBRUARY 26 2017......SUNRISE   700 AM EST   SUNSET   623 PM EST


-  INDICATES NEGATIVE NUMBERS.
R  INDICATES RECORD WAS SET OR TIED.
MM INDICATES DATA IS MISSING.
T  INDICATES TRACE AMOUNT.




$$
