000
CDUS42 KCAE 300559
CLIDNL


CLIMATE REPORT
NATIONAL WEATHER SERVICE COLUMBIA SC
1259 AM EST FRI JAN 30 2015


...................................

...THE AUGUSTA DANIEL FIELD GA CLIMATE SUMMARY FOR JANUARY 29 2015...

CLIMATE NORMAL PERIOD 1981 TO 2010
CLIMATE RECORD PERIOD 9999 TO 9999


WEATHER ITEM   OBSERVED TIME   NORMAL DEPARTURE LAST
                VALUE   (LST)  VALUE  FROM      YEAR
                                      NORMAL
......................................................
TEMPERATURE (F)
 YESTERDAY
  MAXIMUM         58    313 PM  57      1       32
  MINIMUM         32    745 AM  38     -6       26
  AVERAGE         45            48     -3       29

PRECIPITATION (IN)
  YESTERDAY        T             0.17  -0.17     0.01
  MONTH TO DATE    1.48          3.88  -2.40     2.53
  SINCE DEC 1      4.43          7.50  -3.07     8.89
  SINCE JAN 1      1.48          3.88  -2.40     2.53

DEGREE DAYS
 HEATING
  YESTERDAY       20            17      3       36
  MONTH TO DATE  512           536    -24      639
  SINCE DEC 1    877          1041   -164     1028
  SINCE JUL 1   1277          1375    -98     1401

 COOLING
  YESTERDAY        0             0      0        0
  MONTH TO DATE    0             0      0        0
  SINCE DEC 1      0             5     -5       15
  SINCE JAN 1      0             0      0        0
......................................................


WIND (MPH)
  HIGHEST WIND SPEED    15   HIGHEST WIND DIRECTION     S (180)
  HIGHEST GUST SPEED    19   HIGHEST GUST DIRECTION     S (170)
  AVERAGE WIND SPEED     5.9


SKY COVER
  AVERAGE SKY COVER 0.2


WEATHER CONDITIONS
 THE FOLLOWING WEATHER WAS RECORDED YESTERDAY.
  LIGHT RAIN


RELATIVE HUMIDITY (PERCENT)
 HIGHEST    75           700 AM
 LOWEST     25           300 PM

..........................................................


THE AUGUSTA DANIEL FIELD GA CLIMATE NORMALS FOR TODAY
                         NORMAL    RECORD    YEAR
 MAXIMUM TEMPERATURE (F)   57        MM        MM
 MINIMUM TEMPERATURE (F)   39        MM        MM


SUNRISE AND SUNSET
JANUARY 30 2015.......SUNRISE   726 AM EST   SUNSET   557 PM EST
JANUARY 31 2015.......SUNRISE   725 AM EST   SUNSET   558 PM EST


-  INDICATES NEGATIVE NUMBERS.
R  INDICATES RECORD WAS SET OR TIED.
MM INDICATES DATA IS MISSING.
T  INDICATES TRACE AMOUNT.




$$
