000
CDUS42 KCAE 270531
CLIDNL


CLIMATE REPORT
NATIONAL WEATHER SERVICE COLUMBIA SC
131 AM EDT WED MAY 27 2015


...................................

...THE AUGUSTA DANIEL FIELD GA CLIMATE SUMMARY FOR MAY 26 2015...

CLIMATE NORMAL PERIOD 1981 TO 2010
CLIMATE RECORD PERIOD 9999 TO 9999


WEATHER ITEM   OBSERVED TIME   NORMAL DEPARTURE LAST
                VALUE   (LST)  VALUE  FROM      YEAR
                                      NORMAL
......................................................
TEMPERATURE (F)
 YESTERDAY
  MAXIMUM         90    343 PM  86      4       88
  MINIMUM         70   1159 PM  66      4       65
  AVERAGE         80            76      4       77

PRECIPITATION (IN)
  YESTERDAY        0.75          0.14   0.61     1.21
  MONTH TO DATE    1.45          2.48  -1.03     4.81
  SINCE MAR 1      7.51          9.74  -2.23    11.73
  SINCE JAN 1     12.44         17.98  -5.54    18.02

DEGREE DAYS
 HEATING
  YESTERDAY        0             0      0        0
  MONTH TO DATE    2             8     -6        3
  SINCE MAR 1    181           354   -173      389
  SINCE JUL 1   2036          2167   -131     2225

 COOLING
  YESTERDAY       15            11      4       12
  MONTH TO DATE  284           199     85      253
  SINCE MAR 1    475           296    179      387
  SINCE JAN 1    475           300    175      395
......................................................


WIND (MPH)
  HIGHEST WIND SPEED    21   HIGHEST WIND DIRECTION     S (170)
  HIGHEST GUST SPEED    28   HIGHEST GUST DIRECTION     S (190)
  AVERAGE WIND SPEED     6.6


SKY COVER
  AVERAGE SKY COVER 0.8


WEATHER CONDITIONS
 THE FOLLOWING WEATHER WAS RECORDED YESTERDAY.
  THUNDERSTORM
  HEAVY RAIN
  RAIN
  LIGHT RAIN
  FOG


RELATIVE HUMIDITY (PERCENT)
 HIGHEST    90           200 AM
 LOWEST     53           100 PM

..........................................................


THE AUGUSTA DANIEL FIELD GA CLIMATE NORMALS FOR TODAY
                         NORMAL    RECORD    YEAR
 MAXIMUM TEMPERATURE (F)   86        MM        MM
 MINIMUM TEMPERATURE (F)   66        MM        MM


SUNRISE AND SUNSET
MAY 27 2015...........SUNRISE   621 AM EDT   SUNSET   830 PM EDT
MAY 28 2015...........SUNRISE   621 AM EDT   SUNSET   830 PM EDT


-  INDICATES NEGATIVE NUMBERS.
R  INDICATES RECORD WAS SET OR TIED.
MM INDICATES DATA IS MISSING.
T  INDICATES TRACE AMOUNT.




$$
