000
CDUS42 KCAE 010556
CLIDNL


CLIMATE REPORT
NATIONAL WEATHER SERVICE COLUMBIA SC
155 AM EDT SAT NOV 1 2014


...................................

...THE AUGUSTA DANIEL FIELD GA CLIMATE SUMMARY FOR OCTOBER 31 2014...

CLIMATE NORMAL PERIOD 1981 TO 2010
CLIMATE RECORD PERIOD 9999 TO 9999


WEATHER ITEM   OBSERVED TIME   RECORD YEAR NORMAL DEPARTURE LAST
                VALUE   (LST)  VALUE       VALUE  FROM      YEAR
                                                  NORMAL
..................................................................
TEMPERATURE (F)
 YESTERDAY
  MAXIMUM         72    216 PM  MM      MM  71      1       81
  MINIMUM         48    611 AM  MM      MM  52     -4       58
  AVERAGE         60                        62     -2       70

PRECIPITATION (IN)
  YESTERDAY        0.00         MM      MM   0.10  -0.10     0.00
  MONTH TO DATE    0.99                      3.23  -2.24     0.87
  SINCE SEP 1      5.03                      6.60  -1.57     2.27
  SINCE JAN 1     33.52                     39.76  -6.24    51.34

DEGREE DAYS
 HEATING
  YESTERDAY        5                         5      0        0
  MONTH TO DATE   31                        76    -45       53
  SINCE SEP 1     34                        78    -44       53
  SINCE JUL 1     34                        78    -44       53

 COOLING
  YESTERDAY        0                         1     -1        5
  MONTH TO DATE  172                       106     66      124
  SINCE SEP 1    554                       426    128      468
  SINCE JAN 1   2625                      2237    388     2070
..................................................................


WIND (MPH)
  HIGHEST WIND SPEED    15   HIGHEST WIND DIRECTION     W (290)
  HIGHEST GUST SPEED    22   HIGHEST GUST DIRECTION     W (280)
  AVERAGE WIND SPEED     5.8


SKY COVER
  AVERAGE SKY COVER 0.3


WEATHER CONDITIONS
 THE FOLLOWING WEATHER WAS RECORDED YESTERDAY.
  NO SIGNIFICANT WEATHER WAS OBSERVED.


RELATIVE HUMIDITY (PERCENT)
 HIGHEST    80           600 AM
 LOWEST     37           200 PM

..........................................................


THE AUGUSTA DANIEL FIELD GA CLIMATE NORMALS FOR TODAY
                         NORMAL    RECORD    YEAR
 MAXIMUM TEMPERATURE (F)   71        MM        MM
 MINIMUM TEMPERATURE (F)   51        MM        MM


SUNRISE AND SUNSET
NOVEMBER  1 2014......SUNRISE   747 AM EDT   SUNSET   636 PM EDT
NOVEMBER  2 2014......SUNRISE   648 AM EST   SUNSET   535 PM EST


-  INDICATES NEGATIVE NUMBERS.
R  INDICATES RECORD WAS SET OR TIED.
MM INDICATES DATA IS MISSING.
T  INDICATES TRACE AMOUNT.




$$
