000
CDUS43 KLOT 040634
CLIDPA


CLIMATE REPORT
NATIONAL WEATHER SERVICE CHICAGO IL
132 AM CDT WED MAY 4 2016


...................................

...THE DU PAGE  AIRPORT CLIMATE SUMMARY FOR MAY 3 2016...

CLIMATE NORMAL PERIOD 1981 TO 2010
CLIMATE RECORD PERIOD 1997 TO 2016


WEATHER ITEM   OBSERVED TIME   RECORD YEAR NORMAL DEPARTURE LAST
                VALUE   (LST)  VALUE       VALUE  FROM      YEAR
                                                  NORMAL
..................................................................
TEMPERATURE (F)
 YESTERDAY
  MAXIMUM         67    359 PM  84    2012  67      0       77
                                      2001
  MINIMUM         36    440 AM  27    2004  43     -7       51
  AVERAGE         52                        55     -3       64

PRECIPITATION (IN)
  YESTERDAY        T             0.44        0.15  -0.15     0.44
  MONTH TO DATE    0.36                      0.45  -0.09     0.44
  SINCE MAR 1      6.28                      6.16   0.12     5.18
  SINCE JAN 1      8.48                      8.89  -0.41     7.01

SNOWFALL (IN)
  YESTERDAY        0.0
  MONTH TO DATE    0.0
  SINCE JUL 1     21.6

DEGREE DAYS
 HEATING
  YESTERDAY       13                        10      3        1
  MONTH TO DATE   46                        31     15       20
  SINCE MAR 1   1237                      1342   -105     1429
  SINCE JUL 1   5440                      6097   -657     6621

 COOLING
  YESTERDAY        0                         0      0        0
  MONTH TO DATE    0                         0      0        0
  SINCE MAR 1      6                         4      2        0
  SINCE JAN 1      6                         4      2        0
..................................................................


WIND (MPH)
  RESULTANT WIND SPEED   7   RESULTANT WIND DIRECTION   W (260)
  HIGHEST WIND SPEED    22   HIGHEST WIND DIRECTION     W (270)
  HIGHEST GUST SPEED    27   HIGHEST GUST DIRECTION     W (270)
  AVERAGE WIND SPEED     8.0



WEATHER CONDITIONS
 THE FOLLOWING WEATHER WAS RECORDED YESTERDAY.
  THUNDERSTORM
  LIGHT RAIN


..........................................................


THE DU PAGE  AIRPORT CLIMATE NORMALS FOR TODAY
                         NORMAL    RECORD    YEAR
 MAXIMUM TEMPERATURE (F)   68        80      2010
                                             2000
                                             1999
 MINIMUM TEMPERATURE (F)   44        30      2005


SUNRISE AND SUNSET
MAY  4 2016...........SUNRISE   545 AM CDT   SUNSET   755 PM CDT
MAY  5 2016...........SUNRISE   543 AM CDT   SUNSET   757 PM CDT


-  INDICATES NEGATIVE NUMBERS.
R  INDICATES RECORD WAS SET OR TIED.
MM INDICATES DATA IS MISSING.
T  INDICATES TRACE AMOUNT.




$$
