000
CDUS43 KLOT 220640
CLIDPA


CLIMATE REPORT
NATIONAL WEATHER SERVICE CHICAGO IL
1240 AM CST SAT NOV 22 2014


...................................

...THE DU PAGE  AIRPORT CLIMATE SUMMARY FOR NOVEMBER 21 2014...

CLIMATE NORMAL PERIOD 1981 TO 2010
CLIMATE RECORD PERIOD 1997 TO 2014


WEATHER ITEM   OBSERVED TIME   RECORD YEAR NORMAL DEPARTURE LAST
                VALUE   (LST)  VALUE       VALUE  FROM      YEAR
                                                  NORMAL
..................................................................
TEMPERATURE (F)
 YESTERDAY
  MAXIMUM         34   1151 PM  60    2010  46    -12       49
  MINIMUM          6R   637 AM  13    2000  29    -23       40
  AVERAGE         20                        38    -18       45

PRECIPITATION (IN)
  YESTERDAY        T             0.45        0.08  -0.08     0.02
  MONTH TO DATE    0.05                      2.21  -2.16     2.21
  SINCE SEP 1      5.26                      8.69  -3.43     6.82
  SINCE JAN 1     27.88                     34.32  -6.44    34.18

SNOWFALL (IN)
  YESTERDAY       MM

DEGREE DAYS
 HEATING
  YESTERDAY       45                        27     18       20
  MONTH TO DATE  626                       472    154      514
  SINCE SEP 1   1152                       974    178     1051
  SINCE JUL 1   1161                       983    178     1077

 COOLING
  YESTERDAY        0                         0      0        0
  MONTH TO DATE    0                         0      0        0
  SINCE SEP 1     78                        90    -12      118
  SINCE JAN 1    767                       814    -47      745
..................................................................


WIND (MPH)
  RESULTANT WIND SPEED   7   RESULTANT WIND DIRECTION   S (170)
  HIGHEST WIND SPEED    20   HIGHEST WIND DIRECTION     S (180)
  HIGHEST GUST SPEED    25   HIGHEST GUST DIRECTION     S (190)
  AVERAGE WIND SPEED     8.4



WEATHER CONDITIONS
 THE FOLLOWING WEATHER WAS RECORDED YESTERDAY.
  LIGHT RAIN


..........................................................


THE DU PAGE  AIRPORT CLIMATE NORMALS FOR TODAY
                         NORMAL    RECORD    YEAR
 MAXIMUM TEMPERATURE (F)   46        66      2010
 MINIMUM TEMPERATURE (F)   28        11      2000


SUNRISE AND SUNSET
NOVEMBER 22 2014......SUNRISE   651 AM CST   SUNSET   427 PM CST
NOVEMBER 23 2014......SUNRISE   652 AM CST   SUNSET   426 PM CST


-  INDICATES NEGATIVE NUMBERS.
R  INDICATES RECORD WAS SET OR TIED.
MM INDICATES DATA IS MISSING.
T  INDICATES TRACE AMOUNT.




$$
