000
CDUS43 KLOT 290636
CLIDPA


CLIMATE REPORT
NATIONAL WEATHER SERVICE CHICAGO IL
135 AM CDT SUN MAR 29 2015


...................................

...THE DU PAGE  AIRPORT CLIMATE SUMMARY FOR MARCH 28 2015...

CLIMATE NORMAL PERIOD 1981 TO 2010
CLIMATE RECORD PERIOD 1997 TO 2015


WEATHER ITEM   OBSERVED TIME   RECORD YEAR NORMAL DEPARTURE LAST
                VALUE   (LST)  VALUE       VALUE  FROM      YEAR
                                                  NORMAL
..................................................................
TEMPERATURE (F)
 YESTERDAY
  MAXIMUM         40    412 PM  72    2004  53    -13       53
  MINIMUM         12R   445 AM  15    2011  32    -20       34
  AVERAGE         26                        43    -17       44

PRECIPITATION (IN)
  YESTERDAY        0.00          0.89        0.08  -0.08     0.02
  MONTH TO DATE    0.48                      2.10  -1.62     0.45
  SINCE MAR 1      0.48                      2.10  -1.62     0.45
  SINCE JAN 1      2.31                      4.83  -2.52     1.67

SNOWFALL (IN)
  YESTERDAY       MM
  MONTH TO DATE    T
  SINCE JUL 1     30.0

DEGREE DAYS
 HEATING
  YESTERDAY       39                        22     17       21
  MONTH TO DATE  877                       770    107     1021
  SINCE MAR 1    877                       770    107     1021
  SINCE JUL 1   6069                      5525    544     6797

 COOLING
  YESTERDAY        0                         0      0        0
  MONTH TO DATE    0                         0      0        0
  SINCE MAR 1      0                         0      0        0
  SINCE JAN 1      0                         0      0        0
..................................................................


WIND (MPH)
  RESULTANT WIND SPEED   3   RESULTANT WIND DIRECTION   E (90)
  HIGHEST WIND SPEED    13   HIGHEST WIND DIRECTION     E (100)
  HIGHEST GUST SPEED    16   HIGHEST GUST DIRECTION    NE (60)
  AVERAGE WIND SPEED     5.9



WEATHER CONDITIONS
 THE FOLLOWING WEATHER WAS RECORDED YESTERDAY.
  NO SIGNIFICANT WEATHER WAS OBSERVED.


..........................................................


THE DU PAGE  AIRPORT CLIMATE NORMALS FOR TODAY
                         NORMAL    RECORD    YEAR
 MAXIMUM TEMPERATURE (F)   54        78      1998
 MINIMUM TEMPERATURE (F)   32        19      2008


SUNRISE AND SUNSET
MARCH 29 2015.........SUNRISE   641 AM CDT   SUNSET   715 PM CDT
MARCH 30 2015.........SUNRISE   640 AM CDT   SUNSET   716 PM CDT


-  INDICATES NEGATIVE NUMBERS.
R  INDICATES RECORD WAS SET OR TIED.
MM INDICATES DATA IS MISSING.
T  INDICATES TRACE AMOUNT.




$$
