000
CDUS43 KLOT 290635
CLIDPA


CLIMATE REPORT
NATIONAL WEATHER SERVICE CHICAGO IL
134 AM CDT SUN MAY 29 2016


...................................

...THE DU PAGE  AIRPORT CLIMATE SUMMARY FOR MAY 28 2016...

CLIMATE NORMAL PERIOD 1981 TO 2010
CLIMATE RECORD PERIOD 1997 TO 2016


WEATHER ITEM   OBSERVED TIME   RECORD YEAR NORMAL DEPARTURE LAST
                VALUE   (LST)  VALUE       VALUE  FROM      YEAR
                                                  NORMAL
..................................................................
TEMPERATURE (F)
 YESTERDAY
  MAXIMUM         83    415 PM  92    2012  75      8       83
  MINIMUM         65   1159 PM  44    2004  52     13       52
  AVERAGE         74                        64     10       68

PRECIPITATION (IN)
  YESTERDAY        0.11          0.29        0.13  -0.02     0.00
  MONTH TO DATE    5.59                      4.18   1.41     4.08
  SINCE MAR 1     11.51                      9.89   1.62     8.82
  SINCE JAN 1     13.71                     12.62   1.09    10.65

SNOWFALL (IN)
  YESTERDAY        0.0
  MONTH TO DATE    0.0
  SINCE JUL 1     21.6

DEGREE DAYS
 HEATING
  YESTERDAY        0                         4     -4        0
  MONTH TO DATE  233                       203     30      165
  SINCE MAR 1   1424                      1514    -90     1574
  SINCE JUL 1   5627                      6269   -642     6766

 COOLING
  YESTERDAY        9                         2      7        3
  MONTH TO DATE   45                        33     12       46
  SINCE MAR 1     51                        37     14       46
  SINCE JAN 1     51                        37     14       46
..................................................................


WIND (MPH)
  RESULTANT WIND SPEED  14   RESULTANT WIND DIRECTION   S (190)
  HIGHEST WIND SPEED    26   HIGHEST WIND DIRECTION    SW (240)
  HIGHEST GUST SPEED    34   HIGHEST GUST DIRECTION     S (190)
  AVERAGE WIND SPEED    14.5



WEATHER CONDITIONS
 THE FOLLOWING WEATHER WAS RECORDED YESTERDAY.
  THUNDERSTORM
  HEAVY RAIN
  RAIN
  LIGHT RAIN
  FOG


..........................................................


THE DU PAGE  AIRPORT CLIMATE NORMALS FOR TODAY
                         NORMAL    RECORD    YEAR
 MAXIMUM TEMPERATURE (F)   75        90      2006
 MINIMUM TEMPERATURE (F)   52        40      2008


SUNRISE AND SUNSET
MAY 29 2016...........SUNRISE   522 AM CDT   SUNSET   820 PM CDT
MAY 30 2016...........SUNRISE   521 AM CDT   SUNSET   821 PM CDT


-  INDICATES NEGATIVE NUMBERS.
R  INDICATES RECORD WAS SET OR TIED.
MM INDICATES DATA IS MISSING.
T  INDICATES TRACE AMOUNT.




$$
