000
CDUS45 KGJT 220735
CLIDRO


CLIMATE REPORT
NATIONAL WEATHER SERVICE GRAND JUNCTION CO
133 AM MDT TUE JUL 22 2014


...................................

...THE DURANGO AIRPORT CO CLIMATE SUMMARY FOR JULY 21 2014...

CLIMATE NORMAL PERIOD 1981 TO 2010
CLIMATE RECORD PERIOD 9999 TO 9999


WEATHER ITEM   OBSERVED TIME   RECORD YEAR NORMAL DEPARTURE LAST
                VALUE   (LST)  VALUE       VALUE  FROM      YEAR
                                                  NORMAL
..................................................................
TEMPERATURE (F)
 YESTERDAY
  MAXIMUM         91    159 PM  MM      MM  86      5       87
  MINIMUM         57    549 AM  MM      MM  53      4       54
  AVERAGE         74                        69      5       71

PRECIPITATION (IN)
  YESTERDAY        0.00         MM      MM   0.06  -0.06      T
  MONTH TO DATE    0.74                      0.95  -0.21     0.98
  SINCE JUN 1      0.74                      1.59  -0.85     1.00
  SINCE JAN 1      3.14                      7.02  -3.88     4.75

SNOWFALL (IN)
  YESTERDAY       MM            MM      MM  MM     MM       MM
  MONTH TO DATE   MM                        MM     MM       MM
  SINCE JUN 1     MM                        MM     MM       MM
  SINCE JUL 1     MM                        MM     MM       MM
  SNOW DEPTH      MM

DEGREE DAYS
 HEATING
  YESTERDAY        0                         0      0        0
  MONTH TO DATE    0                         8     -8        0
  SINCE JUN 1     88                       123    -35       40
  SINCE JUL 1      0                         8     -8        0

 COOLING
  YESTERDAY        9                         5      4        6
  MONTH TO DATE  126                        75     51      138
  SINCE JUN 1    140                       103     37      193
  SINCE JAN 1    145                       104     41      193
..................................................................


WIND (MPH)
  HIGHEST WIND SPEED    21   HIGHEST WIND DIRECTION     W (290)
  HIGHEST GUST SPEED    26   HIGHEST GUST DIRECTION     W (250)
  AVERAGE WIND SPEED     5.6


SKY COVER
  POSSIBLE SUNSHINE  MM
  AVERAGE SKY COVER 0.1


WEATHER CONDITIONS
 THE FOLLOWING WEATHER WAS RECORDED YESTERDAY.
  NO SIGNIFICANT WEATHER WAS OBSERVED.


RELATIVE HUMIDITY (PERCENT)
 HIGHEST    57           500 AM
 LOWEST     12           200 PM
 AVERAGE    35

..........................................................


THE DURANGO AIRPORT CO CLIMATE NORMALS FOR TODAY
                         NORMAL    RECORD    YEAR
 MAXIMUM TEMPERATURE (F)   86        MM        MM
 MINIMUM TEMPERATURE (F)   53        MM        MM


SUNRISE AND SUNSET
JULY 22 2014..........SUNRISE   608 AM MDT   SUNSET   827 PM MDT
JULY 23 2014..........SUNRISE   609 AM MDT   SUNSET   826 PM MDT


-  INDICATES NEGATIVE NUMBERS.
R  INDICATES RECORD WAS SET OR TIED.
MM INDICATES DATA IS MISSING.
T  INDICATES TRACE AMOUNT.




$$
