000
CDUS45 KGJT 010733
CLIDRO


CLIMATE REPORT
NATIONAL WEATHER SERVICE GRAND JUNCTION CO
130 AM MDT SAT AUG 1 2015


...................................

...THE DURANGO AIRPORT CO CLIMATE SUMMARY FOR JULY 31 2015...

CLIMATE NORMAL PERIOD 1981 TO 2010
CLIMATE RECORD PERIOD 9999 TO 9999


WEATHER ITEM   OBSERVED TIME   RECORD YEAR NORMAL DEPARTURE LAST
                VALUE   (LST)  VALUE       VALUE  FROM      YEAR
                                                  NORMAL
..................................................................
TEMPERATURE (F)
 YESTERDAY
  MAXIMUM         78    303 PM  MM      MM  85     -7       81
  MINIMUM         59    618 AM  MM      MM  54      5       53
  AVERAGE         69                        69      0       67

PRECIPITATION (IN)
  YESTERDAY        0.02         MM      MM   0.08  -0.06     0.03
  MONTH TO DATE    1.70                      1.72  -0.02     1.30
  SINCE JUN 1      3.36                      2.36   1.00     1.30
  SINCE JAN 1     10.86                      7.79   3.07     3.70

SNOWFALL (IN)
  YESTERDAY       MM            MM      MM  MM     MM       MM
  MONTH TO DATE   MM                        MM     MM       MM
  SINCE JUN 1     MM                        MM     MM       MM
  SINCE JUL 1     MM                        MM     MM       MM
  SNOW DEPTH      MM

DEGREE DAYS
 HEATING
  YESTERDAY        0                         0      0        0
  MONTH TO DATE   15                         8      7        0
  SINCE JUN 1     96                       125    -29       88
  SINCE JUL 1     15                        10      5        0

 COOLING
  YESTERDAY        4                         5     -1        2
  MONTH TO DATE   85                       122    -37      205
  SINCE JUN 1    154                       150      4      219
  SINCE JAN 1    154                       151      3      224
..................................................................


WIND (MPH)
  HIGHEST WIND SPEED    23   HIGHEST WIND DIRECTION    NE (50)
  HIGHEST GUST SPEED    29   HIGHEST GUST DIRECTION    NE (50)
  AVERAGE WIND SPEED     4.0


SKY COVER
  POSSIBLE SUNSHINE  MM
  AVERAGE SKY COVER 0.5


WEATHER CONDITIONS
 THE FOLLOWING WEATHER WAS RECORDED YESTERDAY.
  LIGHT RAIN


RELATIVE HUMIDITY (PERCENT)
 HIGHEST    93           400 AM
 LOWEST     38           400 PM
 AVERAGE    66

..........................................................


THE DURANGO AIRPORT CO CLIMATE NORMALS FOR TODAY
                         NORMAL    RECORD    YEAR
 MAXIMUM TEMPERATURE (F)   85        MM        MM
 MINIMUM TEMPERATURE (F)   54        MM        MM


SUNRISE AND SUNSET
AUGUST  1 2015........SUNRISE   616 AM MDT   SUNSET   818 PM MDT
AUGUST  2 2015........SUNRISE   617 AM MDT   SUNSET   817 PM MDT


-  INDICATES NEGATIVE NUMBERS.
R  INDICATES RECORD WAS SET OR TIED.
MM INDICATES DATA IS MISSING.
T  INDICATES TRACE AMOUNT.




$$
