000
CDUS44 KEWX 290722
CLIDRT


CLIMATE REPORT
NATIONAL WEATHER SERVICE AUSTIN/SAN ANTONIO, TX
222 AM CDT SUN MAR 29 2015


...................................

...THE DEL RIO CLIMATE SUMMARY FOR MARCH 28 2015...

CLIMATE NORMAL PERIOD 1981 TO 2010
CLIMATE RECORD PERIOD 1906 TO 2015


WEATHER ITEM   OBSERVED TIME   RECORD YEAR NORMAL DEPARTURE LAST
                VALUE   (LST)  VALUE       VALUE  FROM      YEAR
                                                  NORMAL
..................................................................
TEMPERATURE (F)
 YESTERDAY
  MAXIMUM         88    440 PM 103    1928  79      9       92
  MINIMUM         52    653 AM  27    1955  55     -3       61
  AVERAGE         70                        67      3       77

PRECIPITATION (IN)
  YESTERDAY        0.00          0.51 1981   0.03  -0.03     0.00
  MONTH TO DATE    2.21                      1.05   1.16     0.32
  SINCE MAR 1      2.21                      1.05   1.16     0.32
  SINCE JAN 1      3.20                      2.65   0.55     0.54

SNOWFALL (IN)
  YESTERDAY        0.0
  MONTH TO DATE    0.0
  SINCE MAR 1      0.0
  SINCE JUL 1      0.0

DEGREE DAYS
 HEATING
  YESTERDAY        0                         2     -2        0
  MONTH TO DATE  138                       107     31      134
  SINCE MAR 1    138                       107     31      134
  SINCE JUL 1   1465                      1343    122     1541

 COOLING
  YESTERDAY        5                         4      1       12
  MONTH TO DATE   50                        74    -24       62
  SINCE MAR 1     50                        74    -24       62
  SINCE JAN 1     65                        93    -28      107
..................................................................


WIND (MPH)
  HIGHEST WIND SPEED    20   HIGHEST WIND DIRECTION    SE (140)
  HIGHEST GUST SPEED    25   HIGHEST GUST DIRECTION    SE (150)
  AVERAGE WIND SPEED    11.0


SKY COVER
  AVERAGE SKY COVER 0.0


WEATHER CONDITIONS
 THE FOLLOWING WEATHER WAS RECORDED YESTERDAY.
  NO SIGNIFICANT WEATHER WAS OBSERVED.


RELATIVE HUMIDITY (PERCENT)
 HIGHEST    63           600 AM
 LOWEST     16           600 PM
 AVERAGE    40

..........................................................


THE DEL RIO CLIMATE NORMALS FOR TODAY
                         NORMAL    RECORD    YEAR
 MAXIMUM TEMPERATURE (F)   80        96      1954
 MINIMUM TEMPERATURE (F)   55        35      1944


SUNRISE AND SUNSET
MARCH 29 2015.........SUNRISE   737 AM CDT   SUNSET   800 PM CDT
MARCH 30 2015.........SUNRISE   736 AM CDT   SUNSET   801 PM CDT


-  INDICATES NEGATIVE NUMBERS.
R  INDICATES RECORD WAS SET OR TIED.
MM INDICATES DATA IS MISSING.
T  INDICATES TRACE AMOUNT.




$$
