655
CDUS44 KDRT 240707
CLIDRT


CLIMATE REPORT
NATIONAL WEATHER SERVICE AUSTIN/SAN ANTONIO, TX
206 AM CDT TUE MAY 24 2016


...................................

...THE DEL RIO CLIMATE SUMMARY FOR MAY 23 2016...

CLIMATE NORMAL PERIOD 1981 TO 2010
CLIMATE RECORD PERIOD 1906 TO 2016


WEATHER ITEM   OBSERVED TIME   RECORD YEAR NORMAL DEPARTURE LAST
                VALUE   (LST)  VALUE       VALUE  FROM      YEAR
                                                  NORMAL
..................................................................
TEMPERATURE (F)
 YESTERDAY
  MAXIMUM         90    151 PM 105    2000  91     -1       84
  MINIMUM         76    758 AM  56    1988  70      6       66
  AVERAGE         83                        80      3       75

PRECIPITATION (IN)
  YESTERDAY        T             3.76 1995   0.10  -0.10     1.46
  MONTH TO DATE    1.48                      1.99  -0.51     6.14
  SINCE MAR 1      7.72                      4.78   2.94    10.06
  SINCE JAN 1      8.47                      6.38   2.09    11.05

SNOWFALL (IN)
  YESTERDAY        0.0
  MONTH TO DATE    0.0
  SINCE MAR 1      0.0
  SINCE JUL 1      T

DEGREE DAYS
 HEATING
  YESTERDAY        0                         0      0        0
  MONTH TO DATE    1                         0      1        0
  SINCE MAR 1     70                       139    -69      148
  SINCE JUL 1   1050                      1375   -325     1475

 COOLING
  YESTERDAY       18                        15      3       10
  MONTH TO DATE  246                       299    -53      274
  SINCE MAR 1    566                       609    -43      565
  SINCE JAN 1    601                       628    -27      580
..................................................................


WIND (MPH)
  HIGHEST WIND SPEED    25   HIGHEST WIND DIRECTION    SE (130)
  HIGHEST GUST SPEED    32   HIGHEST GUST DIRECTION    SE (120)
  AVERAGE WIND SPEED    13.1


SKY COVER
  AVERAGE SKY COVER 0.8


WEATHER CONDITIONS
 THE FOLLOWING WEATHER WAS RECORDED YESTERDAY.
  LIGHT RAIN
  FOG
  HAZE


RELATIVE HUMIDITY (PERCENT)
 HIGHEST    94           600 AM
 LOWEST     59           100 PM
 AVERAGE    77

..........................................................


THE DEL RIO CLIMATE NORMALS FOR TODAY
                         NORMAL    RECORD    YEAR
 MAXIMUM TEMPERATURE (F)   91       109      2000
 MINIMUM TEMPERATURE (F)   70        49      1910


SUNRISE AND SUNSET
MAY 24 2016...........SUNRISE   647 AM CDT   SUNSET   835 PM CDT
MAY 25 2016...........SUNRISE   646 AM CDT   SUNSET   835 PM CDT


-  INDICATES NEGATIVE NUMBERS.
R  INDICATES RECORD WAS SET OR TIED.
MM INDICATES DATA IS MISSING.
T  INDICATES TRACE AMOUNT.




$$
