000
CDUS44 KEWX 220754
CLIDRT


CLIMATE REPORT
NATIONAL WEATHER SERVICE AUSTIN/SAN ANTONIO, TX
153 AM CST WED NOV 22 2017


...................................

...THE DEL RIO CLIMATE SUMMARY FOR NOVEMBER 21 2017...

CLIMATE NORMAL PERIOD 1981 TO 2010
CLIMATE RECORD PERIOD 1906 TO 2017


WEATHER ITEM   OBSERVED TIME   RECORD YEAR NORMAL DEPARTURE LAST
                VALUE   (LST)  VALUE       VALUE  FROM      YEAR
                                                  NORMAL
..................................................................
TEMPERATURE (F)
 YESTERDAY
  MAXIMUM         83    441 PM  86    2007  70     13       73
                                      1909
  MINIMUM         46    717 AM  17    1906  47     -1       44
  AVERAGE         65                        58      7       59

PRECIPITATION (IN)
  YESTERDAY        0.00          0.14 1919   0.03  -0.03     0.00
                                      1916
  MONTH TO DATE    0.03                      0.70  -0.67     2.08
  SINCE SEP 1      6.79                      5.13   1.66     8.11
  SINCE JAN 1     22.68                     18.64   4.04    29.96

SNOWFALL (IN)
  YESTERDAY        0.0
  MONTH TO DATE    0.0
  SINCE SEP 1      0.0
  SINCE JUL 1      0.0

DEGREE DAYS
 HEATING
  YESTERDAY        0                         7     -7        6
  MONTH TO DATE   55                        94    -39       42
  SINCE SEP 1    108                       118    -10       42
  SINCE JUL 1    108                       118    -10       42

 COOLING
  YESTERDAY        0                         1     -1        0
  MONTH TO DATE   67                        44     23       74
  SINCE SEP 1    776                       734     42      859
  SINCE JAN 1   3566                      3369    197     3573
..................................................................


WIND (MPH)
  HIGHEST WIND SPEED    25   HIGHEST WIND DIRECTION     N (360)
  HIGHEST GUST SPEED    33   HIGHEST GUST DIRECTION     N (350)
  AVERAGE WIND SPEED     7.1


SKY COVER
  AVERAGE SKY COVER 0.0


WEATHER CONDITIONS
 THE FOLLOWING WEATHER WAS RECORDED YESTERDAY.
  NO SIGNIFICANT WEATHER WAS OBSERVED.


RELATIVE HUMIDITY (PERCENT)
 HIGHEST   100           600 AM
 LOWEST     11           500 PM
 AVERAGE    56

..........................................................


THE DEL RIO CLIMATE NORMALS FOR TODAY
                         NORMAL    RECORD    YEAR
 MAXIMUM TEMPERATURE (F)   70        87      1983
 MINIMUM TEMPERATURE (F)   47        31      2015
                                             1906


SUNRISE AND SUNSET
NOVEMBER 22 2017......SUNRISE   714 AM CST   SUNSET   546 PM CST
NOVEMBER 23 2017......SUNRISE   714 AM CST   SUNSET   546 PM CST


-  INDICATES NEGATIVE NUMBERS.
R  INDICATES RECORD WAS SET OR TIED.
MM INDICATES DATA IS MISSING.
T  INDICATES TRACE AMOUNT.




$$
