000
CDUS44 KDRT 272227
CLIDRT


CLIMATE REPORT
NATIONAL WEATHER SERVICE AUSTIN/SAN ANTONIO, TX
526 PM CDT WED JUL 27 2016


...................................

...THE DEL RIO CLIMATE SUMMARY FOR JULY 27 2016...
VALID TODAY AS OF 525 PM LOCAL TIME.

CLIMATE NORMAL PERIOD 1981 TO 2010
CLIMATE RECORD PERIOD 1906 TO 2016


WEATHER ITEM   OBSERVED TIME   RECORD YEAR NORMAL DEPARTURE LAST
                VALUE   (LST)  VALUE       VALUE  FROM      YEAR
                                                  NORMAL
..................................................................
TEMPERATURE (F)
 TODAY
  MAXIMUM         90    251 PM 110    1954  97     -7      102
  MINIMUM         73    617 AM  68    1920  76     -3       78
  AVERAGE         82                        86     -4       90

PRECIPITATION (IN)
  TODAY            0.00          1.52 2004   0.06  -0.06     0.00
  MONTH TO DATE    0.05                      1.57  -1.52     0.04
  SINCE JUN 1      2.98                      3.92  -0.94     3.52
  SINCE JAN 1     11.59                     11.12   0.47    18.60

SNOWFALL (IN)
  TODAY            0.0
  MONTH TO DATE    0.0
  SINCE JUN 1      0.0
  SINCE JUL 1      0.0
  SNOW DEPTH       0

DEGREE DAYS
 HEATING
  TODAY            0                         0      0        0
  MONTH TO DATE    0                         0      0        0
  SINCE JUN 1      0                         0      0        0
  SINCE JUL 1      0                         0      0        0

 COOLING
  TODAY           17                        21     -4       25
  MONTH TO DATE  687                       561    126      569
  SINCE JUN 1   1266                      1132    134     1070
  SINCE JAN 1   1992                      1891    101     1750
..................................................................


WIND (MPH)
  HIGHEST WIND SPEED    17   HIGHEST WIND DIRECTION    SE (120)
  HIGHEST GUST SPEED    25   HIGHEST GUST DIRECTION    SE (120)
  AVERAGE WIND SPEED     6.0



WEATHER CONDITIONS
 THE FOLLOWING WEATHER WAS RECORDED TODAY.
  FOG


RELATIVE HUMIDITY (PERCENT)
 HIGHEST   100           200 AM
 LOWEST     56           300 PM
 AVERAGE    78

..........................................................


THE DEL RIO CLIMATE NORMALS FOR TOMORROW
                         NORMAL    RECORD    YEAR
 MAXIMUM TEMPERATURE (F)   97       107      1980
 MINIMUM TEMPERATURE (F)   76        66      1994


SUNRISE AND SUNSET
JULY 27 2016..........SUNRISE   701 AM CDT   SUNSET   839 PM CDT
JULY 28 2016..........SUNRISE   702 AM CDT   SUNSET   838 PM CDT


-  INDICATES NEGATIVE NUMBERS.
R  INDICATES RECORD WAS SET OR TIED.
MM INDICATES DATA IS MISSING.
T  INDICATES TRACE AMOUNT.




$$
