000
CDUS44 KEWX 292226
CLIDRT


CLIMATE REPORT
NATIONAL WEATHER SERVICE AUSTIN/SAN ANTONIO, TX
526 PM CDT SAT AUG 29 2015


...................................

...THE DEL RIO CLIMATE SUMMARY FOR AUGUST 29 2015...
VALID TODAY AS OF 0526 PM LOCAL TIME.

CLIMATE NORMAL PERIOD 1981 TO 2010
CLIMATE RECORD PERIOD 1906 TO 2015


WEATHER ITEM   OBSERVED TIME   RECORD YEAR NORMAL DEPARTURE LAST
                VALUE   (LST)  VALUE       VALUE  FROM      YEAR
                                                  NORMAL
..................................................................
TEMPERATURE (F)
 TODAY
  MAXIMUM         98    405 PM 107    2011  96      2       99
  MINIMUM         72    714 AM  64    1940  74     -2       78
  AVERAGE         85                        85      0       89

PRECIPITATION (IN)
  TODAY            0.00          6.09 2008   0.09  -0.09     0.00
  MONTH TO DATE    2.02                      1.99   0.03     0.78
  SINCE JUN 1      5.54                      6.12  -0.58     5.82
  SINCE JAN 1     20.62                     13.32   7.30     7.17

SNOWFALL (IN)
  TODAY            0.0
  MONTH TO DATE    0.0
  SINCE JUN 1      0.0
  SINCE JUL 1      0.0
  SNOW DEPTH       0

DEGREE DAYS
 HEATING
  TODAY            0                         0      0        0
  MONTH TO DATE    0                         0      0        0
  SINCE JUN 1      0                         0      0        0
  SINCE JUL 1      0                         0      0        0

 COOLING
  TODAY           20                        20      0       24
  MONTH TO DATE  700                       622     78      668
  SINCE JUN 1   1866                      1841     25     1991
  SINCE JAN 1   2546                      2600    -54     2841
..................................................................


WIND (MPH)
  HIGHEST WIND SPEED    14   HIGHEST WIND DIRECTION     E (110)
  HIGHEST GUST SPEED    20   HIGHEST GUST DIRECTION    NE (50)
  AVERAGE WIND SPEED     8.5



WEATHER CONDITIONS
 THE FOLLOWING WEATHER WAS RECORDED TODAY.
  NO SIGNIFICANT WEATHER WAS OBSERVED.


RELATIVE HUMIDITY (PERCENT)
 HIGHEST    68           600 AM
 LOWEST     25           400 PM
 AVERAGE    47

..........................................................


THE DEL RIO CLIMATE NORMALS FOR TOMORROW
                         NORMAL    RECORD    YEAR
 MAXIMUM TEMPERATURE (F)   95       105      1956
 MINIMUM TEMPERATURE (F)   74        66      1940


SUNRISE AND SUNSET
AUGUST 29 2015........SUNRISE   719 AM CDT   SUNSET   809 PM CDT
AUGUST 30 2015........SUNRISE   720 AM CDT   SUNSET   808 PM CDT


-  INDICATES NEGATIVE NUMBERS.
R  INDICATES RECORD WAS SET OR TIED.
MM INDICATES DATA IS MISSING.
T  INDICATES TRACE AMOUNT.




$$
