000
CDUS44 KEWX 200817
CLIDRT


CLIMATE REPORT
NATIONAL WEATHER SERVICE AUSTIN/SAN ANTONIO, TX
216 AM CST FRI JAN 20 2017


...................................

...THE DEL RIO CLIMATE SUMMARY FOR JANUARY 19 2017...

CLIMATE NORMAL PERIOD 1981 TO 2010
CLIMATE RECORD PERIOD 1906 TO 2017


WEATHER ITEM   OBSERVED TIME   RECORD YEAR NORMAL DEPARTURE LAST
                VALUE   (LST)  VALUE       VALUE  FROM      YEAR
                                                  NORMAL
..................................................................
TEMPERATURE (F)
 YESTERDAY
  MAXIMUM         73    516 PM  90    2000  64      9       70
  MINIMUM         39    517 AM  19    1940  41     -2       43
  AVERAGE         56                        52      4       57

PRECIPITATION (IN)
  YESTERDAY        0.00          0.45 1989   0.02  -0.02     0.00
  MONTH TO DATE    0.18                      0.42  -0.24     0.57
  SINCE DEC 1      2.66                      1.07   1.59     0.91
  SINCE JAN 1      0.18                      0.42  -0.24     0.57

SNOWFALL (IN)
  YESTERDAY        0.0
  MONTH TO DATE    0.0
  SINCE DEC 1      0.0
  SINCE JUL 1      0.0

DEGREE DAYS
 HEATING
  YESTERDAY        9                        13     -4        8
  MONTH TO DATE  185                       256    -71      260
  SINCE DEC 1    518                       650   -132      543
  SINCE JUL 1    587                       847   -260      686

 COOLING
  YESTERDAY        0                         0      0        0
  MONTH TO DATE   11                         0     11        0
  SINCE DEC 1     23                         3     20        1
  SINCE JAN 1     11                         0     11        0
..................................................................


WIND (MPH)
  HIGHEST WIND SPEED     9   HIGHEST WIND DIRECTION     S (160)
  HIGHEST GUST SPEED    10   HIGHEST GUST DIRECTION    SE (150)
  AVERAGE WIND SPEED     1.8


SKY COVER
  AVERAGE SKY COVER 0.2


WEATHER CONDITIONS
 THE FOLLOWING WEATHER WAS RECORDED YESTERDAY.
  FOG
  FOG W/VISIBILITY <= 1/4 MILE


RELATIVE HUMIDITY (PERCENT)
 HIGHEST   100          1200 AM
 LOWEST     33           400 PM
 AVERAGE    67

..........................................................


THE DEL RIO CLIMATE NORMALS FOR TODAY
                         NORMAL    RECORD    YEAR
 MAXIMUM TEMPERATURE (F)   64        86      2015
 MINIMUM TEMPERATURE (F)   41        23      1963
                                             1943


SUNRISE AND SUNSET
JANUARY 20 2017.......SUNRISE   738 AM CST   SUNSET   612 PM CST
JANUARY 21 2017.......SUNRISE   738 AM CST   SUNSET   613 PM CST


-  INDICATES NEGATIVE NUMBERS.
R  INDICATES RECORD WAS SET OR TIED.
MM INDICATES DATA IS MISSING.
T  INDICATES TRACE AMOUNT.




$$
