000
CDUS44 KEWX 252223
CLIDRT


CLIMATE REPORT
NATIONAL WEATHER SERVICE AUSTIN/SAN ANTONIO, TX
423 PM CST SUN JAN 25 2015


...................................

...THE DEL RIO CLIMATE SUMMARY FOR JANUARY 25 2015...
VALID TODAY AS OF 423 PM LOCAL TIME.

CLIMATE NORMAL PERIOD 1981 TO 2010
CLIMATE RECORD PERIOD 1906 TO 2015


WEATHER ITEM   OBSERVED TIME   RECORD YEAR NORMAL DEPARTURE LAST
                VALUE   (LST)  VALUE       VALUE  FROM      YEAR
                                                  NORMAL
..................................................................
TEMPERATURE (F)
 TODAY
  MAXIMUM         70    338 PM  87    1950  65      5       64
  MINIMUM         38    716 AM  22    1963  41     -3       27
  AVERAGE         54                        53      1       46

PRECIPITATION (IN)
  TODAY            0.00          0.77 1949   0.02  -0.02     0.00
  MONTH TO DATE    0.43                      0.57  -0.14      T
  SINCE DEC 1      0.68                      1.22  -0.54     0.48
  SINCE JAN 1      0.43                      0.57  -0.14      T

SNOWFALL (IN)
  TODAY            0.0
  MONTH TO DATE    0.0
  SINCE DEC 1      0.0
  SINCE JUL 1      0.0
  SNOW DEPTH       0

DEGREE DAYS
 HEATING
  TODAY           11                        12     -1       19
  MONTH TO DATE  445                       331    114      365
  SINCE DEC 1    714                       725    -11      820
  SINCE JUL 1    986                       922     64     1053

 COOLING
  TODAY            0                         0      0        0
  MONTH TO DATE    0                         0      0        0
  SINCE DEC 1      6                         3      3        5
  SINCE JAN 1      0                         0      0        0
..................................................................


WIND (MPH)
  HIGHEST WIND SPEED    17   HIGHEST WIND DIRECTION     W (270)
  HIGHEST GUST SPEED    23   HIGHEST GUST DIRECTION    NW (310)
  AVERAGE WIND SPEED     7.1



WEATHER CONDITIONS
 THE FOLLOWING WEATHER WAS RECORDED TODAY.
  NO SIGNIFICANT WEATHER WAS OBSERVED.


RELATIVE HUMIDITY (PERCENT)
 HIGHEST    86           200 AM
 LOWEST     28           400 PM
 AVERAGE    57

..........................................................


THE DEL RIO CLIMATE NORMALS FOR TOMORROW
                         NORMAL    RECORD    YEAR
 MAXIMUM TEMPERATURE (F)   65        89      1912
 MINIMUM TEMPERATURE (F)   41        27      1966
                                             1920


SUNRISE AND SUNSET
JANUARY 25 2015.......SUNRISE   736 AM CST   SUNSET   616 PM CST
JANUARY 26 2015.......SUNRISE   736 AM CST   SUNSET   617 PM CST


-  INDICATES NEGATIVE NUMBERS.
R  INDICATES RECORD WAS SET OR TIED.
MM INDICATES DATA IS MISSING.
T  INDICATES TRACE AMOUNT.




$$
