000
CDUS44 KEWX 220753
CLIDRT


CLIMATE REPORT
NATIONAL WEATHER SERVICE AUSTIN/SAN ANTONIO, TX
153 AM CST SAT NOV 22 2014


...................................

...THE DEL RIO CLIMATE SUMMARY FOR NOVEMBER 21 2014...

CLIMATE NORMAL PERIOD 1981 TO 2010
CLIMATE RECORD PERIOD 1906 TO 2014


WEATHER ITEM   OBSERVED TIME   RECORD YEAR NORMAL DEPARTURE LAST
                VALUE   (LST)  VALUE       VALUE  FROM      YEAR
                                                  NORMAL
..................................................................
TEMPERATURE (F)
 YESTERDAY
  MAXIMUM         71    421 PM  86    2007  70      1       81
                                      1909
  MINIMUM         55   1216 AM  17    1906  47      8       68
  AVERAGE         63                        58      5       75

PRECIPITATION (IN)
  YESTERDAY        0.01          0.14 1919   0.03  -0.02     0.00
                                      1916
  MONTH TO DATE    3.12                      0.70   2.42     0.29
  SINCE SEP 1      8.59                      5.13   3.46     6.13
  SINCE JAN 1     15.76                     18.64  -2.88    14.62

SNOWFALL (IN)
  YESTERDAY        0.0
  MONTH TO DATE    0.0
  SINCE SEP 1      0.0
  SINCE JUL 1      0.0

DEGREE DAYS
 HEATING
  YESTERDAY        2                         7     -5        0
  MONTH TO DATE  208                        94    114       69
  SINCE SEP 1    208                       118     90       78
  SINCE JUL 1    208                       118     90       78

 COOLING
  YESTERDAY        0                         1     -1       10
  MONTH TO DATE    7                        44    -37       42
  SINCE SEP 1    799                       734     65      801
  SINCE JAN 1   3688                      3369    319     3741
..................................................................


WIND (MPH)
  HIGHEST WIND SPEED    16   HIGHEST WIND DIRECTION    SE (150)
  HIGHEST GUST SPEED    18   HIGHEST GUST DIRECTION    SE (150)
  AVERAGE WIND SPEED     3.8


SKY COVER
  AVERAGE SKY COVER 0.8


WEATHER CONDITIONS
 THE FOLLOWING WEATHER WAS RECORDED YESTERDAY.
  LIGHT RAIN
  FOG
  FOG W/VISIBILITY <= 1/4 MILE


RELATIVE HUMIDITY (PERCENT)
 HIGHEST   100           100 AM
 LOWEST     68           400 PM
 AVERAGE    84

..........................................................


THE DEL RIO CLIMATE NORMALS FOR TODAY
                         NORMAL    RECORD    YEAR
 MAXIMUM TEMPERATURE (F)   70        87      1983
 MINIMUM TEMPERATURE (F)   47        31      1906


SUNRISE AND SUNSET
NOVEMBER 22 2014......SUNRISE   713 AM CST   SUNSET   546 PM CST
NOVEMBER 23 2014......SUNRISE   714 AM CST   SUNSET   546 PM CST


-  INDICATES NEGATIVE NUMBERS.
R  INDICATES RECORD WAS SET OR TIED.
MM INDICATES DATA IS MISSING.
T  INDICATES TRACE AMOUNT.




$$
