000
CDUS43 KDMX 230632 RRE
CLIDSM

CLIMATE REPORT
NATIONAL WEATHER SERVICE DES MOINES IA
131 AM CDT TUE MAY 23 2017


...................................

...THE DES MOINES IA CLIMATE SUMMARY FOR MAY 22 2017...

CLIMATE NORMAL PERIOD 1981 TO 2010
CLIMATE RECORD PERIOD 1878 TO 2017


WEATHER ITEM   OBSERVED TIME   RECORD YEAR NORMAL DEPARTURE LAST
                VALUE   (LST)  VALUE       VALUE  FROM      YEAR
                                                  NORMAL
..................................................................
TEMPERATURE (F)
 YESTERDAY
  MAXIMUM         72    339 PM  98    1925  74     -2       82
  MINIMUM         48   1246 AM  33    1963  54     -6       50
  AVERAGE         60                        64     -4       66

PRECIPITATION (IN)
  YESTERDAY        0.05          2.01 1952   0.16  -0.11     0.00
  MONTH TO DATE    4.44                      3.40   1.04     0.97
  SINCE MAR 1     12.07                      9.56   2.51     6.32
  SINCE JAN 1     14.58                     11.84   2.74     8.09

SNOWFALL (IN)
  YESTERDAY        0.0          MM      MM   0.0    0.0      0.0
  MONTH TO DATE    0.0                       0.0    0.0      0.0
  SINCE MAR 1      3.6                       7.0   -3.4      0.3
  SINCE JUL 1     14.3                      35.3  -21.0     30.3
  SNOW DEPTH       0

DEGREE DAYS
 HEATING
  YESTERDAY        5                         3      2        0
  MONTH TO DATE  103                       124    -21      128
  SINCE MAR 1   1118                      1332   -214     1023
  SINCE JUL 1   4818                      6163  -1345     5006

 COOLING
  YESTERDAY        0                         3     -3        1
  MONTH TO DATE   52                        33     19       10
  SINCE MAR 1     67                        47     20       29
  SINCE JAN 1     67                        47     20       29
..................................................................


WIND (MPH)
  HIGHEST WIND SPEED    24   HIGHEST WIND DIRECTION     W (250)
  HIGHEST GUST SPEED    30   HIGHEST GUST DIRECTION     W (250)
  AVERAGE WIND SPEED    12.3


SKY COVER
  POSSIBLE SUNSHINE  MM
  AVERAGE SKY COVER 0.7


WEATHER CONDITIONS
 THE FOLLOWING WEATHER WAS RECORDED YESTERDAY.
  THUNDERSTORM
  LIGHT RAIN
  FOG
  HAZE


RELATIVE HUMIDITY (PERCENT)
 HIGHEST    80          1200 AM
 LOWEST     53           100 PM
 AVERAGE    67

..........................................................


THE DES MOINES IA CLIMATE NORMALS FOR TODAY
                         NORMAL    RECORD    YEAR
 MAXIMUM TEMPERATURE (F)   75        92      1939
                                             1885
 MINIMUM TEMPERATURE (F)   55        32      1963


SUNRISE AND SUNSET
MAY 23 2017...........SUNRISE   548 AM CDT   SUNSET   835 PM CDT
MAY 24 2017...........SUNRISE   548 AM CDT   SUNSET   836 PM CDT


-  INDICATES NEGATIVE NUMBERS.
R  INDICATES RECORD WAS SET OR TIED.
MM INDICATES DATA IS MISSING.
T  INDICATES TRACE AMOUNT.




$$
