000
CDUS43 KDTX 260544
CLIDTW


CLIMATE REPORT
NATIONAL WEATHER SERVICE DETROIT/PONTIAC MI
141 AM EDT SUN MAR 26 2017


...................................

...THE DETROIT MI CLIMATE SUMMARY FOR MARCH 25 2017...

CLIMATE NORMAL PERIOD 1981 TO 2010
CLIMATE RECORD PERIOD 1874 TO 2017


WEATHER ITEM   OBSERVED TIME   RECORD YEAR NORMAL DEPARTURE LAST
                VALUE   (LST)  VALUE       VALUE  FROM      YEAR
                                                  NORMAL
..................................................................
TEMPERATURE (F)
 YESTERDAY
  MAXIMUM         47    406 AM  78    1945  50     -3       45
  MINIMUM         41   1159 PM   4    1974  32      9       29
  AVERAGE         44                        41      3       37

PRECIPITATION (IN)
  YESTERDAY        0.01          1.73 1954   0.07  -0.06      T
  MONTH TO DATE    2.03                      1.79   0.24     3.48
  SINCE MAR 1      2.03                      1.79   0.24     3.48
  SINCE JAN 1      6.76                      5.77   0.99     6.84

SNOWFALL (IN)
  YESTERDAY        0.0           6.0  1933   0.1   -0.1       T
  MONTH TO DATE    6.9                       6.0    0.9      7.4
  SINCE MAR 1      6.9                       6.0    0.9      7.4
  SINCE JUL 1     37.8                      39.9   -2.1     34.0
  SNOW DEPTH       0

DEGREE DAYS
 HEATING
  YESTERDAY       21                        24     -3       28
  MONTH TO DATE  749                       725     24      562
  SINCE MAR 1    749                       725     24      562
  SINCE JUL 1   4487                      5278   -791     4327

 COOLING
  YESTERDAY        0                         0      0        0
  MONTH TO DATE    0                         0      0        0
  SINCE MAR 1      0                         0      0        0
  SINCE JAN 1      0                         0      0        0
..................................................................


WIND (MPH)
  HIGHEST WIND SPEED    18   HIGHEST WIND DIRECTION    NE (60)
  HIGHEST GUST SPEED    25   HIGHEST GUST DIRECTION     N (360)
  AVERAGE WIND SPEED    10.0


SKY COVER
  POSSIBLE SUNSHINE  MM
  AVERAGE SKY COVER 1.0


WEATHER CONDITIONS
 THE FOLLOWING WEATHER WAS RECORDED YESTERDAY.
  HEAVY RAIN
  LIGHT RAIN
  FOG
  HAZE


RELATIVE HUMIDITY (PERCENT)
 HIGHEST    92           300 PM
 LOWEST     71           200 AM
 AVERAGE    82

..........................................................


THE DETROIT MI CLIMATE NORMALS FOR TODAY
                         NORMAL    RECORD    YEAR
 MAXIMUM TEMPERATURE (F)   50        81      2007
 MINIMUM TEMPERATURE (F)   32        11      2014
                                             2001
                                             1937


SUNRISE AND SUNSET
MARCH 26 2017.........SUNRISE   726 AM EDT   SUNSET   753 PM EDT
MARCH 27 2017.........SUNRISE   724 AM EDT   SUNSET   754 PM EDT


-  INDICATES NEGATIVE NUMBERS.
R  INDICATES RECORD WAS SET OR TIED.
MM INDICATES DATA IS MISSING.
T  INDICATES TRACE AMOUNT.




$$
