000
CDUS45 KTWC 200748
CLIDUG

CLIMATE REPORT
NATIONAL WEATHER SERVICE TUCSON AZ
1245 AM MST WED AUG 20 2014

...................................

...THE DOUGLAS AZ CLIMATE SUMMARY FOR AUGUST 19 2014...

CLIMATE NORMAL PERIOD 1981 TO 2010
CLIMATE RECORD PERIOD 1948 TO 2014


WEATHER ITEM   OBSERVED TIME   RECORD YEAR NORMAL DEPARTURE LAST
                VALUE   (LST)  VALUE       VALUE  FROM      YEAR
                                                  NORMAL
..................................................................
TEMPERATURE (F)
 YESTERDAY
  MAXIMUM         75    334 PM  99    2009  92    -17       97
  MINIMUM         64   1159 PM  58    1990  65     -1       64
  AVERAGE         70                        78     -8       81

PRECIPITATION (IN)
  YESTERDAY        0.45          1.13 1992   0.09   0.36      T
  MONTH TO DATE    3.85                      2.13   1.72     3.07
  SINCE OCT 1     10.11                     10.64  -0.53    14.80
  SINCE JAN 1      9.29                      8.09   1.20    14.17

DEGREE DAYS
 HEATING
  YESTERDAY        0                         0      0        0
  MONTH TO DATE    0                         0      0        0
  SINCE JUN 1      0                         0      0        0
  SINCE JUL 1      0                         0      0        0

 COOLING
  YESTERDAY        5                        13     -8       16
  MONTH TO DATE  209                       249    -40      238
  SINCE JUN 1   1162                      1109     53     1192
  SINCE JAN 1   1330                      1310     20     1392
..................................................................


WIND (MPH)
  HIGHEST WIND SPEED    16   HIGHEST WIND DIRECTION     W (260)
  HIGHEST GUST SPEED    20   HIGHEST GUST DIRECTION     W (260)
  AVERAGE WIND SPEED     4.6


SKY COVER
  POSSIBLE SUNSHINE  MM
  AVERAGE SKY COVER  MM


WEATHER CONDITIONS
THE FOLLOWING WEATHER WAS RECORDED YESTERDAY.
  THUNDERSTORM
  HEAVY RAIN
  RAIN
  LIGHT RAIN
  FOG


RELATIVE HUMIDITY (PERCENT)
 HIGHEST    93
 LOWEST     68
 AVERAGE    81

..........................................................


THE DOUGLAS AZ CLIMATE NORMALS FOR TODAY
                         NORMAL    RECORD    YEAR
 MAXIMUM TEMPERATURE (F)   92       102      2009
 MINIMUM TEMPERATURE (F)   65        54      1979


SUNRISE AND SUNSET
AUGUST 20 2014........SUNRISE   547 AM MST   SUNSET   656 PM MST
AUGUST 21 2014........SUNRISE   548 AM MST   SUNSET   655 PM MST


-  INDICATES NEGATIVE NUMBERS.
R  INDICATES RECORD WAS SET OR TIED.
MM INDICATES DATA IS MISSING.
T  INDICATES TRACE AMOUNT.

$$
