000
CDUS45 KTWC 181429 RRA
CLIDUG

CLIMATE REPORT
NATIONAL WEATHER SERVICE TUCSON AZ
728 AM MST MON DEC 18 2017


...................................

...THE DOUGLAS AZ CLIMATE SUMMARY FOR DECEMBER 18 2017...
VALID AS OF 0700 AM LOCAL TIME.

CLIMATE NORMAL PERIOD 1981 TO 2010
CLIMATE RECORD PERIOD 1948 TO 2017


WEATHER ITEM   OBSERVED TIME   RECORD YEAR NORMAL DEPARTURE LAST
                VALUE   (LST)  VALUE       VALUE  FROM      YEAR
                                                  NORMAL
..................................................................
TEMPERATURE (F)
 TODAY
  MINIMUM         36    659 AM  16    2016  29      7       16

PRECIPITATION (IN)
  TODAY            0.06          0.87 1987   0.03   0.03     0.00
  MONTH TO DATE    0.60                      0.58   0.02     0.20
  SINCE OCT 1      0.83                      2.16  -1.33     0.46
  SINCE JAN 1      9.51                     12.71  -3.20    12.60

DEGREE DAYS
 HEATING
  TODAY           26                        20      6       27

 COOLING
  TODAY            0                         0      0        0
..................................................................


WIND (MPH)
  HIGHEST WIND SPEED    21   HIGHEST WIND DIRECTION     E (80)
  HIGHEST GUST SPEED    25   HIGHEST GUST DIRECTION     E (90)
  AVERAGE WIND SPEED    MM


SKY COVER
  POSSIBLE SUNSHINE  MM
  AVERAGE SKY COVER  MM


WEATHER CONDITIONS
 THE FOLLOWING WEATHER WAS RECORDED TODAY.
  LIGHT RAIN


RELATIVE HUMIDITY (PERCENT)
 HIGHEST    MM

..........................................................


THE DOUGLAS AZ CLIMATE NORMALS FOR TOMORROW
                         NORMAL    RECORD    YEAR
 MAXIMUM TEMPERATURE (F)   62        73      1955
                                             1950
 MINIMUM TEMPERATURE (F)   29        13      1996


SUNRISE AND SUNSET
DECEMBER 18 2017......SUNRISE   712 AM MST   SUNSET   518 PM MST
DECEMBER 19 2017......SUNRISE   713 AM MST   SUNSET   519 PM MST


-  INDICATES NEGATIVE NUMBERS.
R  INDICATES RECORD WAS SET OR TIED.
MM INDICATES DATA IS MISSING.
T  INDICATES TRACE AMOUNT.




$$
