000
CDUS45 KTWC 170033 RRA
CLIDUG

CLIMATE REPORT
NATIONAL WEATHER SERVICE TUCSON AZ
531 PM MST WED AUG 16 2017


...................................

...THE DOUGLAS AZ CLIMATE SUMMARY FOR AUGUST 16 2017...
VALID TODAY AS OF 0500 PM LOCAL TIME.

CLIMATE NORMAL PERIOD 1981 TO 2010
CLIMATE RECORD PERIOD 1948 TO 2017


WEATHER ITEM   OBSERVED TIME   RECORD YEAR NORMAL DEPARTURE LAST
                VALUE   (LST)  VALUE       VALUE  FROM      YEAR
                                                  NORMAL
..................................................................
TEMPERATURE (F)
 TODAY
  MAXIMUM         88    459 PM  99    2015  92     -4       93
                                      1996
                                      1962
  MINIMUM         62    626 AM  55    1990  65     -3       58
                                      1979
  AVERAGE         75                        78     -3       76

PRECIPITATION (IN)
  TODAY            0.00                      0.10  -0.10     0.00
  MONTH TO DATE    1.46                      1.85  -0.39     2.36
  SINCE OCT 1      9.50                     10.36  -0.86    11.19
  SINCE JAN 1      8.15                      7.81   0.34     9.98

DEGREE DAYS
 COOLING
  TODAY           10                        13     -3       11
  MONTH TO DATE  217                       210      7      189
  SINCE JUN 1   1148                      1070     78     1166
  SINCE JAN 1   1341                      1271     70     1314
..................................................................


WIND (MPH)
  HIGHEST WIND SPEED    10   HIGHEST WIND DIRECTION     S (200)
  HIGHEST GUST SPEED    14   HIGHEST GUST DIRECTION    SW (230)
  AVERAGE WIND SPEED     5.3


SKY COVER
  POSSIBLE SUNSHINE  MM
  AVERAGE SKY COVER 0.0


WEATHER CONDITIONS
 THE FOLLOWING WEATHER WAS RECORDED TODAY.
  NO SIGNIFICANT WEATHER WAS OBSERVED.


RELATIVE HUMIDITY (PERCENT)
 HIGHEST    93
 LOWEST     20
 AVERAGE    57

..........................................................


THE DOUGLAS AZ CLIMATE NORMALS FOR TOMORROW
                         NORMAL    RECORD    YEAR
 MAXIMUM TEMPERATURE (F)   92        98      2011
                                             2009
                                             1992
 MINIMUM TEMPERATURE (F)   65        56      2016
                                             1984


SUNRISE AND SUNSET
AUGUST 16 2017........SUNRISE   545 AM MST   SUNSET   700 PM MST
AUGUST 17 2017........SUNRISE   545 AM MST   SUNSET   659 PM MST


-  INDICATES NEGATIVE NUMBERS.
R  INDICATES RECORD WAS SET OR TIED.
MM INDICATES DATA IS MISSING.
T  INDICATES TRACE AMOUNT.




$$
