000
CDUS45 KTWC 100026
CLIDUG

CLIMATE REPORT
NATIONAL WEATHER SERVICE TUCSON AZ
526 PM MST WED JUL 9 2014


...................................

...THE DOUGLAS AZ CLIMATE SUMMARY FOR JULY 9 2014...
VALID TODAY AS OF 0500 PM LOCAL TIME.

CLIMATE NORMAL PERIOD 1981 TO 2010
CLIMATE RECORD PERIOD 1948 TO 2014


WEATHER ITEM   OBSERVED TIME   RECORD YEAR NORMAL DEPARTURE LAST
                VALUE   (LST)  VALUE       VALUE  FROM      YEAR
                                                  NORMAL
..................................................................
TEMPERATURE (F)
 TODAY
  MAXIMUM         92    147 PM 108    2003  96     -4       93
  MINIMUM         66    538 AM  61    1998  66      0       66
                                      1997
                                      1992
  AVERAGE         79                        81     -2       80

PRECIPITATION (IN)
  TODAY            0.37                      0.08   0.29     1.29
  MONTH TO DATE    1.40                      0.60   0.80     4.87
  SINCE OCT 1      2.87                      6.16  -3.29     6.48
  SINCE JAN 1      2.05                      3.61  -1.56     5.85

DEGREE DAYS
 COOLING
  TODAY           14                        16     -2       15
  MONTH TO DATE  135                       144     -9      152
  SINCE JUN 1    633                       539     94      661
  SINCE JAN 1    801                       740     61      861
..................................................................


WIND (MPH)
  HIGHEST WIND SPEED    33   HIGHEST WIND DIRECTION     E (110)
  HIGHEST GUST SPEED    42   HIGHEST GUST DIRECTION    SE (120)
  AVERAGE WIND SPEED     6.8


SKY COVER
  POSSIBLE SUNSHINE  MM
  AVERAGE SKY COVER 0.1


WEATHER CONDITIONS
 THE FOLLOWING WEATHER WAS RECORDED TODAY.
  THUNDERSTORM
  HEAVY RAIN
  RAIN
  LIGHT RAIN


RELATIVE HUMIDITY (PERCENT)
 HIGHEST    78
 LOWEST     29
 AVERAGE    54

..........................................................


THE DOUGLAS AZ CLIMATE NORMALS FOR TOMORROW
                         NORMAL    RECORD    YEAR
 MAXIMUM TEMPERATURE (F)   96       106      1958
 MINIMUM TEMPERATURE (F)   66        60      1957


SUNRISE AND SUNSET
JULY  9 2014..........SUNRISE   521 AM MST   SUNSET   726 PM MST
JULY 10 2014..........SUNRISE   522 AM MST   SUNSET   726 PM MST


-  INDICATES NEGATIVE NUMBERS.
R  INDICATES RECORD WAS SET OR TIED.
MM INDICATES DATA IS MISSING.
T  INDICATES TRACE AMOUNT.




$$
