000
CDUS43 KDVN 312124
CLIDVN


CLIMATE REPORT
NATIONAL WEATHER SERVICE QUAD CITIES IA IL
424 PM CDT FRI OCT 31 2014


...................................

...THE DAVENPORT IA CLIMATE SUMMARY FOR OCTOBER 31 2014...
VALID TODAY AS OF 0400 PM LOCAL TIME.

CLIMATE NORMAL PERIOD 1981 TO 2010
CLIMATE RECORD PERIOD 9999 TO 9999


WEATHER ITEM   OBSERVED TIME   RECORD YEAR NORMAL DEPARTURE LAST
                VALUE   (LST)  VALUE       VALUE  FROM      YEAR
                                                  NORMAL
..................................................................
TEMPERATURE (F)
 TODAY
  MAXIMUM         47   1238 AM  MM      MM  56     -9       63
  MINIMUM         30    651 AM  MM      MM  36     -6       43
  AVERAGE         39                        46     -7       53

PRECIPITATION (IN)
  TODAY            0.00         MM      MM   0.09  -0.09     0.25
  MONTH TO DATE    2.68                      2.97  -0.29     2.06
  SINCE SEP 1      6.94                      6.03   0.91     3.68
  SINCE JAN 1     31.63                     31.85  -0.22    32.07

SNOWFALL (IN)
  TODAY            0.0          MM      MM  MM     MM        0.0
  MONTH TO DATE    T                        MM     MM        2.5
  SINCE SEP 1      T                        MM     MM        2.5
  SINCE JUL 1      T                        MM     MM        2.5
  SNOW DEPTH       0

DEGREE DAYS
 HEATING
  TODAY           26                        19      7       12
  MONTH TO DATE  428                       424      4      437
  SINCE SEP 1    564                       546     18      517
  SINCE JUL 1    585                       560     25      536

 COOLING
  TODAY            0                         0      0        0
  MONTH TO DATE    3                        12     -9       27
  SINCE SEP 1     69                        82    -13      165
  SINCE JAN 1    728                       786    -58      938
..................................................................


WIND (MPH)
  HIGHEST WIND SPEED    31   HIGHEST WIND DIRECTION     N (350)
  HIGHEST GUST SPEED    40   HIGHEST GUST DIRECTION     N (360)
  AVERAGE WIND SPEED    21.7


SKY COVER
  POSSIBLE SUNSHINE  MM
  AVERAGE SKY COVER 0.3


WEATHER CONDITIONS
 THE FOLLOWING WEATHER WAS RECORDED TODAY.
  NO SIGNIFICANT WEATHER WAS OBSERVED.


RELATIVE HUMIDITY (PERCENT)
 HIGHEST    71          1200 AM
 LOWEST     36           200 PM
 AVERAGE    54

..........................................................


THE DAVENPORT IA CLIMATE NORMALS FOR TOMORROW
                         NORMAL    RECORD    YEAR
 MAXIMUM TEMPERATURE (F)   56        MM        MM
 MINIMUM TEMPERATURE (F)   36        MM        MM


SUNRISE AND SUNSET
OCTOBER 31 2014.......SUNRISE   733 AM CDT   SUNSET   558 PM CDT
NOVEMBER  1 2014......SUNRISE   734 AM CDT   SUNSET   557 PM CDT


-  INDICATES NEGATIVE NUMBERS.
R  INDICATES RECORD WAS SET OR TIED.
MM INDICATES DATA IS MISSING.
T  INDICATES TRACE AMOUNT.




$$
