000
CDUS43 KDVN 220927
CLIDVN


CLIMATE REPORT
NATIONAL WEATHER SERVICE QUAD CITIES IA IL
419 AM CDT FRI SEP 22 2017


...................................

...THE DAVENPORT IA CLIMATE SUMMARY FOR SEPTEMBER 21 2017...

CLIMATE NORMAL PERIOD 1981 TO 2010
CLIMATE RECORD PERIOD 9999 TO 9999


WEATHER ITEM   OBSERVED TIME   RECORD YEAR NORMAL DEPARTURE LAST
                VALUE   (LST)  VALUE       VALUE  FROM      YEAR
                                                  NORMAL
..................................................................
TEMPERATURE (F)
 YESTERDAY
  MAXIMUM         84    452 PM  MM      MM  73     11       83
  MINIMUM         68    208 AM  MM      MM  49     19       68
  AVERAGE         76                        61     15       76

PRECIPITATION (IN)
  YESTERDAY        0.43         MM      MM   0.12   0.31     0.02
  MONTH TO DATE    3.84                      2.09   1.75     2.34
  SINCE SEP 1      3.84                      2.09   1.75     2.34
  SINCE JAN 1     31.27                     27.91   3.36    34.82

SNOWFALL (IN)
  YESTERDAY        0.0          MM      MM  MM     MM        0.0
  MONTH TO DATE    T                        MM     MM        0.0
  SINCE SEP 1      T                        MM     MM        0.0
  SINCE JUL 1      T                        MM     MM        0.0
  SNOW DEPTH       0

DEGREE DAYS
 HEATING
  YESTERDAY        0                         5     -5        0
  MONTH TO DATE   46                        58    -12        3
  SINCE SEP 1     46                        58    -12        3
  SINCE JUL 1     58                        72    -14        7

 COOLING
  YESTERDAY       11                         1     10       11
  MONTH TO DATE   65                        59      6      133
  SINCE SEP 1     65                        59      6      133
  SINCE JAN 1    686                       763    -77      985
..................................................................


WIND (MPH)
  HIGHEST WIND SPEED    37   HIGHEST WIND DIRECTION     S (180)
  HIGHEST GUST SPEED    45   HIGHEST GUST DIRECTION     S (180)
  AVERAGE WIND SPEED    12.0


SKY COVER
  POSSIBLE SUNSHINE  MM
  AVERAGE SKY COVER 0.2


WEATHER CONDITIONS
 THE FOLLOWING WEATHER WAS RECORDED YESTERDAY.
  THUNDERSTORM
  HEAVY RAIN
  RAIN
  LIGHT RAIN
  FOG


RELATIVE HUMIDITY (PERCENT)
 HIGHEST    82           900 PM
 LOWEST     37          1100 AM
 AVERAGE    60

..........................................................


THE DAVENPORT IA CLIMATE NORMALS FOR TODAY
                         NORMAL    RECORD    YEAR
 MAXIMUM TEMPERATURE (F)   73        MM        MM
 MINIMUM TEMPERATURE (F)   49        MM        MM


SUNRISE AND SUNSET
SEPTEMBER 22 2017.....SUNRISE   650 AM CDT   SUNSET   659 PM CDT
SEPTEMBER 23 2017.....SUNRISE   651 AM CDT   SUNSET   657 PM CDT


-  INDICATES NEGATIVE NUMBERS.
R  INDICATES RECORD WAS SET OR TIED.
MM INDICATES DATA IS MISSING.
T  INDICATES TRACE AMOUNT.




$$
