000
CDUS43 KDVN 111010
CLIDVN


CLIMATE REPORT
NATIONAL WEATHER SERVICE QUAD CITIES IA IL
408 AM CST SUN DEC 11 2016


...................................

...THE DAVENPORT IA CLIMATE SUMMARY FOR DECEMBER 10 2016...

CLIMATE NORMAL PERIOD 1981 TO 2010
CLIMATE RECORD PERIOD 9999 TO 9999


WEATHER ITEM   OBSERVED TIME   RECORD YEAR NORMAL DEPARTURE LAST
                VALUE   (LST)  VALUE       VALUE  FROM      YEAR
                                                  NORMAL
..................................................................
TEMPERATURE (F)
 YESTERDAY
  MAXIMUM         25   1159 PM  MM      MM  35    -10       56
  MINIMUM         18    541 AM  MM      MM  19     -1       44
  AVERAGE         22                        27     -5       50

PRECIPITATION (IN)
  YESTERDAY        0.07         MM      MM   0.07   0.00      T
  MONTH TO DATE    0.58                      0.70  -0.12     0.02
  SINCE DEC 1      0.58                      0.70  -0.12     0.02
  SINCE JAN 1     39.53                     35.00   4.53    42.10

SNOWFALL (IN)
  YESTERDAY        1.4          MM      MM  MM     MM        0.0
  MONTH TO DATE   11.6                      MM     MM        0.5
  SINCE DEC 1     11.6                      MM     MM        0.5
  SINCE JUL 1     11.6                      MM     MM        7.4
  SNOW DEPTH       0

DEGREE DAYS
 HEATING
  YESTERDAY       43                        38      5       15
  MONTH TO DATE  363                       363      0      266
  SINCE DEC 1    363                       363      0      266
  SINCE JUL 1   1218                      1711   -493     1329

 COOLING
  YESTERDAY        0                         0      0        0
  MONTH TO DATE    0                         0      0        0
  SINCE DEC 1      0                         0      0        0
  SINCE JAN 1   1063                       786    277      867
..................................................................


WIND (MPH)
  HIGHEST WIND SPEED    21   HIGHEST WIND DIRECTION    SE (120)
  HIGHEST GUST SPEED    24   HIGHEST GUST DIRECTION    SE (130)
  AVERAGE WIND SPEED     8.6


SKY COVER
  POSSIBLE SUNSHINE  MM
  AVERAGE SKY COVER 1.0


WEATHER CONDITIONS
 THE FOLLOWING WEATHER WAS RECORDED YESTERDAY.
  LIGHT SNOW
  FOG


RELATIVE HUMIDITY (PERCENT)
 HIGHEST    92           300 PM
 LOWEST     60          1200 PM
 AVERAGE    76

..........................................................


THE DAVENPORT IA CLIMATE NORMALS FOR TODAY
                         NORMAL    RECORD    YEAR
 MAXIMUM TEMPERATURE (F)   34        MM        MM
 MINIMUM TEMPERATURE (F)   19        MM        MM


SUNRISE AND SUNSET
DECEMBER 11 2016......SUNRISE   719 AM CST   SUNSET   432 PM CST
DECEMBER 12 2016......SUNRISE   720 AM CST   SUNSET   432 PM CST


-  INDICATES NEGATIVE NUMBERS.
R  INDICATES RECORD WAS SET OR TIED.
MM INDICATES DATA IS MISSING.
T  INDICATES TRACE AMOUNT.




$$
