000
CDUS43 KDVN 261011
CLIDVN


CLIMATE REPORT
NATIONAL WEATHER SERVICE QUAD CITIES IA IL
407 AM CST MON JAN 26 2015


...................................

...THE DAVENPORT IA CLIMATE SUMMARY FOR JANUARY 25 2015...

CLIMATE NORMAL PERIOD 1981 TO 2010
CLIMATE RECORD PERIOD 9999 TO 9999


WEATHER ITEM   OBSERVED TIME   RECORD YEAR NORMAL DEPARTURE LAST
                VALUE   (LST)  VALUE       VALUE  FROM      YEAR
                                                  NORMAL
..................................................................
TEMPERATURE (F)
 YESTERDAY
  MAXIMUM         36   1240 AM  MM      MM  30      6       35
  MINIMUM         13   1027 PM  MM      MM  13      0        7
  AVERAGE         25                        22      3       21

PRECIPITATION (IN)
  YESTERDAY        0.11         MM      MM   0.06   0.05      T
  MONTH TO DATE    0.61                      0.77  -0.16     0.68
  SINCE DEC 1      1.40                      2.50  -1.10     1.80
  SINCE JAN 1      0.61                      0.77  -0.16     0.68

SNOWFALL (IN)
  YESTERDAY        1.3          MM      MM  MM     MM         T
  MONTH TO DATE    9.3                      MM     MM        9.5
  SINCE DEC 1      9.3                      MM     MM       23.4
  SINCE JUL 1     13.3                      MM     MM       26.7
  SNOW DEPTH       0

DEGREE DAYS
 HEATING
  YESTERDAY       40                        44     -4       44
  MONTH TO DATE 1117                      1099     18     1252
  SINCE DEC 1   2190                      2331   -141     2671
  SINCE JUL 1   3795                      3679    116     4084

 COOLING
  YESTERDAY        0                         0      0        0
  MONTH TO DATE    0                         0      0        0
  SINCE DEC 1      0                         0      0        0
  SINCE JAN 1      0                         0      0        0
..................................................................


WIND (MPH)
  HIGHEST WIND SPEED    28   HIGHEST WIND DIRECTION     N (20)
  HIGHEST GUST SPEED    34   HIGHEST GUST DIRECTION    NE (30)
  AVERAGE WIND SPEED    15.0


SKY COVER
  POSSIBLE SUNSHINE  MM
  AVERAGE SKY COVER 0.7


WEATHER CONDITIONS
 THE FOLLOWING WEATHER WAS RECORDED YESTERDAY.
  LIGHT SNOW
  FOG


RELATIVE HUMIDITY (PERCENT)
 HIGHEST    92          1000 AM
 LOWEST     68           500 PM
 AVERAGE    80

..........................................................


THE DAVENPORT IA CLIMATE NORMALS FOR TODAY
                         NORMAL    RECORD    YEAR
 MAXIMUM TEMPERATURE (F)   30        MM        MM
 MINIMUM TEMPERATURE (F)   13        MM        MM


SUNRISE AND SUNSET
JANUARY 26 2015.......SUNRISE   720 AM CST   SUNSET   510 PM CST
JANUARY 27 2015.......SUNRISE   719 AM CST   SUNSET   511 PM CST


-  INDICATES NEGATIVE NUMBERS.
R  INDICATES RECORD WAS SET OR TIED.
MM INDICATES DATA IS MISSING.
T  INDICATES TRACE AMOUNT.




$$
