000
CDUS43 KDVN 242231
CLIDVN


CLIMATE REPORT
NATIONAL WEATHER SERVICE QUAD CITIES IA IL
420 PM CST TUE JAN 24 2017


...................................

...THE DAVENPORT IA CLIMATE SUMMARY FOR JANUARY 24 2017...
VALID TODAY AS OF 0400 PM LOCAL TIME.

CLIMATE NORMAL PERIOD 1981 TO 2010
CLIMATE RECORD PERIOD 9999 TO 9999


WEATHER ITEM   OBSERVED TIME   RECORD YEAR NORMAL DEPARTURE LAST
                VALUE   (LST)  VALUE       VALUE  FROM      YEAR
                                                  NORMAL
..................................................................
TEMPERATURE (F)
 TODAY
  MAXIMUM         36    359 PM  MM      MM  30      6       36
  MINIMUM         32    654 AM  MM      MM  13     19       21
  AVERAGE         34                        21     13       29

PRECIPITATION (IN)
  TODAY            T            MM      MM   0.05  -0.05      T
  MONTH TO DATE    1.03                      0.71   0.32     0.25
  SINCE DEC 1      2.41                      2.44  -0.03     4.69
  SINCE JAN 1      1.03                      0.71   0.32     0.25

SNOWFALL (IN)
  TODAY            T            MM      MM  MM     MM         T
  MONTH TO DATE    T                        MM     MM        1.6
  SINCE DEC 1     16.5                      MM     MM        5.9
  SINCE JUL 1     16.5                      MM     MM       12.8
  SNOW DEPTH       0

DEGREE DAYS
 HEATING
  TODAY           31                        44    -13       36
  MONTH TO DATE  926                      1055   -129     1076
  SINCE DEC 1   2168                      2287   -119     1929
  SINCE JUL 1   3023                      3635   -612     2992

 COOLING
  TODAY            0                         0      0        0
  MONTH TO DATE    0                         0      0        0
  SINCE DEC 1      0                         0      0        0
  SINCE JAN 1      0                         0      0        0
..................................................................


WIND (MPH)
  HIGHEST WIND SPEED    16   HIGHEST WIND DIRECTION     E (110)
  HIGHEST GUST SPEED    19   HIGHEST GUST DIRECTION     E (100)
  AVERAGE WIND SPEED     5.7


SKY COVER
  POSSIBLE SUNSHINE  MM
  AVERAGE SKY COVER 1.0


WEATHER CONDITIONS
 THE FOLLOWING WEATHER WAS RECORDED TODAY.
  LIGHT SNOW
  FOG


RELATIVE HUMIDITY (PERCENT)
 HIGHEST    92           400 AM
 LOWEST     75          1000 AM
 AVERAGE    84

..........................................................


THE DAVENPORT IA CLIMATE NORMALS FOR TOMORROW
                         NORMAL    RECORD    YEAR
 MAXIMUM TEMPERATURE (F)   30        MM        MM
 MINIMUM TEMPERATURE (F)   13        MM        MM


SUNRISE AND SUNSET
JANUARY 24 2017.......SUNRISE   721 AM CST   SUNSET   508 PM CST
JANUARY 25 2017.......SUNRISE   720 AM CST   SUNSET   510 PM CST


-  INDICATES NEGATIVE NUMBERS.
R  INDICATES RECORD WAS SET OR TIED.
MM INDICATES DATA IS MISSING.
T  INDICATES TRACE AMOUNT.




$$
