000
CDUS43 KDVN 290913
CLIDVN


CLIMATE REPORT
NATIONAL WEATHER SERVICE QUAD CITIES IA IL
411 AM CDT FRI AUG 29 2014


...................................

...THE DAVENPORT IA CLIMATE SUMMARY FOR AUGUST 28 2014...

CLIMATE NORMAL PERIOD 1981 TO 2010
CLIMATE RECORD PERIOD 9999 TO 9999


WEATHER ITEM   OBSERVED TIME   RECORD YEAR NORMAL DEPARTURE LAST
                VALUE   (LST)  VALUE       VALUE  FROM      YEAR
                                                  NORMAL
..................................................................
TEMPERATURE (F)
 YESTERDAY
  MAXIMUM         72   1113 AM  MM      MM  80     -8       94
  MINIMUM         64    438 AM  MM      MM  59      5       71
  AVERAGE         68                        70     -2       83

PRECIPITATION (IN)
  YESTERDAY        0.59         MM      MM   0.11   0.48     0.00
  MONTH TO DATE    3.24                      4.18  -0.94     1.01
  SINCE JUN 1     13.03                     12.57   0.46     7.42
  SINCE JAN 1     24.59                     25.38  -0.79    28.39

SNOWFALL (IN)
  YESTERDAY        0.0          MM      MM  MM     MM        0.0
  MONTH TO DATE    0.0                      MM     MM        0.0
  SINCE JUN 1      0.0                      MM     MM        0.0
  SINCE JUL 1      0.0                      MM     MM        0.0
  SNOW DEPTH       0

DEGREE DAYS
 HEATING
  YESTERDAY        0                         1     -1        0
  MONTH TO DATE    3                         2      1        7
  SINCE JUN 1     25                        30     -5       43
  SINCE JUL 1     21                         6     15       19

 COOLING
  YESTERDAY        3                         5     -2       18
  MONTH TO DATE  185                       190     -5      192
  SINCE JUN 1    525                       630   -105      629
  SINCE JAN 1    633                       691    -58      724
..................................................................


WIND (MPH)
  HIGHEST WIND SPEED    17   HIGHEST WIND DIRECTION     E (110)
  HIGHEST GUST SPEED    21   HIGHEST GUST DIRECTION     E (110)
  AVERAGE WIND SPEED    10.6


SKY COVER
  POSSIBLE SUNSHINE  MM
  AVERAGE SKY COVER 0.6


WEATHER CONDITIONS
 THE FOLLOWING WEATHER WAS RECORDED YESTERDAY.
  THUNDERSTORM
  HEAVY RAIN
  RAIN
  LIGHT RAIN
  FOG


RELATIVE HUMIDITY (PERCENT)
 HIGHEST    93           400 AM
 LOWEST     68          1100 AM
 AVERAGE    81

..........................................................


THE DAVENPORT IA CLIMATE NORMALS FOR TODAY
                         NORMAL    RECORD    YEAR
 MAXIMUM TEMPERATURE (F)   80        MM        MM
 MINIMUM TEMPERATURE (F)   58        MM        MM


SUNRISE AND SUNSET
AUGUST 29 2014........SUNRISE   625 AM CDT   SUNSET   740 PM CDT
AUGUST 30 2014........SUNRISE   626 AM CDT   SUNSET   739 PM CDT


-  INDICATES NEGATIVE NUMBERS.
R  INDICATES RECORD WAS SET OR TIED.
MM INDICATES DATA IS MISSING.
T  INDICATES TRACE AMOUNT.




$$
