000
CDUS43 KDVN 120925
CLIDVN


CLIMATE REPORT
NATIONAL WEATHER SERVICE QUAD CITIES IA IL
423 AM CDT SAT JUL 12 2014


...................................

...THE DAVENPORT IA CLIMATE SUMMARY FOR JULY 11 2014...

CLIMATE NORMAL PERIOD 1981 TO 2010
CLIMATE RECORD PERIOD 9999 TO 9999


WEATHER ITEM   OBSERVED TIME   RECORD YEAR NORMAL DEPARTURE LAST
                VALUE   (LST)  VALUE       VALUE  FROM      YEAR
                                                  NORMAL
..................................................................
TEMPERATURE (F)
 YESTERDAY
  MAXIMUM         81    220 PM  MM      MM  84     -3       80
  MINIMUM         61    223 AM  MM      MM  63     -2       57
  AVERAGE         71                        73     -2       69

PRECIPITATION (IN)
  YESTERDAY        T            MM      MM   0.13  -0.13     0.00
  MONTH TO DATE    0.35                      1.30  -0.95     0.49
  SINCE JUN 1      8.58                      5.49   3.09     4.92
  SINCE JAN 1     20.14                     18.30   1.84    25.89

SNOWFALL (IN)
  YESTERDAY        0.0          MM      MM  MM     MM        0.0
  MONTH TO DATE    0.0                      MM     MM        0.0
  SINCE JUN 1      0.0                      MM     MM        0.0
  SINCE JUL 1      0.0                      MM     MM        0.0
  SNOW DEPTH       0

DEGREE DAYS
 HEATING
  YESTERDAY        0                         0      0        0
  MONTH TO DATE    4                         0      4        0
  SINCE JUN 1      8                        24    -16       24
  SINCE JUL 1      4                         0      4        0

 COOLING
  YESTERDAY        6                         9     -3        4
  MONTH TO DATE   46                        92    -46       89
  SINCE JUN 1    259                       274    -15      285
  SINCE JAN 1    367                       335     32      380
..................................................................


WIND (MPH)
  HIGHEST WIND SPEED    22   HIGHEST WIND DIRECTION     S (160)
  HIGHEST GUST SPEED    27   HIGHEST GUST DIRECTION    SE (150)
  AVERAGE WIND SPEED    10.2


SKY COVER
  POSSIBLE SUNSHINE  MM
  AVERAGE SKY COVER 0.1


WEATHER CONDITIONS
 THE FOLLOWING WEATHER WAS RECORDED YESTERDAY.
  LIGHT RAIN


RELATIVE HUMIDITY (PERCENT)
 HIGHEST    84           600 AM
 LOWEST     58           100 PM
 AVERAGE    71

..........................................................


THE DAVENPORT IA CLIMATE NORMALS FOR TODAY
                         NORMAL    RECORD    YEAR
 MAXIMUM TEMPERATURE (F)   84        MM        MM
 MINIMUM TEMPERATURE (F)   63        MM        MM


SUNRISE AND SUNSET
JULY 12 2014..........SUNRISE   539 AM CDT   SUNSET   837 PM CDT
JULY 13 2014..........SUNRISE   540 AM CDT   SUNSET   836 PM CDT


-  INDICATES NEGATIVE NUMBERS.
R  INDICATES RECORD WAS SET OR TIED.
MM INDICATES DATA IS MISSING.
T  INDICATES TRACE AMOUNT.




$$
