000
CDUS43 KDVN 302130
CLIDVN


CLIMATE REPORT
NATIONAL WEATHER SERVICE QUAD CITIES IA IL
428 PM CDT SUN AUG 30 2015


...................................

...THE DAVENPORT IA CLIMATE SUMMARY FOR AUGUST 30 2015...
VALID TODAY AS OF 0400 PM LOCAL TIME.

CLIMATE NORMAL PERIOD 1981 TO 2010
CLIMATE RECORD PERIOD 9999 TO 9999


WEATHER ITEM   OBSERVED TIME   RECORD YEAR NORMAL DEPARTURE LAST
                VALUE   (LST)  VALUE       VALUE  FROM      YEAR
                                                  NORMAL
..................................................................
TEMPERATURE (F)
 TODAY
  MAXIMUM         79    257 PM  MM      MM  80     -1       80
  MINIMUM         57    435 AM  MM      MM  58     -1       63
  AVERAGE         68                        69     -1       72

PRECIPITATION (IN)
  TODAY            0.00         MM      MM   0.15  -0.15     0.05
  MONTH TO DATE    3.33                      4.45  -1.12     3.34
  SINCE JUN 1     17.91                     12.84   5.07    13.13
  SINCE JAN 1     28.55                     25.65   2.90    24.69

SNOWFALL (IN)
  TODAY            0.0          MM      MM  MM     MM        0.0
  MONTH TO DATE    0.0                      MM     MM        0.0
  SINCE JUN 1      0.0                      MM     MM        0.0
  SINCE JUL 1      0.0                      MM     MM        0.0
  SNOW DEPTH       0

DEGREE DAYS
 HEATING
  TODAY            0                         1     -1        0
  MONTH TO DATE    9                         4      5        3
  SINCE JUN 1     21                        32    -11       25
  SINCE JUL 1     14                         8      6       21

 COOLING
  TODAY            3                         5     -2        7
  MONTH TO DATE  159                       200    -41      204
  SINCE JUN 1    574                       640    -66      544
  SINCE JAN 1    654                       701    -47      652
..................................................................


WIND (MPH)
  HIGHEST WIND SPEED     7   HIGHEST WIND DIRECTION     N (360)
  HIGHEST GUST SPEED    10   HIGHEST GUST DIRECTION    NW (330)
  AVERAGE WIND SPEED     1.9


SKY COVER
  POSSIBLE SUNSHINE  MM
  AVERAGE SKY COVER 0.9


WEATHER CONDITIONS
 THE FOLLOWING WEATHER WAS RECORDED TODAY.
  FOG
  FOG W/VISIBILITY <= 1/4 MILE


RELATIVE HUMIDITY (PERCENT)
 HIGHEST   100           100 AM
 LOWEST     62           200 PM
 AVERAGE    81

..........................................................


THE DAVENPORT IA CLIMATE NORMALS FOR TOMORROW
                         NORMAL    RECORD    YEAR
 MAXIMUM TEMPERATURE (F)   80        MM        MM
 MINIMUM TEMPERATURE (F)   58        MM        MM


SUNRISE AND SUNSET
AUGUST 30 2015........SUNRISE   626 AM CDT   SUNSET   739 PM CDT
AUGUST 31 2015........SUNRISE   627 AM CDT   SUNSET   737 PM CDT


-  INDICATES NEGATIVE NUMBERS.
R  INDICATES RECORD WAS SET OR TIED.
MM INDICATES DATA IS MISSING.
T  INDICATES TRACE AMOUNT.




$$
