000
CDUS43 KDVN 250929
CLIDVN


CLIMATE REPORT
NATIONAL WEATHER SERVICE QUAD CITIES IA IL
429 AM CDT MON MAY 25 2015


...................................

...THE DAVENPORT IA CLIMATE SUMMARY FOR MAY 24 2015...

CLIMATE NORMAL PERIOD 1981 TO 2010
CLIMATE RECORD PERIOD 9999 TO 9999


WEATHER ITEM   OBSERVED TIME   RECORD YEAR NORMAL DEPARTURE LAST
                VALUE   (LST)  VALUE       VALUE  FROM      YEAR
                                                  NORMAL
..................................................................
TEMPERATURE (F)
 YESTERDAY
  MAXIMUM         75    330 PM  MM      MM  75      0       76
  MINIMUM         58    651 AM  MM      MM  53      5       49
  AVERAGE         67                        64      3       63

PRECIPITATION (IN)
  YESTERDAY        1.02         MM      MM   0.16   0.86     0.00
  MONTH TO DATE    3.88                      3.30   0.58     3.31
  SINCE MAR 1      6.63                      9.33  -2.70     8.41
  SINCE JAN 1      9.20                     11.86  -2.66    11.20

SNOWFALL (IN)
  YESTERDAY        0.0          MM      MM  MM     MM        0.0
  MONTH TO DATE    T                        MM     MM         T
  SINCE MAR 1      0.3                      MM     MM        7.4
  SINCE JUL 1     32.5                      MM     MM       50.2
  SNOW DEPTH       0

DEGREE DAYS
 HEATING
  YESTERDAY        0                         4     -4        2
  MONTH TO DATE  116                       162    -46      173
  SINCE MAR 1   1406                      1441    -35     1689
  SINCE JUL 1   6902                      6466    436     7552

 COOLING
  YESTERDAY        2                         2      0        0
  MONTH TO DATE   47                        34     13       46
  SINCE MAR 1     48                        40      8       52
  SINCE JAN 1     48                        40      8       52
..................................................................


WIND (MPH)
  HIGHEST WIND SPEED    29   HIGHEST WIND DIRECTION    SW (210)
  HIGHEST GUST SPEED    42   HIGHEST GUST DIRECTION     S (200)
  AVERAGE WIND SPEED    10.4


SKY COVER
  POSSIBLE SUNSHINE  MM
  AVERAGE SKY COVER 0.9


WEATHER CONDITIONS
 THE FOLLOWING WEATHER WAS RECORDED YESTERDAY.
  THUNDERSTORM
  HEAVY RAIN
  RAIN
  LIGHT RAIN
  FOG
  HAZE


RELATIVE HUMIDITY (PERCENT)
 HIGHEST    90          1000 AM
 LOWEST     45           100 AM
 AVERAGE    68

..........................................................


THE DAVENPORT IA CLIMATE NORMALS FOR TODAY
                         NORMAL    RECORD    YEAR
 MAXIMUM TEMPERATURE (F)   75        MM        MM
 MINIMUM TEMPERATURE (F)   53        MM        MM


SUNRISE AND SUNSET
MAY 25 2015...........SUNRISE   535 AM CDT   SUNSET   824 PM CDT
MAY 26 2015...........SUNRISE   534 AM CDT   SUNSET   825 PM CDT


-  INDICATES NEGATIVE NUMBERS.
R  INDICATES RECORD WAS SET OR TIED.
MM INDICATES DATA IS MISSING.
T  INDICATES TRACE AMOUNT.




$$
