493
CDUS43 KDVN 172226
CLIDVN


CLIMATE REPORT
NATIONAL WEATHER SERVICE QUAD CITIES IA IL
426 PM CST SAT FEB 17 2018


...................................

...THE DAVENPORT IA CLIMATE SUMMARY FOR FEBRUARY 17 2018...
VALID TODAY AS OF 0400 PM LOCAL TIME.

CLIMATE NORMAL PERIOD 1981 TO 2010
CLIMATE RECORD PERIOD 9999 TO 9999


WEATHER ITEM   OBSERVED TIME   RECORD YEAR NORMAL DEPARTURE LAST
                VALUE   (LST)  VALUE       VALUE  FROM      YEAR
                                                  NORMAL
..................................................................
TEMPERATURE (F)
 TODAY
  MAXIMUM         34   1154 AM  MM      MM  35     -1       71
  MINIMUM         15    322 AM  MM      MM  18     -3       29
  AVERAGE         25                        27     -2       50

PRECIPITATION (IN)
  TODAY            0.12         MM      MM   0.04   0.08     0.00
  MONTH TO DATE    0.89                      0.74   0.15     0.23
  SINCE DEC 1      1.77                      3.66  -1.89     2.75
  SINCE JAN 1      1.23                      1.93  -0.70     1.37

SNOWFALL (IN)
  TODAY            1.5          MM      MM  MM     MM        0.0
  MONTH TO DATE   16.0                      MM     MM        1.2
  SINCE DEC 1     24.2                      MM     MM       18.3
  SINCE JUL 1     24.3                      MM     MM       18.3
  SNOW DEPTH       T

DEGREE DAYS
 HEATING
  TODAY           40                        38      2       15
  MONTH TO DATE  805                       692    113      574
  SINCE DEC 1   3354                      3280     74     2991
  SINCE JUL 1   4564                      4628    -64     3846

 COOLING
  TODAY            0                         0      0        0
  MONTH TO DATE    0                         0      0        0
  SINCE DEC 1      0                         0      0        0
  SINCE JAN 1      0                         0      0        0
..................................................................


WIND (MPH)
  HIGHEST WIND SPEED    20   HIGHEST WIND DIRECTION     W (280)
  HIGHEST GUST SPEED    24   HIGHEST GUST DIRECTION     W (280)
  AVERAGE WIND SPEED     9.8


SKY COVER
  POSSIBLE SUNSHINE  MM
  AVERAGE SKY COVER 0.6


WEATHER CONDITIONS
 THE FOLLOWING WEATHER WAS RECORDED TODAY.
  HEAVY SNOW
  SNOW
  LIGHT SNOW
  FOG
  FOG W/VISIBILITY <= 1/4 MILE
  HAZE


RELATIVE HUMIDITY (PERCENT)
 HIGHEST    85           200 PM
 LOWEST     62           500 AM
 AVERAGE    74

..........................................................


THE DAVENPORT IA CLIMATE NORMALS FOR TOMORROW
                         NORMAL    RECORD    YEAR
 MAXIMUM TEMPERATURE (F)   35        MM        MM
 MINIMUM TEMPERATURE (F)   19        MM        MM


SUNRISE AND SUNSET
FEBRUARY 17 2018......SUNRISE   655 AM CST   SUNSET   538 PM CST
FEBRUARY 18 2018......SUNRISE   653 AM CST   SUNSET   540 PM CST


-  INDICATES NEGATIVE NUMBERS.
R  INDICATES RECORD WAS SET OR TIED.
MM INDICATES DATA IS MISSING.
T  INDICATES TRACE AMOUNT.




$$
