000
CDUS46 KOTX 282338
CLIEAT


CLIMATE REPORT
NATIONAL WEATHER SERVICE SPOKANE, WA
436 PM PDT THU AUG 28 2014


...................................

...THE WENATCHEE WA PANGBORN FIELD CLIMATE SUMMARY FOR AUGUST 28 2014...
VALID AS OF 0400 PM LOCAL TIME.

CLIMATE NORMAL PERIOD 1981 TO 2010
CLIMATE RECORD PERIOD 1959 TO 2014


WEATHER ITEM   OBSERVED TIME   RECORD YEAR NORMAL DEPARTURE LAST
                VALUE   (LST)  VALUE       VALUE  FROM      YEAR
                                                  NORMAL
..................................................................
TEMPERATURE (F)
 TODAY
  MAXIMUM         89    208 PM  99    1972  83      6       86
  MINIMUM         69    600 AM  45    2010  58     11       61
                                      1984
  AVERAGE         79                        70      9       74

PRECIPITATION (IN)
  TODAY            0.00          0.12 1975   0.01  -0.01      T
  MONTH TO DATE    0.83                      0.18   0.65     1.87
  SINCE OCT 1      4.52                      7.65  -3.13     9.64
  SINCE JAN 1      3.96                      4.70  -0.74     5.84

SNOWFALL (IN)
  TODAY           MM             0.0  1999   0.0   MM       MM
  MONTH TO DATE   MM                         0.0   MM       MM
  SINCE JUN 1     MM                         0.0   MM       MM
  SINCE JUL 1     MM                         0.0   MM       MM
  SNOW DEPTH      MM

DEGREE DAYS
 HEATING
  TODAY            0                         0      0        0
  MONTH TO DATE    0                         0      0        0
  SINCE JUN 1     15                        65    -50       35
  SINCE JUL 1      0                         7     -7        0

 COOLING
  TODAY           14                         6      8        9
  MONTH TO DATE  371                       251    120      278
  SINCE JUN 1   1018                       812    206      803
  SINCE JAN 1   1076                       959    117      863
..................................................................


WIND (MPH)
  HIGHEST WIND SPEED    21   HIGHEST WIND DIRECTION    NW (300)
  HIGHEST GUST SPEED    26   HIGHEST GUST DIRECTION    NW (310)
  AVERAGE WIND SPEED    12.4


SKY COVER
  POSSIBLE SUNSHINE  MM
  AVERAGE SKY COVER 0.0


WEATHER CONDITIONS
 THE FOLLOWING WEATHER WAS RECORDED TODAY.
  NO SIGNIFICANT WEATHER WAS OBSERVED.


RELATIVE HUMIDITY (PERCENT)
 HIGHEST    47           600 AM
 LOWEST     21           300 PM
 AVERAGE    34

..........................................................


THE WENATCHEE WA PANGBORN FIELD CLIMATE NORMALS FOR TOMORROW
                         NORMAL    RECORD    YEAR
 MAXIMUM TEMPERATURE (F)   83       100      1998
 MINIMUM TEMPERATURE (F)   58        46      1980


SUNRISE AND SUNSET
AUGUST 28 2014........SUNRISE   614 AM PDT   SUNSET   748 PM PDT
AUGUST 29 2014........SUNRISE   616 AM PDT   SUNSET   747 PM PDT


-  INDICATES NEGATIVE NUMBERS.
R  INDICATES RECORD WAS SET OR TIED.
MM INDICATES DATA IS MISSING.
T  INDICATES TRACE AMOUNT.




$$
