000
CDUS46 KOTX 232336
CLIEAT


CLIMATE REPORT
NATIONAL WEATHER SERVICE SPOKANE, WA
436 PM PDT SAT SEP 23 2017


...................................

...THE WENATCHEE WA PANGBORN FIELD CLIMATE SUMMARY FOR SEPTEMBER 23 2017...
VALID AS OF 0400 PM LOCAL TIME.

CLIMATE NORMAL PERIOD 1981 TO 2010
CLIMATE RECORD PERIOD 1959 TO 2017


WEATHER ITEM   OBSERVED TIME   RECORD YEAR NORMAL DEPARTURE LAST
                VALUE   (LST)  VALUE       VALUE  FROM      YEAR
                                                  NORMAL
..................................................................
TEMPERATURE (F)
 TODAY
  MAXIMUM         70    258 PM  90    1974  74     -4       64
  MINIMUM         48    559 AM  36    1996  50     -2       52
  AVERAGE         59                        62     -3       58

PRECIPITATION (IN)
  TODAY            0.00          0.30 1977   0.02  -0.02     0.01
  MONTH TO DATE    0.02                      0.26  -0.24     0.05
  SINCE OCT 1      9.90                      7.93   1.97    11.21
  SINCE JAN 1      7.08                      4.98   2.10     7.35

SNOWFALL (IN)
  TODAY           MM

DEGREE DAYS
 HEATING
  TODAY            6                         5      1        7
  MONTH TO DATE   78                        57     21       64
  SINCE SEP 1     78                        57     21       64
  SINCE JUL 1     78                        71      7       68

 COOLING
  TODAY            0                         1     -1        0
  MONTH TO DATE  113                        75     38       17
  SINCE SEP 1    113                        75     38       17
  SINCE JAN 1   1058                       863    195      790
..................................................................


WIND (MPH)
  HIGHEST WIND SPEED    12   HIGHEST WIND DIRECTION    SE (120)
  HIGHEST GUST SPEED    14   HIGHEST GUST DIRECTION    SE (120)
  AVERAGE WIND SPEED     2.8


SKY COVER
  POSSIBLE SUNSHINE  MM
  AVERAGE SKY COVER 0.2


WEATHER CONDITIONS
 THE FOLLOWING WEATHER WAS RECORDED TODAY.
  NO SIGNIFICANT WEATHER WAS OBSERVED.


RELATIVE HUMIDITY (PERCENT)
 HIGHEST    80           600 AM
 LOWEST     29           100 PM
 AVERAGE    55

..........................................................


THE WENATCHEE WA PANGBORN FIELD CLIMATE NORMALS FOR TOMORROW
                         NORMAL    RECORD    YEAR
 MAXIMUM TEMPERATURE (F)   73        90      2009
 MINIMUM TEMPERATURE (F)   49        38      1984


SUNRISE AND SUNSET
SEPTEMBER 23 2017.....SUNRISE   649 AM PDT   SUNSET   656 PM PDT
SEPTEMBER 24 2017.....SUNRISE   651 AM PDT   SUNSET   654 PM PDT


-  INDICATES NEGATIVE NUMBERS.
R  INDICATES RECORD WAS SET OR TIED.
MM INDICATES DATA IS MISSING.
T  INDICATES TRACE AMOUNT.




$$
