000
CDUS46 KOTX 250827
CLIEAT


CLIMATE REPORT
NATIONAL WEATHER SERVICE SPOKANE, WA
127 AM PDT WED MAY 25 2016


...................................

...THE WENATCHEE WA PANGBORN FIELD CLIMATE SUMMARY FOR MAY 24 2016...

CLIMATE NORMAL PERIOD 1981 TO 2010
CLIMATE RECORD PERIOD 1959 TO 2016


WEATHER ITEM   OBSERVED TIME   RECORD YEAR NORMAL DEPARTURE LAST
                VALUE   (LST)  VALUE       VALUE  FROM      YEAR
                                                  NORMAL
..................................................................
TEMPERATURE (F)
 YESTERDAY
  MAXIMUM         76    259 PM  90    2001  73      3       83
                                      1992
  MINIMUM         52    436 AM  35    1975  51      1       60
  AVERAGE         64                        62      2       72

PRECIPITATION (IN)
  YESTERDAY        0.00          0.50 1962   0.02  -0.02     0.00
  MONTH TO DATE    0.94                      0.48   0.46     1.17
  SINCE OCT 1     10.24                      6.40   3.84     6.83
  SINCE JAN 1      6.38                      3.45   2.93     3.65

SNOWFALL (IN)
  YESTERDAY       MM

DEGREE DAYS
 HEATING
  YESTERDAY        1                         5     -4        0
  MONTH TO DATE   57                       173   -116       74
  SINCE MAR 1    823                      1225   -402      869
  SINCE JUL 1   4696                      5689   -993     4498

 COOLING
  YESTERDAY        0                         2     -2        7
  MONTH TO DATE   25                        22      3       49
  SINCE MAR 1     37                        60    -23       49
  SINCE JAN 1     37                        60    -23       49
..................................................................


WIND (MPH)
  HIGHEST WIND SPEED    21   HIGHEST WIND DIRECTION    NW (300)
  HIGHEST GUST SPEED    25   HIGHEST GUST DIRECTION    NW (310)
  AVERAGE WIND SPEED     9.1


SKY COVER
  POSSIBLE SUNSHINE  MM
  AVERAGE SKY COVER 0.4


WEATHER CONDITIONS
 THE FOLLOWING WEATHER WAS RECORDED YESTERDAY.
  NO SIGNIFICANT WEATHER WAS OBSERVED.


RELATIVE HUMIDITY (PERCENT)
 HIGHEST    64           600 AM
 LOWEST     23           300 PM
 AVERAGE    44

..........................................................


THE WENATCHEE WA PANGBORN FIELD CLIMATE NORMALS FOR TODAY
                         NORMAL    RECORD    YEAR
 MAXIMUM TEMPERATURE (F)   74        93      1992
 MINIMUM TEMPERATURE (F)   51        39      1984


SUNRISE AND SUNSET
MAY 25 2016...........SUNRISE   513 AM PDT   SUNSET   843 PM PDT
MAY 26 2016...........SUNRISE   512 AM PDT   SUNSET   844 PM PDT


-  INDICATES NEGATIVE NUMBERS.
R  INDICATES RECORD WAS SET OR TIED.
MM INDICATES DATA IS MISSING.
T  INDICATES TRACE AMOUNT.




$$
