000
CDUS46 KOTX 020823
CLIEAT


CLIMATE REPORT
NATIONAL WEATHER SERVICE SPOKANE, WA
123 AM PDT THU OCT 2 2014


...................................

...THE WENATCHEE WA PANGBORN FIELD CLIMATE SUMMARY FOR OCTOBER 1 2014...

CLIMATE NORMAL PERIOD 1981 TO 2010
CLIMATE RECORD PERIOD 1959 TO 2014


WEATHER ITEM   OBSERVED TIME   RECORD YEAR NORMAL DEPARTURE LAST
                VALUE   (LST)  VALUE       VALUE  FROM      YEAR
                                                  NORMAL
..................................................................
TEMPERATURE (F)
 YESTERDAY
  MAXIMUM         71    315 PM  87    1992  70      1       60
  MINIMUM         48    607 AM  35    1983  47      1       38
  AVERAGE         60                        58      2       49

PRECIPITATION (IN)
  YESTERDAY        0.00          0.11 1966   0.01  -0.01     0.00
  MONTH TO DATE    0.00                      0.01  -0.01     0.00
  SINCE OCT 1      0.00                      0.01  -0.01     0.00
  SINCE JAN 1      4.12                      5.07  -0.95     6.69

SNOWFALL (IN)
  YESTERDAY       MM             0.0  1999   0.0   MM       MM
  MONTH TO DATE   MM                         0.0   MM       MM
  SINCE SEP 1     MM                         0.0   MM       MM
  SINCE JUL 1     MM                         0.0   MM       MM
  SNOW DEPTH      MM

DEGREE DAYS
 HEATING
  YESTERDAY        5                         7     -2       16
  MONTH TO DATE    5                         7     -2       16
  SINCE SEP 1     40                       105    -65      112
  SINCE JUL 1     40                       119    -79      112

 COOLING
  YESTERDAY        0                         0      0        0
  MONTH TO DATE    0                         0      0        0
  SINCE SEP 1    110                         2    108      147
  SINCE JAN 1   1201                       790    411     1028
..................................................................


WIND (MPH)
  HIGHEST WIND SPEED    24   HIGHEST WIND DIRECTION    NW (300)
  HIGHEST GUST SPEED    29   HIGHEST GUST DIRECTION    NW (300)
  AVERAGE WIND SPEED    10.5


SKY COVER
  POSSIBLE SUNSHINE  MM
  AVERAGE SKY COVER 0.0


WEATHER CONDITIONS
 THE FOLLOWING WEATHER WAS RECORDED YESTERDAY.
  HAZE


RELATIVE HUMIDITY (PERCENT)
 HIGHEST    61           600 AM
 LOWEST     25           300 PM
 AVERAGE    43

..........................................................


THE WENATCHEE WA PANGBORN FIELD CLIMATE NORMALS FOR TODAY
                         NORMAL    RECORD    YEAR
 MAXIMUM TEMPERATURE (F)   69        83      1988
 MINIMUM TEMPERATURE (F)   46        37      1999


SUNRISE AND SUNSET
OCTOBER  2 2014.......SUNRISE   701 AM PDT   SUNSET   638 PM PDT
OCTOBER  3 2014.......SUNRISE   703 AM PDT   SUNSET   636 PM PDT


-  INDICATES NEGATIVE NUMBERS.
R  INDICATES RECORD WAS SET OR TIED.
MM INDICATES DATA IS MISSING.
T  INDICATES TRACE AMOUNT.




$$
