000
CDUS46 KOTX 290833
CLIEAT


CLIMATE REPORT
NATIONAL WEATHER SERVICE SPOKANE, WA
132 AM PDT TUE JUL 29 2014


...................................

...THE WENATCHEE WA PANGBORN FIELD CLIMATE SUMMARY FOR JULY 28 2014...

CLIMATE NORMAL PERIOD 1981 TO 2010
CLIMATE RECORD PERIOD 1959 TO 2014


WEATHER ITEM   OBSERVED TIME   RECORD YEAR NORMAL DEPARTURE LAST
                VALUE   (LST)  VALUE       VALUE  FROM      YEAR
                                                  NORMAL
..................................................................
TEMPERATURE (F)
 YESTERDAY
  MAXIMUM        103    451 PM 105    1998  89     14       89
  MINIMUM         67    504 AM  52    1995  63      4       63
  AVERAGE         85                        76      9       76

PRECIPITATION (IN)
  YESTERDAY        0.00          0.27 1993   0.01  -0.01     0.00
  MONTH TO DATE    0.38                      0.25   0.13     0.06
  SINCE OCT 1      3.69                      7.45  -3.76     7.77
  SINCE JAN 1      3.13                      4.50  -1.37     3.97

SNOWFALL (IN)
  YESTERDAY       MM             0.0  2000   0.0   MM       MM
  MONTH TO DATE   MM                         0.0   MM       MM
  SINCE JUN 1     MM                         0.0   MM       MM
  SINCE JUL 1     MM                         0.0   MM       MM
  SNOW DEPTH      MM

DEGREE DAYS
 HEATING
  YESTERDAY        0                         0      0        0
  MONTH TO DATE    0                         2     -2        0
  SINCE JUN 1     15                        60    -45       35
  SINCE JUL 1      0                         2     -2        0

 COOLING
  YESTERDAY       20                        11      9       11
  MONTH TO DATE  424                       257    167      384
  SINCE JUN 1    580                       549     31      490
  SINCE JAN 1    638                       696    -58      550
..................................................................


WIND (MPH)
  HIGHEST WIND SPEED    16   HIGHEST WIND DIRECTION     W (280)
  HIGHEST GUST SPEED    18   HIGHEST GUST DIRECTION     W (280)
  AVERAGE WIND SPEED     6.1


SKY COVER
  POSSIBLE SUNSHINE  MM
  AVERAGE SKY COVER 0.0


WEATHER CONDITIONS
 THE FOLLOWING WEATHER WAS RECORDED YESTERDAY.
  NO SIGNIFICANT WEATHER WAS OBSERVED.


RELATIVE HUMIDITY (PERCENT)
 HIGHEST    56           500 AM
 LOWEST     10           500 PM
 AVERAGE    33

..........................................................


THE WENATCHEE WA PANGBORN FIELD CLIMATE NORMALS FOR TODAY
                         NORMAL    RECORD    YEAR
 MAXIMUM TEMPERATURE (F)   89       102      2003
                                             1982
 MINIMUM TEMPERATURE (F)   63        52      1983


SUNRISE AND SUNSET
JULY 29 2014..........SUNRISE   535 AM PDT   SUNSET   838 PM PDT
JULY 30 2014..........SUNRISE   537 AM PDT   SUNSET   837 PM PDT


-  INDICATES NEGATIVE NUMBERS.
R  INDICATES RECORD WAS SET OR TIED.
MM INDICATES DATA IS MISSING.
T  INDICATES TRACE AMOUNT.




$$
