000
CDUS46 KOTX 250925
CLIEAT


CLIMATE REPORT
NATIONAL WEATHER SERVICE SPOKANE, WA
224 AM PDT SUN SEP 25 2016


...................................

...THE WENATCHEE WA PANGBORN FIELD CLIMATE SUMMARY FOR SEPTEMBER 24 2016...

CLIMATE NORMAL PERIOD 1981 TO 2010
CLIMATE RECORD PERIOD 1959 TO 2016


WEATHER ITEM   OBSERVED TIME   RECORD YEAR NORMAL DEPARTURE LAST
                VALUE   (LST)  VALUE       VALUE  FROM      YEAR
                                                  NORMAL
..................................................................
TEMPERATURE (F)
 YESTERDAY
  MAXIMUM         72    257 PM  90    2009  73     -1       77
  MINIMUM         49    630 AM  38    1984  49      0       51
  AVERAGE         61                        61      0       64

PRECIPITATION (IN)
  YESTERDAY        0.00          0.09 1982   0.01  -0.01     0.00
                                      1982
                                      2014
  MONTH TO DATE    0.05                      0.27  -0.22     0.40
  SINCE OCT 1     11.21                      7.94   3.27     7.57
  SINCE JAN 1      7.35                      4.99   2.36     4.39

SNOWFALL (IN)
  YESTERDAY       MM

DEGREE DAYS
 HEATING
  YESTERDAY        4                         5     -1        1
  MONTH TO DATE   68                        62      6       55
  SINCE SEP 1     68                        62      6       55
  SINCE JUL 1     72                        76     -4       55

 COOLING
  YESTERDAY        0                         1     -1        0
  MONTH TO DATE   17                        76    -59       48
  SINCE SEP 1     17                        76    -59       48
  SINCE JAN 1    790                       864    -74     1386
..................................................................


WIND (MPH)
  HIGHEST WIND SPEED    16   HIGHEST WIND DIRECTION     W (280)
  HIGHEST GUST SPEED    19   HIGHEST GUST DIRECTION    NW (330)
  AVERAGE WIND SPEED     7.1


SKY COVER
  POSSIBLE SUNSHINE  MM
  AVERAGE SKY COVER 0.2


WEATHER CONDITIONS
 THE FOLLOWING WEATHER WAS RECORDED YESTERDAY.
  NO SIGNIFICANT WEATHER WAS OBSERVED.


RELATIVE HUMIDITY (PERCENT)
 HIGHEST    68          1200 AM
 LOWEST     27           200 PM
 AVERAGE    48

..........................................................


THE WENATCHEE WA PANGBORN FIELD CLIMATE NORMALS FOR TODAY
                         NORMAL    RECORD    YEAR
 MAXIMUM TEMPERATURE (F)   73        87      1962
 MINIMUM TEMPERATURE (F)   49        34      1972


SUNRISE AND SUNSET
SEPTEMBER 25 2016.....SUNRISE   652 AM PDT   SUNSET   651 PM PDT
SEPTEMBER 26 2016.....SUNRISE   654 AM PDT   SUNSET   649 PM PDT


-  INDICATES NEGATIVE NUMBERS.
R  INDICATES RECORD WAS SET OR TIED.
MM INDICATES DATA IS MISSING.
T  INDICATES TRACE AMOUNT.




$$
