000
CDUS46 KOTX 260821
CLIEAT


CLIMATE REPORT
NATIONAL WEATHER SERVICE SPOKANE, WA
121 AM PDT WED JUL 26 2017


...................................

...THE WENATCHEE WA PANGBORN FIELD CLIMATE SUMMARY FOR JULY 25 2017...

CLIMATE NORMAL PERIOD 1981 TO 2010
CLIMATE RECORD PERIOD 1959 TO 2017


WEATHER ITEM   OBSERVED TIME   RECORD YEAR NORMAL DEPARTURE LAST
                VALUE   (LST)  VALUE       VALUE  FROM      YEAR
                                                  NORMAL
..................................................................
TEMPERATURE (F)
 YESTERDAY
  MAXIMUM         94    355 PM 102    1998  89      5       96
  MINIMUM         62    414 AM  52    1966  63     -1       66
  AVERAGE         78                        76      2       81

PRECIPITATION (IN)
  YESTERDAY        0.00          0.31 2011   0.01  -0.01     0.00
  MONTH TO DATE    0.00                      0.23  -0.23     0.26
  SINCE OCT 1      9.82                      7.43   2.39    11.16
  SINCE JAN 1      7.00                      4.48   2.52     7.30

SNOWFALL (IN)
  YESTERDAY       MM

DEGREE DAYS
 HEATING
  YESTERDAY        0                         0      0        0
  MONTH TO DATE    0                         2     -2        2
  SINCE JUN 1     40                        60    -20       58
  SINCE JUL 1      0                         2     -2        2

 COOLING
  YESTERDAY       13                        11      2       16
  MONTH TO DATE  300                       224     76      143
  SINCE JUN 1    424                       516    -92      323
  SINCE JAN 1    480                       663   -183      365
..................................................................


WIND (MPH)
  HIGHEST WIND SPEED    13   HIGHEST WIND DIRECTION     N (340)
  HIGHEST GUST SPEED    16   HIGHEST GUST DIRECTION     N (340)
  AVERAGE WIND SPEED     6.8


SKY COVER
  POSSIBLE SUNSHINE  MM
  AVERAGE SKY COVER 0.0


WEATHER CONDITIONS
 THE FOLLOWING WEATHER WAS RECORDED YESTERDAY.
  NO SIGNIFICANT WEATHER WAS OBSERVED.


RELATIVE HUMIDITY (PERCENT)
 HIGHEST    56           500 AM
 LOWEST     14           300 PM
 AVERAGE    35

..........................................................


THE WENATCHEE WA PANGBORN FIELD CLIMATE NORMALS FOR TODAY
                         NORMAL    RECORD    YEAR
 MAXIMUM TEMPERATURE (F)   89       106      1998
 MINIMUM TEMPERATURE (F)   63        53      1983


SUNRISE AND SUNSET
JULY 26 2017..........SUNRISE   532 AM PDT   SUNSET   842 PM PDT
JULY 27 2017..........SUNRISE   533 AM PDT   SUNSET   841 PM PDT


-  INDICATES NEGATIVE NUMBERS.
R  INDICATES RECORD WAS SET OR TIED.
MM INDICATES DATA IS MISSING.
T  INDICATES TRACE AMOUNT.




$$
