000
CDUS46 KOTX 180829
CLIEAT


CLIMATE REPORT
NATIONAL WEATHER SERVICE SPOKANE, WA
124 AM PDT FRI APR 18 2014


...................................

...THE WENATCHEE WA PANGBORN FIELD CLIMATE SUMMARY FOR APRIL 17 2014...

CLIMATE NORMAL PERIOD 1981 TO 2010
CLIMATE RECORD PERIOD 1959 TO 2014


WEATHER ITEM   OBSERVED TIME   RECORD YEAR NORMAL DEPARTURE LAST
                VALUE   (LST)  VALUE       VALUE  FROM      YEAR
                                                  NORMAL
..................................................................
TEMPERATURE (F)
 YESTERDAY
  MAXIMUM         61    216 PM  85    1994  63     -2       58
  MINIMUM         48   1159 PM  31    1964  41      7       32
  AVERAGE         55                        52      3       45

PRECIPITATION (IN)
  YESTERDAY        0.06        0.35   1988  0.01   0.05     0.00
  MONTH TO DATE    0.06                     0.27  -0.21     0.84
  SINCE OCT 1      2.51                     5.73  -3.22     5.79
  SINCE JAN 1      1.95                     2.78  -0.83     1.99

SNOWFALL (IN)
  YESTERDAY       MM                        0.0     MM       MM
  MONTH TO DATE   MM                        0.1     MM       MM
  SINCE MAR 1     MM                        9.9     MM       MM
  SINCE JUL 1     MM                       42.2     MM       MM
  SNOW DEPTH      MM

DEGREE DAYS
 HEATING
  YESTERDAY       10                        13     -3       20
  MONTH TO DATE  179                       250    -71      263
  SINCE MAR 1    823                       898    -75      907
  SINCE JUL 1   5393                      5362     31     5034

 COOLING
  YESTERDAY        0                         0      0        0
  MONTH TO DATE    0                         0      0        0
  SINCE MAR 1      0                         2     -2        0
  SINCE JAN 1      0                         2     -2        0
..................................................................


WIND (MPH)
  HIGHEST WIND SPEED    23   HIGHEST WIND DIRECTION     W (270)
  HIGHEST GUST SPEED    28   HIGHEST GUST DIRECTION     W (270)
  AVERAGE WIND SPEED     7.3


SKY COVER
  POSSIBLE SUNSHINE  MM
  AVERAGE SKY COVER 0.6


WEATHER CONDITIONS
 THE FOLLOWING WEATHER WAS RECORDED YESTERDAY.
  LIGHT RAIN


RELATIVE HUMIDITY (PERCENT)
 HIGHEST    77           600 PM
 LOWEST     47          1200 PM
 AVERAGE    62

..........................................................


THE WENATCHEE WA PANGBORN FIELD CLIMATE NORMALS FOR TODAY
                         NORMAL    RECORD    YEAR
 MAXIMUM TEMPERATURE (F)   63        83      1994
 MINIMUM TEMPERATURE (F)   41        31      1987


SUNRISE AND SUNSET
APRIL 18 2014.........SUNRISE   607 AM PDT   SUNSET   754 PM PDT
APRIL 19 2014.........SUNRISE   605 AM PDT   SUNSET   756 PM PDT


-  INDICATES NEGATIVE NUMBERS.
R  INDICATES RECORD WAS SET OR TIED.
MM INDICATES DATA IS MISSING.
T  INDICATES TRACE AMOUNT.

$$
