150
CDUS43 KMPX 211042
CLIEAU


CLIMATE REPORT
NATIONAL WEATHER SERVICE CHANHASSEN MN
442 AM CST TUE FEB 21 2017


...................................

...THE EAU CLAIRE WI CLIMATE SUMMARY FOR FEBRUARY 20 2017...

CLIMATE NORMAL PERIOD 1981 TO 2010
CLIMATE RECORD PERIOD 1893 TO 2017


WEATHER ITEM   OBSERVED TIME   RECORD YEAR NORMAL DEPARTURE LAST
                VALUE   (LST)  VALUE       VALUE  FROM      YEAR
                                                  NORMAL
..................................................................
TEMPERATURE (F)
 YESTERDAY
  MAXIMUM         54   1037 PM  59    1930  31     23       41
  MINIMUM         45    809 AM -30    1929  12     33       26
  AVERAGE         50                        21     29       34

PRECIPITATION (IN)
  YESTERDAY        0.86R         0.86 2017   0.03   0.83     0.00
  MONTH TO DATE    0.87                      0.55   0.32     0.71
  SINCE DEC 1      5.32                      2.44   2.88     4.97
  SINCE JAN 1      3.22                      1.44   1.78     1.13

SNOWFALL (IN)
  YESTERDAY        0.0           9.5  2011   0.2   -0.2      0.0
  MONTH TO DATE    T                         5.3   -5.3      7.9
  SINCE DEC 1     36.5                      28.0    8.5     22.5
  SINCE JUL 1     38.2                      34.3    3.9     23.9
  SNOW DEPTH       0

DEGREE DAYS
 HEATING
  YESTERDAY       15                        44    -29       31
  MONTH TO DATE  783                       940   -157      950
  SINCE DEC 1   3648                      3938   -290     3519
  SINCE JUL 1   4857                      5684   -827     4881

 COOLING
  YESTERDAY        0                         0      0        0
  MONTH TO DATE    0                         0      0        0
  SINCE DEC 1      0                         0      0        0
  SINCE JAN 1      0                         0      0        0
..................................................................


WIND (MPH)
  HIGHEST WIND SPEED    23   HIGHEST WIND DIRECTION    SW (240)
  HIGHEST GUST SPEED    33   HIGHEST GUST DIRECTION    SW (240)
  AVERAGE WIND SPEED    10.3


SKY COVER
  POSSIBLE SUNSHINE  MM
  AVERAGE SKY COVER 0.5


WEATHER CONDITIONS
 THE FOLLOWING WEATHER WAS RECORDED YESTERDAY.
  HEAVY RAIN
  RAIN
  LIGHT RAIN
  FOG
  HAZE


RELATIVE HUMIDITY (PERCENT)
 HIGHEST   100           200 PM
 LOWEST     56          1200 AM
 AVERAGE    78

..........................................................


THE EAU CLAIRE WI CLIMATE NORMALS FOR TODAY
                         NORMAL    RECORD    YEAR
 MAXIMUM TEMPERATURE (F)   31        60      1930
 MINIMUM TEMPERATURE (F)   12       -23      1936


SUNRISE AND SUNSET
FEBRUARY 21 2017......SUNRISE   657 AM CST   SUNSET   543 PM CST
FEBRUARY 22 2017......SUNRISE   655 AM CST   SUNSET   544 PM CST


-  INDICATES NEGATIVE NUMBERS.
R  INDICATES RECORD WAS SET OR TIED.
MM INDICATES DATA IS MISSING.
T  INDICATES TRACE AMOUNT.




$$
