000
CDUS43 KMPX 220735
CLIEAU


CLIMATE REPORT
NATIONAL WEATHER SERVICE CHANHASSEN MN
235 AM CDT SUN OCT 22 2017


...................................

...THE EAU CLAIRE WI CLIMATE SUMMARY FOR OCTOBER 21 2017...

CLIMATE NORMAL PERIOD 1981 TO 2010
CLIMATE RECORD PERIOD 1893 TO 2017


WEATHER ITEM   OBSERVED TIME   RECORD YEAR NORMAL DEPARTURE LAST
                VALUE   (LST)  VALUE       VALUE  FROM      YEAR
                                                  NORMAL
..................................................................
TEMPERATURE (F)
 YESTERDAY
  MAXIMUM         68    802 PM  86    1947  56     12       53
  MINIMUM         55   1159 PM  15    1960  35     20       33
                                      1896
  AVERAGE         62                        46     16       43

PRECIPITATION (IN)
  YESTERDAY        0.49          1.33 1951   0.07   0.42     0.00
  MONTH TO DATE    3.11                      1.74   1.37     1.77
  SINCE SEP 1      5.38                      5.42  -0.04     9.97
  SINCE JAN 1     33.50                     27.54   5.96    36.80

SNOWFALL (IN)
  YESTERDAY        0.0           1.7  2002   0.0    0.0      0.0
  MONTH TO DATE    0.0                       0.1   -0.1      0.0
  SINCE SEP 1      0.0                       0.1   -0.1      0.0
  SINCE JUL 1      0.0                       0.1   -0.1      0.0
  SNOW DEPTH       0

DEGREE DAYS
 HEATING
  YESTERDAY        3                        20    -17       22
  MONTH TO DATE  224                       334   -110      240
  SINCE SEP 1    342                       528   -186      322
  SINCE JUL 1    385                       567   -182      332

 COOLING
  YESTERDAY        0                         0      0        0
  MONTH TO DATE    0                         4     -4        2
  SINCE SEP 1     94                        52     42       41
  SINCE JAN 1    466                       579   -113      624
..................................................................


WIND (MPH)
  HIGHEST WIND SPEED    25   HIGHEST WIND DIRECTION     S (170)
  HIGHEST GUST SPEED    34   HIGHEST GUST DIRECTION     S (190)
  AVERAGE WIND SPEED    13.3


SKY COVER
  POSSIBLE SUNSHINE  MM
  AVERAGE SKY COVER 0.7


WEATHER CONDITIONS
 THE FOLLOWING WEATHER WAS RECORDED YESTERDAY.
  THUNDERSTORM
  HEAVY RAIN
  RAIN
  LIGHT RAIN
  FOG


RELATIVE HUMIDITY (PERCENT)
 HIGHEST    97          1000 PM
 LOWEST     45          1200 AM
 AVERAGE    71

..........................................................


THE EAU CLAIRE WI CLIMATE NORMALS FOR TODAY
                         NORMAL    RECORD    YEAR
 MAXIMUM TEMPERATURE (F)   55        82      1899
 MINIMUM TEMPERATURE (F)   35        15      1930
                                             1896


SUNRISE AND SUNSET
OCTOBER 22 2017.......SUNRISE   731 AM CDT   SUNSET   609 PM CDT
OCTOBER 23 2017.......SUNRISE   732 AM CDT   SUNSET   607 PM CDT


-  INDICATES NEGATIVE NUMBERS.
R  INDICATES RECORD WAS SET OR TIED.
MM INDICATES DATA IS MISSING.
T  INDICATES TRACE AMOUNT.




$$
