000
CDUS43 KMPX 300124
CLIEAU


CLIMATE REPORT
NATIONAL WEATHER SERVICE CHANHASSEN MN
824 PM CDT MON AUG 29 2016


...................................

...THE EAU CLAIRE WI CLIMATE SUMMARY FOR AUGUST 29 2016...
VALID TODAY AS OF 0800 PM LOCAL TIME.

CLIMATE NORMAL PERIOD 1981 TO 2010
CLIMATE RECORD PERIOD 1893 TO 2016


WEATHER ITEM   OBSERVED TIME   RECORD YEAR NORMAL DEPARTURE LAST
                VALUE   (LST)  VALUE       VALUE  FROM      YEAR
                                                  NORMAL
..................................................................
TEMPERATURE (F)
 TODAY
  MAXIMUM         85        MM  95    1949  78      7       72
  MINIMUM         65        MM  37    1893  56      9       52
  AVERAGE         75                        67      8       62

PRECIPITATION (IN)
  TODAY            0.00          1.28 2014   0.13  -0.13     0.00
  MONTH TO DATE    4.78                      4.21   0.57     7.19
  SINCE JUN 1     14.58                     12.22   2.36    18.11
  SINCE JAN 1     26.77                     21.86   4.91    27.56

SNOWFALL (IN)
  TODAY            0.0           0.0    MM   0.0    0.0      0.0
  MONTH TO DATE    0.0                       0.0    0.0      0.0
  SINCE JUN 1      0.0                       0.0    0.0      0.0
  SINCE JUL 1      0.0                       0.0    0.0      0.0
  SNOW DEPTH       0

DEGREE DAYS
 HEATING
  TODAY            0                         1     -1        3
  MONTH TO DATE    5                        24    -19       39
  SINCE JUN 1     41                        97    -56       83
  SINCE JUL 1      9                        35    -26       55

 COOLING
  TODAY           10                         4      6        0
  MONTH TO DATE  193                       153     40      116
  SINCE JUN 1    540                       487     53      378
  SINCE JAN 1    580                       519     61      396
..................................................................


WIND (MPH)
  HIGHEST WIND SPEED    14   HIGHEST WIND DIRECTION     S (200)
  HIGHEST GUST SPEED    MM   HIGHEST GUST DIRECTION    MM
  AVERAGE WIND SPEED     5.5


SKY COVER
  POSSIBLE SUNSHINE  MM
  AVERAGE SKY COVER 0.4


WEATHER CONDITIONS
 THE FOLLOWING WEATHER WAS RECORDED TODAY.
  NO SIGNIFICANT WEATHER WAS OBSERVED.


RELATIVE HUMIDITY (PERCENT)
 HIGHEST   100           300 AM
 LOWEST     65           200 PM
 AVERAGE    83

..........................................................


THE EAU CLAIRE WI CLIMATE NORMALS FOR TOMORROW
                         NORMAL    RECORD    YEAR
 MAXIMUM TEMPERATURE (F)   78        97      2012
                                             1941
 MINIMUM TEMPERATURE (F)   56        36      1915


SUNRISE AND SUNSET
AUGUST 29 2016........SUNRISE   625 AM CDT   SUNSET   747 PM CDT
AUGUST 30 2016........SUNRISE   626 AM CDT   SUNSET   745 PM CDT


-  INDICATES NEGATIVE NUMBERS.
R  INDICATES RECORD WAS SET OR TIED.
MM INDICATES DATA IS MISSING.
T  INDICATES TRACE AMOUNT.




$$
