000
CDUS43 KMPX 010629
CLIEAU


CLIMATE REPORT
NATIONAL WEATHER SERVICE CHANHASSEN MN
126 AM CDT SUN MAY 1 2016


...................................

...THE EAU CLAIRE WI CLIMATE SUMMARY FOR APRIL 30 2016...

CLIMATE NORMAL PERIOD 1981 TO 2010
CLIMATE RECORD PERIOD 1893 TO 2016


WEATHER ITEM   OBSERVED TIME   RECORD YEAR NORMAL DEPARTURE LAST
                VALUE   (LST)  VALUE       VALUE  FROM      YEAR
                                                  NORMAL
..................................................................
TEMPERATURE (F)
 YESTERDAY
  MAXIMUM         59    140 PM  89    1952  65     -6       66
  MINIMUM         38    457 AM   9    1956  40     -2       36
  AVERAGE         49                        52     -3       51

PRECIPITATION (IN)
  YESTERDAY        0.00          2.00 1954   0.11  -0.11     0.00
  MONTH TO DATE    2.56                      2.75  -0.19     2.76
  SINCE MAR 1      7.22                      4.48   2.74     3.47
  SINCE JAN 1      8.38                      6.18   2.20     4.06

SNOWFALL (IN)
  YESTERDAY        0.0           5.5  1909   0.0    0.0      0.0
  MONTH TO DATE    1.8                       1.9   -0.1      1.4
  SINCE MAR 1     13.9                      10.5    3.4      7.3
  SINCE JUL 1     38.0                      46.8   -8.8     38.1
  SNOW DEPTH       0

DEGREE DAYS
 HEATING
  YESTERDAY       16                        13      3       14
  MONTH TO DATE  577                       576      1      521
  SINCE MAR 1   1388                      1620   -232     1511
  SINCE JUL 1   6566                      7640  -1074     7864

 COOLING
  YESTERDAY        0                         0      0        0
  MONTH TO DATE    4                         4      0        0
  SINCE MAR 1      4                         4      0        0
  SINCE JAN 1      4                         4      0        0
..................................................................


WIND (MPH)
  HIGHEST WIND SPEED    24   HIGHEST WIND DIRECTION     E (80)
  HIGHEST GUST SPEED    33   HIGHEST GUST DIRECTION     E (80)
  AVERAGE WIND SPEED    10.9


SKY COVER
  POSSIBLE SUNSHINE  MM
  AVERAGE SKY COVER 0.3


WEATHER CONDITIONS
 THE FOLLOWING WEATHER WAS RECORDED YESTERDAY.
  NO SIGNIFICANT WEATHER WAS OBSERVED.


RELATIVE HUMIDITY (PERCENT)
 HIGHEST    85           500 AM
 LOWEST     39           100 PM
 AVERAGE    62

..........................................................


THE EAU CLAIRE WI CLIMATE NORMALS FOR TODAY
                         NORMAL    RECORD    YEAR
 MAXIMUM TEMPERATURE (F)   65        91      1901
 MINIMUM TEMPERATURE (F)   41        24      1966
                                             1897


SUNRISE AND SUNSET
MAY  1 2016...........SUNRISE   555 AM CDT   SUNSET   812 PM CDT
MAY  2 2016...........SUNRISE   553 AM CDT   SUNSET   813 PM CDT


-  INDICATES NEGATIVE NUMBERS.
R  INDICATES RECORD WAS SET OR TIED.
MM INDICATES DATA IS MISSING.
T  INDICATES TRACE AMOUNT.




$$
