000
CDUS43 KMPX 230633
CLIEAU


CLIMATE REPORT
NATIONAL WEATHER SERVICE CHANHASSEN MN
132 AM CDT FRI JUN 23 2017


...................................

...THE EAU CLAIRE WI CLIMATE SUMMARY FOR JUNE 22 2017...

CLIMATE NORMAL PERIOD 1981 TO 2010
CLIMATE RECORD PERIOD 1893 TO 2017


WEATHER ITEM   OBSERVED TIME   RECORD YEAR NORMAL DEPARTURE LAST
                VALUE   (LST)  VALUE       VALUE  FROM      YEAR
                                                  NORMAL
..................................................................
TEMPERATURE (F)
 YESTERDAY
  MAXIMUM         71    959 AM  99    1995  81    -10       81
  MINIMUM         62   1131 PM  41    1902  58      4       60
  AVERAGE         67                        69     -2       71

PRECIPITATION (IN)
  YESTERDAY        0.38          3.16 1904   0.14   0.24     1.08
  MONTH TO DATE    4.76                      3.04   1.72     5.29
  SINCE JUN 1      4.76                      3.04   1.72     5.29
  SINCE JAN 1     19.26                     12.68   6.58    17.48

SNOWFALL (IN)
  YESTERDAY        0.0           0.0    MM   0.0    0.0      0.0
  MONTH TO DATE    0.0                       0.0    0.0      0.0
  SINCE JUN 1      0.0                       0.0    0.0      0.0
  SINCE JUL 1     54.5                      46.8    7.7     38.0
  SNOW DEPTH       0

DEGREE DAYS
 HEATING
  YESTERDAY        0                         1     -1        0
  MONTH TO DATE   12                        54    -42       29
  SINCE JUN 1     12                        54    -42       29
  SINCE JUL 1   6981                      7951   -970     6840

 COOLING
  YESTERDAY        2                         5     -3        6
  MONTH TO DATE   98                        73     25       93
  SINCE JUN 1     98                        73     25       93
  SINCE JAN 1    106                       105      1      133
..................................................................


WIND (MPH)
  HIGHEST WIND SPEED    14   HIGHEST WIND DIRECTION     S (180)
  HIGHEST GUST SPEED    16   HIGHEST GUST DIRECTION     S (170)
  AVERAGE WIND SPEED     3.6


SKY COVER
  POSSIBLE SUNSHINE  MM
  AVERAGE SKY COVER 0.7


WEATHER CONDITIONS
 THE FOLLOWING WEATHER WAS RECORDED YESTERDAY.
  THUNDERSTORM
  HEAVY RAIN
  RAIN
  LIGHT RAIN
  FOG


RELATIVE HUMIDITY (PERCENT)
 HIGHEST   100          1200 PM
 LOWEST     63          1200 AM
 AVERAGE    82

..........................................................


THE EAU CLAIRE WI CLIMATE NORMALS FOR TODAY
                         NORMAL    RECORD    YEAR
 MAXIMUM TEMPERATURE (F)   81        98      1934
 MINIMUM TEMPERATURE (F)   58        37      1972


SUNRISE AND SUNSET
JUNE 23 2017..........SUNRISE   520 AM CDT   SUNSET   856 PM CDT
JUNE 24 2017..........SUNRISE   521 AM CDT   SUNSET   856 PM CDT


-  INDICATES NEGATIVE NUMBERS.
R  INDICATES RECORD WAS SET OR TIED.
MM INDICATES DATA IS MISSING.
T  INDICATES TRACE AMOUNT.




$$
