000
CDUS42 KAKQ 240826
CLIECG


CLIMATE REPORT
NATIONAL WEATHER SERVICE WAKEFIELD, VA
426 AM EDT THU APR 24 2014


...................................

...THE ELIZABETH CITY NC CLIMATE SUMMARY FOR APRIL 23 2014...

CLIMATE NORMAL PERIOD 1981 TO 2010
CLIMATE RECORD PERIOD 1934 TO 2014


WEATHER ITEM   OBSERVED TIME   RECORD YEAR NORMAL DEPARTURE LAST
                VALUE   (LST)  VALUE       VALUE  FROM      YEAR
                                                  NORMAL
..................................................................
TEMPERATURE (F)
 YESTERDAY
  MAXIMUM         71    314 PM  95    1985  71      0       59
  MINIMUM         48   1151 PM  36    1940  50     -2       41
  AVERAGE         60                        61     -1       50

PRECIPITATION (IN)
  YESTERDAY        0.00          1.20 1984   0.10  -0.10      T
  MONTH TO DATE    2.43                      2.46  -0.03     1.79
  SINCE MAR 1      4.84                      6.44  -1.60     3.55
  SINCE JAN 1      8.98                     12.88  -3.90     8.60

SNOWFALL (IN)
  YESTERDAY        0.0           0.0  2002  MM     MM
  MONTH TO DATE    0.0                      MM     MM
  SINCE NOV 1     10.2                      MM     MM
  SINCE JUL 1     10.2                      MM     MM
  SNOW DEPTH       0

DEGREE DAYS
 HEATING
  YESTERDAY        5                         6     -1       15
  MONTH TO DATE  157                       188    -31      160
  SINCE MAR 1    705                       653     52      751
  SINCE JUL 1   3278                      3125    153     2760

 COOLING
  YESTERDAY        0                         1     -1        0
  MONTH TO DATE   22                        23     -1       49
  SINCE MAR 1     22                        28     -6       49
  SINCE JAN 1     22                        30     -8       54
..................................................................


WIND (MPH)
  HIGHEST WIND SPEED    22   HIGHEST WIND DIRECTION    NW (310)
  HIGHEST GUST SPEED    28   HIGHEST GUST DIRECTION     W (290)
  AVERAGE WIND SPEED    11.6


SKY COVER
  POSSIBLE SUNSHINE  MM
  AVERAGE SKY COVER 0.0


WEATHER CONDITIONS
 THE FOLLOWING WEATHER WAS RECORDED YESTERDAY.
  NO SIGNIFICANT WEATHER WAS OBSERVED.


RELATIVE HUMIDITY (PERCENT)
 HIGHEST    78          1200 AM
 LOWEST     26           400 PM
 AVERAGE    52

..........................................................


THE ELIZABETH CITY NC CLIMATE NORMALS FOR TODAY
                         NORMAL    RECORD    YEAR
 MAXIMUM TEMPERATURE (F)   72        92      1960
 MINIMUM TEMPERATURE (F)   50        38      1942


SUNRISE AND SUNSET
APRIL 24 2014.........SUNRISE   620 AM EDT   SUNSET   746 PM EDT
APRIL 25 2014.........SUNRISE   619 AM EDT   SUNSET   747 PM EDT


-  INDICATES NEGATIVE NUMBERS.
R  INDICATES RECORD WAS SET OR TIED.
MM INDICATES DATA IS MISSING.
T  INDICATES TRACE AMOUNT.




$$
