000
CDUS42 KAKQ 302127
CLIECG


CLIMATE REPORT
NATIONAL WEATHER SERVICE WAKEFIELD, VA
526 PM EDT SUN APR 30 2017


...................................

...THE ELIZABETH CITY NC CLIMATE SUMMARY FOR APRIL 30 2017...
VALID TODAY AS OF 0500 PM LOCAL TIME.

CLIMATE NORMAL PERIOD 1981 TO 2010
CLIMATE RECORD PERIOD 1934 TO 2017


WEATHER ITEM   OBSERVED TIME   RECORD YEAR NORMAL DEPARTURE LAST
                VALUE   (LST)  VALUE       VALUE  FROM      YEAR
                                                  NORMAL
..................................................................
TEMPERATURE (F)
 TODAY
  MAXIMUM         86    332 PM  90    1974  73     13       64
  MINIMUM         71    553 AM  35    2001  52     19       54
  AVERAGE         79

PRECIPITATION (IN)
  TODAY            T             1.20 2014   0.09  -0.09     0.00
  MONTH TO DATE    2.52                      3.14  -0.62     4.04
  SINCE MAR 1      6.31                      7.12  -0.81     6.26
  SINCE JAN 1     10.92                     13.56  -2.64    13.85

SNOWFALL (IN)
  TODAY            0.0
  MONTH TO DATE    0.0
  SINCE NOV 1      1.2
  SINCE JUL 1      1.2
  SNOW DEPTH       0

DEGREE DAYS
 HEATING
  TODAY            0
  MONTH TO DATE   83
  SINCE MAR 1    558
  SINCE JUL 1   2653

 COOLING
  TODAY           14
  MONTH TO DATE  124
  SINCE MAR 1    131
  SINCE JAN 1    134
..................................................................


WIND (MPH)
  RESULTANT WIND SPEED  13   RESULTANT WIND DIRECTION  SW (220)
  HIGHEST WIND SPEED    21   HIGHEST WIND DIRECTION    SW (220)
  HIGHEST GUST SPEED    26   HIGHEST GUST DIRECTION     S (200)


SKY COVER
  POSSIBLE SUNSHINE  MM
  AVERAGE SKY COVER 0.3


WEATHER CONDITIONS
 THE FOLLOWING WEATHER WAS RECORDED TODAY.
  LIGHT RAIN


RELATIVE HUMIDITY (PERCENT)
 HIGHEST    93
 LOWEST     61
 AVERAGE    77

..........................................................


THE ELIZABETH CITY NC CLIMATE NORMALS FOR TOMORROW
                         NORMAL    RECORD    YEAR
 MAXIMUM TEMPERATURE (F)   73        94      1942
 MINIMUM TEMPERATURE (F)   52        35      1971


SUNRISE AND SUNSET
APRIL 30 2017.........SUNRISE   613 AM EDT   SUNSET   752 PM EDT
MAY  1 2017...........SUNRISE   611 AM EDT   SUNSET   753 PM EDT


-  INDICATES NEGATIVE NUMBERS.
R  INDICATES RECORD WAS SET OR TIED.
MM INDICATES DATA IS MISSING.
T  INDICATES TRACE AMOUNT.




$$
