000
CDUS42 KAKQ 192127
CLIECG


CLIMATE REPORT
NATIONAL WEATHER SERVICE WAKEFIELD, VA
527 PM EDT SAT APR 19 2014


...................................

...THE ELIZABETH CITY NC CLIMATE SUMMARY FOR APRIL 19 2014...
VALID TODAY AS OF 0500 PM LOCAL TIME.

CLIMATE NORMAL PERIOD 1981 TO 2010
CLIMATE RECORD PERIOD 1934 TO 2014


WEATHER ITEM   OBSERVED TIME   RECORD YEAR NORMAL DEPARTURE LAST
                VALUE   (LST)  VALUE       VALUE  FROM      YEAR
                                                  NORMAL
..................................................................
TEMPERATURE (F)
 TODAY
  MAXIMUM         53    230 PM  92    1941  71    -18       81
  MINIMUM         47    603 AM  32    2001  49     -2       66
  AVERAGE         50

PRECIPITATION (IN)
  TODAY            0.02          1.08 1943   0.10  -0.08     0.42
  MONTH TO DATE    2.26                      2.05   0.21     1.36
  SINCE MAR 1      4.67                      6.03  -1.36     3.12
  SINCE JAN 1      8.81                     12.47  -3.66     8.17

SNOWFALL (IN)
  TODAY           MM
  MONTH TO DATE    0.0
  SINCE NOV 1     10.2
  SINCE JUL 1     10.2
  SNOW DEPTH       0

DEGREE DAYS
 HEATING
  TODAY           15
  MONTH TO DATE  125
  SINCE MAR 1    673
  SINCE JUL 1   3246

 COOLING
  TODAY            0
  MONTH TO DATE   22
  SINCE MAR 1     22
  SINCE JAN 1     22
..................................................................


WIND (MPH)
  RESULTANT WIND SPEED  13   RESULTANT WIND DIRECTION  NE (30)
  HIGHEST WIND SPEED    24   HIGHEST WIND DIRECTION    NE (50)
  HIGHEST GUST SPEED    29   HIGHEST GUST DIRECTION    NE (40)


SKY COVER
  POSSIBLE SUNSHINE  MM
  AVERAGE SKY COVER 0.9


WEATHER CONDITIONS
 THE FOLLOWING WEATHER WAS RECORDED TODAY.
  LIGHT RAIN


RELATIVE HUMIDITY (PERCENT)
 HIGHEST    93
 LOWEST     59
 AVERAGE    76

..........................................................


THE ELIZABETH CITY NC CLIMATE NORMALS FOR TOMORROW
                         NORMAL    RECORD    YEAR
 MAXIMUM TEMPERATURE (F)   71        93      1985
 MINIMUM TEMPERATURE (F)   49        33      1953


SUNRISE AND SUNSET
APRIL 19 2014.........SUNRISE   626 AM EDT   SUNSET   742 PM EDT
APRIL 20 2014.........SUNRISE   625 AM EDT   SUNSET   743 PM EDT


-  INDICATES NEGATIVE NUMBERS.
R  INDICATES RECORD WAS SET OR TIED.
MM INDICATES DATA IS MISSING.
T  INDICATES TRACE AMOUNT.




$$
