000
CDUS42 KAKQ 030532
CLIECG


CLIMATE REPORT
NATIONAL WEATHER SERVICE WAKEFIELD, VA
125 AM EDT TUE MAY 3 2016


...................................

...THE ELIZABETH CITY NC CLIMATE SUMMARY FOR MAY 2 2016...

CLIMATE NORMAL PERIOD 1981 TO 2010
CLIMATE RECORD PERIOD 1934 TO 2016


WEATHER ITEM   OBSERVED TIME   RECORD YEAR NORMAL DEPARTURE LAST
                VALUE   (LST)  VALUE       VALUE  FROM      YEAR
                                                  NORMAL
..................................................................
TEMPERATURE (F)
 YESTERDAY
  MAXIMUM         84    348 PM  94    1942  73     11       69
  MINIMUM         65    148 AM  40    1945  52     13       46
  AVERAGE         75                        63     12       58

PRECIPITATION (IN)
  YESTERDAY        0.05          1.50 1954   0.10  -0.05     0.00
  MONTH TO DATE    0.11                      0.20  -0.09     0.01
  SINCE MAR 1      6.37                      7.32  -0.95     7.09
  SINCE JAN 1     13.96                     13.76   0.20    13.89

SNOWFALL (IN)
  YESTERDAY        0.0           0.0  2002  MM     MM
  MONTH TO DATE    0.0                      MM     MM
  SINCE NOV 1      1.8                      MM     MM
  SINCE JUL 1      1.8                      MM     MM
  SNOW DEPTH       0

DEGREE DAYS
 HEATING
  YESTERDAY        0                         4     -4        7
  MONTH TO DATE    0                         8     -8       18
  SINCE MAR 1    512                       697   -185      690
  SINCE JUL 1   2423                      3169   -746     3224

 COOLING
  YESTERDAY       10                         2      8        0
  MONTH TO DATE   11                         4      7        0
  SINCE MAR 1     66                        44     22       33
  SINCE JAN 1     66                        46     20       35
..................................................................


WIND (MPH)
  HIGHEST WIND SPEED    23   HIGHEST WIND DIRECTION     S (200)
  HIGHEST GUST SPEED    31   HIGHEST GUST DIRECTION     S (200)
  AVERAGE WIND SPEED    11.8


SKY COVER
  POSSIBLE SUNSHINE  MM
  AVERAGE SKY COVER 0.3


WEATHER CONDITIONS
 THE FOLLOWING WEATHER WAS RECORDED YESTERDAY.
  LIGHT RAIN
  FOG


RELATIVE HUMIDITY (PERCENT)
 HIGHEST   100           300 AM
 LOWEST     63           200 PM
 AVERAGE    82

..........................................................


THE ELIZABETH CITY NC CLIMATE NORMALS FOR TODAY
                         NORMAL    RECORD    YEAR
 MAXIMUM TEMPERATURE (F)   74        91      1965
 MINIMUM TEMPERATURE (F)   53        40      1988


SUNRISE AND SUNSET
MAY  3 2016...........SUNRISE   609 AM EDT   SUNSET   755 PM EDT
MAY  4 2016...........SUNRISE   608 AM EDT   SUNSET   755 PM EDT


-  INDICATES NEGATIVE NUMBERS.
R  INDICATES RECORD WAS SET OR TIED.
MM INDICATES DATA IS MISSING.
T  INDICATES TRACE AMOUNT.




$$
