391
CDUS42 KAKQ 240627
CLIECG


CLIMATE REPORT
NATIONAL WEATHER SERVICE WAKEFIELD, VA
127 AM EST FRI NOV 24 2017


...................................

...THE ELIZABETH CITY NC CLIMATE SUMMARY FOR NOVEMBER 23 2017...

CLIMATE NORMAL PERIOD 1981 TO 2010
CLIMATE RECORD PERIOD 1934 TO 2017


WEATHER ITEM   OBSERVED TIME   RECORD YEAR NORMAL DEPARTURE LAST
                VALUE   (LST)  VALUE       VALUE  FROM      YEAR
                                                  NORMAL
..................................................................
TEMPERATURE (F)
 YESTERDAY
  MAXIMUM         49    233 PM  81    1992  62    -13       58
  MINIMUM         37    712 AM  19    1937  40     -3       25
  AVERAGE         43                        51     -8       42

PRECIPITATION (IN)
  YESTERDAY        0.00          1.52 1953   0.10  -0.10     0.00
  MONTH TO DATE    0.98                      2.42  -1.44     0.85
  SINCE SEP 1      6.46                      9.42  -2.96    23.16
  SINCE JAN 1     41.60                     43.38  -1.78    50.67

SNOWFALL (IN)
  YESTERDAY        0.0           0.5  1935  MM     MM
  MONTH TO DATE    0.0                      MM     MM
  SINCE NOV 1      0.0                      MM     MM
  SINCE JUL 1      0.0                      MM     MM
  SNOW DEPTH       0

DEGREE DAYS
 HEATING
  YESTERDAY       22                        14      8       23
  MONTH TO DATE  252                       257     -5      314
  SINCE SEP 1    329                       408    -79      409
  SINCE JUL 1    329                       408    -79      409

 COOLING
  YESTERDAY        0                         0      0        0
  MONTH TO DATE   10                         4      6        5
  SINCE SEP 1    415                       289    126      443
  SINCE JAN 1   1961                      1585    376     1950
..................................................................


WIND (MPH)
  HIGHEST WIND SPEED    15   HIGHEST WIND DIRECTION     N (360)
  HIGHEST GUST SPEED    19   HIGHEST GUST DIRECTION     N (360)
  AVERAGE WIND SPEED     8.1


SKY COVER
  POSSIBLE SUNSHINE  MM
  AVERAGE SKY COVER 0.0


WEATHER CONDITIONS
 THE FOLLOWING WEATHER WAS RECORDED YESTERDAY.
  FOG
  HAZE


RELATIVE HUMIDITY (PERCENT)
 HIGHEST    85           700 AM
 LOWEST     61           100 PM
 AVERAGE    73

..........................................................


THE ELIZABETH CITY NC CLIMATE NORMALS FOR TODAY
                         NORMAL    RECORD    YEAR
 MAXIMUM TEMPERATURE (F)   61        77      1983
                                             1979
 MINIMUM TEMPERATURE (F)   40        20      1937


SUNRISE AND SUNSET
NOVEMBER 24 2017......SUNRISE   651 AM EST   SUNSET   452 PM EST
NOVEMBER 25 2017......SUNRISE   652 AM EST   SUNSET   451 PM EST


-  INDICATES NEGATIVE NUMBERS.
R  INDICATES RECORD WAS SET OR TIED.
MM INDICATES DATA IS MISSING.
T  INDICATES TRACE AMOUNT.




$$
