000
CDUS44 KBMX 300810
CLIEET


CLIMATE REPORT
NATIONAL WEATHER SERVICE BIRMINGHAM, AL
302 AM CDT TUE MAY 30 2017


...................................

...THE SHELBY COUNTY AIRPORT CLIMATE SUMMARY FOR MAY 29 2017...

CLIMATE NORMAL PERIOD 1981 TO 2010
CLIMATE RECORD PERIOD 9999 TO 9999


WEATHER ITEM   OBSERVED TIME   RECORD YEAR NORMAL DEPARTURE LAST
                VALUE   (LST)  VALUE       VALUE  FROM      YEAR
                                                  NORMAL
..................................................................
TEMPERATURE (F)
 YESTERDAY
  MAXIMUM         79    407 PM  MM      MM  84     -5       90
  MINIMUM         69    540 AM  MM      MM  64      5       67
  AVERAGE         74                        74      0       79

PRECIPITATION (IN)
  YESTERDAY        0.61                      0.15   0.46      T
  MONTH TO DATE    5.46                      4.16   1.30     1.51
  SINCE MAR 1     16.03                     12.53   3.50    11.88
  SINCE JAN 1     27.13                     23.61   3.52    22.52

DEGREE DAYS
 COOLING
  YESTERDAY        9                         9      0       14
  MONTH TO DATE  182                       176      6      172
  SINCE MAR 1    391                       247    144      267
  SINCE JAN 1    401                       251    150      274
..................................................................


WIND (MPH)
  HIGHEST WIND SPEED     9   HIGHEST WIND DIRECTION     S (170)
  HIGHEST GUST SPEED    13   HIGHEST GUST DIRECTION     S (180)
  AVERAGE WIND SPEED     2.4


SKY COVER
  POSSIBLE SUNSHINE  MM
  AVERAGE SKY COVER 0.4


WEATHER CONDITIONS
 THE FOLLOWING WEATHER WAS RECORDED YESTERDAY.
  THUNDERSTORM
  HEAVY RAIN
  RAIN
  LIGHT RAIN
  FOG
  HAZE


RELATIVE HUMIDITY (PERCENT)
 HIGHEST   100          1000 PM
 LOWEST     79           300 PM
 AVERAGE    90

..........................................................


THE SHELBY COUNTY AIRPORT CLIMATE NORMALS FOR TODAY
                         NORMAL    RECORD    YEAR
 MAXIMUM TEMPERATURE (F)   84        MM        MM
 MINIMUM TEMPERATURE (F)   64        MM        MM


SUNRISE AND SUNSET
MAY 30 2017...........SUNRISE   540 AM CDT   SUNSET   750 PM CDT
MAY 31 2017...........SUNRISE   539 AM CDT   SUNSET   751 PM CDT


-  INDICATES NEGATIVE NUMBERS.
R  INDICATES RECORD WAS SET OR TIED.
MM INDICATES DATA IS MISSING.
T  INDICATES TRACE AMOUNT.




$$
