000
CDUS44 KBMX 280739
CLIEET


CLIMATE REPORT
NATIONAL WEATHER SERVICE BIRMINGHAM, AL
239 AM CDT TUE MAR 28 2017


...................................

...THE SHELBY COUNTY AIRPORT CLIMATE SUMMARY FOR MARCH 27 2017...

CLIMATE NORMAL PERIOD 1981 TO 2010
CLIMATE RECORD PERIOD 9999 TO 9999


WEATHER ITEM   OBSERVED TIME   RECORD YEAR NORMAL DEPARTURE LAST
                VALUE   (LST)  VALUE       VALUE  FROM      YEAR
                                                  NORMAL
..................................................................
TEMPERATURE (F)
 YESTERDAY
  MAXIMUM         83    320 PM  MM      MM  70     13       66
  MINIMUM         64    935 PM  MM      MM  46     18       62
  AVERAGE         74                        58     16       64

PRECIPITATION (IN)
  YESTERDAY        0.18                      0.13   0.05     0.07
  MONTH TO DATE    5.08                      3.94   1.14     4.71
  SINCE MAR 1      5.08                      3.94   1.14     4.71
  SINCE JAN 1     16.18                     15.02   1.16    15.35

SNOWFALL (IN)
  YESTERDAY        0.0                      MM     MM        0.0
  MONTH TO DATE    0.0                      MM     MM        0.0
  SINCE MAR 1      0.0                      MM     MM        0.0
  SINCE JUL 1      0.0                      MM     MM         T
  SNOW DEPTH       0

DEGREE DAYS
 HEATING
  YESTERDAY        0                         8     -8        1
  MONTH TO DATE  225                       281    -56      166
  SINCE MAR 1    225                       281    -56      166
  SINCE JUL 1   1546                      2410   -864     1744

 COOLING
  YESTERDAY        9                         1      8        0
  MONTH TO DATE   34                         1     33       31
  SINCE MAR 1     34                         1     33       31
  SINCE JAN 1     44                         5     39       38
..................................................................


WIND (MPH)
  HIGHEST WIND SPEED    18   HIGHEST WIND DIRECTION     S (180)
  HIGHEST GUST SPEED    30   HIGHEST GUST DIRECTION     S (170)
  AVERAGE WIND SPEED     7.3


SKY COVER
  POSSIBLE SUNSHINE  MM
  AVERAGE SKY COVER 0.6


WEATHER CONDITIONS
 THE FOLLOWING WEATHER WAS RECORDED YESTERDAY.
  THUNDERSTORM
  LIGHT RAIN
  FOG


RELATIVE HUMIDITY (PERCENT)
 HIGHEST   100           600 AM
 LOWEST     46           300 PM
 AVERAGE    73

..........................................................


THE SHELBY COUNTY AIRPORT CLIMATE NORMALS FOR TODAY
                         NORMAL    RECORD    YEAR
 MAXIMUM TEMPERATURE (F)   70        MM        MM
 MINIMUM TEMPERATURE (F)   47        MM        MM


SUNRISE AND SUNSET
MARCH 28 2017.........SUNRISE   640 AM CDT   SUNSET   705 PM CDT
MARCH 29 2017.........SUNRISE   639 AM CDT   SUNSET   705 PM CDT


-  INDICATES NEGATIVE NUMBERS.
R  INDICATES RECORD WAS SET OR TIED.
MM INDICATES DATA IS MISSING.
T  INDICATES TRACE AMOUNT.




$$
