000
CDUS46 KEKA 211215
CLIEKA


CLIMATE REPORT
NATIONAL WEATHER SERVICE EUREKA CA
415 AM PST SUN DEC 21 2014


...................................

...THE EUREKA CA CLIMATE SUMMARY FOR DECEMBER 20 2014...

CLIMATE NORMAL PERIOD 1981 TO 2010
CLIMATE RECORD PERIOD 1886 TO 2014


WEATHER ITEM   OBSERVED RECORD YEAR NORMAL DEPARTURE LAST
                VALUE   VALUE       VALUE  FROM      YEAR
                                           NORMAL
...........................................................
TEMPERATURE (F)
 YESTERDAY
  MAXIMUM         57     71    1977  55      2       50
  MINIMUM         51     27    1998  40     11       32
  AVERAGE         54                 48      6       41

PRECIPITATION (IN)
  YESTERDAY        1.38   2.50 1894   0.28   1.10      T
  MONTH TO DATE    7.92               5.30   2.62     0.51
  SINCE JUL 1     19.68              14.23   5.45     5.07
  SINCE JAN 1     35.67              37.51  -1.84    16.55

SNOWFALL (IN)
  YESTERDAY        0.0    T    2007   0.0    0.0      0.0
  MONTH TO DATE    0.0                0.0    0.0       T
  SINCE DEC 1      0.0                0.0    0.0       T
  SINCE JUL 1      0.0                0.0    0.0       T
  SNOW DEPTH       0

DEGREE DAYS
 HEATING
  YESTERDAY       11                 17     -6       24
  MONTH TO DATE  186                339   -153      477
  SINCE DEC 1    186                339   -153      477
  SINCE JUL 1   1206               1761   -555     1928

 COOLING
  YESTERDAY        0                  0      0        0
  MONTH TO DATE    0                  0      0        0
  SINCE DEC 1      0                  0      0        0
  SINCE JAN 1      4                  0      4        6
...........................................................


WIND (MPH)
  HIGHEST WIND SPEED    12   HIGHEST WIND DIRECTION     S (180)
  HIGHEST GUST SPEED    22   HIGHEST GUST DIRECTION     S (180)
  AVERAGE WIND SPEED     7.5


SKY COVER
  AVERAGE SKY COVER 1.0


WEATHER CONDITIONS
 THE FOLLOWING WEATHER WAS RECORDED YESTERDAY.
  RAIN
  FOG


..........................................................


THE EUREKA CA CLIMATE NORMALS FOR TODAY
                         NORMAL    RECORD    YEAR
 MAXIMUM TEMPERATURE (F)   55        67      1940
 MINIMUM TEMPERATURE (F)   40        23      1998
                                             1990


SUNRISE AND SUNSET
DECEMBER 21 2014......SUNRISE   737 AM PST   SUNSET   452 PM PST
DECEMBER 22 2014......SUNRISE   738 AM PST   SUNSET   453 PM PST


-  INDICATES NEGATIVE NUMBERS.
R  INDICATES RECORD WAS SET OR TIED.
MM INDICATES DATA IS MISSING.
T  INDICATES TRACE AMOUNT.




&&

..........................................................

TOTAL SEASON     NORMAL   % OF NORMAL     LAST SEASON

    19.68         14.23        138             5.07


$$
