000
CDUS46 KEKA 301216
CLIEKA


CLIMATE REPORT
NATIONAL WEATHER SERVICE EUREKA CA
516 AM PDT SAT JUL 30 2016


...................................

...THE EUREKA CA CLIMATE SUMMARY FOR JULY 29 2016...

CLIMATE NORMAL PERIOD 1981 TO 2010
CLIMATE RECORD PERIOD 1886 TO 2016


WEATHER ITEM   OBSERVED RECORD YEAR NORMAL DEPARTURE LAST
                VALUE   VALUE       VALUE  FROM      YEAR
                                           NORMAL
...........................................................
TEMPERATURE (F)
 YESTERDAY
  MAXIMUM         63     75    2015  64     -1       75
  MINIMUM         53     47    1904  53      0       54
  AVERAGE         58                 58      0       65

PRECIPITATION (IN)
  YESTERDAY        0.00   0.03 2012   0.00   0.00     0.00
                               2001
  MONTH TO DATE    0.54               0.17   0.37     0.15
  SINCE OCT 1     48.03              39.42   8.61    30.82
  SINCE JAN 1     27.31              23.45   3.86    12.44

SNOWFALL (IN)
  YESTERDAY        0.0    0.0  2002   0.0    0.0      0.0
                               2001
  MONTH TO DATE    0.0                0.0    0.0      0.0
  SINCE JUN 1      0.0                0.0    0.0      0.0
  SINCE JUL 1      0.0                0.0    0.0      0.0
  SNOW DEPTH       0

DEGREE DAYS
 HEATING
  YESTERDAY        7                  7      0        0
  MONTH TO DATE  190                214    -24      108
  SINCE JUN 1    414                480    -66      349
  SINCE JUL 1    190                214    -24      108

 COOLING
  YESTERDAY        0                  0      0        0
  MONTH TO DATE    0                  0      0        1
  SINCE JUN 1      0                  0      0        1
  SINCE JAN 1      0                  0      0        1
...........................................................


WIND (MPH)
  HIGHEST WIND SPEED    12   HIGHEST WIND DIRECTION     W (280)
  HIGHEST GUST SPEED    12   HIGHEST GUST DIRECTION    MM
  AVERAGE WIND SPEED     4.9


SKY COVER
  AVERAGE SKY COVER 0.5


WEATHER CONDITIONS
 THE FOLLOWING WEATHER WAS RECORDED YESTERDAY.
  FOG


..........................................................


THE EUREKA CA CLIMATE NORMALS FOR TODAY
                         NORMAL    RECORD    YEAR
 MAXIMUM TEMPERATURE (F)   64        69      1947
 MINIMUM TEMPERATURE (F)   53        48      1995
                                             1945


SUNRISE AND SUNSET
JULY 30 2016..........SUNRISE   612 AM PDT   SUNSET   834 PM PDT
JULY 31 2016..........SUNRISE   613 AM PDT   SUNSET   833 PM PDT


-  INDICATES NEGATIVE NUMBERS.
R  INDICATES RECORD WAS SET OR TIED.
MM INDICATES DATA IS MISSING.
T  INDICATES TRACE AMOUNT.




&&

..........................................................

TOTAL SEASON     NORMAL   % OF NORMAL     LAST SEASON

    48.03         39.42        122            30.82


$$
