000
CDUS46 KEKA 231216
CLIEKA


CLIMATE REPORT
NATIONAL WEATHER SERVICE EUREKA CA
415 AM PST FRI FEB 23 2018


...................................

...THE EUREKA CA CLIMATE SUMMARY FOR FEBRUARY 22 2018...

CLIMATE NORMAL PERIOD 1981 TO 2010
CLIMATE RECORD PERIOD 1886 TO 2018


WEATHER ITEM   OBSERVED RECORD YEAR NORMAL DEPARTURE LAST
                VALUE   VALUE       VALUE  FROM      YEAR
                                           NORMAL
...........................................................
TEMPERATURE (F)
 YESTERDAY
  MAXIMUM         47     69    1981  56     -9       48
  MINIMUM         37     28    1887  42     -5       38
  AVERAGE         42                 49     -7       43

PRECIPITATION (IN)
  YESTERDAY        0.40   1.52 1891   0.19   0.21     0.70
  MONTH TO DATE    1.63               4.42  -2.79    10.01
  SINCE OCT 1     20.47              26.89  -6.42    46.29
  SINCE JAN 1      9.49              10.92  -1.43    20.52

SNOWFALL (IN)
  YESTERDAY        T     MM      MM   0.0    0.0       T
  MONTH TO DATE    T                  0.2   -0.2       T
  SINCE DEC 1      T                  0.2   -0.2       T
  SINCE JUL 1      T                  0.2   -0.2       T
  SNOW DEPTH       0

DEGREE DAYS
 HEATING
  YESTERDAY       23                 16      7       22
  MONTH TO DATE  398                352     46      296
  SINCE DEC 1   1406               1401      5     1523
  SINCE JUL 1   2666               2823   -157     2757

 COOLING
  YESTERDAY        0                  0      0        0
  MONTH TO DATE    0                  0      0        0
  SINCE DEC 1      0                  0      0        0
  SINCE JAN 1      0                  0      0        0
...........................................................


WIND (MPH)
  HIGHEST WIND SPEED    21   HIGHEST WIND DIRECTION     N (10)
  HIGHEST GUST SPEED    29   HIGHEST GUST DIRECTION     N (360)
  AVERAGE WIND SPEED     9.0


SKY COVER
  AVERAGE SKY COVER 0.9


WEATHER CONDITIONS
 THE FOLLOWING WEATHER WAS RECORDED YESTERDAY.
  LIGHT RAIN
  HAIL


..........................................................


THE EUREKA CA CLIMATE NORMALS FOR TODAY
                         NORMAL    RECORD    YEAR
 MAXIMUM TEMPERATURE (F)   56        67      1946
 MINIMUM TEMPERATURE (F)   42        31      2008


SUNRISE AND SUNSET
FEBRUARY 23 2018......SUNRISE   659 AM PST   SUNSET   601 PM PST
FEBRUARY 24 2018......SUNRISE   658 AM PST   SUNSET   602 PM PST


-  INDICATES NEGATIVE NUMBERS.
R  INDICATES RECORD WAS SET OR TIED.
MM INDICATES DATA IS MISSING.
T  INDICATES TRACE AMOUNT.




&&

..........................................................

TOTAL SEASON     NORMAL   % OF NORMAL     LAST SEASON

    20.47         26.89        76            46.29


$$
