000
CDUS46 KEKA 261211
CLIEKA


CLIMATE REPORT
NATIONAL WEATHER SERVICE EUREKA CA
510 AM PDT WED APR 26 2017


...................................

...THE EUREKA CA CLIMATE SUMMARY FOR APRIL 25 2017...

CLIMATE NORMAL PERIOD 1981 TO 2010
CLIMATE RECORD PERIOD 1886 TO 2017


WEATHER ITEM   OBSERVED RECORD YEAR NORMAL DEPARTURE LAST
                VALUE   VALUE       VALUE  FROM      YEAR
                                           NORMAL
...........................................................
TEMPERATURE (F)
 YESTERDAY
  MAXIMUM         59     72    1897  58      1       58
  MINIMUM         49     37    1949  45      4       43
                               1932
  AVERAGE         54                 52      2       51

PRECIPITATION (IN)
  YESTERDAY        0.09   1.11 1994   0.09   0.00     0.00
  MONTH TO DATE    4.87               2.89   1.98     2.52
  SINCE OCT 1     60.22              36.29  23.93    46.39
  SINCE JAN 1     34.45              20.32  14.13    25.67

SNOWFALL (IN)
  YESTERDAY       MM     MM      MM   0.0   MM        0.0
  MONTH TO DATE    T                  0.0    0.0      0.0
  SINCE MAR 1      T                  0.0    0.0      0.0
  SINCE JUL 1      T                  0.2   -0.2       T
  SNOW DEPTH       0

DEGREE DAYS
 HEATING
  YESTERDAY       11                 13     -2       14
  MONTH TO DATE  315                359    -44      248
  SINCE MAR 1    745                835    -90      639
  SINCE JUL 1   3634               3757   -123     3049

 COOLING
  YESTERDAY        0                  0      0        0
  MONTH TO DATE    0                  0      0        0
  SINCE MAR 1      0                  0      0        0
  SINCE JAN 1      0                  0      0        0
...........................................................


WIND (MPH)
  HIGHEST WIND SPEED    12   HIGHEST WIND DIRECTION     S (180)
  HIGHEST GUST SPEED    MM   HIGHEST GUST DIRECTION    MM
  AVERAGE WIND SPEED     4.4


SKY COVER
  AVERAGE SKY COVER 1.0


WEATHER CONDITIONS
 THE FOLLOWING WEATHER WAS RECORDED YESTERDAY.
  LIGHT RAIN
  FOG


..........................................................


THE EUREKA CA CLIMATE NORMALS FOR TODAY
                         NORMAL    RECORD    YEAR
 MAXIMUM TEMPERATURE (F)   58        73      2004
                                             1891
 MINIMUM TEMPERATURE (F)   45        35      1901


SUNRISE AND SUNSET
APRIL 26 2017.........SUNRISE   621 AM PDT   SUNSET   808 PM PDT
APRIL 27 2017.........SUNRISE   620 AM PDT   SUNSET   809 PM PDT


-  INDICATES NEGATIVE NUMBERS.
R  INDICATES RECORD WAS SET OR TIED.
MM INDICATES DATA IS MISSING.
T  INDICATES TRACE AMOUNT.




&&

..........................................................

TOTAL SEASON     NORMAL   % OF NORMAL     LAST SEASON

    60.22         36.29        166            46.39


$$
