000
CDUS46 KEKA 231214
CLIEKA


CLIMATE REPORT
NATIONAL WEATHER SERVICE EUREKA CA
413 AM PST THU NOV 23 2017


...................................

...THE EUREKA CA CLIMATE SUMMARY FOR NOVEMBER 22 2017...

CLIMATE NORMAL PERIOD 1981 TO 2010
CLIMATE RECORD PERIOD 1886 TO 2017


WEATHER ITEM   OBSERVED RECORD YEAR NORMAL DEPARTURE LAST
                VALUE   VALUE       VALUE  FROM      YEAR
                                           NORMAL
...........................................................
TEMPERATURE (F)
 YESTERDAY
  MAXIMUM         69     74    1930  57     12       58
  MINIMUM         58     29    2013  43     15       40
  AVERAGE         64                 50     14       49

PRECIPITATION (IN)
  YESTERDAY        0.56   1.90 1988   0.22   0.34     0.76
  MONTH TO DATE    6.37               3.79   2.58     4.66
  SINCE OCT 1      8.01               6.03   1.98    15.58
  SINCE JAN 1     46.08              30.39  15.69    42.94

SNOWFALL (IN)
  YESTERDAY        0.0    0.0  2002   0.0    0.0      0.0
                               2001
  MONTH TO DATE    0.0                0.0    0.0       T
  SINCE SEP 1      0.0                0.0    0.0       T
  SINCE JUL 1      0.0                0.0    0.0       T
  SNOW DEPTH       0

DEGREE DAYS
 HEATING
  YESTERDAY        1                 15    -14       16
  MONTH TO DATE  260                300    -40      200
  SINCE SEP 1    768                868   -100      672
  SINCE JUL 1   1159               1294   -135     1119

 COOLING
  YESTERDAY        0                  0      0        0
  MONTH TO DATE    2                  0      2        0
  SINCE SEP 1     15                  0     15        0
  SINCE JAN 1     15                  0     15        0
...........................................................


WIND (MPH)
  HIGHEST WIND SPEED     9   HIGHEST WIND DIRECTION     S (190)
  HIGHEST GUST SPEED    17   HIGHEST GUST DIRECTION    SE (140)
  AVERAGE WIND SPEED     5.2


SKY COVER
  AVERAGE SKY COVER 1.0


WEATHER CONDITIONS
 THE FOLLOWING WEATHER WAS RECORDED YESTERDAY.
  LIGHT RAIN
  FOG


..........................................................


THE EUREKA CA CLIMATE NORMALS FOR TODAY
                         NORMAL    RECORD    YEAR
 MAXIMUM TEMPERATURE (F)   57        71      1930
 MINIMUM TEMPERATURE (F)   42        30      2003


SUNRISE AND SUNSET
NOVEMBER 23 2017......SUNRISE   713 AM PST   SUNSET   453 PM PST
NOVEMBER 24 2017......SUNRISE   714 AM PST   SUNSET   452 PM PST


-  INDICATES NEGATIVE NUMBERS.
R  INDICATES RECORD WAS SET OR TIED.
MM INDICATES DATA IS MISSING.
T  INDICATES TRACE AMOUNT.




&&

..........................................................

TOTAL SEASON     NORMAL   % OF NORMAL     LAST SEASON

     8.01          6.03        133            15.58


$$
