000
CDUS46 KEKA 240016
CLIEKA


CLIMATE REPORT
NATIONAL WEATHER SERVICE EUREKA CA
512 PM PDT WED JUL 23 2014


...................................

...THE EUREKA CA CLIMATE SUMMARY FOR JULY 23 2014...
VALID TODAY AS OF 0500 PM LOCAL TIME.

CLIMATE NORMAL PERIOD 1981 TO 2010
CLIMATE RECORD PERIOD 1886 TO 2014


WEATHER ITEM   OBSERVED RECORD YEAR NORMAL DEPARTURE LAST
                VALUE   VALUE       VALUE  FROM      YEAR
                                           NORMAL
...........................................................
TEMPERATURE (F)
 TODAY
  MAXIMUM         67     72    2007  64      3       56
  MINIMUM         59     46    1887  52      7       49
  AVERAGE         63                 58      5       53

PRECIPITATION (IN)
  TODAY            0.00   0.05 1993   0.00   0.00      T
                               1949
  MONTH TO DATE    0.02               0.14  -0.12      T
  SINCE JUL 1      0.02               0.14  -0.12      T
  SINCE JAN 1     16.01              23.42  -7.41    11.48

SNOWFALL (IN)
  TODAY            0.0    0.0  2002   0.0    0.0      0.0
                               2001
  MONTH TO DATE    0.0                0.0    0.0      0.0
  SINCE JUN 1      0.0                0.0    0.0      0.0
  SINCE JUL 1      0.0                0.0    0.0      0.0
  SNOW DEPTH      MM

...........................................................


WIND (MPH)
  HIGHEST WIND SPEED     9   HIGHEST WIND DIRECTION    NW (320)
  HIGHEST GUST SPEED    14   HIGHEST GUST DIRECTION    MM
  AVERAGE WIND SPEED     3.8


SKY COVER
  AVERAGE SKY COVER 1.0


WEATHER CONDITIONS
 THE FOLLOWING WEATHER WAS RECORDED TODAY.
  NO SIGNIFICANT WEATHER WAS OBSERVED.


..........................................................


THE EUREKA CA CLIMATE NORMALS FOR TOMORROW
                         NORMAL    RECORD    YEAR
 MAXIMUM TEMPERATURE (F)   64        69      2007
                                             1994
 MINIMUM TEMPERATURE (F)   52        47      1896


SUNRISE AND SUNSET
JULY 23 2014..........SUNRISE   605 AM PDT   SUNSET   841 PM PDT
JULY 24 2014..........SUNRISE   606 AM PDT   SUNSET   840 PM PDT


-  INDICATES NEGATIVE NUMBERS.
R  INDICATES RECORD WAS SET OR TIED.
MM INDICATES DATA IS MISSING.
T  INDICATES TRACE AMOUNT.




&&

..........................................................

TOTAL SEASON     NORMAL   % OF NORMAL     LAST SEASON

     0.02          0.14        14             0.00

$$
