000
CDUS46 KEKA 271209
CLIEKA


CLIMATE REPORT
NATIONAL WEATHER SERVICE EUREKA CA
509 AM PDT TUE SEP 27 2016


...................................

...THE EUREKA CA CLIMATE SUMMARY FOR SEPTEMBER 26 2016...

CLIMATE NORMAL PERIOD 1981 TO 2010
CLIMATE RECORD PERIOD 1886 TO 2016


WEATHER ITEM   OBSERVED RECORD YEAR NORMAL DEPARTURE LAST
                VALUE   VALUE       VALUE  FROM      YEAR
                                           NORMAL
...........................................................
TEMPERATURE (F)
 YESTERDAY
  MAXIMUM         74     83    1936  63     11       62
  MINIMUM         51     42    2013  49      2       51
                               1955
  AVERAGE         63                 56      7       57

PRECIPITATION (IN)
  YESTERDAY        0.00   1.02 1957   0.03  -0.03     0.00
  MONTH TO DATE    0.01               0.48  -0.47     0.27
  SINCE OCT 1     48.08              40.22   7.86    31.50
  SINCE JAN 1     27.36              24.25   3.11    13.12

SNOWFALL (IN)
  YESTERDAY        0.0    0.0  2002   0.0    0.0      0.0
                               2001
  MONTH TO DATE    0.0                0.0    0.0      0.0
  SINCE SEP 1      0.0                0.0    0.0      0.0
  SINCE JUL 1      0.0                0.0    0.0      0.0
  SNOW DEPTH       0

DEGREE DAYS
 HEATING
  YESTERDAY        2                  9     -7        8
  MONTH TO DATE  200                203     -3      164
  SINCE SEP 1    200                203     -3      164
  SINCE JUL 1    647                629     18      387

 COOLING
  YESTERDAY        0                  0      0        0
  MONTH TO DATE    0                  0      0        0
  SINCE SEP 1      0                  0      0        0
  SINCE JAN 1      0                  0      0        5
...........................................................


WIND (MPH)
  HIGHEST WIND SPEED     8   HIGHEST WIND DIRECTION    NE (50)
  HIGHEST GUST SPEED    10   HIGHEST GUST DIRECTION    MM
  AVERAGE WIND SPEED     3.0


SKY COVER
  AVERAGE SKY COVER 0.3


WEATHER CONDITIONS
 THE FOLLOWING WEATHER WAS RECORDED YESTERDAY.
  FOG
  FOG W/VISIBILITY <= 1/4 MILE


..........................................................


THE EUREKA CA CLIMATE NORMALS FOR TODAY
                         NORMAL    RECORD    YEAR
 MAXIMUM TEMPERATURE (F)   63        75      1970
                                             1958
 MINIMUM TEMPERATURE (F)   49        42      1999
                                             1986


SUNRISE AND SUNSET
SEPTEMBER 27 2016.....SUNRISE   710 AM PDT   SUNSET   704 PM PDT
SEPTEMBER 28 2016.....SUNRISE   711 AM PDT   SUNSET   703 PM PDT


-  INDICATES NEGATIVE NUMBERS.
R  INDICATES RECORD WAS SET OR TIED.
MM INDICATES DATA IS MISSING.
T  INDICATES TRACE AMOUNT.




&&

..........................................................

TOTAL SEASON     NORMAL   % OF NORMAL     LAST SEASON

    48.08         40.22        120            31.50


$$
