000
CDUS41 KRLX 242122
CLIEKN


CLIMATE REPORT
NATIONAL WEATHER SERVICE CHARLESTON WV
522 PM EDT TUE MAY 24 2016


...................................

...THE ELKINS WV CLIMATE SUMMARY FOR MAY 24 2016...
VALID TODAY AS OF 0500 PM LOCAL TIME.

CLIMATE NORMAL PERIOD 1981 TO 2010
CLIMATE RECORD PERIOD 1899 TO 2016


WEATHER ITEM   OBSERVED TIME   RECORD YEAR NORMAL DEPARTURE LAST
                VALUE   (LST)  VALUE       VALUE  FROM      YEAR
                                                  NORMAL
..................................................................
TEMPERATURE (F)
 TODAY
  MAXIMUM         75    323 PM  85    1991  72      3       81
                                      1944
                                      1939
  MINIMUM         45    422 AM  31    1963  48     -3       39
                                      1905
  AVERAGE         60                        60      0       60

PRECIPITATION (IN)
  TODAY            0.00          1.44 1979   0.18  -0.18     0.00
  MONTH TO DATE    6.21                      3.96   2.25     1.35
  SINCE MAR 1     12.03                     11.72   0.31    15.69
  SINCE JAN 1     17.41                     18.05  -0.64    21.41

DEGREE DAYS
 HEATING
  TODAY            5                         6     -1        5
  MONTH TO DATE  228                       201     27      108
  SINCE MAR 1   1216                      1443   -227     1304
  SINCE JUL 1   4958                      5764   -806     5935

 COOLING
  TODAY            0                         1     -1        0
  MONTH TO DATE    3                        11     -8       32
  SINCE MAR 1      6                        14     -8       35
  SINCE JAN 1      6                        14     -8       35
..................................................................


WIND (MPH)
  HIGHEST WIND SPEED    16   HIGHEST WIND DIRECTION    NW (310)
  HIGHEST GUST SPEED    20   HIGHEST GUST DIRECTION     W (250)
  AVERAGE WIND SPEED     3.8


SKY COVER
  POSSIBLE SUNSHINE  MM
  AVERAGE SKY COVER 0.5


WEATHER CONDITIONS
 THE FOLLOWING WEATHER WAS RECORDED TODAY.
  FOG
  FOG W/VISIBILITY <= 1/4 MILE


RELATIVE HUMIDITY (PERCENT)
 HIGHEST    93          1200 AM
 LOWEST     38           300 PM
 AVERAGE    66

..........................................................


THE ELKINS WV CLIMATE NORMALS FOR TOMORROW
                         NORMAL    RECORD    YEAR
 MAXIMUM TEMPERATURE (F)   73        90      1914
 MINIMUM TEMPERATURE (F)   48        30      1956


SUNRISE AND SUNSET
MAY 24 2016...........SUNRISE   600 AM EDT   SUNSET   833 PM EDT
MAY 25 2016...........SUNRISE   559 AM EDT   SUNSET   834 PM EDT


-  INDICATES NEGATIVE NUMBERS.
R  INDICATES RECORD WAS SET OR TIED.
MM INDICATES DATA IS MISSING.
T  INDICATES TRACE AMOUNT.




$$
