000
CDUS41 KRLX 010720
CLIEKN


CLIMATE REPORT
NATIONAL WEATHER SERVICE CHARLESTON WV
320 AM EDT TUE SEP 1 2015


...................................

...THE ELKINS WV CLIMATE SUMMARY FOR AUGUST 31 2015...

CLIMATE NORMAL PERIOD 1981 TO 2010
CLIMATE RECORD PERIOD 1899 TO 2015


WEATHER ITEM   OBSERVED TIME   RECORD YEAR NORMAL DEPARTURE LAST
                VALUE   (LST)  VALUE       VALUE  FROM      YEAR
                                                  NORMAL
..................................................................
TEMPERATURE (F)
 YESTERDAY
  MAXIMUM         84    426 PM  93    1993  79      5       80
  MINIMUM         62   1159 PM  39    1999  56      6       64
                                      1976
  AVERAGE         73                        67      6       72

PRECIPITATION (IN)
  YESTERDAY        0.00          1.29 1911   0.11  -0.11     0.38
  MONTH TO DATE    2.10                      3.84  -1.74     3.09
  SINCE JAN 1     37.45                     32.81   4.64    28.23

SNOWFALL (IN)
  YESTERDAY        0.0
  MONTH TO DATE    0.0
  SINCE SEP 1     70.3
  SNOW DEPTH       0

DEGREE DAYS
 HEATING
  YESTERDAY        0                         1     -1        0
  MONTH TO DATE   11                        16     -5       18
  SINCE JUN 1     32                        85    -53       65
  SINCE JUL 1     11                        30    -19       51

 COOLING
  YESTERDAY        8                         3      5        7
  MONTH TO DATE  122                       145    -23      114
  SINCE JUN 1    476                       403     73      402
  SINCE JAN 1    541                       426    115      438
..................................................................


WIND (MPH)
  HIGHEST WIND SPEED    10   HIGHEST WIND DIRECTION    NW (300)
  HIGHEST GUST SPEED    13   HIGHEST GUST DIRECTION    NW (320)
  AVERAGE WIND SPEED     1.8


SKY COVER
  POSSIBLE SUNSHINE  MM
  AVERAGE SKY COVER 0.2


WEATHER CONDITIONS
 THE FOLLOWING WEATHER WAS RECORDED YESTERDAY.
  FOG


RELATIVE HUMIDITY (PERCENT)
 HIGHEST    93           200 AM
 LOWEST     40           200 PM
 AVERAGE    67

..........................................................


THE ELKINS WV CLIMATE NORMALS FOR TODAY
                         NORMAL    RECORD    YEAR
 MAXIMUM TEMPERATURE (F)   78        94      1932
 MINIMUM TEMPERATURE (F)   56        38      1999
                                             1946


SUNRISE AND SUNSET
SEPTEMBER  1 2015.....SUNRISE   648 AM EDT   SUNSET   750 PM EDT
SEPTEMBER  2 2015.....SUNRISE   649 AM EDT   SUNSET   749 PM EDT


-  INDICATES NEGATIVE NUMBERS.
R  INDICATES RECORD WAS SET OR TIED.
MM INDICATES DATA IS MISSING.
T  INDICATES TRACE AMOUNT.




$$
