474
CDUS41 KRLX 280716
CLIEKN


CLIMATE REPORT
NATIONAL WEATHER SERVICE CHARLESTON WV
316 AM EDT THU APR 28 2016


...................................

...THE ELKINS WV CLIMATE SUMMARY FOR APRIL 27 2016...

CLIMATE NORMAL PERIOD 1981 TO 2010
CLIMATE RECORD PERIOD 1899 TO 2016


WEATHER ITEM   OBSERVED TIME   RECORD YEAR NORMAL DEPARTURE LAST
                VALUE   (LST)  VALUE       VALUE  FROM      YEAR
                                                  NORMAL
..................................................................
TEMPERATURE (F)
 YESTERDAY
  MAXIMUM         66    152 PM  88    2009  66      0       50
  MINIMUM         55    423 AM  18    1971  40     15       29
  AVERAGE         61                        53      8       40

PRECIPITATION (IN)
  YESTERDAY        0.01          1.86 1928   0.13  -0.12      T
  MONTH TO DATE    2.81                      3.41  -0.60     6.72
  SINCE JAN 1     10.56                     13.70  -3.14    19.81

SNOWFALL (IN)
  YESTERDAY        0.0
  MONTH TO DATE    8.4
  SINCE SEP 1     59.0
  SNOW DEPTH       0

DEGREE DAYS
 HEATING
  YESTERDAY        4                        12     -8       25
  MONTH TO DATE  418                       428    -10      354
  SINCE MAR 1    980                      1208   -228     1155
  SINCE JUL 1   4722                      5529   -807     5786

 COOLING
  YESTERDAY        0                         0      0        0
  MONTH TO DATE    2                         0      2        3
  SINCE MAR 1      2                         0      2        3
  SINCE JAN 1      2                         0      2        3
..................................................................


WIND (MPH)
  HIGHEST WIND SPEED    10   HIGHEST WIND DIRECTION     W (270)
  HIGHEST GUST SPEED    14   HIGHEST GUST DIRECTION     W (280)
  AVERAGE WIND SPEED     2.4


SKY COVER
  POSSIBLE SUNSHINE  MM
  AVERAGE SKY COVER 0.9


WEATHER CONDITIONS
 THE FOLLOWING WEATHER WAS RECORDED YESTERDAY.
  LIGHT RAIN
  FOG


RELATIVE HUMIDITY (PERCENT)
 HIGHEST    93           300 AM
 LOWEST     63           200 PM
 AVERAGE    78

..........................................................


THE ELKINS WV CLIMATE NORMALS FOR TODAY
                         NORMAL    RECORD    YEAR
 MAXIMUM TEMPERATURE (F)   67        89      1986
 MINIMUM TEMPERATURE (F)   40        22      1934


SUNRISE AND SUNSET
APRIL 28 2016.........SUNRISE   625 AM EDT   SUNSET   810 PM EDT
APRIL 29 2016.........SUNRISE   623 AM EDT   SUNSET   810 PM EDT


-  INDICATES NEGATIVE NUMBERS.
R  INDICATES RECORD WAS SET OR TIED.
MM INDICATES DATA IS MISSING.
T  INDICATES TRACE AMOUNT.




$$
