623
CDUS41 KRLX 250716
CLIEKN


CLIMATE REPORT
NATIONAL WEATHER SERVICE CHARLESTON WV
315 AM EDT TUE APR 25 2017


...................................

...THE ELKINS WV CLIMATE SUMMARY FOR APRIL 24 2017...

CLIMATE NORMAL PERIOD 1981 TO 2010
CLIMATE RECORD PERIOD 1899 TO 2017


WEATHER ITEM   OBSERVED TIME   RECORD YEAR NORMAL DEPARTURE LAST
                VALUE   (LST)  VALUE       VALUE  FROM      YEAR
                                                  NORMAL
..................................................................
TEMPERATURE (F)
 YESTERDAY
  MAXIMUM         57   1137 AM  90    1925  66     -9       73
  MINIMUM         47    706 AM  18    1986  39      8       35
  AVERAGE         52                        52      0       54

PRECIPITATION (IN)
  YESTERDAY        0.24          0.90 1983   0.13   0.11     0.00
  MONTH TO DATE    4.56                      3.02   1.54     2.12
  SINCE JAN 1     15.95                     13.31   2.64     9.87

SNOWFALL (IN)
  YESTERDAY        0.0
  MONTH TO DATE    3.2
  SINCE SEP 1     44.5
  SNOW DEPTH       0

DEGREE DAYS
 HEATING
  YESTERDAY       13                        13      0       11
  MONTH TO DATE  260                       391   -131      402
  SINCE MAR 1    977                      1171   -194      964
  SINCE JUL 1   4380                      5492  -1112     4706

 COOLING
  YESTERDAY        0                         0      0        0
  MONTH TO DATE    0                         0      0        2
  SINCE MAR 1      0                         0      0        2
  SINCE JAN 1      0                         0      0        2
..................................................................


WIND (MPH)
  HIGHEST WIND SPEED    15   HIGHEST WIND DIRECTION     E (100)
  HIGHEST GUST SPEED    26   HIGHEST GUST DIRECTION    SE (120)
  AVERAGE WIND SPEED     4.7


SKY COVER
  POSSIBLE SUNSHINE  MM
  AVERAGE SKY COVER 1.0


WEATHER CONDITIONS
 THE FOLLOWING WEATHER WAS RECORDED YESTERDAY.
  RAIN
  LIGHT RAIN
  FOG


RELATIVE HUMIDITY (PERCENT)
 HIGHEST    93           700 AM
 LOWEST     54          1200 AM
 AVERAGE    74

..........................................................


THE ELKINS WV CLIMATE NORMALS FOR TODAY
                         NORMAL    RECORD    YEAR
 MAXIMUM TEMPERATURE (F)   66        88      1925
                                             1915
 MINIMUM TEMPERATURE (F)   39        22      1927


SUNRISE AND SUNSET
APRIL 25 2017.........SUNRISE   629 AM EDT   SUNSET   806 PM EDT
APRIL 26 2017.........SUNRISE   628 AM EDT   SUNSET   807 PM EDT


-  INDICATES NEGATIVE NUMBERS.
R  INDICATES RECORD WAS SET OR TIED.
MM INDICATES DATA IS MISSING.
T  INDICATES TRACE AMOUNT.




$$
