546
CDUS41 KRLX 210821
CLIEKN


CLIMATE REPORT
NATIONAL WEATHER SERVICE CHARLESTON WV
321 AM EST TUE NOV 21 2017


...................................

...THE ELKINS WV CLIMATE SUMMARY FOR NOVEMBER 20 2017...

CLIMATE NORMAL PERIOD 1981 TO 2010
CLIMATE RECORD PERIOD 1899 TO 2017


WEATHER ITEM   OBSERVED TIME   RECORD YEAR NORMAL DEPARTURE LAST
                VALUE   (LST)  VALUE       VALUE  FROM      YEAR
                                                  NORMAL
..................................................................
TEMPERATURE (F)
 YESTERDAY
  MAXIMUM         45    351 PM  76    1991  51     -6       30
                                      1906
  MINIMUM         24   1159 PM   7    1951  30     -6       28
  AVERAGE         35                        40     -5       29

PRECIPITATION (IN)
  YESTERDAY        0.00          0.91 1988   0.12  -0.12     0.12
  MONTH TO DATE    2.57                      2.22   0.35     1.17
  SINCE JAN 1     43.58                     41.51   2.07    38.97

SNOWFALL (IN)
  YESTERDAY        0.0           4.0  1955   0.2   -0.2      3.4
                                      2001
  MONTH TO DATE    T                         2.4   -2.4      4.7
  SINCE SEP 1      T                         2.8   -2.8      4.7
  SNOW DEPTH       0

DEGREE DAYS
 HEATING
  YESTERDAY       30                        25      5       36
  MONTH TO DATE  410                       430    -20      384
  SINCE SEP 1    813                       991   -178      687
  SINCE JUL 1    835                      1021   -186      687

 COOLING
  YESTERDAY        0                         0      0        0
  MONTH TO DATE    0                         0      0        0
  SINCE SEP 1     82                        49     33      120
  SINCE JAN 1    544                       475     69      809
..................................................................


WIND (MPH)
  HIGHEST WIND SPEED    18   HIGHEST WIND DIRECTION     W (260)
  HIGHEST GUST SPEED    26   HIGHEST GUST DIRECTION     W (250)
  AVERAGE WIND SPEED     4.6


SKY COVER
  POSSIBLE SUNSHINE  MM
  AVERAGE SKY COVER 0.4


WEATHER CONDITIONS
 THE FOLLOWING WEATHER WAS RECORDED YESTERDAY.
  NO SIGNIFICANT WEATHER WAS OBSERVED.


RELATIVE HUMIDITY (PERCENT)
 HIGHEST    84          1000 PM
 LOWEST     37           300 PM
 AVERAGE    61

..........................................................


THE ELKINS WV CLIMATE NORMALS FOR TODAY
                         NORMAL    RECORD    YEAR
 MAXIMUM TEMPERATURE (F)   51        78      1906
 MINIMUM TEMPERATURE (F)   29         3      1951


SUNRISE AND SUNSET
NOVEMBER 21 2017......SUNRISE   709 AM EST   SUNSET   502 PM EST
NOVEMBER 22 2017......SUNRISE   710 AM EST   SUNSET   501 PM EST


-  INDICATES NEGATIVE NUMBERS.
R  INDICATES RECORD WAS SET OR TIED.
MM INDICATES DATA IS MISSING.
T  INDICATES TRACE AMOUNT.




$$
