000
CDUS41 KRLX 290724
CLIEKN


CLIMATE REPORT
NATIONAL WEATHER SERVICE CHARLESTON WV
318 AM EDT TUE JUL 29 2014


...................................

...THE ELKINS WV CLIMATE SUMMARY FOR JULY 28 2014...

CLIMATE NORMAL PERIOD 1981 TO 2010
CLIMATE RECORD PERIOD 1899 TO 2014


WEATHER ITEM   OBSERVED TIME   RECORD YEAR NORMAL DEPARTURE LAST
                VALUE   (LST)  VALUE       VALUE  FROM      YEAR
                                                  NORMAL
..................................................................
TEMPERATURE (F)
 YESTERDAY
  MAXIMUM         70   1215 AM  94    1993  81    -11       77
  MINIMUM         52   1102 PM  42    1977  59     -7       56
                                      1962
  AVERAGE         61                        70     -9       67

PRECIPITATION (IN)
  YESTERDAY        0.24          1.60 1980   0.15   0.09     0.18
  MONTH TO DATE    5.28                      4.87   0.41     4.09
  SINCE JAN 1     25.14                     28.48  -3.34    24.65

SNOWFALL (IN)
  YESTERDAY        0.0
  MONTH TO DATE    0.0
  SINCE SEP 1     92.3
  SNOW DEPTH       0

DEGREE DAYS
 HEATING
  YESTERDAY        4                         0      4        0
  MONTH TO DATE   22                         8     14        1
  SINCE JUN 1     36                        63    -27       13
  SINCE JUL 1     22                         8     14        1

 COOLING
  YESTERDAY        0                         5     -5        2
  MONTH TO DATE  142                       142      0      206
  SINCE JUN 1    287                       234     53      303
  SINCE JAN 1    323                       257     66      328
..................................................................


WIND (MPH)
  HIGHEST WIND SPEED    21   HIGHEST WIND DIRECTION     W (290)
  HIGHEST GUST SPEED    26   HIGHEST GUST DIRECTION     W (260)
  AVERAGE WIND SPEED     8.7


SKY COVER
  POSSIBLE SUNSHINE  MM
  AVERAGE SKY COVER 0.7


WEATHER CONDITIONS
 THE FOLLOWING WEATHER WAS RECORDED YESTERDAY.
  RAIN
  LIGHT RAIN
  FOG


RELATIVE HUMIDITY (PERCENT)
 HIGHEST    93          1000 PM
 LOWEST     68          1100 AM
 AVERAGE    81

..........................................................


THE ELKINS WV CLIMATE NORMALS FOR TODAY
                         NORMAL    RECORD    YEAR
 MAXIMUM TEMPERATURE (F)   81        91      1940
 MINIMUM TEMPERATURE (F)   59        44      1925
                                             1920


SUNRISE AND SUNSET
JULY 29 2014..........SUNRISE   618 AM EDT   SUNSET   833 PM EDT
JULY 30 2014..........SUNRISE   619 AM EDT   SUNSET   832 PM EDT


-  INDICATES NEGATIVE NUMBERS.
R  INDICATES RECORD WAS SET OR TIED.
MM INDICATES DATA IS MISSING.
T  INDICATES TRACE AMOUNT.




$$
