802
CDUS41 KRLX 290716
CLIEKN


CLIMATE REPORT
NATIONAL WEATHER SERVICE CHARLESTON WV
316 AM EDT MON MAY 29 2017


...................................

...THE ELKINS WV CLIMATE SUMMARY FOR MAY 28 2017...

CLIMATE NORMAL PERIOD 1981 TO 2010
CLIMATE RECORD PERIOD 1899 TO 2017


WEATHER ITEM   OBSERVED TIME   RECORD YEAR NORMAL DEPARTURE LAST
                VALUE   (LST)  VALUE       VALUE  FROM      YEAR
                                                  NORMAL
..................................................................
TEMPERATURE (F)
 YESTERDAY
  MAXIMUM         77    147 PM  88    2012  73      4       87
                                      1914
  MINIMUM         60    451 AM  31    1994  49     11       57
  AVERAGE         69                        61      8       72

PRECIPITATION (IN)
  YESTERDAY        0.49          0.99 2004   0.16   0.33     0.00
  MONTH TO DATE    4.26                      4.62  -0.36     6.21
  SINCE JAN 1     20.60                     18.71   1.89    17.41

SNOWFALL (IN)
  YESTERDAY        0.0
  MONTH TO DATE    0.0
  SINCE SEP 1     44.5
  SNOW DEPTH       0

DEGREE DAYS
 HEATING
  YESTERDAY        0                         5     -5        0
  MONTH TO DATE  194                       222    -28      230
  SINCE MAR 1   1184                      1464   -280     1218
  SINCE JUL 1   4587                      5785  -1198     4960

 COOLING
  YESTERDAY        4                         1      3        7
  MONTH TO DATE   33                        15     18       18
  SINCE MAR 1     43                        18     25       21
  SINCE JAN 1     43                        18     25       21
..................................................................


WIND (MPH)
  HIGHEST WIND SPEED    16   HIGHEST WIND DIRECTION     W (250)
  HIGHEST GUST SPEED    25   HIGHEST GUST DIRECTION     W (270)
  AVERAGE WIND SPEED     3.5


SKY COVER
  POSSIBLE SUNSHINE  MM
  AVERAGE SKY COVER 0.8


WEATHER CONDITIONS
 THE FOLLOWING WEATHER WAS RECORDED YESTERDAY.
  HEAVY RAIN
  LIGHT RAIN
  FOG
  FOG W/VISIBILITY <= 1/4 MILE


RELATIVE HUMIDITY (PERCENT)
 HIGHEST    97           100 AM
 LOWEST     60           100 PM
 AVERAGE    79

..........................................................


THE ELKINS WV CLIMATE NORMALS FOR TODAY
                         NORMAL    RECORD    YEAR
 MAXIMUM TEMPERATURE (F)   74        90      1914
 MINIMUM TEMPERATURE (F)   50        32      1964


SUNRISE AND SUNSET
MAY 29 2017...........SUNRISE   557 AM EDT   SUNSET   837 PM EDT
MAY 30 2017...........SUNRISE   557 AM EDT   SUNSET   838 PM EDT


-  INDICATES NEGATIVE NUMBERS.
R  INDICATES RECORD WAS SET OR TIED.
MM INDICATES DATA IS MISSING.
T  INDICATES TRACE AMOUNT.




$$
