000
CDUS41 KRLX 232116
CLIEKN


CLIMATE REPORT
NATIONAL WEATHER SERVICE CHARLESTON WV
515 PM EDT SAT MAY 23 2015


...................................

...THE ELKINS WV CLIMATE SUMMARY FOR MAY 23 2015...
VALID TODAY AS OF 0500 PM LOCAL TIME.

CLIMATE NORMAL PERIOD 1981 TO 2010
CLIMATE RECORD PERIOD 1899 TO 2015


WEATHER ITEM   OBSERVED TIME   RECORD YEAR NORMAL DEPARTURE LAST
                VALUE   (LST)  VALUE       VALUE  FROM      YEAR
                                                  NORMAL
..................................................................
TEMPERATURE (F)
 TODAY
  MAXIMUM         73    357 PM  87    1966  72      1       70
  MINIMUM         39    520 AM  29    2006  48     -9       45
  AVERAGE         56                        60     -4       58

PRECIPITATION (IN)
  TODAY            0.00          1.56 1985   0.17  -0.17     0.00
  MONTH TO DATE    1.35                      3.78  -2.43     3.27
  SINCE MAR 1     15.69                     11.54   4.15     8.40
  SINCE JAN 1     21.41                     17.87   3.54    14.66

DEGREE DAYS
 HEATING
  TODAY            9                         6      3        7
  MONTH TO DATE  103                       195    -92      160
  SINCE MAR 1   1299                      1437   -138     1444
  SINCE JUL 1   5930                      5758    172     5967

 COOLING
  TODAY            0                         1     -1        0
  MONTH TO DATE   32                        10     22       21
  SINCE MAR 1     35                        13     22       23
  SINCE JAN 1     35                        13     22       23
..................................................................


WIND (MPH)
  HIGHEST WIND SPEED    14   HIGHEST WIND DIRECTION     W (290)
  HIGHEST GUST SPEED    17   HIGHEST GUST DIRECTION     N (340)
  AVERAGE WIND SPEED     2.8


SKY COVER
  POSSIBLE SUNSHINE  MM
  AVERAGE SKY COVER 0.1


WEATHER CONDITIONS
 THE FOLLOWING WEATHER WAS RECORDED TODAY.
  FOG
  HAZE


RELATIVE HUMIDITY (PERCENT)
 HIGHEST    93           400 AM
 LOWEST     29           400 PM
 AVERAGE    61

..........................................................


THE ELKINS WV CLIMATE NORMALS FOR TOMORROW
                         NORMAL    RECORD    YEAR
 MAXIMUM TEMPERATURE (F)   72        85      1991
                                             1944
                                             1939
 MINIMUM TEMPERATURE (F)   48        31      1963
                                             1905


SUNRISE AND SUNSET
MAY 23 2015...........SUNRISE   601 AM EDT   SUNSET   832 PM EDT
MAY 24 2015...........SUNRISE   600 AM EDT   SUNSET   833 PM EDT


-  INDICATES NEGATIVE NUMBERS.
R  INDICATES RECORD WAS SET OR TIED.
MM INDICATES DATA IS MISSING.
T  INDICATES TRACE AMOUNT.




$$
