000
CDUS41 KRLX 200719
CLIEKN


CLIMATE REPORT
NATIONAL WEATHER SERVICE CHARLESTON WV
316 AM EDT SAT SEP 20 2014


...................................

...THE ELKINS WV CLIMATE SUMMARY FOR SEPTEMBER 19 2014...

CLIMATE NORMAL PERIOD 1981 TO 2010
CLIMATE RECORD PERIOD 1899 TO 2014


WEATHER ITEM   OBSERVED TIME   RECORD YEAR NORMAL DEPARTURE LAST
                VALUE   (LST)  VALUE       VALUE  FROM      YEAR
                                                  NORMAL
..................................................................
TEMPERATURE (F)
 YESTERDAY
  MAXIMUM         73   1252 PM  89    1965  73      0       77
  MINIMUM         48    727 AM  31    1959  50     -2       57
  AVERAGE         61                        61      0       67

PRECIPITATION (IN)
  YESTERDAY        0.00          1.27 1915   0.12  -0.12     0.02
  MONTH TO DATE    1.18                      2.34  -1.16     1.42
  SINCE JAN 1     29.41                     35.15  -5.74    34.34

SNOWFALL (IN)
  YESTERDAY        0.0
  MONTH TO DATE    0.0
  SINCE SEP 1      0.0
  SNOW DEPTH       0

DEGREE DAYS
 HEATING
  YESTERDAY        4                         5     -1        0
  MONTH TO DATE   52                        53     -1       52
  SINCE SEP 1     52                        53     -1       52
  SINCE JUL 1    103                        83     20       75

 COOLING
  YESTERDAY        0                         1     -1        2
  MONTH TO DATE   64                        37     27       58
  SINCE SEP 1     64                        37     27       58
  SINCE JAN 1    502                       463     39      521
..................................................................


WIND (MPH)
  HIGHEST WIND SPEED    16   HIGHEST WIND DIRECTION     S (160)
  HIGHEST GUST SPEED    20   HIGHEST GUST DIRECTION    SE (150)
  AVERAGE WIND SPEED     4.8


SKY COVER
  POSSIBLE SUNSHINE  MM
  AVERAGE SKY COVER 0.5


WEATHER CONDITIONS
 THE FOLLOWING WEATHER WAS RECORDED YESTERDAY.
  FOG
  FOG W/VISIBILITY <= 1/4 MILE


RELATIVE HUMIDITY (PERCENT)
 HIGHEST   100          1200 AM
 LOWEST     53           100 PM
 AVERAGE    77

..........................................................


THE ELKINS WV CLIMATE NORMALS FOR TODAY
                         NORMAL    RECORD    YEAR
 MAXIMUM TEMPERATURE (F)   72        89      1908
 MINIMUM TEMPERATURE (F)   49        31      1956


SUNRISE AND SUNSET
SEPTEMBER 20 2014.....SUNRISE   705 AM EDT   SUNSET   720 PM EDT
SEPTEMBER 21 2014.....SUNRISE   706 AM EDT   SUNSET   718 PM EDT


-  INDICATES NEGATIVE NUMBERS.
R  INDICATES RECORD WAS SET OR TIED.
MM INDICATES DATA IS MISSING.
T  INDICATES TRACE AMOUNT.




$$
