000
CDUS45 KLKN 310931
CLIEKO


CLIMATE REPORT
NATIONAL WEATHER SERVICE ELKO NV
230 AM PDT MON AUG 31 2015


...................................

...THE ELKO AIRPORT NV CLIMATE SUMMARY FOR AUGUST 30 2015...

CLIMATE NORMAL PERIOD 1981 TO 2010
CLIMATE RECORD PERIOD 1888 TO 2015


WEATHER ITEM   OBSERVED TIME   RECORD YEAR NORMAL DEPARTURE LAST
                VALUE   (LST)  VALUE       VALUE  FROM      YEAR
                                                  NORMAL
..................................................................
TEMPERATURE (F)
 YESTERDAY
  MAXIMUM         84    145 PM  98    1967  85     -1       85
  MINIMUM         51   1041 PM  24    1932  45      6       51
  AVERAGE         68                        65      3       68

PRECIPITATION (IN)
  YESTERDAY        0.00          0.20 1957   0.01  -0.01     0.00
  MONTH TO DATE    0.63                      0.36   0.27     1.27
  SINCE OCT 1      9.00                      9.33  -0.33     9.28
  SINCE JAN 1      6.76                      6.27   0.49     7.67

SNOWFALL (IN)
  YESTERDAY        0.0           0.0  1888   0.0    0.0      0.0
  MONTH TO DATE    0.0                       0.0    0.0      0.0
  SINCE JUN 1      0.0                       0.0    0.0      0.0
  SINCE JUL 1      0.0                       0.0    0.0      0.0
  SNOW DEPTH       0

DEGREE DAYS
 HEATING
  YESTERDAY        0                         2     -2        0
  MONTH TO DATE    1                        28    -27       18
  SINCE JUN 1     34                       178   -144      110
  SINCE JUL 1     10                        47    -37       18

 COOLING
  YESTERDAY        3                         2      1        3
  MONTH TO DATE  212                       129     83      128
  SINCE JUN 1    578                       356    222      501
  SINCE JAN 1    585                       360    225      504
..................................................................


WIND (MPH)
  HIGHEST WIND SPEED    24   HIGHEST WIND DIRECTION     W (250)
  HIGHEST GUST SPEED    29   HIGHEST GUST DIRECTION     W (260)
  AVERAGE WIND SPEED     8.5



WEATHER CONDITIONS
 THE FOLLOWING WEATHER WAS RECORDED YESTERDAY.
  NO SIGNIFICANT WEATHER WAS OBSERVED.


RELATIVE HUMIDITY (PERCENT)
 HIGHEST    59           500 AM
 LOWEST     14           100 PM
 AVERAGE    37

..........................................................


THE ELKO AIRPORT NV CLIMATE NORMALS FOR TODAY
                         NORMAL    RECORD    YEAR
 MAXIMUM TEMPERATURE (F)   85        96      1955
                                             1950
                                             1924
 MINIMUM TEMPERATURE (F)   45        27      1932


SUNRISE AND SUNSET
AUGUST 31 2015........SUNRISE   609 AM PDT   SUNSET   717 PM PDT
SEPTEMBER  1 2015.....SUNRISE   610 AM PDT   SUNSET   716 PM PDT


-  INDICATES NEGATIVE NUMBERS.
R  INDICATES RECORD WAS SET OR TIED.
MM INDICATES DATA IS MISSING.
T  INDICATES TRACE AMOUNT.




$$
