000
CDUS45 KLKN 180928
CLIEKO


CLIMATE REPORT
NATIONAL WEATHER SERVICE ELKO NV
226 AM PDT WED OCT 18  2017


...................................

...THE ELKO AIRPORT NV CLIMATE SUMMARY FOR OCTOBER 17 2017...

CLIMATE NORMAL PERIOD 1981 TO 2010
CLIMATE RECORD PERIOD 1888 TO 2017


WEATHER ITEM   OBSERVED TIME   RECORD YEAR NORMAL DEPARTURE LAST
                VALUE   (LST)  VALUE       VALUE  FROM      YEAR
                                                  NORMAL
..................................................................
TEMPERATURE (F)
 YESTERDAY
  MAXIMUM         72    137 PM  83    1958  64      8       54
  MINIMUM         25    556 AM   7    1996  28     -3       30
  AVERAGE         49                        46      3       42

PRECIPITATION (IN)
  YESTERDAY        0.00          0.38 1969   0.02  -0.02     0.11
  MONTH TO DATE    0.11                      0.36  -0.25     1.14
  SINCE OCT 1      0.11                      0.36  -0.25     1.14
  SINCE JAN 1     10.04                      7.21   2.83     9.86

SNOWFALL (IN)
  YESTERDAY        0.0           2.0  1969   0.0    0.0      0.0
  MONTH TO DATE    0.0                       0.2   -0.2      0.0
  SINCE SEP 1      T                         0.3   -0.3      0.0
  SINCE JUL 1      T                         0.3   -0.3      0.0
  SNOW DEPTH       0

DEGREE DAYS
 HEATING
  YESTERDAY       16                        19     -3       23
  MONTH TO DATE  354                       268     86      244
  SINCE SEP 1    605                       475    130      406
  SINCE JUL 1    609                       526     83      419

 COOLING
  YESTERDAY        0                         0      0        0
  MONTH TO DATE    0                         0      0        0
  SINCE SEP 1     89                        21     68       16
  SINCE JAN 1    785                       383    402      560
..................................................................


WIND (MPH)
  HIGHEST WIND SPEED    14   HIGHEST WIND DIRECTION    SW (230)
  HIGHEST GUST SPEED    18   HIGHEST GUST DIRECTION     W (250)
  AVERAGE WIND SPEED     3.2



WEATHER CONDITIONS
 THE FOLLOWING WEATHER WAS RECORDED YESTERDAY.
  NO SIGNIFICANT WEATHER WAS OBSERVED.


RELATIVE HUMIDITY (PERCENT)
 HIGHEST    68           600 AM
 LOWEST      8           200 PM
 AVERAGE    38

..........................................................


THE ELKO AIRPORT NV CLIMATE NORMALS FOR TODAY
                         NORMAL    RECORD    YEAR
 MAXIMUM TEMPERATURE (F)   64        82      2003
                                             1927
                                             1921
 MINIMUM TEMPERATURE (F)   28        10      1910


SUNRISE AND SUNSET
OCTOBER 18 2017.......SUNRISE   658 AM PDT   SUNSET   558 PM PDT
OCTOBER 19 2017.......SUNRISE   659 AM PDT   SUNSET   556 PM PDT


-  INDICATES NEGATIVE NUMBERS.
R  INDICATES RECORD WAS SET OR TIED.
MM INDICATES DATA IS MISSING.
T  INDICATES TRACE AMOUNT.




$$
