000
CDUS45 KLKN 060939
CLIEKO


CLIMATE REPORT
NATIONAL WEATHER SERVICE ELKO NV
137 AM PST FRI MAR 6 2015


...................................

...THE ELKO AIRPORT NV CLIMATE SUMMARY FOR MARCH 5 2015...

CLIMATE NORMAL PERIOD 1981 TO 2010
CLIMATE RECORD PERIOD 1888 TO 2015


WEATHER ITEM   OBSERVED TIME   RECORD YEAR NORMAL DEPARTURE LAST
                VALUE   (LST)  VALUE       VALUE  FROM      YEAR
                                                  NORMAL
..................................................................
TEMPERATURE (F)
 YESTERDAY
  MAXIMUM         55    224 PM  68    1972  48      7       57
  MINIMUM         14    556 AM  -3    1939  24    -10       29
  AVERAGE         35                        36     -1       43

PRECIPITATION (IN)
  YESTERDAY        0.00          0.81 1890   0.03  -0.03     0.00
  MONTH TO DATE    0.05                      0.16  -0.11     0.59
  SINCE OCT 1      2.78                      5.18  -2.40     4.54
  SINCE JAN 1      0.54                      2.12  -1.58     2.93

SNOWFALL (IN)
  YESTERDAY        0.0           2.4  1985   0.2   -0.2      0.0
  MONTH TO DATE    0.7                       0.9   -0.2      1.0
  SINCE MAR 1      0.7                       0.9   -0.2      1.0
  SINCE JUL 1     10.1                      33.4  -23.3     13.3
  SNOW DEPTH       0

DEGREE DAYS
 HEATING
  YESTERDAY       30                        29      1       22
  MONTH TO DATE  163                       148     15      115
  SINCE MAR 1    163                       148     15      115
  SINCE JUL 1   4171                      5316  -1145     4846

 COOLING
  YESTERDAY        0                         0      0        0
  MONTH TO DATE    0                         0      0        0
  SINCE MAR 1      0                         0      0        0
  SINCE JAN 1      0                         0      0        0
..................................................................


WIND (MPH)
  HIGHEST WIND SPEED    13   HIGHEST WIND DIRECTION     W (270)
  HIGHEST GUST SPEED    17   HIGHEST GUST DIRECTION    SW (220)
  AVERAGE WIND SPEED     4.3



WEATHER CONDITIONS
 THE FOLLOWING WEATHER WAS RECORDED YESTERDAY.
  NO SIGNIFICANT WEATHER WAS OBSERVED.


RELATIVE HUMIDITY (PERCENT)
 HIGHEST    80           500 AM
 LOWEST     15           300 PM
 AVERAGE    48

..........................................................


THE ELKO AIRPORT NV CLIMATE NORMALS FOR TODAY
                         NORMAL    RECORD    YEAR
 MAXIMUM TEMPERATURE (F)   49        69      1937
 MINIMUM TEMPERATURE (F)   24        -4      1922


SUNRISE AND SUNSET
MARCH  6 2015.........SUNRISE   610 AM PST   SUNSET   540 PM PST
MARCH  7 2015.........SUNRISE   608 AM PST   SUNSET   541 PM PST


-  INDICATES NEGATIVE NUMBERS.
R  INDICATES RECORD WAS SET OR TIED.
MM INDICATES DATA IS MISSING.
T  INDICATES TRACE AMOUNT.




$$
