000
CDUS45 KLKN 030029
CLIEKO


CLIMATE REPORT
NATIONAL WEATHER SERVICE ELKO NV
427 PM PST FRI DEC 2 2016


...................................

...THE ELKO AIRPORT NV CLIMATE SUMMARY FOR DECEMBER 2 2016...
VALID TODAY AS OF 0400 PM LOCAL TIME.

CLIMATE NORMAL PERIOD 1981 TO 2010
CLIMATE RECORD PERIOD 1888 TO 2016


WEATHER ITEM   OBSERVED TIME   RECORD YEAR NORMAL DEPARTURE LAST
                VALUE   (LST)  VALUE       VALUE  FROM      YEAR
                                                  NORMAL
..................................................................
TEMPERATURE (F)
 TODAY
  MAXIMUM         35    211 PM  61    1977  40     -5       30
                                      1939
                                      1903
  MINIMUM         13    705 AM -12    1931  17     -4        4
  AVERAGE         24                        28     -4       17

PRECIPITATION (IN)
  TODAY            0.00          1.25 1901   0.04  -0.04     0.00
  MONTH TO DATE    T                         0.08  -0.08     0.00
  SINCE OCT 1      2.80                      1.94   0.86     2.46
  SINCE JAN 1     11.52                      8.79   2.73     9.45

SNOWFALL (IN)
  TODAY            0.0           6.0  1919   0.2   -0.2      0.0
  MONTH TO DATE    T                         0.5   -0.5      0.0
  SINCE DEC 1      T                         0.5   -0.5      0.0
  SINCE JUL 1      5.5                       6.2   -0.7     12.2
  SNOW DEPTH       1

DEGREE DAYS
 HEATING
  TODAY           41                        37      4       48
  MONTH TO DATE   77                        73      4       99
  SINCE DEC 1     77                        73      4       99
  SINCE JUL 1   1422                      1811   -389     1580

 COOLING
  TODAY            0                         0      0        0
  MONTH TO DATE    0                         0      0        0
  SINCE DEC 1      0                         0      0        0
  SINCE JAN 1    560                       383    177      624
..................................................................


WIND (MPH)
  HIGHEST WIND SPEED    12   HIGHEST WIND DIRECTION    SW (210)
  HIGHEST GUST SPEED    13   HIGHEST GUST DIRECTION    SW (220)



WEATHER CONDITIONS
 THE FOLLOWING WEATHER WAS RECORDED TODAY.
  NO SIGNIFICANT WEATHER WAS OBSERVED.


RELATIVE HUMIDITY (PERCENT)
 HIGHEST    84           600 AM
 LOWEST     44           200 PM
 AVERAGE    64

..........................................................


THE ELKO AIRPORT NV CLIMATE NORMALS FOR TOMORROW
                         NORMAL    RECORD    YEAR
 MAXIMUM TEMPERATURE (F)   40        63      1940
 MINIMUM TEMPERATURE (F)   17        -7      1897


SUNRISE AND SUNSET
DECEMBER  2 2016......SUNRISE   650 AM PST   SUNSET   416 PM PST
DECEMBER  3 2016......SUNRISE   651 AM PST   SUNSET   416 PM PST


-  INDICATES NEGATIVE NUMBERS.
R  INDICATES RECORD WAS SET OR TIED.
MM INDICATES DATA IS MISSING.
T  INDICATES TRACE AMOUNT.




$$
