000
CDUS45 KLKN 120932
CLIEKO


CLIMATE REPORT
NATIONAL WEATHER SERVICE ELKO NV
131 AM PST TUE DEC 12 2017


...................................

...THE ELKO AIRPORT NV CLIMATE SUMMARY FOR DECEMBER 11 2017...

CLIMATE NORMAL PERIOD 1981 TO 2010
CLIMATE RECORD PERIOD 1888 TO 2017


WEATHER ITEM   OBSERVED TIME   RECORD YEAR NORMAL DEPARTURE LAST
                VALUE   (LST)  VALUE       VALUE  FROM      YEAR
                                                  NORMAL
..................................................................
TEMPERATURE (F)
 YESTERDAY
  MAXIMUM         42    244 PM  60    1958  38      4       40
  MINIMUM         10    721 AM -28    1972  15     -5       24
  AVERAGE         26                        26      0       32

PRECIPITATION (IN)
  YESTERDAY        0.00          0.60 1894   0.04  -0.04     0.00
  MONTH TO DATE    0.13                      0.41  -0.28     1.34
  SINCE OCT 1      1.52                      2.27  -0.75     4.14
  SINCE JAN 1     11.45                      9.12   2.33    12.86

SNOWFALL (IN)
  YESTERDAY        0.0           6.0  1894   0.3   -0.3      0.0
  MONTH TO DATE    2.0                       3.2   -1.2      3.9
  SINCE DEC 1      2.0                       3.2   -1.2      3.9
  SINCE JUL 1      2.7                       8.9   -6.2      9.4
  SNOW DEPTH       T

DEGREE DAYS
 HEATING
  YESTERDAY       39                        39      0       33
  MONTH TO DATE  436                       414     22      401
  SINCE DEC 1    436                       414     22      401
  SINCE JUL 1   2024                      2152   -128     1746

 COOLING
  YESTERDAY        0                         0      0        0
  MONTH TO DATE    0                         0      0        0
  SINCE DEC 1      0                         0      0        0
  SINCE JAN 1    785                       383    402      560
..................................................................


WIND (MPH)
  HIGHEST WIND SPEED     8   HIGHEST WIND DIRECTION    NE (60)
  HIGHEST GUST SPEED     8   HIGHEST GUST DIRECTION    NE (60)
  AVERAGE WIND SPEED     1.7



WEATHER CONDITIONS
 THE FOLLOWING WEATHER WAS RECORDED YESTERDAY.
  NO SIGNIFICANT WEATHER WAS OBSERVED.


RELATIVE HUMIDITY (PERCENT)
 HIGHEST    92           300 AM
 LOWEST     44           100 PM
 AVERAGE    68

..........................................................


THE ELKO AIRPORT NV CLIMATE NORMALS FOR TODAY
                         NORMAL    RECORD    YEAR
 MAXIMUM TEMPERATURE (F)   37        60      1929
                                             1921
                                             1894
 MINIMUM TEMPERATURE (F)   15       -38      1932


SUNRISE AND SUNSET
DECEMBER 12 2017......SUNRISE   658 AM PST   SUNSET   416 PM PST
DECEMBER 13 2017......SUNRISE   659 AM PST   SUNSET   416 PM PST


-  INDICATES NEGATIVE NUMBERS.
R  INDICATES RECORD WAS SET OR TIED.
MM INDICATES DATA IS MISSING.
T  INDICATES TRACE AMOUNT.




$$
