000
CDUS45 KLKN 230932
CLIEKO


CLIMATE REPORT
NATIONAL WEATHER SERVICE ELKO NV
228 AM PDT SAT MAY 23 2015


...................................

...THE ELKO AIRPORT NV CLIMATE SUMMARY FOR MAY 22 2015...

CLIMATE NORMAL PERIOD 1981 TO 2010
CLIMATE RECORD PERIOD 1888 TO 2015


WEATHER ITEM   OBSERVED TIME   RECORD YEAR NORMAL DEPARTURE LAST
                VALUE   (LST)  VALUE       VALUE  FROM      YEAR
                                                  NORMAL
..................................................................
TEMPERATURE (F)
 YESTERDAY
  MAXIMUM         63   1103 AM  91    1919  71     -8       71
  MINIMUM         46    437 AM  19    1895  39      7       34
  AVERAGE         55                        55      0       53

PRECIPITATION (IN)
  YESTERDAY        T             0.55 1898   0.03  -0.03     0.00
  MONTH TO DATE    2.02                      0.68   1.34     1.08
  SINCE OCT 1      5.64                      7.67  -2.03     7.32
  SINCE JAN 1      3.40                      4.61  -1.21     5.71

SNOWFALL (IN)
  YESTERDAY        0.0           0.2  1946   0.0    0.0      0.0
  MONTH TO DATE    2.0                       0.4    1.6      0.3
  SINCE MAR 1      4.9                       8.7   -3.8      8.2
  SINCE JUL 1     14.3                      41.2  -26.9     20.5
  SNOW DEPTH       0

DEGREE DAYS
 HEATING
  YESTERDAY       10                        10      0       12
  MONTH TO DATE  257                       284    -27      271
  SINCE MAR 1   1465                      1687   -222     1615
  SINCE JUL 1   5473                      6855  -1382     6346

 COOLING
  YESTERDAY        0                         0      0        0
  MONTH TO DATE    0                         0      0        0
  SINCE MAR 1      0                         0      0        0
  SINCE JAN 1      0                         0      0        0
..................................................................


WIND (MPH)
  HIGHEST WIND SPEED    20   HIGHEST WIND DIRECTION    NW (330)
  HIGHEST GUST SPEED    24   HIGHEST GUST DIRECTION    NW (320)
  AVERAGE WIND SPEED     6.5



WEATHER CONDITIONS
 THE FOLLOWING WEATHER WAS RECORDED YESTERDAY.
  THUNDERSTORM
  LIGHT RAIN


RELATIVE HUMIDITY (PERCENT)
 HIGHEST    93           500 AM
 LOWEST     51          1200 PM
 AVERAGE    72

..........................................................


THE ELKO AIRPORT NV CLIMATE NORMALS FOR TODAY
                         NORMAL    RECORD    YEAR
 MAXIMUM TEMPERATURE (F)   71        89      2001
 MINIMUM TEMPERATURE (F)   39        23      1966


SUNRISE AND SUNSET
MAY 23 2015...........SUNRISE   519 AM PDT   SUNSET   801 PM PDT
MAY 24 2015...........SUNRISE   519 AM PDT   SUNSET   802 PM PDT


-  INDICATES NEGATIVE NUMBERS.
R  INDICATES RECORD WAS SET OR TIED.
MM INDICATES DATA IS MISSING.
T  INDICATES TRACE AMOUNT.




$$
