000
CDUS45 KLKN 260928
CLIEKO


CLIMATE REPORT
NATIONAL WEATHER SERVICE ELKO NV
126 AM PST MON JAN 26 2015


...................................

...THE ELKO AIRPORT NV CLIMATE SUMMARY FOR JANUARY 25 2015...

CLIMATE NORMAL PERIOD 1981 TO 2010
CLIMATE RECORD PERIOD 1888 TO 2015


WEATHER ITEM   OBSERVED TIME   RECORD YEAR NORMAL DEPARTURE LAST
                VALUE   (LST)  VALUE       VALUE  FROM      YEAR
                                                  NORMAL
..................................................................
TEMPERATURE (F)
 YESTERDAY
  MAXIMUM         57    338 PM  58    1953  37     20       45
  MINIMUM         23    730 AM -38    1949  14      9        7
  AVERAGE         40                        26     14       26

PRECIPITATION (IN)
  YESTERDAY        0.00          0.66 1930   0.03  -0.03     0.00
  MONTH TO DATE    0.08                      0.93  -0.85     0.08
  SINCE OCT 1      2.32                      3.99  -1.67     1.69
  SINCE JAN 1      0.08                      0.93  -0.85     0.08

SNOWFALL (IN)
  YESTERDAY        0.0           7.0  1997   0.3   -0.3      0.0
  MONTH TO DATE    T                         8.7   -8.7      0.3
  SINCE DEC 1      5.6                      18.6  -13.0      4.7
  SINCE JUL 1      7.5                      24.3  -16.8     10.4
  SNOW DEPTH       0

DEGREE DAYS
 HEATING
  YESTERDAY       25                        40    -15       39
  MONTH TO DATE  805                      1000   -195      830
  SINCE DEC 1   1804                      2210   -406     2201
  SINCE JUL 1   3164                      3948   -784     3761

 COOLING
  YESTERDAY        0                         0      0        0
  MONTH TO DATE    0                         0      0        0
  SINCE DEC 1      0                         0      0        0
  SINCE JAN 1      0                         0      0        0
..................................................................


WIND (MPH)
  HIGHEST WIND SPEED     9   HIGHEST WIND DIRECTION     E (70)
  HIGHEST GUST SPEED    10   HIGHEST GUST DIRECTION     E (70)
  AVERAGE WIND SPEED     3.1



WEATHER CONDITIONS
 THE FOLLOWING WEATHER WAS RECORDED YESTERDAY.
  NO SIGNIFICANT WEATHER WAS OBSERVED.


RELATIVE HUMIDITY (PERCENT)
 HIGHEST    96           700 AM
 LOWEST     43           300 PM
 AVERAGE    70

..........................................................


THE ELKO AIRPORT NV CLIMATE NORMALS FOR TODAY
                         NORMAL    RECORD    YEAR
 MAXIMUM TEMPERATURE (F)   37        58      1987
 MINIMUM TEMPERATURE (F)   15       -29      1949


SUNRISE AND SUNSET
JANUARY 26 2015.......SUNRISE   659 AM PST   SUNSET   453 PM PST
JANUARY 27 2015.......SUNRISE   658 AM PST   SUNSET   454 PM PST


-  INDICATES NEGATIVE NUMBERS.
R  INDICATES RECORD WAS SET OR TIED.
MM INDICATES DATA IS MISSING.
T  INDICATES TRACE AMOUNT.




$$
