000
CDUS45 KLKN 300034
CLIEKO


CLIMATE REPORT
NATIONAL WEATHER SERVICE ELKO NV
533 PM PDT WED MAR 29 2017


...................................

...THE ELKO AIRPORT NV CLIMATE SUMMARY FOR MARCH 29 2017...
VALID TODAY AS OF 0500 PM LOCAL TIME.

CLIMATE NORMAL PERIOD 1981 TO 2010
CLIMATE RECORD PERIOD 1888 TO 2017


WEATHER ITEM   OBSERVED TIME   RECORD YEAR NORMAL DEPARTURE LAST
                VALUE   (LST)  VALUE       VALUE  FROM      YEAR
                                                  NORMAL
..................................................................
TEMPERATURE (F)
 TODAY
  MAXIMUM         62    321 PM  75    1978  55      7       35
  MINIMUM         27    450 AM  12    1926  29     -2       28
                                      1898
  AVERAGE         45                        42      3       32

PRECIPITATION (IN)
  TODAY            0.00          0.34 1957   0.03  -0.03     0.18
  MONTH TO DATE    1.07                      0.94   0.13     0.82
  SINCE OCT 1     10.75                      5.96   4.79     7.64
  SINCE JAN 1      5.12                      2.90   2.22     3.10

SNOWFALL (IN)
  TODAY            0.0           2.6  1972   0.2   -0.2      2.1
  MONTH TO DATE    1.8                       4.8   -3.0      3.8
  SINCE MAR 1      1.8                       4.8   -3.0      3.8
  SINCE JUL 1     53.2                      37.3   15.9     60.1
  SNOW DEPTH       0

DEGREE DAYS
 HEATING
  TODAY           20                        23     -3       33
  MONTH TO DATE  587                       764   -177      626
  SINCE MAR 1    587                       764   -177      626
  SINCE JUL 1   5323                      5932   -609     5651

 COOLING
  TODAY            0                         0      0        0
  MONTH TO DATE    0                         0      0        0
  SINCE MAR 1      0                         0      0        0
  SINCE JAN 1      0                         0      0        0
..................................................................


WIND (MPH)
  HIGHEST WIND SPEED    16   HIGHEST WIND DIRECTION     W (250)
  HIGHEST GUST SPEED    20   HIGHEST GUST DIRECTION     W (250)



WEATHER CONDITIONS
 THE FOLLOWING WEATHER WAS RECORDED TODAY.
  NO SIGNIFICANT WEATHER WAS OBSERVED.


RELATIVE HUMIDITY (PERCENT)
 HIGHEST    92           200 AM
 LOWEST     36           100 PM
 AVERAGE    64

..........................................................


THE ELKO AIRPORT NV CLIMATE NORMALS FOR TOMORROW
                         NORMAL    RECORD    YEAR
 MAXIMUM TEMPERATURE (F)   55        76      2015
                                             1966
 MINIMUM TEMPERATURE (F)   29         8      1898


SUNRISE AND SUNSET
MARCH 29 2017.........SUNRISE   631 AM PDT   SUNSET   705 PM PDT
MARCH 30 2017.........SUNRISE   629 AM PDT   SUNSET   706 PM PDT


-  INDICATES NEGATIVE NUMBERS.
R  INDICATES RECORD WAS SET OR TIED.
MM INDICATES DATA IS MISSING.
T  INDICATES TRACE AMOUNT.




$$
