000
CDUS45 KLKN 270935
CLIEKO


CLIMATE REPORT
NATIONAL WEATHER SERVICE ELKO NV
129 AM PST THU NOV 27 2014


...................................

...THE ELKO AIRPORT NV CLIMATE SUMMARY FOR NOVEMBER 26 2014...

CLIMATE NORMAL PERIOD 1981 TO 2010
CLIMATE RECORD PERIOD 1888 TO 2014


WEATHER ITEM   OBSERVED TIME   RECORD YEAR NORMAL DEPARTURE LAST
                VALUE   (LST)  VALUE       VALUE  FROM      YEAR
                                                  NORMAL
..................................................................
TEMPERATURE (F)
 YESTERDAY
  MAXIMUM         60    223 PM  63    1998  43     17       53
                                      1949
  MINIMUM         23    644 AM -11    1918  19      4       18
  AVERAGE         42                        30     12       36

PRECIPITATION (IN)
  YESTERDAY        0.00          0.59 1916   0.04  -0.04     0.00
  MONTH TO DATE    1.10                      0.96   0.14     0.36
  SINCE OCT 1      1.10                      1.71  -0.61     0.96
  SINCE JAN 1      9.15                      8.56   0.59     5.81

SNOWFALL (IN)
  YESTERDAY        0.0           2.9  1989   0.2   -0.2      0.0
  MONTH TO DATE    1.9                       3.9   -2.0      2.8
  SINCE SEP 1      1.9                       4.6   -2.7      5.7
  SINCE JUL 1      1.9                       4.6   -2.7      5.7
  SNOW DEPTH       0

DEGREE DAYS
 HEATING
  YESTERDAY       23                        35    -12       29
  MONTH TO DATE  751                       767    -16      669
  SINCE SEP 1   1253                      1545   -292     1446
  SINCE JUL 1   1273                      1596   -323     1446

 COOLING
  YESTERDAY        0                         0      0        0
  MONTH TO DATE    0                         0      0        0
  SINCE SEP 1     45                        21     24       66
  SINCE JAN 1    549                       383    166      776
..................................................................


WIND (MPH)
  HIGHEST WIND SPEED    10   HIGHEST WIND DIRECTION    SW (240)
  HIGHEST GUST SPEED    13   HIGHEST GUST DIRECTION    SW (220)
  AVERAGE WIND SPEED     1.9



WEATHER CONDITIONS
 THE FOLLOWING WEATHER WAS RECORDED YESTERDAY.
  NO SIGNIFICANT WEATHER WAS OBSERVED.


RELATIVE HUMIDITY (PERCENT)
 HIGHEST    92           200 AM
 LOWEST     33           200 PM
 AVERAGE    63

..........................................................


THE ELKO AIRPORT NV CLIMATE NORMALS FOR TODAY
                         NORMAL    RECORD    YEAR
 MAXIMUM TEMPERATURE (F)   42        64      1949
 MINIMUM TEMPERATURE (F)   18        -4      1993


SUNRISE AND SUNSET
NOVEMBER 27 2014......SUNRISE   644 AM PST   SUNSET   417 PM PST
NOVEMBER 28 2014......SUNRISE   645 AM PST   SUNSET   417 PM PST


-  INDICATES NEGATIVE NUMBERS.
R  INDICATES RECORD WAS SET OR TIED.
MM INDICATES DATA IS MISSING.
T  INDICATES TRACE AMOUNT.




$$
