000
CDUS45 KLKN 290026
CLIEKO


CLIMATE REPORT
NATIONAL WEATHER SERVICE ELKO NV
526 PM PDT SUN AUG 28 2016


...................................

...THE ELKO AIRPORT NV CLIMATE SUMMARY FOR AUGUST 28 2016...
VALID TODAY AS OF 0500 PM LOCAL TIME.

CLIMATE NORMAL PERIOD 1981 TO 2010
CLIMATE RECORD PERIOD 1888 TO 2016


WEATHER ITEM   OBSERVED TIME   RECORD YEAR NORMAL DEPARTURE LAST
                VALUE   (LST)  VALUE       VALUE  FROM      YEAR
                                                  NORMAL
..................................................................
TEMPERATURE (F)
 TODAY
  MAXIMUM         90    312 PM 100    1924  86      4       93
  MINIMUM         47    529 AM  28    1942  45      2       52
  AVERAGE         69                        65      4       73

PRECIPITATION (IN)
  TODAY            0.00          0.90 1982   0.01  -0.01     0.02
  MONTH TO DATE    T                         0.33  -0.33     0.63
  SINCE OCT 1     12.18                      9.30   2.88     9.00
  SINCE JAN 1      7.64                      6.24   1.40     6.76

SNOWFALL (IN)
  TODAY            0.0           0.0  1888   0.0    0.0      0.0
  MONTH TO DATE    0.0                       0.0    0.0      0.0
  SINCE JUN 1      T                         0.0    0.0      0.0
  SINCE JUL 1      0.0                       0.0    0.0      0.0
  SNOW DEPTH       0

DEGREE DAYS
 HEATING
  TODAY            0                         2     -2        0
  MONTH TO DATE    4                        24    -20        1
  SINCE JUN 1     43                       174   -131       34
  SINCE JUL 1     13                        43    -30       10

 COOLING
  TODAY            4                         2      2        8
  MONTH TO DATE  158                       125     33      199
  SINCE JUN 1    523                       352    171      565
  SINCE JAN 1    523                       356    167      572
..................................................................


WIND (MPH)
  HIGHEST WIND SPEED    17   HIGHEST WIND DIRECTION     W (290)
  HIGHEST GUST SPEED    25   HIGHEST GUST DIRECTION    SW (230)



WEATHER CONDITIONS
 THE FOLLOWING WEATHER WAS RECORDED TODAY.
  NO SIGNIFICANT WEATHER WAS OBSERVED.


RELATIVE HUMIDITY (PERCENT)
 HIGHEST    36           500 AM
 LOWEST      8           100 PM
 AVERAGE    22

..........................................................


THE ELKO AIRPORT NV CLIMATE NORMALS FOR TOMORROW
                         NORMAL    RECORD    YEAR
 MAXIMUM TEMPERATURE (F)   85       100      1913
 MINIMUM TEMPERATURE (F)   45        28      1964


SUNRISE AND SUNSET
AUGUST 28 2016........SUNRISE   607 AM PDT   SUNSET   721 PM PDT
AUGUST 29 2016........SUNRISE   608 AM PDT   SUNSET   719 PM PDT


-  INDICATES NEGATIVE NUMBERS.
R  INDICATES RECORD WAS SET OR TIED.
MM INDICATES DATA IS MISSING.
T  INDICATES TRACE AMOUNT.




$$
