000
CDUS44 KSHV 190733
CLIELD


CLIMATE REPORT
NATIONAL WEATHER SERVICE SHREVEPORT, LA
231 AM CDT SAT APR 19 2014


...................................

...THE EL DORADO CLIMATE SUMMARY FOR APRIL 18 2014...

CLIMATE NORMAL PERIOD 1981 TO 2010
CLIMATE RECORD PERIOD 1907 TO 2014


WEATHER ITEM   OBSERVED TIME   RECORD YEAR NORMAL DEPARTURE LAST
                VALUE   (LST)  VALUE       VALUE  FROM      YEAR
                                                  NORMAL
..................................................................
TEMPERATURE (F)
 YESTERDAY
  MAXIMUM         72    321 PM  95    1987  76     -4       76
  MINIMUM         52   1159 PM  33    1921  52      0       45
  AVERAGE         62                        64     -2       61

PRECIPITATION (IN)
  YESTERDAY        T             1.28 2013   0.14  -0.14     1.28
  MONTH TO DATE    5.12                      2.41   2.71     4.19
  SINCE DEC 1     20.25                     21.43  -1.18    19.97
  SINCE JAN 1     13.69                     16.25  -2.56    13.91

SNOWFALL (IN)
  YESTERDAY        0.0
  MONTH TO DATE    0.0
  SINCE MAR 1      T
  SINCE JUL 1      1.1
  SNOW DEPTH       0

DEGREE DAYS
 HEATING
  YESTERDAY        3                         3      0        4
  MONTH TO DATE  142                        89     53      106
  SINCE MAR 1    584                       397    187      539
  SINCE JUL 1   3191                      2625    566     2579

 COOLING
  YESTERDAY        0                         2     -2        0
  MONTH TO DATE   21                        34    -13       55
  SINCE MAR 1     26                        56    -30       61
  SINCE JAN 1     26                        62    -36       67
..................................................................


WIND (MPH)
  HIGHEST WIND SPEED    15   HIGHEST WIND DIRECTION     N (350)
  HIGHEST GUST SPEED    19   HIGHEST GUST DIRECTION     N (10)
  AVERAGE WIND SPEED     2.7


SKY COVER
  POSSIBLE SUNSHINE  MM
  AVERAGE SKY COVER 0.7


WEATHER CONDITIONS
 THE FOLLOWING WEATHER WAS RECORDED YESTERDAY.
  LIGHT RAIN


RELATIVE HUMIDITY (PERCENT)
 HIGHEST   100          1100 PM
 LOWEST     49           300 PM
 AVERAGE    75

..........................................................


THE EL DORADO CLIMATE NORMALS FOR TODAY
                         NORMAL    RECORD    YEAR
 MAXIMUM TEMPERATURE (F)   77        94      1987
 MINIMUM TEMPERATURE (F)   52        34      1983


SUNRISE AND SUNSET
APRIL 19 2014.........SUNRISE   636 AM CDT   SUNSET   745 PM CDT
APRIL 20 2014.........SUNRISE   635 AM CDT   SUNSET   746 PM CDT


-  INDICATES NEGATIVE NUMBERS.
R  INDICATES RECORD WAS SET OR TIED.
MM INDICATES DATA IS MISSING.
T  INDICATES TRACE AMOUNT.




$$
