000
CDUS44 KSHV 240735
CLIELD


CLIMATE REPORT
NATIONAL WEATHER SERVICE SHREVEPORT, LA
235 AM CDT SUN MAY 24 2015


...................................

...THE EL DORADO CLIMATE SUMMARY FOR MAY 23 2015...

CLIMATE NORMAL PERIOD 1981 TO 2010
CLIMATE RECORD PERIOD 1907 TO 2015


WEATHER ITEM   OBSERVED TIME   RECORD YEAR NORMAL DEPARTURE LAST
                VALUE   (LST)  VALUE       VALUE  FROM      YEAR
                                                  NORMAL
..................................................................
TEMPERATURE (F)
 YESTERDAY
  MAXIMUM         85    359 PM  95    1918  84      1       88
  MINIMUM         58    153 AM  47    1963  62     -4       62
  AVERAGE         72                        73     -1       75

PRECIPITATION (IN)
  YESTERDAY        0.00          1.47 1944   0.17  -0.17     0.00
  MONTH TO DATE    5.16                      3.78   1.38     4.88
  SINCE DEC 1     24.56                     26.89  -2.33    25.65
  SINCE JAN 1     21.23                     21.71  -0.48    19.09

SNOWFALL (IN)
  YESTERDAY        0.0
  MONTH TO DATE    0.0
  SINCE MAR 1      0.7
  SINCE JUL 1      0.7
  SNOW DEPTH       0

DEGREE DAYS
 HEATING
  YESTERDAY        0                         0      0        0
  MONTH TO DATE    6                        16    -10       38
  SINCE MAR 1    433                       442     -9      641
  SINCE JUL 1   2919                      2670    249     3248

 COOLING
  YESTERDAY        7                         8     -1       10
  MONTH TO DATE  157                       138     19      117
  SINCE MAR 1    258                       231     27      174
  SINCE JAN 1    258                       237     21      174
..................................................................


WIND (MPH)
  HIGHEST WIND SPEED    16   HIGHEST WIND DIRECTION     E (100)
  HIGHEST GUST SPEED    21   HIGHEST GUST DIRECTION    SE (150)
  AVERAGE WIND SPEED     5.8


SKY COVER
  POSSIBLE SUNSHINE  MM
  AVERAGE SKY COVER 0.3


WEATHER CONDITIONS
 THE FOLLOWING WEATHER WAS RECORDED YESTERDAY.
  NO SIGNIFICANT WEATHER WAS OBSERVED.


RELATIVE HUMIDITY (PERCENT)
 HIGHEST    93           100 AM
 LOWEST     58           100 PM
 AVERAGE    76

..........................................................


THE EL DORADO CLIMATE NORMALS FOR TODAY
                         NORMAL    RECORD    YEAR
 MAXIMUM TEMPERATURE (F)   84        94      1918
 MINIMUM TEMPERATURE (F)   62        46      1913


SUNRISE AND SUNSET
MAY 24 2015...........SUNRISE   606 AM CDT   SUNSET   810 PM CDT
MAY 25 2015...........SUNRISE   606 AM CDT   SUNSET   811 PM CDT


-  INDICATES NEGATIVE NUMBERS.
R  INDICATES RECORD WAS SET OR TIED.
MM INDICATES DATA IS MISSING.
T  INDICATES TRACE AMOUNT.




$$
