000
CDUS44 KSHV 190850
CLIELD


CLIMATE REPORT
NATIONAL WEATHER SERVICE SHREVEPORT, LA
249 AM CST SUN NOV 19 2017


...................................

...THE EL DORADO CLIMATE SUMMARY FOR NOVEMBER 18 2017...

CLIMATE NORMAL PERIOD 1981 TO 2010
CLIMATE RECORD PERIOD 1907 TO 2017


WEATHER ITEM   OBSERVED TIME   RECORD YEAR NORMAL DEPARTURE LAST
                VALUE   (LST)  VALUE       VALUE  FROM      YEAR
                                                  NORMAL
..................................................................
TEMPERATURE (F)
 YESTERDAY
  MAXIMUM         83R   126 PM  82    1921  65     18       79
  MINIMUM         44   1159 PM  18    1959  42      2       44
  AVERAGE         64                        53     11       62

PRECIPITATION (IN)
  YESTERDAY        T             3.09 1972   0.16  -0.16     0.54
  MONTH TO DATE    1.47                      2.76  -1.29     0.59
  SINCE DEC 1     47.36                     50.79  -3.43    61.22
  SINCE JAN 1     41.07                     45.61  -4.54    53.16

SNOWFALL (IN)
  YESTERDAY        0.0
  MONTH TO DATE    0.0
  SINCE SEP 1      0.0
  SINCE JUL 1      0.0
  SNOW DEPTH       0

DEGREE DAYS
 HEATING
  YESTERDAY        1                        12    -11        3
  MONTH TO DATE  101                       174    -73       81
  SINCE SEP 1    233                       307    -74      110
  SINCE JUL 1    233                       307    -74      110

 COOLING
  YESTERDAY        0                         0      0        0
  MONTH TO DATE   56                        13     43       18
  SINCE SEP 1    506                       397    109      533
  SINCE JAN 1   2241                      2124    117     2391
..................................................................


WIND (MPH)
  HIGHEST WIND SPEED    29   HIGHEST WIND DIRECTION    NW (300)
  HIGHEST GUST SPEED    40   HIGHEST GUST DIRECTION     W (280)
  AVERAGE WIND SPEED    14.7


SKY COVER
  POSSIBLE SUNSHINE  MM
  AVERAGE SKY COVER 0.5


WEATHER CONDITIONS
 THE FOLLOWING WEATHER WAS RECORDED YESTERDAY.
  LIGHT RAIN


RELATIVE HUMIDITY (PERCENT)
 HIGHEST    93           300 AM
 LOWEST     48           200 PM
 AVERAGE    71

..........................................................


THE EL DORADO CLIMATE NORMALS FOR TODAY
                         NORMAL    RECORD    YEAR
 MAXIMUM TEMPERATURE (F)   64        82      1985
 MINIMUM TEMPERATURE (F)   41        17      1951


SUNRISE AND SUNSET
NOVEMBER 19 2017......SUNRISE   646 AM CST   SUNSET   507 PM CST
NOVEMBER 20 2017......SUNRISE   647 AM CST   SUNSET   507 PM CST


-  INDICATES NEGATIVE NUMBERS.
R  INDICATES RECORD WAS SET OR TIED.
MM INDICATES DATA IS MISSING.
T  INDICATES TRACE AMOUNT.




$$
