000
CDUS44 KSHV 250757
CLIELD


CLIMATE REPORT
NATIONAL WEATHER SERVICE SHREVEPORT, LA
257 AM CDT FRI APR 25 2014


...................................

...THE EL DORADO CLIMATE SUMMARY FOR APRIL 24 2014...

CLIMATE NORMAL PERIOD 1981 TO 2010
CLIMATE RECORD PERIOD 1907 TO 2014


WEATHER ITEM   OBSERVED TIME   RECORD YEAR NORMAL DEPARTURE LAST
                VALUE   (LST)  VALUE       VALUE  FROM      YEAR
                                                  NORMAL
..................................................................
TEMPERATURE (F)
 YESTERDAY
  MAXIMUM         78   1253 PM  90    1925  78      0       60
  MINIMUM         53    552 AM  37    2005  54     -1       43
  AVERAGE         66                        66      0       52

PRECIPITATION (IN)
  YESTERDAY        0.47          3.01 1964   0.14   0.33     0.10
  MONTH TO DATE    5.61                      3.24   2.37     4.31
  SINCE DEC 1     20.74                     22.26  -1.52    20.09
  SINCE JAN 1     14.18                     17.08  -2.90    14.03

SNOWFALL (IN)
  YESTERDAY        0.0
  MONTH TO DATE    0.0
  SINCE MAR 1      T
  SINCE JUL 1      1.1
  SNOW DEPTH       0

DEGREE DAYS
 HEATING
  YESTERDAY        0                         2     -2       13
  MONTH TO DATE  144                       106     38      161
  SINCE MAR 1    586                       414    172      594
  SINCE JUL 1   3193                      2642    551     2634

 COOLING
  YESTERDAY        1                         3     -2        0
  MONTH TO DATE   34                        51    -17       55
  SINCE MAR 1     39                        73    -34       61
  SINCE JAN 1     39                        79    -40       67
..................................................................


WIND (MPH)
  HIGHEST WIND SPEED    21   HIGHEST WIND DIRECTION    NW (300)
  HIGHEST GUST SPEED    27   HIGHEST GUST DIRECTION    NW (300)
  AVERAGE WIND SPEED     6.9


SKY COVER
  POSSIBLE SUNSHINE  MM
  AVERAGE SKY COVER 0.4


WEATHER CONDITIONS
 THE FOLLOWING WEATHER WAS RECORDED YESTERDAY.
  THUNDERSTORM
  HEAVY RAIN
  RAIN
  LIGHT RAIN
  FOG


RELATIVE HUMIDITY (PERCENT)
 HIGHEST   100          1000 PM
 LOWEST     56          1200 AM
 AVERAGE    78

..........................................................


THE EL DORADO CLIMATE NORMALS FOR TODAY
                         NORMAL    RECORD    YEAR
 MAXIMUM TEMPERATURE (F)   78        90      1984
 MINIMUM TEMPERATURE (F)   54        33      1910


SUNRISE AND SUNSET
APRIL 25 2014.........SUNRISE   630 AM CDT   SUNSET   749 PM CDT
APRIL 26 2014.........SUNRISE   629 AM CDT   SUNSET   750 PM CDT


-  INDICATES NEGATIVE NUMBERS.
R  INDICATES RECORD WAS SET OR TIED.
MM INDICATES DATA IS MISSING.
T  INDICATES TRACE AMOUNT.




$$
