058
CDUS44 KSHV 220833
CLIELD


CLIMATE REPORT
NATIONAL WEATHER SERVICE SHREVEPORT, LA
233 AM CST MON JAN 22 2018


...................................

...THE EL DORADO CLIMATE SUMMARY FOR JANUARY 21 2018...

CLIMATE NORMAL PERIOD 1981 TO 2010
CLIMATE RECORD PERIOD 1907 TO 2018


WEATHER ITEM   OBSERVED TIME   RECORD YEAR NORMAL DEPARTURE LAST
                VALUE   (LST)  VALUE       VALUE  FROM      YEAR
                                                  NORMAL
..................................................................
TEMPERATURE (F)
 YESTERDAY
  MAXIMUM         68    349 PM  81    1938  55     13       71
  MINIMUM         59    826 AM   8    1985  33     26       49
  AVERAGE         64                        44     20       60

PRECIPITATION (IN)
  YESTERDAY        0.00          1.31 1937   0.14  -0.14     0.75
  MONTH TO DATE    1.73                      2.81  -1.08     4.09
  SINCE DEC 1      7.36                      7.99  -0.63    10.38
  SINCE JAN 1      1.73                      2.81  -1.08     4.09

SNOWFALL (IN)
  YESTERDAY        0.0
  MONTH TO DATE    2.8
  SINCE DEC 1      2.8
  SINCE JUL 1      2.8
  SNOW DEPTH       0

DEGREE DAYS
 HEATING
  YESTERDAY        1                        21    -20        5
  MONTH TO DATE  581                       450    131      282
  SINCE DEC 1   1174                      1058    116      802
  SINCE JUL 1   1576                      1537     39     1075

 COOLING
  YESTERDAY        0                         0      0        0
  MONTH TO DATE    0                         0      0        9
  SINCE DEC 1      0                         4     -4       23
  SINCE JAN 1      0                         0      0        9
..................................................................


WIND (MPH)
  HIGHEST WIND SPEED    22   HIGHEST WIND DIRECTION     S (160)
  HIGHEST GUST SPEED    30   HIGHEST GUST DIRECTION     S (170)
  AVERAGE WIND SPEED    11.2


SKY COVER
  POSSIBLE SUNSHINE  MM
  AVERAGE SKY COVER 0.8


WEATHER CONDITIONS
 THE FOLLOWING WEATHER WAS RECORDED YESTERDAY.
  THUNDERSTORM
  FOG


RELATIVE HUMIDITY (PERCENT)
 HIGHEST   100          1200 AM
 LOWEST     76           300 PM
 AVERAGE    88

..........................................................


THE EL DORADO CLIMATE NORMALS FOR TODAY
                         NORMAL    RECORD    YEAR
 MAXIMUM TEMPERATURE (F)   55        78      1943
 MINIMUM TEMPERATURE (F)   33         9      1918


SUNRISE AND SUNSET
JANUARY 22 2018.......SUNRISE   712 AM CST   SUNSET   534 PM CST
JANUARY 23 2018.......SUNRISE   712 AM CST   SUNSET   535 PM CST


-  INDICATES NEGATIVE NUMBERS.
R  INDICATES RECORD WAS SET OR TIED.
MM INDICATES DATA IS MISSING.
T  INDICATES TRACE AMOUNT.




$$
