000
CDUS44 KSHV 060008
CLIELD


CLIMATE REPORT
NATIONAL WEATHER SERVICE SHREVEPORT, LA
607 PM CST FRI FEB 5 2016


...................................

...THE EL DORADO CLIMATE SUMMARY FOR FEBRUARY 5 2016...
VALID TODAY AS OF 0600 PM LOCAL TIME.

CLIMATE NORMAL PERIOD 1981 TO 2010
CLIMATE RECORD PERIOD 1907 TO 2016


WEATHER ITEM   OBSERVED TIME   RECORD YEAR NORMAL DEPARTURE LAST
                VALUE   (LST)  VALUE       VALUE  FROM      YEAR
                                                  NORMAL
..................................................................
TEMPERATURE (F)
 TODAY
  MAXIMUM         56    304 PM  77    2008  57     -1       48
  MINIMUM         23    718 AM  11    1996  35    -12       27
  AVERAGE         40                        46     -6       38

PRECIPITATION (IN)
  TODAY            0.00          2.05 1983   0.16  -0.16     0.00
  MONTH TO DATE    0.00                      0.82  -0.82     0.35
  SINCE DEC 1     10.81                     10.30   0.51     8.57
  SINCE JAN 1      2.75                      5.12  -2.37     5.24

SNOWFALL (IN)
  TODAY            0.0
  MONTH TO DATE    0.0
  SINCE DEC 1      1.5
  SINCE JUL 1      1.5
  SNOW DEPTH       0

DEGREE DAYS
 HEATING
  TODAY           25                        19      6       27
  MONTH TO DATE   74                        99    -25      123
  SINCE DEC 1   1116                      1363   -247     1373
  SINCE JUL 1   1410                      1842   -432     1924

 COOLING
  TODAY            0                         0      0        0
  MONTH TO DATE    0                         0      0        0
  SINCE DEC 1     19                         6     13        0
  SINCE JAN 1      4                         2      2        0
..................................................................


WIND (MPH)
  HIGHEST WIND SPEED    10   HIGHEST WIND DIRECTION     S (160)
  HIGHEST GUST SPEED    14   HIGHEST GUST DIRECTION     S (160)
  AVERAGE WIND SPEED     1.5


SKY COVER
  POSSIBLE SUNSHINE  MM
  AVERAGE SKY COVER 0.0


WEATHER CONDITIONS
 THE FOLLOWING WEATHER WAS RECORDED TODAY.
  NO SIGNIFICANT WEATHER WAS OBSERVED.


RELATIVE HUMIDITY (PERCENT)
 HIGHEST    88           500 AM
 LOWEST     18           300 PM
 AVERAGE    53

..........................................................


THE EL DORADO CLIMATE NORMALS FOR TOMORROW
                         NORMAL    RECORD    YEAR
 MAXIMUM TEMPERATURE (F)   57        76      1963
 MINIMUM TEMPERATURE (F)   35        15      1984


SUNRISE AND SUNSET
FEBRUARY  5 2016......SUNRISE   704 AM CST   SUNSET   547 PM CST
FEBRUARY  6 2016......SUNRISE   703 AM CST   SUNSET   548 PM CST


-  INDICATES NEGATIVE NUMBERS.
R  INDICATES RECORD WAS SET OR TIED.
MM INDICATES DATA IS MISSING.
T  INDICATES TRACE AMOUNT.




$$
