000
CDUS44 KSHV 280748
CLIELD


CLIMATE REPORT
NATIONAL WEATHER SERVICE SHREVEPORT, LA
245 AM CDT WED SEP 28 2016


...................................

...THE EL DORADO CLIMATE SUMMARY FOR SEPTEMBER 27 2016...

CLIMATE NORMAL PERIOD 1981 TO 2010
CLIMATE RECORD PERIOD 1907 TO 2016


WEATHER ITEM   OBSERVED TIME   RECORD YEAR NORMAL DEPARTURE LAST
                VALUE   (LST)  VALUE       VALUE  FROM      YEAR
                                                  NORMAL
..................................................................
TEMPERATURE (F)
 YESTERDAY
  MAXIMUM         80    302 PM 104    1930  83     -3       89
  MINIMUM         55   1148 PM  38    1942  58     -3       63
  AVERAGE         68                        70     -2       76

PRECIPITATION (IN)
  YESTERDAY        0.00          2.64 1996   0.11  -0.11     0.00
  MONTH TO DATE    1.68                      2.75  -1.07     0.04
  SINCE DEC 1     58.54                     42.48  16.06    35.09
  SINCE JAN 1     50.48                     37.30  13.18    31.76

SNOWFALL (IN)
  YESTERDAY        0.0
  MONTH TO DATE    0.0
  SINCE SEP 1      0.0
  SINCE JUL 1      0.0
  SNOW DEPTH       0

DEGREE DAYS
 HEATING
  YESTERDAY        0                         1     -1        0
  MONTH TO DATE    0                         8     -8        0
  SINCE SEP 1      0                         8     -8        0
  SINCE JUL 1      0                         8     -8        0

 COOLING
  YESTERDAY        3                         6     -3       11
  MONTH TO DATE  378                       282     96      340
  SINCE SEP 1    378                       282     96      340
  SINCE JAN 1   2236                      2009    227     2213
..................................................................


WIND (MPH)
  HIGHEST WIND SPEED    10   HIGHEST WIND DIRECTION     N (10)
  HIGHEST GUST SPEED    14   HIGHEST GUST DIRECTION     N (360)
  AVERAGE WIND SPEED     2.9


SKY COVER
  POSSIBLE SUNSHINE  MM
  AVERAGE SKY COVER 0.3


WEATHER CONDITIONS
 THE FOLLOWING WEATHER WAS RECORDED YESTERDAY.
  NO SIGNIFICANT WEATHER WAS OBSERVED.


RELATIVE HUMIDITY (PERCENT)
 HIGHEST   100          1000 PM
 LOWEST     39           300 PM
 AVERAGE    70

..........................................................


THE EL DORADO CLIMATE NORMALS FOR TODAY
                         NORMAL    RECORD    YEAR
 MAXIMUM TEMPERATURE (F)   82       105      1930
 MINIMUM TEMPERATURE (F)   58        40      1942


SUNRISE AND SUNSET
SEPTEMBER 28 2016.....SUNRISE   704 AM CDT   SUNSET   659 PM CDT
SEPTEMBER 29 2016.....SUNRISE   704 AM CDT   SUNSET   658 PM CDT


-  INDICATES NEGATIVE NUMBERS.
R  INDICATES RECORD WAS SET OR TIED.
MM INDICATES DATA IS MISSING.
T  INDICATES TRACE AMOUNT.




$$
