000
CDUS44 KSHV 210826
CLIELD


CLIMATE REPORT
NATIONAL WEATHER SERVICE SHREVEPORT, LA
321 AM CDT SUN SEP 21 2014


...................................

...THE EL DORADO CLIMATE SUMMARY FOR SEPTEMBER 20 2014...

CLIMATE NORMAL PERIOD 1981 TO 2010
CLIMATE RECORD PERIOD 1907 TO 2014


WEATHER ITEM   OBSERVED TIME   RECORD YEAR NORMAL DEPARTURE LAST
                VALUE   (LST)  VALUE       VALUE  FROM      YEAR
                                                  NORMAL
..................................................................
TEMPERATURE (F)
 YESTERDAY
  MAXIMUM         92    204 PM 103    1936  85      7       76
  MINIMUM         65    607 AM  44    1981  61      4       69
  AVERAGE         79                        73      6       73

PRECIPITATION (IN)
  YESTERDAY        0.00          2.51 1979   0.10  -0.10     2.09
  MONTH TO DATE    0.77                      1.99  -1.22     2.17
  SINCE DEC 1     37.45                     41.72  -4.27    35.07
  SINCE JAN 1     30.89                     36.54  -5.65    29.01

SNOWFALL (IN)
  YESTERDAY        0.0
  MONTH TO DATE    0.0
  SINCE SEP 1      0.0
  SINCE JUL 1      0.0
  SNOW DEPTH       0

DEGREE DAYS
 HEATING
  YESTERDAY        0                         1     -1        0
  MONTH TO DATE    3                         1      2        0
  SINCE SEP 1      3                         1      2        0
  SINCE JUL 1      3                         1      2        0

 COOLING
  YESTERDAY       14                         9      5        8
  MONTH TO DATE  252                       231     21      324
  SINCE SEP 1    252                       231     21      324
  SINCE JAN 1   1700                      1958   -258     1992
..................................................................


WIND (MPH)
  HIGHEST WIND SPEED    10   HIGHEST WIND DIRECTION    NE (60)
  HIGHEST GUST SPEED    12   HIGHEST GUST DIRECTION    NE (50)
  AVERAGE WIND SPEED     1.4


SKY COVER
  POSSIBLE SUNSHINE  MM
  AVERAGE SKY COVER 0.1


WEATHER CONDITIONS
 THE FOLLOWING WEATHER WAS RECORDED YESTERDAY.
  FOG


RELATIVE HUMIDITY (PERCENT)
 HIGHEST   100           100 AM
 LOWEST     44           200 PM
 AVERAGE    72

..........................................................


THE EL DORADO CLIMATE NORMALS FOR TODAY
                         NORMAL    RECORD    YEAR
 MAXIMUM TEMPERATURE (F)   85       102      2005
 MINIMUM TEMPERATURE (F)   61        40      1918


SUNRISE AND SUNSET
SEPTEMBER 21 2014.....SUNRISE   659 AM CDT   SUNSET   709 PM CDT
SEPTEMBER 22 2014.....SUNRISE   659 AM CDT   SUNSET   708 PM CDT


-  INDICATES NEGATIVE NUMBERS.
R  INDICATES RECORD WAS SET OR TIED.
MM INDICATES DATA IS MISSING.
T  INDICATES TRACE AMOUNT.




$$
