135
CDUS44 KSHV 230745
CLIELD


CLIMATE REPORT
NATIONAL WEATHER SERVICE SHREVEPORT, LA
235 AM CDT SUN APR 23 2017


...................................

...THE EL DORADO CLIMATE SUMMARY FOR APRIL 22 2017...

CLIMATE NORMAL PERIOD 1981 TO 2010
CLIMATE RECORD PERIOD 1907 TO 2017


WEATHER ITEM   OBSERVED TIME   RECORD YEAR NORMAL DEPARTURE LAST
                VALUE   (LST)  VALUE       VALUE  FROM      YEAR
                                                  NORMAL
..................................................................
TEMPERATURE (F)
 YESTERDAY
  MAXIMUM         70    151 AM  91    1925  77     -7       79
  MINIMUM         51   1159 PM  35    1931  53     -2       56
  AVERAGE         61                        65     -4       68

PRECIPITATION (IN)
  YESTERDAY        0.08          3.31 1979   0.13  -0.05     0.34
  MONTH TO DATE    7.43                      2.96   4.47     6.40
  SINCE DEC 1     23.84                     21.98   1.86    33.78
  SINCE JAN 1     17.55                     16.80   0.75    25.72

SNOWFALL (IN)
  YESTERDAY        0.0
  MONTH TO DATE    0.0
  SINCE MAR 1      0.0
  SINCE JUL 1      T
  SNOW DEPTH       0

DEGREE DAYS
 HEATING
  YESTERDAY        4                         3      1        0
  MONTH TO DATE   32                       101    -69       70
  SINCE MAR 1    244                       409   -165      271
  SINCE JUL 1   1696                      2637   -941     2010

 COOLING
  YESTERDAY        0                         3     -3        3
  MONTH TO DATE   74                        45     29       19
  SINCE MAR 1    127                        67     60       46
  SINCE JAN 1    154                        73     81       52
..................................................................


WIND (MPH)
  HIGHEST WIND SPEED    21   HIGHEST WIND DIRECTION    NW (310)
  HIGHEST GUST SPEED    27   HIGHEST GUST DIRECTION    NW (330)
  AVERAGE WIND SPEED     8.4


SKY COVER
  POSSIBLE SUNSHINE  MM
  AVERAGE SKY COVER 0.8


WEATHER CONDITIONS
 THE FOLLOWING WEATHER WAS RECORDED YESTERDAY.
  LIGHT RAIN
  FOG


RELATIVE HUMIDITY (PERCENT)
 HIGHEST   100          1000 AM
 LOWEST     77           900 PM
 AVERAGE    89

..........................................................


THE EL DORADO CLIMATE NORMALS FOR TODAY
                         NORMAL    RECORD    YEAR
 MAXIMUM TEMPERATURE (F)   77        91      1965
 MINIMUM TEMPERATURE (F)   53        37      1959


SUNRISE AND SUNSET
APRIL 23 2017.........SUNRISE   632 AM CDT   SUNSET   748 PM CDT
APRIL 24 2017.........SUNRISE   630 AM CDT   SUNSET   749 PM CDT


-  INDICATES NEGATIVE NUMBERS.
R  INDICATES RECORD WAS SET OR TIED.
MM INDICATES DATA IS MISSING.
T  INDICATES TRACE AMOUNT.




$$
