000
CDUS44 KSHV 290747
CLIELD


CLIMATE REPORT
NATIONAL WEATHER SERVICE SHREVEPORT, LA
247 AM CDT WED JUL 29 2015


...................................

...THE EL DORADO CLIMATE SUMMARY FOR JULY 28 2015...

CLIMATE NORMAL PERIOD 1981 TO 2010
CLIMATE RECORD PERIOD 1907 TO 2015


WEATHER ITEM   OBSERVED TIME   RECORD YEAR NORMAL DEPARTURE LAST
                VALUE   (LST)  VALUE       VALUE  FROM      YEAR
                                                  NORMAL
..................................................................
TEMPERATURE (F)
 YESTERDAY
  MAXIMUM         98    406 PM 105    1930  93      5       91
  MINIMUM         75    557 AM  61    2004  71      4       69
  AVERAGE         87                        82      5       80

PRECIPITATION (IN)
  YESTERDAY        0.00          2.17 1992   0.11  -0.11     0.00
  MONTH TO DATE    2.01                      3.24  -1.23     2.78
  SINCE DEC 1     34.48                     36.30  -1.82    34.24
  SINCE JAN 1     31.15                     31.12   0.03    27.68

SNOWFALL (IN)
  YESTERDAY        0.0
  MONTH TO DATE    0.0
  SINCE JUN 1      0.0
  SINCE JUL 1      0.0
  SNOW DEPTH       0

DEGREE DAYS
 HEATING
  YESTERDAY        0                         0      0        0
  MONTH TO DATE    0                         0      0        0
  SINCE JUN 1      0                         0      0        0
  SINCE JUL 1      0                         0      0        0

 COOLING
  YESTERDAY       22                        17      5       15
  MONTH TO DATE  520                       467     53      366
  SINCE JUN 1    950                       863     87      783
  SINCE JAN 1   1290                      1174    116     1035
..................................................................


WIND (MPH)
  HIGHEST WIND SPEED    12   HIGHEST WIND DIRECTION     S (200)
  HIGHEST GUST SPEED    14   HIGHEST GUST DIRECTION     S (200)
  AVERAGE WIND SPEED     2.7


SKY COVER
  POSSIBLE SUNSHINE  MM
  AVERAGE SKY COVER 0.1


WEATHER CONDITIONS
 THE FOLLOWING WEATHER WAS RECORDED YESTERDAY.
  FOG
  HAZE


RELATIVE HUMIDITY (PERCENT)
 HIGHEST    94           400 AM
 LOWEST     42           300 PM
 AVERAGE    68

..........................................................


THE EL DORADO CLIMATE NORMALS FOR TODAY
                         NORMAL    RECORD    YEAR
 MAXIMUM TEMPERATURE (F)   93       110      1930
 MINIMUM TEMPERATURE (F)   71        62      1946


SUNRISE AND SUNSET
JULY 29 2015..........SUNRISE   622 AM CDT   SUNSET   813 PM CDT
JULY 30 2015..........SUNRISE   623 AM CDT   SUNSET   812 PM CDT


-  INDICATES NEGATIVE NUMBERS.
R  INDICATES RECORD WAS SET OR TIED.
MM INDICATES DATA IS MISSING.
T  INDICATES TRACE AMOUNT.




$$
