000
CDUS44 KEPZ 230928
CLIELP


CLIMATE REPORT
NATIONAL WEATHER SERVICE EL PASO, TX
227 AM MST SUN NOV 23 2014


...................................

...THE EL PASO CLIMATE SUMMARY FOR NOVEMBER 22 2014...

CLIMATE NORMAL PERIOD 1981 TO 2010
CLIMATE RECORD PERIOD 1879 TO 2014


WEATHER ITEM   OBSERVED TIME   RECORD YEAR NORMAL DEPARTURE LAST
                VALUE   (LST)  VALUE       VALUE  FROM      YEAR
                                                  NORMAL
..................................................................
TEMPERATURE (F)
 YESTERDAY
  MAXIMUM         67    318 PM  80    1897  63      4       62
  MINIMUM         51    707 AM  20    1979  38     13       35
                                      1898
  AVERAGE         59                        50      9       49

PRECIPITATION (IN)
  YESTERDAY        0.02          0.27 2004   0.01   0.01     0.00
  MONTH TO DATE    0.11                      0.35  -0.24      T
  SINCE SEP 1      5.32                      2.47   2.85     3.85
  SINCE JAN 1      8.45                      8.79  -0.34     9.15

SNOWFALL (IN)
  YESTERDAY        0.0                                       0.0
  MONTH TO DATE    0.0                                       0.0
  SINCE SEP 1      0.0                                       0.0
  SINCE JUL 1      0.0                                        T
  SNOW DEPTH       0

DEGREE DAYS
 HEATING
  YESTERDAY        6                        15     -9       16
  MONTH TO DATE  244                       229     15      138
  SINCE SEP 1    249                       312    -63      196
  SINCE JUL 1    249                       312    -63      196

 COOLING
  YESTERDAY        0                         0      0        0
  MONTH TO DATE    6                         0      6        1
  SINCE SEP 1    452                       399     53      417
  SINCE JAN 1   2671                      2328    343     2695
..................................................................


WIND (MPH)
  HIGHEST WIND SPEED    31   HIGHEST WIND DIRECTION     W (270)
  HIGHEST GUST SPEED    41   HIGHEST GUST DIRECTION     W (270)
  AVERAGE WIND SPEED    12.3


SKY COVER
  POSSIBLE SUNSHINE  MM
  AVERAGE SKY COVER 0.5


WEATHER CONDITIONS
 THE FOLLOWING WEATHER WAS RECORDED YESTERDAY.
  LIGHT RAIN


RELATIVE HUMIDITY (PERCENT)
 HIGHEST    64           800 AM
 LOWEST     19           800 PM
 AVERAGE    42

..........................................................


THE EL PASO CLIMATE NORMALS FOR TODAY
                         NORMAL    RECORD    YEAR
 MAXIMUM TEMPERATURE (F)   63        78      1965
                                             1915
 MINIMUM TEMPERATURE (F)   37        18      1957


SUNRISE AND SUNSET
NOVEMBER 23 2014......SUNRISE   641 AM MST   SUNSET   503 PM MST
NOVEMBER 24 2014......SUNRISE   642 AM MST   SUNSET   503 PM MST


-  INDICATES NEGATIVE NUMBERS.
R  INDICATES RECORD WAS SET OR TIED.
MM INDICATES DATA IS MISSING.
T  INDICATES TRACE AMOUNT.




$$
