000
CDUS44 KEPZ 250926
CLIELP


CLIMATE REPORT
NATIONAL WEATHER SERVICE EL PASO, TX
225 AM MST SUN JAN 25 2015


...................................

...THE EL PASO CLIMATE SUMMARY FOR JANUARY 24 2015...

CLIMATE NORMAL PERIOD 1981 TO 2010
CLIMATE RECORD PERIOD 1879 TO 2015


WEATHER ITEM   OBSERVED TIME   RECORD YEAR NORMAL DEPARTURE LAST
                VALUE   (LST)  VALUE       VALUE  FROM      YEAR
                                                  NORMAL
..................................................................
TEMPERATURE (F)
 YESTERDAY
  MAXIMUM         54    333 PM  80    1970  59     -5       49
  MINIMUM         27    701 AM   9    1881  33     -6       26
  AVERAGE         41                        46     -5       38

PRECIPITATION (IN)
  YESTERDAY        0.00          0.47 1962   0.01  -0.01     0.00
  MONTH TO DATE    0.26                      0.30  -0.04     0.00
  SINCE DEC 1      0.38                      1.08  -0.70     0.26
  SINCE JAN 1      0.26                      0.30  -0.04     0.00

SNOWFALL (IN)
  YESTERDAY        0.0                                       0.0
  MONTH TO DATE    T                                         0.0
  SINCE DEC 1      T                                          T
  SINCE JUL 1      T                                          T
  SNOW DEPTH       0

DEGREE DAYS
 HEATING
  YESTERDAY       24                        19      5       27
  MONTH TO DATE  541                       488     53      445
  SINCE DEC 1   1036                      1114    -78     1068
  SINCE JUL 1   1399                      1556   -157     1452

 COOLING
  YESTERDAY        0                         0      0        0
  MONTH TO DATE    0                         0      0        0
  SINCE DEC 1      0                         0      0        0
  SINCE JAN 1      0                         0      0        0
..................................................................


WIND (MPH)
  HIGHEST WIND SPEED    13   HIGHEST WIND DIRECTION     N (20)
  HIGHEST GUST SPEED    16   HIGHEST GUST DIRECTION     N (10)
  AVERAGE WIND SPEED     6.4


SKY COVER
  POSSIBLE SUNSHINE  MM
  AVERAGE SKY COVER 0.5


WEATHER CONDITIONS
 THE FOLLOWING WEATHER WAS RECORDED YESTERDAY.
  NO SIGNIFICANT WEATHER WAS OBSERVED.


RELATIVE HUMIDITY (PERCENT)
 HIGHEST    81           600 AM
 LOWEST     28           300 PM
 AVERAGE    55

..........................................................


THE EL PASO CLIMATE NORMALS FOR TODAY
                         NORMAL    RECORD    YEAR
 MAXIMUM TEMPERATURE (F)   59        77      1999
                                             1970
 MINIMUM TEMPERATURE (F)   33        17      1964
                                             1898
                                             1881


SUNRISE AND SUNSET
JANUARY 25 2015.......SUNRISE   703 AM MST   SUNSET   533 PM MST
JANUARY 26 2015.......SUNRISE   702 AM MST   SUNSET   534 PM MST


-  INDICATES NEGATIVE NUMBERS.
R  INDICATES RECORD WAS SET OR TIED.
MM INDICATES DATA IS MISSING.
T  INDICATES TRACE AMOUNT.




$$
