000
CDUS44 KEPZ 270926
CLIELP


CLIMATE REPORT
NATIONAL WEATHER SERVICE EL PASO, TX
325 AM MDT WED MAY 27 2015


...................................

...THE EL PASO CLIMATE SUMMARY FOR MAY 26 2015...

CLIMATE NORMAL PERIOD 1981 TO 2010
CLIMATE RECORD PERIOD 1879 TO 2015


WEATHER ITEM   OBSERVED TIME   RECORD YEAR NORMAL DEPARTURE LAST
                VALUE   (LST)  VALUE       VALUE  FROM      YEAR
                                                  NORMAL
..................................................................
TEMPERATURE (F)
 YESTERDAY
  MAXIMUM         88    411 PM 102    1951  91     -3       88
  MINIMUM         57    502 AM  48    1975  63     -6       61
  AVERAGE         73                        77     -4       75

PRECIPITATION (IN)
  YESTERDAY        0.00          0.29 1952   0.02  -0.02     0.00
  MONTH TO DATE    0.81                      0.38   0.43     0.01
  SINCE MAR 1      1.66                      0.87   0.79     0.64
  SINCE JAN 1      2.54                      1.73   0.81     0.64

SNOWFALL (IN)
  YESTERDAY        0.0                                       0.0
  MONTH TO DATE    0.0                                       0.0
  SINCE MAR 1      0.0                                       0.0
  SINCE JUL 1      T                                          T
  SNOW DEPTH       0

DEGREE DAYS
 HEATING
  YESTERDAY        0                         0      0        0
  MONTH TO DATE    0                         6     -6       23
  SINCE MAR 1    241                       368   -127      261
  SINCE JUL 1   2064                      2471   -407     2049

 COOLING
  YESTERDAY        8                        12     -4       10
  MONTH TO DATE  175                       221    -46      210
  SINCE MAR 1    301                       313    -12      329
  SINCE JAN 1    302                       313    -11      336
..................................................................


WIND (MPH)
  HIGHEST WIND SPEED    16   HIGHEST WIND DIRECTION     W (250)
  HIGHEST GUST SPEED    20   HIGHEST GUST DIRECTION     S (180)
  AVERAGE WIND SPEED     5.2


SKY COVER
  POSSIBLE SUNSHINE  MM
  AVERAGE SKY COVER 0.3


WEATHER CONDITIONS
 THE FOLLOWING WEATHER WAS RECORDED YESTERDAY.
  NO SIGNIFICANT WEATHER WAS OBSERVED.


RELATIVE HUMIDITY (PERCENT)
 HIGHEST    47           500 AM
 LOWEST      9           400 PM
 AVERAGE    28

..........................................................


THE EL PASO CLIMATE NORMALS FOR TODAY
                         NORMAL    RECORD    YEAR
 MAXIMUM TEMPERATURE (F)   91       103      1951
 MINIMUM TEMPERATURE (F)   63        48      1903


SUNRISE AND SUNSET
MAY 27 2015...........SUNRISE   602 AM MDT   SUNSET   803 PM MDT
MAY 28 2015...........SUNRISE   602 AM MDT   SUNSET   804 PM MDT


-  INDICATES NEGATIVE NUMBERS.
R  INDICATES RECORD WAS SET OR TIED.
MM INDICATES DATA IS MISSING.
T  INDICATES TRACE AMOUNT.




$$
