009
CDUS44 KEPZ 100927
CLIELP


CLIMATE REPORT
NATIONAL WEATHER SERVICE EL PASO, TX
226 AM MST SAT DEC 10 2016


...................................

...THE EL PASO CLIMATE SUMMARY FOR DECEMBER 9 2016...

CLIMATE NORMAL PERIOD 1981 TO 2010
CLIMATE RECORD PERIOD 1879 TO 2016


WEATHER ITEM   OBSERVED TIME   RECORD YEAR NORMAL DEPARTURE LAST
                VALUE   (LST)  VALUE       VALUE  FROM      YEAR
                                                  NORMAL
..................................................................
TEMPERATURE (F)
 YESTERDAY
  MAXIMUM         47    356 PM  75    1939  58    -11       69
  MINIMUM         29   1254 AM  11    1891  33     -4       33
  AVERAGE         38                        45     -7       51

PRECIPITATION (IN)
  YESTERDAY        0.00          0.54 1982   0.03  -0.03     0.00
  MONTH TO DATE    0.24                      0.22   0.02     0.00
  SINCE DEC 1      0.24                      0.22   0.02     0.00
  SINCE JAN 1      8.72                      9.15  -0.43    11.00

SNOWFALL (IN)
  YESTERDAY        0.0                                       0.0
  MONTH TO DATE    0.0                                       0.0
  SINCE DEC 1      0.0                                       0.0
  SINCE JUL 1      T                                          T
  SNOW DEPTH       0

DEGREE DAYS
 HEATING
  YESTERDAY       27                        20      7       14
  MONTH TO DATE  167                       168     -1      152
  SINCE DEC 1    167                       168     -1      152
  SINCE JUL 1    409                       610   -201      487

 COOLING
  YESTERDAY        0                         0      0        0
  MONTH TO DATE    0                         0      0        0
  SINCE DEC 1      0                         0      0        0
  SINCE JAN 1   2811                      2331    480     2839
..................................................................


WIND (MPH)
  HIGHEST WIND SPEED     7   HIGHEST WIND DIRECTION     N (20)
  HIGHEST GUST SPEED     9   HIGHEST GUST DIRECTION    NE (30)
  AVERAGE WIND SPEED     3.3


SKY COVER
  POSSIBLE SUNSHINE  MM
  AVERAGE SKY COVER 0.6


WEATHER CONDITIONS
 THE FOLLOWING WEATHER WAS RECORDED YESTERDAY.
  NO SIGNIFICANT WEATHER WAS OBSERVED.


RELATIVE HUMIDITY (PERCENT)
 HIGHEST    82           900 AM
 LOWEST     53           400 PM
 AVERAGE    68

..........................................................


THE EL PASO CLIMATE NORMALS FOR TODAY
                         NORMAL    RECORD    YEAR
 MAXIMUM TEMPERATURE (F)   58        74      2015
 MINIMUM TEMPERATURE (F)   33        14      1885


SUNRISE AND SUNSET
DECEMBER 10 2016......SUNRISE   655 AM MST   SUNSET   502 PM MST
DECEMBER 11 2016......SUNRISE   656 AM MST   SUNSET   502 PM MST


-  INDICATES NEGATIVE NUMBERS.
R  INDICATES RECORD WAS SET OR TIED.
MM INDICATES DATA IS MISSING.
T  INDICATES TRACE AMOUNT.




$$
