000
CDUS44 KEPZ 302327
CLIELP


CLIMATE REPORT
NATIONAL WEATHER SERVICE EL PASO, TX
525 PM MDT TUE AUG 30 2016


...................................

...THE EL PASO CLIMATE SUMMARY FOR AUGUST 30 2016...
VALID TODAY AS OF 0500 PM LOCAL TIME.

CLIMATE NORMAL PERIOD 1981 TO 2010
CLIMATE RECORD PERIOD 1879 TO 2016


WEATHER ITEM   OBSERVED TIME   RECORD YEAR NORMAL DEPARTURE LAST
                VALUE   (LST)  VALUE       VALUE  FROM      YEAR
                                                  NORMAL
..................................................................
TEMPERATURE (F)
 TODAY
  MAXIMUM         77    359 PM 103    2011  91    -14       93
  MINIMUM         67   1135 AM  57    1976  68     -1       68
                                      1915

PRECIPITATION (IN)
  TODAY            0.23                      0.05   0.18     0.00
  MONTH TO DATE    4.30                      1.96   2.34     1.55
  SINCE JUN 1      4.87                      4.45   0.42     4.61
  SINCE JAN 1      5.51                      6.27  -0.76     7.15

..................................................................


WIND (MPH)
  HIGHEST WIND SPEED    15   HIGHEST WIND DIRECTION     E (90)
  HIGHEST GUST SPEED    17   HIGHEST GUST DIRECTION     E (100)


SKY COVER
  AVERAGE SKY COVER 0.8


WEATHER CONDITIONS
 THE FOLLOWING WEATHER WAS RECORDED TODAY.
  LIGHT RAIN
  FOG


RELATIVE HUMIDITY (PERCENT)
 HIGHEST    93          1100 AM
 LOWEST     64           400 PM

..........................................................


THE EL PASO CLIMATE NORMALS FOR TOMORROW
                         NORMAL    RECORD    YEAR
 MAXIMUM TEMPERATURE (F)   91       101      2011
 MINIMUM TEMPERATURE (F)   68        53      1882


SUNRISE AND SUNSET
AUGUST 30 2016........SUNRISE   640 AM MDT   SUNSET   731 PM MDT
AUGUST 31 2016........SUNRISE   641 AM MDT   SUNSET   730 PM MDT


-  INDICATES NEGATIVE NUMBERS.
R  INDICATES RECORD WAS SET OR TIED.
MM INDICATES DATA IS MISSING.
T  INDICATES TRACE AMOUNT.




$$
