000
CDUS44 KEPZ 230928
CLIELP


CLIMATE REPORT
NATIONAL WEATHER SERVICE EL PASO, TX
327 AM MDT SUN APR 23 2017


...................................

...THE EL PASO CLIMATE SUMMARY FOR APRIL 22 2017...

CLIMATE NORMAL PERIOD 1981 TO 2010
CLIMATE RECORD PERIOD 1879 TO 2017


WEATHER ITEM   OBSERVED TIME   RECORD YEAR NORMAL DEPARTURE LAST
                VALUE   (LST)  VALUE       VALUE  FROM      YEAR
                                                  NORMAL
..................................................................
TEMPERATURE (F)
 YESTERDAY
  MAXIMUM         79    116 AM  98    1965  80     -1       87
  MINIMUM         55    559 AM  31    1907  53      2       60
  AVERAGE         67                        67      0       74

PRECIPITATION (IN)
  YESTERDAY        0.00          0.59 1905   0.01  -0.01     0.00
  MONTH TO DATE    0.00                      0.17  -0.17     0.04
  SINCE MAR 1      T                         0.43  -0.43     0.05
  SINCE JAN 1      1.21                      1.29  -0.08     0.58

SNOWFALL (IN)
  YESTERDAY        0.0                                       0.0
  MONTH TO DATE    0.0                                       0.0
  SINCE MAR 1      0.0                                       0.0
  SINCE JUL 1      T                                         8.1
  SNOW DEPTH       0

DEGREE DAYS
 HEATING
  YESTERDAY        0                         2     -2        0
  MONTH TO DATE   25                        80    -55       61
  SINCE MAR 1     88                       350   -262      170
  SINCE JUL 1   1557                      2453   -896     2004

 COOLING
  YESTERDAY        2                         4     -2        9
  MONTH TO DATE  119                        46     73       50
  SINCE MAR 1    188                        56    132       70
  SINCE JAN 1    191                        56    135       73
..................................................................


WIND (MPH)
  HIGHEST WIND SPEED    21   HIGHEST WIND DIRECTION     E (90)
  HIGHEST GUST SPEED    27   HIGHEST GUST DIRECTION    SE (120)
  AVERAGE WIND SPEED    12.7


SKY COVER
  POSSIBLE SUNSHINE  MM
  AVERAGE SKY COVER 0.0


WEATHER CONDITIONS
 THE FOLLOWING WEATHER WAS RECORDED YESTERDAY.
  NO SIGNIFICANT WEATHER WAS OBSERVED.


RELATIVE HUMIDITY (PERCENT)
 HIGHEST    51           400 AM
 LOWEST      5          1200 AM
 AVERAGE    28

..........................................................


THE EL PASO CLIMATE NORMALS FOR TODAY
                         NORMAL    RECORD    YEAR
 MAXIMUM TEMPERATURE (F)   81        93      2012
                                             2006
                                             1965
 MINIMUM TEMPERATURE (F)   53        37      1984
                                             1907


SUNRISE AND SUNSET
APRIL 23 2017.........SUNRISE   628 AM MDT   SUNSET   740 PM MDT
APRIL 24 2017.........SUNRISE   627 AM MDT   SUNSET   741 PM MDT


-  INDICATES NEGATIVE NUMBERS.
R  INDICATES RECORD WAS SET OR TIED.
MM INDICATES DATA IS MISSING.
T  INDICATES TRACE AMOUNT.




$$
