000
CDUS44 KEPZ 270928
CLIELP


CLIMATE REPORT
NATIONAL WEATHER SERVICE EL PASO, TX
327 AM MDT FRI MAY 27 2016


...................................

...THE EL PASO CLIMATE SUMMARY FOR MAY 26 2016...

CLIMATE NORMAL PERIOD 1981 TO 2010
CLIMATE RECORD PERIOD 1879 TO 2016


WEATHER ITEM   OBSERVED TIME   RECORD YEAR NORMAL DEPARTURE LAST
                VALUE   (LST)  VALUE       VALUE  FROM      YEAR
                                                  NORMAL
..................................................................
TEMPERATURE (F)
 YESTERDAY
  MAXIMUM         87    243 PM 102    1951  91     -4       88
  MINIMUM         70   1159 PM  48    1975  63      7       57
  AVERAGE         79                        77      2       73

PRECIPITATION (IN)
  YESTERDAY        0.00          0.29 1952   0.02  -0.02     0.00
  MONTH TO DATE    T                         0.38  -0.38     0.81
  SINCE MAR 1      0.05                      0.87  -0.82     1.66
  SINCE JAN 1      0.58                      1.73  -1.15     2.54

SNOWFALL (IN)
  YESTERDAY        0.0                                       0.0
  MONTH TO DATE    0.0                                       0.0
  SINCE MAR 1      0.0                                       0.0
  SINCE JUL 1      8.1                                        T
  SNOW DEPTH       0

DEGREE DAYS
 HEATING
  YESTERDAY        0                         0      0        0
  MONTH TO DATE   14                         6      8        0
  SINCE MAR 1    184                       368   -184      241
  SINCE JUL 1   2018                      2471   -453     2064

 COOLING
  YESTERDAY       14                        12      2        8
  MONTH TO DATE  226                       221      5      175
  SINCE MAR 1    337                       313     24      301
  SINCE JAN 1    340                       313     27      302
..................................................................


WIND (MPH)
  HIGHEST WIND SPEED    36   HIGHEST WIND DIRECTION    SW (240)
  HIGHEST GUST SPEED    46   HIGHEST GUST DIRECTION    SW (240)
  AVERAGE WIND SPEED    18.4


SKY COVER
  POSSIBLE SUNSHINE  MM
  AVERAGE SKY COVER 0.1


WEATHER CONDITIONS
 THE FOLLOWING WEATHER WAS RECORDED YESTERDAY.
  SANDSTORM


RELATIVE HUMIDITY (PERCENT)
 HIGHEST    23           600 AM
 LOWEST      5           700 PM
 AVERAGE    14

..........................................................


THE EL PASO CLIMATE NORMALS FOR TODAY
                         NORMAL    RECORD    YEAR
 MAXIMUM TEMPERATURE (F)   91       103      1951
 MINIMUM TEMPERATURE (F)   63        48      1903


SUNRISE AND SUNSET
MAY 27 2016...........SUNRISE   602 AM MDT   SUNSET   804 PM MDT
MAY 28 2016...........SUNRISE   602 AM MDT   SUNSET   804 PM MDT


-  INDICATES NEGATIVE NUMBERS.
R  INDICATES RECORD WAS SET OR TIED.
MM INDICATES DATA IS MISSING.
T  INDICATES TRACE AMOUNT.




$$
