000
CDUS44 KEPZ 312332
CLIELP


CLIMATE REPORT
NATIONAL WEATHER SERVICE EL PASO, TX
530 PM MDT THU JUL 31 2014


...................................

...THE EL PASO CLIMATE SUMMARY FOR JULY 31 2014...
VALID TODAY AS OF 500 PM LOCAL TIME.

CLIMATE NORMAL PERIOD 1981 TO 2010
CLIMATE RECORD PERIOD 1879 TO 2014


WEATHER ITEM   OBSERVED TIME   RECORD YEAR NORMAL DEPARTURE LAST
                VALUE   (LST)  VALUE       VALUE  FROM      YEAR
                                                  NORMAL
..................................................................
TEMPERATURE (F)
 TODAY
  MAXIMUM         90    317 PM 104    1972  93     -3       98
                                      1944
  MINIMUM         72    633 AM  60    1925  71      1       73

PRECIPITATION (IN)
  TODAY            0.00                      0.07  -0.07      T
  MONTH TO DATE    0.65                      1.55  -0.90     3.13
  SINCE JUN 1      0.66                      2.49  -1.83     3.29
  SINCE JAN 1      1.30                      4.31  -3.01     4.18

..................................................................


WIND (MPH)
  HIGHEST WIND SPEED    17   HIGHEST WIND DIRECTION     E (100)
  HIGHEST GUST SPEED    22   HIGHEST GUST DIRECTION     N (340)


SKY COVER
  AVERAGE SKY COVER 0.7


WEATHER CONDITIONS
 THE FOLLOWING WEATHER WAS RECORDED TODAY.
  THUNDERSTORM


RELATIVE HUMIDITY (PERCENT)
 HIGHEST    73           600 AM
 LOWEST     32           300 PM

..........................................................


THE EL PASO CLIMATE NORMALS FOR TOMORROW
                         NORMAL    RECORD    YEAR
 MAXIMUM TEMPERATURE (F)   93       104      1993
                                             1975
 MINIMUM TEMPERATURE (F)   71        59      1925


SUNRISE AND SUNSET
JULY 31 2014..........SUNRISE   621 AM MDT   SUNSET   803 PM MDT
AUGUST  1 2014........SUNRISE   621 AM MDT   SUNSET   802 PM MDT


-  INDICATES NEGATIVE NUMBERS.
R  INDICATES RECORD WAS SET OR TIED.
MM INDICATES DATA IS MISSING.
T  INDICATES TRACE AMOUNT.




$$
