790
CDUS44 KEPZ 270926
CLIELP


CLIMATE REPORT
NATIONAL WEATHER SERVICE EL PASO, TX
325 AM MDT MON MAR 27 2017


...................................

...THE EL PASO CLIMATE SUMMARY FOR MARCH 26 2017...

CLIMATE NORMAL PERIOD 1981 TO 2010
CLIMATE RECORD PERIOD 1879 TO 2017


WEATHER ITEM   OBSERVED TIME   RECORD YEAR NORMAL DEPARTURE LAST
                VALUE   (LST)  VALUE       VALUE  FROM      YEAR
                                                  NORMAL
..................................................................
TEMPERATURE (F)
 YESTERDAY
  MAXIMUM         75    441 PM  87    1890  73      2       80
  MINIMUM         57    622 AM  24    1955  45     12       54
  AVERAGE         66                        59      7       67

PRECIPITATION (IN)
  YESTERDAY        0.00          0.39 1997   0.01  -0.01     0.00
  MONTH TO DATE    0.00                      0.23  -0.23     0.01
  SINCE MAR 1      0.00                      0.23  -0.23     0.01
  SINCE JAN 1      1.21                      1.09   0.12     0.54

SNOWFALL (IN)
  YESTERDAY        0.0                                       0.0
  MONTH TO DATE    0.0                                       0.0
  SINCE MAR 1      0.0                                       0.0
  SINCE JUL 1      T                                         8.1
  SNOW DEPTH       0

DEGREE DAYS
 HEATING
  YESTERDAY        0                         7     -7        0
  MONTH TO DATE   51                       241   -190       92
  SINCE MAR 1     51                       241   -190       92
  SINCE JUL 1   1520                      2344   -824     1926

 COOLING
  YESTERDAY        1                         1      0        2
  MONTH TO DATE   63                         1     62       16
  SINCE MAR 1     63                         1     62       16
  SINCE JAN 1     66                         1     65       19
..................................................................


WIND (MPH)
  HIGHEST WIND SPEED    30   HIGHEST WIND DIRECTION     W (290)
  HIGHEST GUST SPEED    38   HIGHEST GUST DIRECTION     W (280)
  AVERAGE WIND SPEED    13.7


SKY COVER
  POSSIBLE SUNSHINE  MM
  AVERAGE SKY COVER 0.3


WEATHER CONDITIONS
 THE FOLLOWING WEATHER WAS RECORDED YESTERDAY.
  NO SIGNIFICANT WEATHER WAS OBSERVED.


RELATIVE HUMIDITY (PERCENT)
 HIGHEST    28           600 AM
 LOWEST      9           400 PM
 AVERAGE    19

..........................................................


THE EL PASO CLIMATE NORMALS FOR TODAY
                         NORMAL    RECORD    YEAR
 MAXIMUM TEMPERATURE (F)   73        88      1971
                                             1928
 MINIMUM TEMPERATURE (F)   45        23      1955


SUNRISE AND SUNSET
MARCH 27 2017.........SUNRISE   700 AM MDT   SUNSET   722 PM MDT
MARCH 28 2017.........SUNRISE   659 AM MDT   SUNSET   723 PM MDT


-  INDICATES NEGATIVE NUMBERS.
R  INDICATES RECORD WAS SET OR TIED.
MM INDICATES DATA IS MISSING.
T  INDICATES TRACE AMOUNT.




$$
