000
CDUS44 KEPZ 020928
CLIELP


CLIMATE REPORT
NATIONAL WEATHER SERVICE EL PASO, TX
327 AM MDT THU OCT 2 2014


...................................

...THE EL PASO CLIMATE SUMMARY FOR OCTOBER 1 2014...

CLIMATE NORMAL PERIOD 1981 TO 2010
CLIMATE RECORD PERIOD 1879 TO 2014


WEATHER ITEM   OBSERVED TIME   RECORD YEAR NORMAL DEPARTURE LAST
                VALUE   (LST)  VALUE       VALUE  FROM      YEAR
                                                  NORMAL
..................................................................
TEMPERATURE (F)
 YESTERDAY
  MAXIMUM         85    351 PM  94    2000  83      2       89
                                      1993
                                      1979
  MINIMUM         63    649 AM  43    1965  58      5       60
  AVERAGE         74                        70      4       75

PRECIPITATION (IN)
  YESTERDAY        0.00          1.53 1884   0.03  -0.03     0.00
  MONTH TO DATE    0.00                      0.03  -0.03     0.00
  SINCE SEP 1      4.23                      1.54   2.69     3.85
  SINCE JAN 1      7.36                      7.86  -0.50     9.15

SNOWFALL (IN)
  YESTERDAY        0.0                                       0.0
  MONTH TO DATE    0.0                                       0.0
  SINCE SEP 1      0.0                                       0.0
  SINCE JUL 1      0.0                                        T
  SNOW DEPTH       0

DEGREE DAYS
 HEATING
  YESTERDAY        0                         0      0        0
  MONTH TO DATE    0                         0      0        0
  SINCE SEP 1      0                         4     -4        0
  SINCE JUL 1      0                         4     -4        0

 COOLING
  YESTERDAY        9                         6      3       10
  MONTH TO DATE    9                         6      3       10
  SINCE SEP 1    325                       323      2      347
  SINCE JAN 1   2544                      2252    292     2625
..................................................................


WIND (MPH)
  HIGHEST WIND SPEED    22   HIGHEST WIND DIRECTION     W (250)
  HIGHEST GUST SPEED    27   HIGHEST GUST DIRECTION     W (250)
  AVERAGE WIND SPEED     8.3


SKY COVER
  POSSIBLE SUNSHINE  MM
  AVERAGE SKY COVER 0.0


WEATHER CONDITIONS
 THE FOLLOWING WEATHER WAS RECORDED YESTERDAY.
  NO SIGNIFICANT WEATHER WAS OBSERVED.


RELATIVE HUMIDITY (PERCENT)
 HIGHEST    44           700 AM
 LOWEST     15           100 PM
 AVERAGE    30

..........................................................


THE EL PASO CLIMATE NORMALS FOR TODAY
                         NORMAL    RECORD    YEAR
 MAXIMUM TEMPERATURE (F)   83        96      1973
 MINIMUM TEMPERATURE (F)   57        45      1974
                                             1965


SUNRISE AND SUNSET
OCTOBER  2 2014.......SUNRISE   700 AM MDT   SUNSET   649 PM MDT
OCTOBER  3 2014.......SUNRISE   701 AM MDT   SUNSET   648 PM MDT


-  INDICATES NEGATIVE NUMBERS.
R  INDICATES RECORD WAS SET OR TIED.
MM INDICATES DATA IS MISSING.
T  INDICATES TRACE AMOUNT.




$$
