000
CDUS44 KEPZ 252340
CLIELP


CLIMATE REPORT
NATIONAL WEATHER SERVICE EL PASO, TX
429 PM MST THU DEC 25 2014


...................................

...THE EL PASO CLIMATE SUMMARY FOR DECEMBER 25 2014...
VALID TODAY AS OF 400 PM LOCAL TIME.

CLIMATE NORMAL PERIOD 1981 TO 2010
CLIMATE RECORD PERIOD 1879 TO 2014


WEATHER ITEM   OBSERVED TIME   RECORD YEAR NORMAL DEPARTURE LAST
                VALUE   (LST)  VALUE       VALUE  FROM      YEAR
                                                  NORMAL
..................................................................
TEMPERATURE (F)
 TODAY
  MAXIMUM         68    338 PM  75    1933  56     12       54
  MINIMUM         34    453 AM  10    1953  32      2       31

PRECIPITATION (IN)
  TODAY            0.00                      0.02  -0.02     0.00
  MONTH TO DATE    0.01                      0.65  -0.64     0.26
  SINCE DEC 1      0.01                      0.65  -0.64     0.26
  SINCE JAN 1      8.46                      9.58  -1.12     9.51

SNOWFALL (IN)
  TODAY            0.0                                       0.0
  MONTH TO DATE    0.0                                        T
  SINCE JUL 1      0.0                                        T

..................................................................


WIND (MPH)
  HIGHEST WIND SPEED    22   HIGHEST WIND DIRECTION    SW (240)
  HIGHEST GUST SPEED    28   HIGHEST GUST DIRECTION    SW (210)


SKY COVER
  AVERAGE SKY COVER 0.6


WEATHER CONDITIONS
 THE FOLLOWING WEATHER WAS RECORDED TODAY.
  NO SIGNIFICANT WEATHER WAS OBSERVED.


RELATIVE HUMIDITY (PERCENT)
 HIGHEST    35           500 AM
 LOWEST     11           300 PM

..........................................................


THE EL PASO CLIMATE NORMALS FOR TOMORROW
                         NORMAL    RECORD    YEAR
 MAXIMUM TEMPERATURE (F)   56        76      1980
 MINIMUM TEMPERATURE (F)   32        13      1891


SUNRISE AND SUNSET
DECEMBER 25 2014......SUNRISE   703 AM MST   SUNSET   508 PM MST
DECEMBER 26 2014......SUNRISE   704 AM MST   SUNSET   509 PM MST


-  INDICATES NEGATIVE NUMBERS.
R  INDICATES RECORD WAS SET OR TIED.
MM INDICATES DATA IS MISSING.
T  INDICATES TRACE AMOUNT.




$$
