000
CDUS44 KEPZ 060934
CLIELP


CLIMATE REPORT
NATIONAL WEATHER SERVICE EL PASO, TX
331 AM MDT MON JUL 6 2015


...................................

...THE EL PASO CLIMATE SUMMARY FOR JULY 5 2015...

CLIMATE NORMAL PERIOD 1981 TO 2010
CLIMATE RECORD PERIOD 1879 TO 2015


WEATHER ITEM   OBSERVED TIME   RECORD YEAR NORMAL DEPARTURE LAST
                VALUE   (LST)  VALUE       VALUE  FROM      YEAR
                                                  NORMAL
..................................................................
TEMPERATURE (F)
 YESTERDAY
  MAXIMUM         94    326 PM 105    1992  96     -2       97
                                      1932
  MINIMUM         71    553 AM  57    1979  71      0       76
  AVERAGE         83                        84     -1       87

PRECIPITATION (IN)
  YESTERDAY        0.00          1.65 1968   0.04  -0.04     0.00
  MONTH TO DATE    0.30                      0.20   0.10     0.08
  SINCE JUN 1      0.48                      1.14  -0.66     0.09
  SINCE JAN 1      3.02                      2.96   0.06     0.73

SNOWFALL (IN)
  YESTERDAY        0.0                                       0.0
  MONTH TO DATE    0.0                                       0.0
  SINCE JUN 1      0.0                                       0.0
  SINCE JUL 1      0.0                                       0.0
  SNOW DEPTH       0

DEGREE DAYS
 HEATING
  YESTERDAY        0                         0      0        0
  MONTH TO DATE    0                         0      0        0
  SINCE JUN 1      0                         0      0        0
  SINCE JUL 1      0                         0      0        0

 COOLING
  YESTERDAY       18                        18      0       22
  MONTH TO DATE   99                        93      6       95
  SINCE JUN 1    691                       595     96      788
  SINCE JAN 1   1062                       972     90     1215
..................................................................


WIND (MPH)
  HIGHEST WIND SPEED    22   HIGHEST WIND DIRECTION     W (250)
  HIGHEST GUST SPEED    27   HIGHEST GUST DIRECTION     W (250)
  AVERAGE WIND SPEED    10.5


SKY COVER
  POSSIBLE SUNSHINE  MM
  AVERAGE SKY COVER 0.6


WEATHER CONDITIONS
 THE FOLLOWING WEATHER WAS RECORDED YESTERDAY.
  NO SIGNIFICANT WEATHER WAS OBSERVED.


RELATIVE HUMIDITY (PERCENT)
 HIGHEST    84           200 AM
 LOWEST     30           400 PM
 AVERAGE    57

..........................................................


THE EL PASO CLIMATE NORMALS FOR TODAY
                         NORMAL    RECORD    YEAR
 MAXIMUM TEMPERATURE (F)   96       108      1992
 MINIMUM TEMPERATURE (F)   71        57      1906


SUNRISE AND SUNSET
JULY  6 2015..........SUNRISE   606 AM MDT   SUNSET   815 PM MDT
JULY  7 2015..........SUNRISE   606 AM MDT   SUNSET   815 PM MDT


-  INDICATES NEGATIVE NUMBERS.
R  INDICATES RECORD WAS SET OR TIED.
MM INDICATES DATA IS MISSING.
T  INDICATES TRACE AMOUNT.




$$
