000
CDUS44 KEPZ 122330
CLIELP


CLIMATE REPORT
NATIONAL WEATHER SERVICE EL PASO, TX
429 PM MST TUE DEC 12 2017


...................................

...THE EL PASO CLIMATE SUMMARY FOR DECEMBER 12 2017...
VALID TODAY AS OF 0400 PM LOCAL TIME.

CLIMATE NORMAL PERIOD 1981 TO 2010
CLIMATE RECORD PERIOD 1879 TO 2017


WEATHER ITEM   OBSERVED TIME   RECORD YEAR NORMAL DEPARTURE LAST
                VALUE   (LST)  VALUE       VALUE  FROM      YEAR
                                                  NORMAL
..................................................................
TEMPERATURE (F)
 TODAY
  MAXIMUM         60    359 PM  77    1906  57      3       70
  MINIMUM         31    717 AM   8    1989  33     -2       43

PRECIPITATION (IN)
  TODAY            0.00                      0.03  -0.03     0.00
  MONTH TO DATE    0.32                      0.31   0.01     0.24
  SINCE DEC 1      0.32                      0.31   0.01     0.24
  SINCE JAN 1      9.73                      9.24   0.49     8.72

SNOWFALL (IN)
  TODAY            0.0                                       0.0
  MONTH TO DATE    0.1                                       0.0
  SINCE JUL 1      0.1                                        T

..................................................................


WIND (MPH)
  HIGHEST WIND SPEED    15   HIGHEST WIND DIRECTION    SE (120)
  HIGHEST GUST SPEED    22   HIGHEST GUST DIRECTION    SE (130)


SKY COVER
  AVERAGE SKY COVER 0.1


WEATHER CONDITIONS
 THE FOLLOWING WEATHER WAS RECORDED TODAY.
  NO SIGNIFICANT WEATHER WAS OBSERVED.


RELATIVE HUMIDITY (PERCENT)
 HIGHEST    75           100 AM
 LOWEST     15           400 PM

..........................................................


THE EL PASO CLIMATE NORMALS FOR TOMORROW
                         NORMAL    RECORD    YEAR
 MAXIMUM TEMPERATURE (F)   57        74      1889
 MINIMUM TEMPERATURE (F)   33        11      1989


SUNRISE AND SUNSET
DECEMBER 12 2017......SUNRISE   656 AM MST   SUNSET   503 PM MST
DECEMBER 13 2017......SUNRISE   657 AM MST   SUNSET   503 PM MST


-  INDICATES NEGATIVE NUMBERS.
R  INDICATES RECORD WAS SET OR TIED.
MM INDICATES DATA IS MISSING.
T  INDICATES TRACE AMOUNT.




$$
