000
CDUS44 KEPZ 240928
CLIELP


CLIMATE REPORT
NATIONAL WEATHER SERVICE EL PASO, TX
327 AM MDT SAT JUN 24 2017


...................................

...THE EL PASO CLIMATE SUMMARY FOR JUNE 23 2017...

CLIMATE NORMAL PERIOD 1981 TO 2010
CLIMATE RECORD PERIOD 1879 TO 2017


WEATHER ITEM   OBSERVED TIME   RECORD YEAR NORMAL DEPARTURE LAST
                VALUE   (LST)  VALUE       VALUE  FROM      YEAR
                                                  NORMAL
..................................................................
TEMPERATURE (F)
 YESTERDAY
  MAXIMUM        111R   307 PM 110    1978  97     14      105
  MINIMUM         79    553 AM  53    1973  70      9       76
  AVERAGE         95                        83     12       91

PRECIPITATION (IN)
  YESTERDAY        0.00          1.13 1986   0.04  -0.04     0.04
  MONTH TO DATE    0.27                      0.64  -0.37     0.18
  SINCE JUN 1      0.27                      0.64  -0.37     0.18
  SINCE JAN 1      1.65                      2.46  -0.81     0.82

SNOWFALL (IN)
  YESTERDAY        0.0                                       0.0
  MONTH TO DATE    0.0                                       0.0
  SINCE JUN 1      0.0                                       0.0
  SINCE JUL 1      T                                         8.1
  SNOW DEPTH       0

DEGREE DAYS
 HEATING
  YESTERDAY        0                         0      0        0
  MONTH TO DATE    0                         0      0        0
  SINCE JUN 1      0                         0      0        0
  SINCE JUL 1   1577                      2474   -897     2018

 COOLING
  YESTERDAY       30                        18     12       26
  MONTH TO DATE  478                       375    103      461
  SINCE JUN 1    478                       375    103      461
  SINCE JAN 1   1032                       752    280      857
..................................................................


WIND (MPH)
  HIGHEST WIND SPEED    32   HIGHEST WIND DIRECTION     E (70)
  HIGHEST GUST SPEED    40   HIGHEST GUST DIRECTION     E (80)
  AVERAGE WIND SPEED    11.4


SKY COVER
  POSSIBLE SUNSHINE  MM
  AVERAGE SKY COVER 0.4


WEATHER CONDITIONS
 THE FOLLOWING WEATHER WAS RECORDED YESTERDAY.
  HAZE


RELATIVE HUMIDITY (PERCENT)
 HIGHEST    32           800 PM
 LOWEST      3           300 PM
 AVERAGE    18

..........................................................


THE EL PASO CLIMATE NORMALS FOR TODAY
                         NORMAL    RECORD    YEAR
 MAXIMUM TEMPERATURE (F)   97       111      1978
 MINIMUM TEMPERATURE (F)   70        57      1973


SUNRISE AND SUNSET
JUNE 24 2017..........SUNRISE   601 AM MDT   SUNSET   815 PM MDT
JUNE 25 2017..........SUNRISE   602 AM MDT   SUNSET   815 PM MDT


-  INDICATES NEGATIVE NUMBERS.
R  INDICATES RECORD WAS SET OR TIED.
MM INDICATES DATA IS MISSING.
T  INDICATES TRACE AMOUNT.




$$
