000
CDUS44 KEPZ 030929
CLIELP


CLIMATE REPORT
NATIONAL WEATHER SERVICE EL PASO, TX
228 AM MST TUE MAR 3 2015


...................................

...THE EL PASO CLIMATE SUMMARY FOR MARCH 2 2015...

CLIMATE NORMAL PERIOD 1981 TO 2010
CLIMATE RECORD PERIOD 1879 TO 2015


WEATHER ITEM   OBSERVED TIME   RECORD YEAR NORMAL DEPARTURE LAST
                VALUE   (LST)  VALUE       VALUE  FROM      YEAR
                                                  NORMAL
..................................................................
TEMPERATURE (F)
 YESTERDAY
  MAXIMUM         61   1047 PM  84    1904  67     -6       63
                                      1901
  MINIMUM         50   1217 PM  16    1922  40     10       48
  AVERAGE         56                        54      2       56

PRECIPITATION (IN)
  YESTERDAY        0.08          0.38 2001   0.01   0.07     0.16
  MONTH TO DATE    0.08                      0.02   0.06     0.16
  SINCE MAR 1      0.08                      0.02   0.06     0.16
  SINCE JAN 1      0.96                      0.88   0.08     0.16

SNOWFALL (IN)
  YESTERDAY        0.0                                       0.0
  MONTH TO DATE    0.0                                       0.0
  SINCE MAR 1      0.0                                       0.0
  SINCE JUL 1      T                                          T
  SNOW DEPTH       0

DEGREE DAYS
 HEATING
  YESTERDAY        9                        12     -3        9
  MONTH TO DATE   15                        24     -9        9
  SINCE MAR 1     15                        24     -9        9
  SINCE JUL 1   1838                      2127   -289     1797

 COOLING
  YESTERDAY        0                         0      0        0
  MONTH TO DATE    0                         0      0        0
  SINCE MAR 1      0                         0      0        0
  SINCE JAN 1      1                         0      1        7
..................................................................


WIND (MPH)
  HIGHEST WIND SPEED    18   HIGHEST WIND DIRECTION     E (110)
  HIGHEST GUST SPEED    22   HIGHEST GUST DIRECTION    SE (120)
  AVERAGE WIND SPEED     6.7


SKY COVER
  POSSIBLE SUNSHINE  MM
  AVERAGE SKY COVER 1.0


WEATHER CONDITIONS
 THE FOLLOWING WEATHER WAS RECORDED YESTERDAY.
  LIGHT RAIN


RELATIVE HUMIDITY (PERCENT)
 HIGHEST    86           600 PM
 LOWEST     33          1200 AM
 AVERAGE    60

..........................................................


THE EL PASO CLIMATE NORMALS FOR TODAY
                         NORMAL    RECORD    YEAR
 MAXIMUM TEMPERATURE (F)   67        85      2009
 MINIMUM TEMPERATURE (F)   40        14      1971


SUNRISE AND SUNSET
MARCH  3 2015.........SUNRISE   631 AM MST   SUNSET   605 PM MST
MARCH  4 2015.........SUNRISE   629 AM MST   SUNSET   606 PM MST


-  INDICATES NEGATIVE NUMBERS.
R  INDICATES RECORD WAS SET OR TIED.
MM INDICATES DATA IS MISSING.
T  INDICATES TRACE AMOUNT.




$$
