000
CDUS44 KEPZ 212327
CLIELP


CLIMATE REPORT
NATIONAL WEATHER SERVICE EL PASO, TX
526 PM MDT SAT OCT 21 2017


...................................

...THE EL PASO CLIMATE SUMMARY FOR OCTOBER 21 2017...
VALID TODAY AS OF 500 PM LOCAL TIME.

CLIMATE NORMAL PERIOD 1981 TO 2010
CLIMATE RECORD PERIOD 1879 TO 2017


WEATHER ITEM   OBSERVED TIME   RECORD YEAR NORMAL DEPARTURE LAST
                VALUE   (LST)  VALUE       VALUE  FROM      YEAR
                                                  NORMAL
..................................................................
TEMPERATURE (F)
 TODAY
  MAXIMUM         80    358 PM  89    1899  77      3       78
  MINIMUM         64    621 AM  32    1898  50     14       48
                                      1882

PRECIPITATION (IN)
  TODAY            0.00                      0.02  -0.02     0.00
  MONTH TO DATE    0.03                      0.43  -0.40     0.00
  SINCE SEP 1      1.19                      1.94  -0.75     2.12
  SINCE JAN 1      9.11                      8.26   0.85     8.09

SNOWFALL (IN)
  TODAY            0.0                                       0.0
  MONTH TO DATE    0.0                                       0.0
  SINCE JUL 1      0.0                                        T

..................................................................


WIND (MPH)
  HIGHEST WIND SPEED    23   HIGHEST WIND DIRECTION     W (290)
  HIGHEST GUST SPEED    30   HIGHEST GUST DIRECTION     W (270)


SKY COVER
  AVERAGE SKY COVER 0.2


WEATHER CONDITIONS
 THE FOLLOWING WEATHER WAS RECORDED TODAY.
  NO SIGNIFICANT WEATHER WAS OBSERVED.


RELATIVE HUMIDITY (PERCENT)
 HIGHEST    52           600 AM
 LOWEST     16           400 PM

..........................................................


THE EL PASO CLIMATE NORMALS FOR TOMORROW
                         NORMAL    RECORD    YEAR
 MAXIMUM TEMPERATURE (F)   76        89      1899
 MINIMUM TEMPERATURE (F)   50        26      1996


SUNRISE AND SUNSET
OCTOBER 21 2017.......SUNRISE   714 AM MDT   SUNSET   626 PM MDT
OCTOBER 22 2017.......SUNRISE   714 AM MDT   SUNSET   625 PM MDT


-  INDICATES NEGATIVE NUMBERS.
R  INDICATES RECORD WAS SET OR TIED.
MM INDICATES DATA IS MISSING.
T  INDICATES TRACE AMOUNT.




$$
