000
CDUS45 KLKN 220946
CLIELY


CLIMATE REPORT
NATIONAL WEATHER SERVICE ELKO NV
246 AM PDT THU JUN 22 2017


...................................

...THE ELY AIRPORT NV CLIMATE SUMMARY FOR JUNE 21 2017...

CLIMATE NORMAL PERIOD 1981 TO 2010
CLIMATE RECORD PERIOD 1893 TO 2017


WEATHER ITEM   OBSERVED TIME   RECORD YEAR NORMAL DEPARTURE LAST
                VALUE   (LST)  VALUE       VALUE  FROM      YEAR
                                                  NORMAL
..................................................................
TEMPERATURE (F)
 YESTERDAY
  MAXIMUM         96R   335 PM  95    1961  81     15       92
                                      1900
  MINIMUM         46    337 AM  26    1960  43      3       49
  AVERAGE         71                        62      9       71

PRECIPITATION (IN)
  YESTERDAY        0.00          0.12 1993   0.02  -0.02     0.00
  MONTH TO DATE    0.02                      0.55  -0.53     1.54
  SINCE OCT 1      7.97                      7.27   0.70    12.86
  SINCE JAN 1      6.19                      4.98   1.21     8.50

SNOWFALL (IN)
  YESTERDAY        0.0           0.0  1893   0.0    0.0      0.0
  MONTH TO DATE    T                         0.1   -0.1      0.0
  SINCE JUN 1      T                         0.1   -0.1      0.0
  SINCE JUL 1     68.0                      50.8   17.2    100.4
  SNOW DEPTH       0

DEGREE DAYS
 HEATING
  YESTERDAY        0                         4     -4        0
  MONTH TO DATE   68                       150    -82       58
  SINCE JUN 1     68                       150    -82       58
  SINCE JUL 1   6857                      7497   -640     7319

 COOLING
  YESTERDAY        6                         1      5        6
  MONTH TO DATE   40                         9     31       26
  SINCE JUN 1     40                         9     31       26
  SINCE JAN 1     40                        10     30       26
..................................................................


WIND (MPH)
  HIGHEST WIND SPEED    28   HIGHEST WIND DIRECTION     N (360)
  HIGHEST GUST SPEED    36   HIGHEST GUST DIRECTION     N (360)
  AVERAGE WIND SPEED     9.2



WEATHER CONDITIONS
 THE FOLLOWING WEATHER WAS RECORDED YESTERDAY.
  NO SIGNIFICANT WEATHER WAS OBSERVED.


RELATIVE HUMIDITY (PERCENT)
 HIGHEST    54           300 AM
 LOWEST     11           100 PM
 AVERAGE    33

..........................................................


THE ELY AIRPORT NV CLIMATE NORMALS FOR TODAY
                         NORMAL    RECORD    YEAR
 MAXIMUM TEMPERATURE (F)   82        99      1954
 MINIMUM TEMPERATURE (F)   43        29      1944


SUNRISE AND SUNSET
JUNE 22 2017..........SUNRISE   513 AM PDT   SUNSET   810 PM PDT
JUNE 23 2017..........SUNRISE   514 AM PDT   SUNSET   810 PM PDT


-  INDICATES NEGATIVE NUMBERS.
R  INDICATES RECORD WAS SET OR TIED.
MM INDICATES DATA IS MISSING.
T  INDICATES TRACE AMOUNT.




$$
