000
CDUS45 KLKN 280026
CLIELY


CLIMATE REPORT
NATIONAL WEATHER SERVICE ELKO NV
526 PM PDT SAT AUG 27 2016


...................................

...THE ELY AIRPORT NV CLIMATE SUMMARY FOR AUGUST 27 2016...
VALID TODAY AS OF 0500 PM LOCAL TIME.

CLIMATE NORMAL PERIOD 1981 TO 2010
CLIMATE RECORD PERIOD 1893 TO 2016


WEATHER ITEM   OBSERVED TIME   RECORD YEAR NORMAL DEPARTURE LAST
                VALUE   (LST)  VALUE       VALUE  FROM      YEAR
                                                  NORMAL
..................................................................
TEMPERATURE (F)
 TODAY
  MAXIMUM         83    358 PM  94    2001  83      0       84
  MINIMUM         41    544 AM  29    1992  45     -4       46
  AVERAGE         62                        64     -2       65

PRECIPITATION (IN)
  TODAY            0.00          0.44 1999   0.03  -0.03     0.01
  MONTH TO DATE    0.33                      0.79  -0.46     0.40
  SINCE OCT 1     13.38                      8.82   4.56     6.02
  SINCE JAN 1      9.02                      6.53   2.49     4.85

SNOWFALL (IN)
  TODAY            0.0           0.0  1893   0.0    0.0      0.0
  MONTH TO DATE    0.0                       0.0    0.0      0.0
  SINCE JUN 1      0.0                       0.1   -0.1      0.0
  SINCE JUL 1      0.0                       0.0    0.0      0.0
  SNOW DEPTH       0

DEGREE DAYS
 HEATING
  TODAY            3                         2      1        0
  MONTH TO DATE   19                        29    -10       12
  SINCE JUN 1     97                       227   -130       86
  SINCE JUL 1     36                        52    -16       31

 COOLING
  TODAY            0                         1     -1        0
  MONTH TO DATE   62                        73    -11      101
  SINCE JUN 1    246                       207     39      287
  SINCE JAN 1    246                       208     38      290
..................................................................


WIND (MPH)
  HIGHEST WIND SPEED    16   HIGHEST WIND DIRECTION    NE (40)
  HIGHEST GUST SPEED    20   HIGHEST GUST DIRECTION    NE (40)



WEATHER CONDITIONS
 THE FOLLOWING WEATHER WAS RECORDED TODAY.
  NO SIGNIFICANT WEATHER WAS OBSERVED.


RELATIVE HUMIDITY (PERCENT)
 HIGHEST    65           400 AM
 LOWEST      9           400 PM
 AVERAGE    37

..........................................................


THE ELY AIRPORT NV CLIMATE NORMALS FOR TOMORROW
                         NORMAL    RECORD    YEAR
 MAXIMUM TEMPERATURE (F)   83        92      2001
 MINIMUM TEMPERATURE (F)   45        31      1960


SUNRISE AND SUNSET
AUGUST 27 2016........SUNRISE   604 AM PDT   SUNSET   717 PM PDT
AUGUST 28 2016........SUNRISE   605 AM PDT   SUNSET   715 PM PDT


-  INDICATES NEGATIVE NUMBERS.
R  INDICATES RECORD WAS SET OR TIED.
MM INDICATES DATA IS MISSING.
T  INDICATES TRACE AMOUNT.




$$
