000
CDUS45 KLKN 300939
CLIELY


CLIMATE REPORT
NATIONAL WEATHER SERVICE ELKO NV
236 AM PDT SAT JUL 30 2016


...................................

...THE ELY AIRPORT NV CLIMATE SUMMARY FOR JULY 29 2016...

CLIMATE NORMAL PERIOD 1981 TO 2010
CLIMATE RECORD PERIOD 1893 TO 2016


WEATHER ITEM   OBSERVED TIME   RECORD YEAR NORMAL DEPARTURE LAST
                VALUE   (LST)  VALUE       VALUE  FROM      YEAR
                                                  NORMAL
..................................................................
TEMPERATURE (F)
 YESTERDAY
  MAXIMUM         94   1052 AM  97    2000  88      6       90
  MINIMUM         56   1140 PM  30    1948  49      7       39
  AVERAGE         75                        69      6       65

PRECIPITATION (IN)
  YESTERDAY        0.12          0.60 1939   0.02   0.10     0.00
  MONTH TO DATE    0.17                      0.58  -0.41     0.66
  SINCE OCT 1     13.05                      7.97   5.08     5.62
  SINCE JAN 1      8.69                      5.68   3.01     4.45

SNOWFALL (IN)
  YESTERDAY        0.0           0.0  1893   0.0    0.0      0.0
  MONTH TO DATE    0.0                       0.0    0.0      0.0
  SINCE JUN 1      0.0                       0.1   -0.1      0.0
  SINCE JUL 1      0.0                       0.0    0.0      0.0
  SNOW DEPTH       0

DEGREE DAYS
 HEATING
  YESTERDAY        0                         0      0        0
  MONTH TO DATE   17                        20     -3       19
  SINCE JUN 1     78                       195   -117       74
  SINCE JUL 1     17                        20     -3       19

 COOLING
  YESTERDAY       10                         4      6        0
  MONTH TO DATE  115                       102     13       72
  SINCE JUN 1    170                       125     45      179
  SINCE JAN 1    170                       126     44      182
..................................................................


WIND (MPH)
  HIGHEST WIND SPEED    26   HIGHEST WIND DIRECTION    SE (130)
  HIGHEST GUST SPEED    35   HIGHEST GUST DIRECTION     S (200)
  AVERAGE WIND SPEED     8.8



WEATHER CONDITIONS
 THE FOLLOWING WEATHER WAS RECORDED YESTERDAY.
  THUNDERSTORM
  LIGHT RAIN


RELATIVE HUMIDITY (PERCENT)
 HIGHEST    77          1100 PM
 LOWEST     14          1100 AM
 AVERAGE    46

..........................................................


THE ELY AIRPORT NV CLIMATE NORMALS FOR TODAY
                         NORMAL    RECORD    YEAR
 MAXIMUM TEMPERATURE (F)   88        99      2000
 MINIMUM TEMPERATURE (F)   49        36      1950


SUNRISE AND SUNSET
JULY 30 2016..........SUNRISE   538 AM PDT   SUNSET   753 PM PDT
JULY 31 2016..........SUNRISE   539 AM PDT   SUNSET   752 PM PDT


-  INDICATES NEGATIVE NUMBERS.
R  INDICATES RECORD WAS SET OR TIED.
MM INDICATES DATA IS MISSING.
T  INDICATES TRACE AMOUNT.




$$
