000
CDUS45 KLKN 280935
CLIELY


CLIMATE REPORT
NATIONAL WEATHER SERVICE ELKO NV
230 AM PDT WED SEP 28 2016


...................................

...THE ELY AIRPORT NV CLIMATE SUMMARY FOR SEPTEMBER 27 2016...

CLIMATE NORMAL PERIOD 1981 TO 2010
CLIMATE RECORD PERIOD 1893 TO 2016


WEATHER ITEM   OBSERVED TIME   RECORD YEAR NORMAL DEPARTURE LAST
                VALUE   (LST)  VALUE       VALUE  FROM      YEAR
                                                  NORMAL
..................................................................
TEMPERATURE (F)
 YESTERDAY
  MAXIMUM         79    351 PM  90    2010  71      8       81
  MINIMUM         34    518 AM  17    1948  33      1       55
  AVERAGE         57                        52      5       68

PRECIPITATION (IN)
  YESTERDAY        0.00          0.80 1894   0.03  -0.03     0.00
  MONTH TO DATE    0.69                      0.74  -0.05     0.51
  SINCE OCT 1     14.07                      9.67   4.40     6.67
  SINCE JAN 1      9.71                      7.38   2.33     5.50

SNOWFALL (IN)
  YESTERDAY        0.0           1.8  1982   0.0    0.0      0.0
  MONTH TO DATE    0.0                       0.3   -0.3      0.0
  SINCE SEP 1      0.0                       0.3   -0.3      0.0
  SINCE JUL 1      0.0                       0.3   -0.3      0.0
  SNOW DEPTH       0

DEGREE DAYS
 HEATING
  YESTERDAY        8                        13     -5        0
  MONTH TO DATE  218                       210      8       96
  SINCE SEP 1    218                       210      8       96
  SINCE JUL 1    255                       274    -19      128

 COOLING
  YESTERDAY        0                         0      0        3
  MONTH TO DATE   12                         4      8       23
  SINCE SEP 1     12                         4      8       23
  SINCE JAN 1    267                       216     51      327
..................................................................


WIND (MPH)
  HIGHEST WIND SPEED    15   HIGHEST WIND DIRECTION     S (170)
  HIGHEST GUST SPEED    17   HIGHEST GUST DIRECTION     N (340)
  AVERAGE WIND SPEED     6.6



WEATHER CONDITIONS
 THE FOLLOWING WEATHER WAS RECORDED YESTERDAY.
  NO SIGNIFICANT WEATHER WAS OBSERVED.


RELATIVE HUMIDITY (PERCENT)
 HIGHEST    82           100 AM
 LOWEST     15           400 PM
 AVERAGE    49

..........................................................


THE ELY AIRPORT NV CLIMATE NORMALS FOR TODAY
                         NORMAL    RECORD    YEAR
 MAXIMUM TEMPERATURE (F)   70        91      2010
 MINIMUM TEMPERATURE (F)   33        16      1971


SUNRISE AND SUNSET
SEPTEMBER 28 2016.....SUNRISE   633 AM PDT   SUNSET   626 PM PDT
SEPTEMBER 29 2016.....SUNRISE   634 AM PDT   SUNSET   624 PM PDT


-  INDICATES NEGATIVE NUMBERS.
R  INDICATES RECORD WAS SET OR TIED.
MM INDICATES DATA IS MISSING.
T  INDICATES TRACE AMOUNT.




$$
