000
CDUS45 KLKN 260926
CLIELY


CLIMATE REPORT
NATIONAL WEATHER SERVICE ELKO NV
226 AM PDT THU MAR 26 2015


...................................

...THE ELY AIRPORT NV CLIMATE SUMMARY FOR MARCH 25 2015...

CLIMATE NORMAL PERIOD 1981 TO 2010
CLIMATE RECORD PERIOD 1893 TO 2015


WEATHER ITEM   OBSERVED TIME   RECORD YEAR NORMAL DEPARTURE LAST
                VALUE   (LST)  VALUE       VALUE  FROM      YEAR
                                                  NORMAL
..................................................................
TEMPERATURE (F)
 YESTERDAY
  MAXIMUM         57    408 PM  70    1908  52      5       65
  MINIMUM         27   1159 PM  -1    1942  24      3       23
  AVERAGE         42                        38      4       44

PRECIPITATION (IN)
  YESTERDAY        0.00          0.40 1899   0.04  -0.04     0.00
  MONTH TO DATE    0.36                      0.75  -0.39     0.07
  SINCE OCT 1      2.05                      4.49  -2.44     4.48
  SINCE JAN 1      0.88                      2.20  -1.32     1.80

SNOWFALL (IN)
  YESTERDAY        0.0           5.3  1961   0.3   -0.3      0.0
  MONTH TO DATE    5.0                       6.8   -1.8      0.6
  SINCE MAR 1      5.0                       6.8   -1.8      0.6
  SINCE JUL 1     16.0                      41.7  -25.7     39.7
  SNOW DEPTH       0

DEGREE DAYS
 HEATING
  YESTERDAY       23                        27     -4       21
  MONTH TO DATE  606                       732   -126      665
  SINCE MAR 1    606                       732   -126      665
  SINCE JUL 1   4850                      6069  -1219     5684

 COOLING
  YESTERDAY        0                         0      0        0
  MONTH TO DATE    0                         0      0        0
  SINCE MAR 1      0                         0      0        0
  SINCE JAN 1      0                         0      0        0
..................................................................


WIND (MPH)
  HIGHEST WIND SPEED    18   HIGHEST WIND DIRECTION     N (10)
  HIGHEST GUST SPEED    24   HIGHEST GUST DIRECTION     N (340)
  AVERAGE WIND SPEED     9.6



WEATHER CONDITIONS
 THE FOLLOWING WEATHER WAS RECORDED YESTERDAY.
  NO SIGNIFICANT WEATHER WAS OBSERVED.


RELATIVE HUMIDITY (PERCENT)
 HIGHEST    85           400 AM
 LOWEST     22           200 PM
 AVERAGE    54

..........................................................


THE ELY AIRPORT NV CLIMATE NORMALS FOR TODAY
                         NORMAL    RECORD    YEAR
 MAXIMUM TEMPERATURE (F)   53        70      1988
 MINIMUM TEMPERATURE (F)   24         2      1985
                                             1898


SUNRISE AND SUNSET
MARCH 26 2015.........SUNRISE   634 AM PDT   SUNSET   657 PM PDT
MARCH 27 2015.........SUNRISE   632 AM PDT   SUNSET   658 PM PDT


-  INDICATES NEGATIVE NUMBERS.
R  INDICATES RECORD WAS SET OR TIED.
MM INDICATES DATA IS MISSING.
T  INDICATES TRACE AMOUNT.




$$
