000
CDUS45 KLKN 040936
CLIELY


CLIMATE REPORT
NATIONAL WEATHER SERVICE ELKO NV
230 AM PDT SAT JUL 4 2015


...................................

...THE ELY AIRPORT NV CLIMATE SUMMARY FOR JULY 3 2015...

CLIMATE NORMAL PERIOD 1981 TO 2010
CLIMATE RECORD PERIOD 1893 TO 2015


WEATHER ITEM   OBSERVED TIME   RECORD YEAR NORMAL DEPARTURE LAST
                VALUE   (LST)  VALUE       VALUE  FROM      YEAR
                                                  NORMAL
..................................................................
TEMPERATURE (F)
 YESTERDAY
  MAXIMUM         90   1158 AM  96    2013  86      4       93
                                      1985
  MINIMUM         59   1159 PM  30    1897  46     13       56
  AVERAGE         75                        66      9       75

PRECIPITATION (IN)
  YESTERDAY        0.08          0.33 1949   0.02   0.06     0.00
  MONTH TO DATE    0.09                      0.04   0.05     0.00
  SINCE OCT 1      5.05                      7.43  -2.38     7.03
  SINCE JAN 1      3.88                      5.14  -1.26     4.35

SNOWFALL (IN)
  YESTERDAY        0.0           T    1902   0.0    0.0      0.0
  MONTH TO DATE    0.0                       0.0    0.0      0.0
  SINCE JUN 1      0.0                       0.1   -0.1       T
  SINCE JUL 1      0.0                       0.0    0.0      0.0
  SNOW DEPTH       0

DEGREE DAYS
 HEATING
  YESTERDAY        0                         2     -2        0
  MONTH TO DATE    0                         6     -6        0
  SINCE JUN 1     55                       181   -126      140
  SINCE JUL 1      0                         6     -6        0

 COOLING
  YESTERDAY       10                         2      8       10
  MONTH TO DATE   30                         6     24       21
  SINCE JUN 1    137                        29    108       40
  SINCE JAN 1    140                        30    110       42
..................................................................


WIND (MPH)
  HIGHEST WIND SPEED    25   HIGHEST WIND DIRECTION    SE (150)
  HIGHEST GUST SPEED    32   HIGHEST GUST DIRECTION    SE (150)
  AVERAGE WIND SPEED     7.6



WEATHER CONDITIONS
 THE FOLLOWING WEATHER WAS RECORDED YESTERDAY.
  THUNDERSTORM
  RAIN
  LIGHT RAIN


RELATIVE HUMIDITY (PERCENT)
 HIGHEST    72           500 AM
 LOWEST     19          1200 PM
 AVERAGE    46

..........................................................


THE ELY AIRPORT NV CLIMATE NORMALS FOR TODAY
                         NORMAL    RECORD    YEAR
 MAXIMUM TEMPERATURE (F)   86        98      1985
 MINIMUM TEMPERATURE (F)   46        33      1978
                                             1902


SUNRISE AND SUNSET
JULY  4 2015..........SUNRISE   518 AM PDT   SUNSET   809 PM PDT
JULY  5 2015..........SUNRISE   519 AM PDT   SUNSET   809 PM PDT


-  INDICATES NEGATIVE NUMBERS.
R  INDICATES RECORD WAS SET OR TIED.
MM INDICATES DATA IS MISSING.
T  INDICATES TRACE AMOUNT.




$$
