000
CDUS45 KLKN 220932
CLIELY


CLIMATE REPORT
NATIONAL WEATHER SERVICE ELKO NV
129 AM PST MON DEC 22 2014


...................................

...THE ELY AIRPORT NV CLIMATE SUMMARY FOR DECEMBER 21 2014...

CLIMATE NORMAL PERIOD 1981 TO 2010
CLIMATE RECORD PERIOD 1893 TO 2014


WEATHER ITEM   OBSERVED TIME   RECORD YEAR NORMAL DEPARTURE LAST
                VALUE   (LST)  VALUE       VALUE  FROM      YEAR
                                                  NORMAL
..................................................................
TEMPERATURE (F)
 YESTERDAY
  MAXIMUM         50    209 PM  59    2005  39     11       37
                                      1906
  MINIMUM         33    154 AM -26    1990  10     23       11
  AVERAGE         42                        24     18       24

PRECIPITATION (IN)
  YESTERDAY        0.06          0.39 2010   0.02   0.04     0.02
  MONTH TO DATE    0.46                      0.37   0.09     0.99
  SINCE OCT 1      0.90                      2.07  -1.17     2.68
  SINCE JAN 1      8.99                      9.54  -0.55     8.54

SNOWFALL (IN)
  YESTERDAY        0.0           5.2  1988   0.3   -0.3      0.2
  MONTH TO DATE    1.9                       5.0   -3.1     12.9
  SINCE DEC 1      1.9                       5.0   -3.1     12.9
  SINCE JUL 1      2.6                      14.5  -11.9     25.8
  SNOW DEPTH       0

DEGREE DAYS
 HEATING
  YESTERDAY       23                        40    -17       41
  MONTH TO DATE  632                       826   -194      960
  SINCE DEC 1    632                       826   -194      960
  SINCE JUL 1   2079                      2694   -615     2725

 COOLING
  YESTERDAY        0                         0      0        0
  MONTH TO DATE    0                         0      0        0
  SINCE DEC 1      0                         0      0        0
  SINCE JAN 1    286                       218     68      387
..................................................................


WIND (MPH)
  HIGHEST WIND SPEED    21   HIGHEST WIND DIRECTION     E (80)
  HIGHEST GUST SPEED    23   HIGHEST GUST DIRECTION     E (80)
  AVERAGE WIND SPEED     3.3



WEATHER CONDITIONS
 THE FOLLOWING WEATHER WAS RECORDED YESTERDAY.
  LIGHT RAIN
  FOG


RELATIVE HUMIDITY (PERCENT)
 HIGHEST   100           600 AM
 LOWEST     56           200 PM
 AVERAGE    78

..........................................................


THE ELY AIRPORT NV CLIMATE NORMALS FOR TODAY
                         NORMAL    RECORD    YEAR
 MAXIMUM TEMPERATURE (F)   39        56      1955
 MINIMUM TEMPERATURE (F)   10       -29      1990


SUNRISE AND SUNSET
DECEMBER 22 2014......SUNRISE   656 AM PST   SUNSET   420 PM PST
DECEMBER 23 2014......SUNRISE   656 AM PST   SUNSET   421 PM PST


-  INDICATES NEGATIVE NUMBERS.
R  INDICATES RECORD WAS SET OR TIED.
MM INDICATES DATA IS MISSING.
T  INDICATES TRACE AMOUNT.




$$
