000
CDUS45 KLKN 200931
CLIELY


CLIMATE REPORT
NATIONAL WEATHER SERVICE ELKO NV
229 AM PDT MON OCT 20 2014


...................................

...THE ELY AIRPORT NV CLIMATE SUMMARY FOR OCTOBER 19 2014...

CLIMATE NORMAL PERIOD 1981 TO 2010
CLIMATE RECORD PERIOD 1893 TO 2014


WEATHER ITEM   OBSERVED TIME   RECORD YEAR NORMAL DEPARTURE LAST
                VALUE   (LST)  VALUE       VALUE  FROM      YEAR
                                                  NORMAL
..................................................................
TEMPERATURE (F)
 YESTERDAY
  MAXIMUM         72    208 PM  77    1974  61     11       67
  MINIMUM         33    636 AM  12    1898  27      6       22
  AVERAGE         53                        44      9       45

PRECIPITATION (IN)
  YESTERDAY        T             0.94 2009   0.04  -0.04     0.00
  MONTH TO DATE    T                         0.62  -0.62     0.56
  SINCE OCT 1      T                         0.62  -0.62     0.56
  SINCE JAN 1      8.09                      8.09   0.00     6.42

SNOWFALL (IN)
  YESTERDAY        0.0           3.6  1986   0.1   -0.1      0.0
  MONTH TO DATE    0.0                       1.6   -1.6      0.5
  SINCE SEP 1      0.0                       2.0   -2.0      0.5
  SINCE JUL 1      0.0                       2.0   -2.0      0.5
  SNOW DEPTH       0

DEGREE DAYS
 HEATING
  YESTERDAY       12                        21     -9       20
  MONTH TO DATE  245                       336    -91      408
  SINCE SEP 1    365                       588   -223      631
  SINCE JUL 1    413                       652   -239      639

 COOLING
  YESTERDAY        0                         0      0        0
  MONTH TO DATE    0                         0      0        0
  SINCE SEP 1     18                         6     12       17
  SINCE JAN 1    286                       218     68      387
..................................................................


WIND (MPH)
  HIGHEST WIND SPEED    15   HIGHEST WIND DIRECTION     S (170)
  HIGHEST GUST SPEED    21   HIGHEST GUST DIRECTION     S (180)
  AVERAGE WIND SPEED     9.0



WEATHER CONDITIONS
 THE FOLLOWING WEATHER WAS RECORDED YESTERDAY.
  LIGHT RAIN


RELATIVE HUMIDITY (PERCENT)
 HIGHEST    82           500 AM
 LOWEST     25           100 PM
 AVERAGE    54

..........................................................


THE ELY AIRPORT NV CLIMATE NORMALS FOR TODAY
                         NORMAL    RECORD    YEAR
 MAXIMUM TEMPERATURE (F)   61        80      2003
 MINIMUM TEMPERATURE (F)   27         5      1996


SUNRISE AND SUNSET
OCTOBER 20 2014.......SUNRISE   654 AM PDT   SUNSET   553 PM PDT
OCTOBER 21 2014.......SUNRISE   655 AM PDT   SUNSET   552 PM PDT


-  INDICATES NEGATIVE NUMBERS.
R  INDICATES RECORD WAS SET OR TIED.
MM INDICATES DATA IS MISSING.
T  INDICATES TRACE AMOUNT.




$$
