000
CDUS45 KLKN 190932
CLIELY


CLIMATE REPORT
NATIONAL WEATHER SERVICE ELKO NV
128 AM PST SUN NOV 19  2017


...................................

...THE ELY AIRPORT NV CLIMATE SUMMARY FOR NOVEMBER 18 2017...

CLIMATE NORMAL PERIOD 1981 TO 2010
CLIMATE RECORD PERIOD 1893 TO 2017


WEATHER ITEM   OBSERVED TIME   RECORD YEAR NORMAL DEPARTURE LAST
                VALUE   (LST)  VALUE       VALUE  FROM      YEAR
                                                  NORMAL
..................................................................
TEMPERATURE (F)
 YESTERDAY
  MAXIMUM         47    245 PM  69    1949  47      0       46
  MINIMUM          4    637 AM -12    1964  18    -14        5
  AVERAGE         26                        32     -6       26

PRECIPITATION (IN)
  YESTERDAY        0.00          0.53 1973   0.03  -0.03     0.00
  MONTH TO DATE    0.08                      0.47  -0.39     0.17
  SINCE OCT 1      0.12                      1.47  -1.35     0.28
  SINCE JAN 1      9.22                      8.94   0.28    10.00

SNOWFALL (IN)
  YESTERDAY        0.0           4.0  1902   0.2   -0.2      0.0
  MONTH TO DATE    0.0                       3.4   -3.4      2.8
  SINCE SEP 1      5.0                       6.8   -1.8      2.8
  SINCE JUL 1      5.0                       6.8   -1.8      2.8
  SNOW DEPTH       0

DEGREE DAYS
 HEATING
  YESTERDAY       39                        32      7       39
  MONTH TO DATE  457                       518    -61      416
  SINCE SEP 1   1374                      1382     -8     1127
  SINCE JUL 1   1380                      1446    -66     1164

 COOLING
  YESTERDAY        0                         0      0        0
  MONTH TO DATE    0                         0      0        0
  SINCE SEP 1     24                         6     18       12
  SINCE JAN 1    433                       218    215      267
..................................................................


WIND (MPH)
  HIGHEST WIND SPEED    14   HIGHEST WIND DIRECTION     S (170)
  HIGHEST GUST SPEED    17   HIGHEST GUST DIRECTION     S (160)
  AVERAGE WIND SPEED     8.1



WEATHER CONDITIONS
 THE FOLLOWING WEATHER WAS RECORDED YESTERDAY.
  NO SIGNIFICANT WEATHER WAS OBSERVED.


RELATIVE HUMIDITY (PERCENT)
 HIGHEST    92          1200 AM
 LOWEST     22           200 PM
 AVERAGE    57

..........................................................


THE ELY AIRPORT NV CLIMATE NORMALS FOR TODAY
                         NORMAL    RECORD    YEAR
 MAXIMUM TEMPERATURE (F)   47        67      1949
 MINIMUM TEMPERATURE (F)   17       -15      1985


SUNRISE AND SUNSET
NOVEMBER 19 2017......SUNRISE   628 AM PST   SUNSET   422 PM PST
NOVEMBER 20 2017......SUNRISE   629 AM PST   SUNSET   421 PM PST


-  INDICATES NEGATIVE NUMBERS.
R  INDICATES RECORD WAS SET OR TIED.
MM INDICATES DATA IS MISSING.
T  INDICATES TRACE AMOUNT.




$$
