000
CDUS45 KLKN 310947
CLIELY


CLIMATE REPORT
NATIONAL WEATHER SERVICE ELKO NV
246 AM PDT FRI OCT 31 2014


...................................

...THE ELY AIRPORT NV CLIMATE SUMMARY FOR OCTOBER 30 2014...

CLIMATE NORMAL PERIOD 1981 TO 2010
CLIMATE RECORD PERIOD 1893 TO 2014


WEATHER ITEM   OBSERVED TIME   RECORD YEAR NORMAL DEPARTURE LAST
                VALUE   (LST)  VALUE       VALUE  FROM      YEAR
                                                  NORMAL
..................................................................
TEMPERATURE (F)
 YESTERDAY
  MAXIMUM         72R   116 PM  72    1965  56     16       42
  MINIMUM         26    640 AM  -3    1971  25      1       23
  AVERAGE         49                        40      9       33

PRECIPITATION (IN)
  YESTERDAY        0.00          0.44 2001   0.04  -0.04     0.00
                                      2000
  MONTH TO DATE    T                         0.97  -0.97     0.82
  SINCE OCT 1      T                         0.97  -0.97     0.82
  SINCE JAN 1      8.09                      8.44  -0.35     6.68

SNOWFALL (IN)
  YESTERDAY        0.0           2.5  1968   0.2   -0.2      0.0
  MONTH TO DATE    0.0                       2.9   -2.9      3.0
  SINCE SEP 1      0.0                       3.3   -3.3      3.0
  SINCE JUL 1      0.0                       3.3   -3.3      3.0
  SNOW DEPTH       0

DEGREE DAYS
 HEATING
  YESTERDAY       16                        25     -9       32
  MONTH TO DATE  419                       586   -167      640
  SINCE SEP 1    539                       838   -299      863
  SINCE JUL 1    587                       902   -315      871

 COOLING
  YESTERDAY        0                         0      0        0
  MONTH TO DATE    0                         0      0        0
  SINCE SEP 1     18                         6     12       17
  SINCE JAN 1    286                       218     68      387
..................................................................


WIND (MPH)
  HIGHEST WIND SPEED    21   HIGHEST WIND DIRECTION     S (160)
  HIGHEST GUST SPEED    27   HIGHEST GUST DIRECTION     S (160)
  AVERAGE WIND SPEED    10.9



WEATHER CONDITIONS
 THE FOLLOWING WEATHER WAS RECORDED YESTERDAY.
  NO SIGNIFICANT WEATHER WAS OBSERVED.


RELATIVE HUMIDITY (PERCENT)
 HIGHEST    58           400 AM
 LOWEST     12          1200 PM
 AVERAGE    35

..........................................................


THE ELY AIRPORT NV CLIMATE NORMALS FOR TODAY
                         NORMAL    RECORD    YEAR
 MAXIMUM TEMPERATURE (F)   56        73      1965
 MINIMUM TEMPERATURE (F)   24        -3      1991


SUNRISE AND SUNSET
OCTOBER 31 2014.......SUNRISE   706 AM PDT   SUNSET   539 PM PDT
NOVEMBER  1 2014......SUNRISE   707 AM PDT   SUNSET   538 PM PDT


-  INDICATES NEGATIVE NUMBERS.
R  INDICATES RECORD WAS SET OR TIED.
MM INDICATES DATA IS MISSING.
T  INDICATES TRACE AMOUNT.




$$
