000
CDUS45 KLKN 110029
CLIELY


CLIMATE REPORT
NATIONAL WEATHER SERVICE ELKO NV
529 PM PDT THU JUL 10 2014


...................................

...THE ELY AIRPORT NV CLIMATE SUMMARY FOR JULY 10 2014...
VALID TODAY AS OF 0500 PM LOCAL TIME.

CLIMATE NORMAL PERIOD 1981 TO 2010
CLIMATE RECORD PERIOD 1893 TO 2014


WEATHER ITEM   OBSERVED TIME   RECORD YEAR NORMAL DEPARTURE LAST
                VALUE   (LST)  VALUE       VALUE  FROM      YEAR
                                                  NORMAL
..................................................................
TEMPERATURE (F)
 TODAY
  MAXIMUM         85   1041 AM  98    2012  87     -2       94
                                      2003
                                      2002
  MINIMUM         56    437 AM  30    1983  48      8       47
  AVERAGE         71                        68      3       71

PRECIPITATION (IN)
  TODAY            T             0.49 1957   0.01  -0.01     0.00
  MONTH TO DATE    T                         0.14  -0.14     0.01
  SINCE OCT 1      7.03                      7.53  -0.50     6.22
  SINCE JAN 1      4.35                      5.24  -0.89     3.12

SNOWFALL (IN)
  TODAY            0.0           0.0  1893   0.0    0.0      0.0
  MONTH TO DATE    0.0                       0.0    0.0      0.0
  SINCE JUN 1      T                         0.1   -0.1      0.0
  SINCE JUL 1      0.0                       0.0    0.0      0.0
  SNOW DEPTH       0

DEGREE DAYS
 HEATING
  TODAY            0                         1     -1        0
  MONTH TO DATE    0                        13    -13        0
  SINCE JUN 1    140                       188    -48       95
  SINCE JUL 1      0                        13    -13        0

 COOLING
  TODAY            6                         3      3        6
  MONTH TO DATE   73                        27     46       87
  SINCE JUN 1     92                        50     42      144
  SINCE JAN 1     94                        51     43      144
..................................................................


WIND (MPH)
  HIGHEST WIND SPEED    29   HIGHEST WIND DIRECTION     W (290)
  HIGHEST GUST SPEED    39   HIGHEST GUST DIRECTION    NW (300)



WEATHER CONDITIONS
 THE FOLLOWING WEATHER WAS RECORDED TODAY.
  LIGHT RAIN


RELATIVE HUMIDITY (PERCENT)
 HIGHEST    86           300 AM
 LOWEST     28          1100 AM
 AVERAGE    57

..........................................................


THE ELY AIRPORT NV CLIMATE NORMALS FOR TOMORROW
                         NORMAL    RECORD    YEAR
 MAXIMUM TEMPERATURE (F)   88        99      2002
 MINIMUM TEMPERATURE (F)   48        32      1893


SUNRISE AND SUNSET
JULY 10 2014..........SUNRISE   522 AM PDT   SUNSET   807 PM PDT
JULY 11 2014..........SUNRISE   522 AM PDT   SUNSET   807 PM PDT


-  INDICATES NEGATIVE NUMBERS.
R  INDICATES RECORD WAS SET OR TIED.
MM INDICATES DATA IS MISSING.
T  INDICATES TRACE AMOUNT.




$$
