000
CDUS43 KTOP 180632
CLIEMP


CLIMATE REPORT
NATIONAL WEATHER SERVICE TOPEKA KS
1232 AM CST WED JAN 18 2017


...................................

...THE EMPORIA KS CLIMATE SUMMARY FOR JANUARY 17 2017...

CLIMATE NORMAL PERIOD 1981 TO 2010
CLIMATE RECORD PERIOD 9999 TO 9999


WEATHER ITEM   OBSERVED NORMAL DEPARTURE LAST
                VALUE   VALUE  FROM      YEAR
                               NORMAL
...............................................
TEMPERATURE (F)
 YESTERDAY
  MAXIMUM         50     41      9       26
  MINIMUM         29     21      8        8
  AVERAGE         40     31      9       17

PRECIPITATION (IN)
  YESTERDAY        0.00   0.03  -0.03      T
  MONTH TO DATE    1.02   0.23   0.79     0.37
  SINCE DEC 1      1.79   1.58   0.21     3.46
  SINCE JAN 1      1.02   0.23   0.79     0.37

DEGREE DAYS
 HEATING
  YESTERDAY       25     34     -9       48
  MONTH TO DATE  592    578     14      473
  SINCE DEC 1   1638   1571     67     1253
  SINCE JUL 1   2188   2511   -323     1972

 COOLING
  YESTERDAY        0      0      0        0
  MONTH TO DATE    0      0      0        0
  SINCE DEC 1      0      0      0        0
  SINCE JAN 1      0      0      0        0
...............................................


WIND (MPH)
  HIGHEST WIND SPEED    14   HIGHEST WIND DIRECTION    NW (310)
  HIGHEST GUST SPEED    18   HIGHEST GUST DIRECTION    NW (300)
  AVERAGE WIND SPEED     7.2


SKY COVER
  AVERAGE SKY COVER 0.5


WEATHER CONDITIONS
 THE FOLLOWING WEATHER WAS RECORDED YESTERDAY.
  FOG


RELATIVE HUMIDITY (PERCENT)
 HIGHEST   100
 LOWEST     56
 AVERAGE    78

..........................................................


THE EMPORIA KS CLIMATE NORMALS FOR TODAY
                         NORMAL
 MAXIMUM TEMPERATURE (F)   41
 MINIMUM TEMPERATURE (F)   21


SUNRISE AND SUNSET
JANUARY 18 2017.......SUNRISE   739 AM CST   SUNSET   532 PM CST
JANUARY 19 2017.......SUNRISE   739 AM CST   SUNSET   533 PM CST


-  INDICATES NEGATIVE NUMBERS.
R  INDICATES RECORD WAS SET OR TIED.
MM INDICATES DATA IS MISSING.
T  INDICATES TRACE AMOUNT.




$$
