000
CDUS43 KTOP 300631
CLIEMP


CLIMATE REPORT
NATIONAL WEATHER SERVICE TOPEKA KS
131 AM CDT SUN APR 30 2017


...................................

...THE EMPORIA KS CLIMATE SUMMARY FOR APRIL 29 2017...

CLIMATE NORMAL PERIOD 1981 TO 2010
CLIMATE RECORD PERIOD 9999 TO 9999


WEATHER ITEM   OBSERVED NORMAL DEPARTURE LAST
                VALUE   VALUE  FROM      YEAR
                               NORMAL
...............................................
TEMPERATURE (F)
 YESTERDAY
  MAXIMUM         49     72    -23       55
  MINIMUM         43     49     -6       47
  AVERAGE         46     60    -14       51

PRECIPITATION (IN)
  YESTERDAY        1.33   0.18   1.15     0.59
  MONTH TO DATE    5.69   3.20   2.49     6.50
  SINCE MAR 1      9.88   5.73   4.15     8.10
  SINCE JAN 1     11.62   7.59   4.03     9.27

DEGREE DAYS
 HEATING
  YESTERDAY       19      6     13       14
  MONTH TO DATE  236    292    -56      214
  SINCE MAR 1    712    902   -190      657
  SINCE JUL 1   3803   4724   -921     3770

 COOLING
  YESTERDAY        0      1     -1        0
  MONTH TO DATE   30     23      7       19
  SINCE MAR 1     42     25     17       20
  SINCE JAN 1     42     25     17       20
...............................................


WIND (MPH)
  HIGHEST WIND SPEED    35   HIGHEST WIND DIRECTION    NE (30)
  HIGHEST GUST SPEED    42   HIGHEST GUST DIRECTION    NE (30)
  AVERAGE WIND SPEED    16.2


SKY COVER
  AVERAGE SKY COVER 1.0


WEATHER CONDITIONS
 THE FOLLOWING WEATHER WAS RECORDED YESTERDAY.
  THUNDERSTORM
  RAIN
  LIGHT RAIN
  FOG


RELATIVE HUMIDITY (PERCENT)
 HIGHEST   100
 LOWEST    100
 AVERAGE   100

..........................................................


THE EMPORIA KS CLIMATE NORMALS FOR TODAY
                         NORMAL
 MAXIMUM TEMPERATURE (F)   72
 MINIMUM TEMPERATURE (F)   49


SUNRISE AND SUNSET
APRIL 30 2017.........SUNRISE   629 AM CDT   SUNSET   816 PM CDT
MAY  1 2017...........SUNRISE   628 AM CDT   SUNSET   817 PM CDT


-  INDICATES NEGATIVE NUMBERS.
R  INDICATES RECORD WAS SET OR TIED.
MM INDICATES DATA IS MISSING.
T  INDICATES TRACE AMOUNT.




$$
