000
CDUS43 KTOP 280632
CLIEMP


CLIMATE REPORT
NATIONAL WEATHER SERVICE TOPEKA KS
131 AM CDT WED SEP 28 2016


...................................

...THE EMPORIA KS CLIMATE SUMMARY FOR SEPTEMBER 27 2016...

CLIMATE NORMAL PERIOD 1981 TO 2010
CLIMATE RECORD PERIOD 9999 TO 9999


WEATHER ITEM   OBSERVED NORMAL DEPARTURE LAST
                VALUE   VALUE  FROM      YEAR
                               NORMAL
...............................................
TEMPERATURE (F)
 YESTERDAY
  MAXIMUM         82     76      6       83
  MINIMUM         50     52     -2       52
  AVERAGE         66     64      2       68

PRECIPITATION (IN)
  YESTERDAY        0.00   0.11  -0.11     0.00
  MONTH TO DATE    7.67   3.10   4.57     1.19
  SINCE SEP 1      7.67   3.10   4.57     1.19
  SINCE JAN 1     36.26  29.71   6.55    26.81

DEGREE DAYS
 HEATING
  YESTERDAY        0      4     -4        0
  MONTH TO DATE    8     34    -26       13
  SINCE SEP 1      8     34    -26       13
  SINCE JUL 1      8     35    -27       13

 COOLING
  YESTERDAY        1      3     -2        3
  MONTH TO DATE  222    156     66      266
  SINCE SEP 1    222    156     66      266
  SINCE JAN 1   1558   1364    194     1445
...............................................


WIND (MPH)
  HIGHEST WIND SPEED    14   HIGHEST WIND DIRECTION    SW (230)
  HIGHEST GUST SPEED    18   HIGHEST GUST DIRECTION    SW (220)
  AVERAGE WIND SPEED     6.7


SKY COVER
  AVERAGE SKY COVER 0.0


WEATHER CONDITIONS
 THE FOLLOWING WEATHER WAS RECORDED YESTERDAY.
  NO SIGNIFICANT WEATHER WAS OBSERVED.


RELATIVE HUMIDITY (PERCENT)
 HIGHEST    84
 LOWEST     33
 AVERAGE    59

..........................................................


THE EMPORIA KS CLIMATE NORMALS FOR TODAY
                         NORMAL
 MAXIMUM TEMPERATURE (F)   76
 MINIMUM TEMPERATURE (F)   52


SUNRISE AND SUNSET
SEPTEMBER 28 2016.....SUNRISE   718 AM CDT   SUNSET   711 PM CDT
SEPTEMBER 29 2016.....SUNRISE   719 AM CDT   SUNSET   710 PM CDT


-  INDICATES NEGATIVE NUMBERS.
R  INDICATES RECORD WAS SET OR TIED.
MM INDICATES DATA IS MISSING.
T  INDICATES TRACE AMOUNT.




$$
