000
CDUS43 KTOP 240635
CLIEMP


CLIMATE REPORT
NATIONAL WEATHER SERVICE TOPEKA KS
134 AM CDT SUN MAY 24 2015


...................................

...THE EMPORIA KS CLIMATE SUMMARY FOR MAY 23 2015...

CLIMATE NORMAL PERIOD 1981 TO 2010
CLIMATE RECORD PERIOD 9999 TO 9999


WEATHER ITEM   OBSERVED NORMAL DEPARTURE LAST
                VALUE   VALUE  FROM      YEAR
                               NORMAL
...............................................
TEMPERATURE (F)
 YESTERDAY
  MAXIMUM         65     78    -13       75
  MINIMUM         55     57     -2       60
  AVERAGE         60     68     -8       68

PRECIPITATION (IN)
  YESTERDAY        2.34   0.17   2.17     0.90
  MONTH TO DATE    6.75   3.50   3.25     2.08
  SINCE MAR 1     11.64   9.41   2.23     4.14
  SINCE JAN 1     13.04  11.27   1.77     4.63

DEGREE DAYS
 HEATING
  YESTERDAY        5      2      3        0
  MONTH TO DATE  100     73     27      113
  SINCE MAR 1    860    980   -120     1169
  SINCE JUL 1   4861   4802     59     5494

 COOLING
  YESTERDAY        0      4     -4        3
  MONTH TO DATE   42     57    -15      100
  SINCE MAR 1     48     80    -32      118
  SINCE JAN 1     48     80    -32      118
...............................................


WIND (MPH)
  HIGHEST WIND SPEED    25   HIGHEST WIND DIRECTION     E (70)
  HIGHEST GUST SPEED    32   HIGHEST GUST DIRECTION     E (70)
  AVERAGE WIND SPEED    11.0


SKY COVER
  AVERAGE SKY COVER 1.0


WEATHER CONDITIONS
 THE FOLLOWING WEATHER WAS RECORDED YESTERDAY.
  THUNDERSTORM
  HEAVY RAIN
  RAIN
  LIGHT RAIN
  FOG


RELATIVE HUMIDITY (PERCENT)
 HIGHEST   100
 LOWEST     86
 AVERAGE    93

..........................................................


THE EMPORIA KS CLIMATE NORMALS FOR TODAY
                         NORMAL
 MAXIMUM TEMPERATURE (F)   78
 MINIMUM TEMPERATURE (F)   57


SUNRISE AND SUNSET
MAY 24 2015...........SUNRISE   607 AM CDT   SUNSET   837 PM CDT
MAY 25 2015...........SUNRISE   607 AM CDT   SUNSET   837 PM CDT


-  INDICATES NEGATIVE NUMBERS.
R  INDICATES RECORD WAS SET OR TIED.
MM INDICATES DATA IS MISSING.
T  INDICATES TRACE AMOUNT.




$$
