000
CDUS43 KTOP 210637
CLIEMP


CLIMATE REPORT
NATIONAL WEATHER SERVICE TOPEKA KS
1235 AM CST WED FEB 21 2018


...................................

...THE EMPORIA KS CLIMATE SUMMARY FOR FEBRUARY 20 2018...

CLIMATE NORMAL PERIOD 1981 TO 2010
CLIMATE RECORD PERIOD 9999 TO 9999


WEATHER ITEM   OBSERVED NORMAL DEPARTURE LAST
                VALUE   VALUE  FROM      YEAR
                               NORMAL
...............................................
TEMPERATURE (F)
 YESTERDAY
  MAXIMUM         29     48    -19       63
  MINIMUM         18     26     -8       48
  AVERAGE         24     37    -13       56

PRECIPITATION (IN)
  YESTERDAY        0.46   0.05   0.41     0.68
  MONTH TO DATE    0.49   0.88  -0.39     0.68
  SINCE DEC 1      1.40   2.86  -1.46     2.50
  SINCE JAN 1      1.16   1.51  -0.35     1.73

DEGREE DAYS
 HEATING
  YESTERDAY       41     28     13        9
  MONTH TO DATE  667    619     48      431
  SINCE DEC 1   2686   2667     19     2403
  SINCE JUL 1   3505   3607   -102     2953

 COOLING
  YESTERDAY        0      0      0        0
  MONTH TO DATE    0      0      0        0
  SINCE DEC 1      0      0      0        0
  SINCE JAN 1      0      0      0        0
...............................................


WIND (MPH)
  HIGHEST WIND SPEED    24   HIGHEST WIND DIRECTION    NW (330)
  HIGHEST GUST SPEED    30   HIGHEST GUST DIRECTION    NW (330)
  AVERAGE WIND SPEED    13.6


SKY COVER
  AVERAGE SKY COVER 0.8


WEATHER CONDITIONS
 THE FOLLOWING WEATHER WAS RECORDED YESTERDAY.
  THUNDERSTORM
  FREEZING RAIN
  LT FREEZING RAIN
  FOG
  HAZE


RELATIVE HUMIDITY (PERCENT)
 HIGHEST   100
 LOWEST     77
 AVERAGE    89

..........................................................


THE EMPORIA KS CLIMATE NORMALS FOR TODAY
                         NORMAL
 MAXIMUM TEMPERATURE (F)   48
 MINIMUM TEMPERATURE (F)   26


SUNRISE AND SUNSET
FEBRUARY 21 2018......SUNRISE   708 AM CST   SUNSET   610 PM CST
FEBRUARY 22 2018......SUNRISE   706 AM CST   SUNSET   611 PM CST


-  INDICATES NEGATIVE NUMBERS.
R  INDICATES RECORD WAS SET OR TIED.
MM INDICATES DATA IS MISSING.
T  INDICATES TRACE AMOUNT.




$$
