000
CDUS43 KTOP 280640
CLIEMP


CLIMATE REPORT
NATIONAL WEATHER SERVICE TOPEKA KS
139 AM CDT MON JUL 28 2014


...................................

...THE EMPORIA KS CLIMATE SUMMARY FOR JULY 27 2014...

CLIMATE NORMAL PERIOD 1981 TO 2010
CLIMATE RECORD PERIOD 9999 TO 9999


WEATHER ITEM   OBSERVED NORMAL DEPARTURE LAST
                VALUE   VALUE  FROM      YEAR
                               NORMAL
...............................................
TEMPERATURE (F)
 YESTERDAY
  MAXIMUM         91     91      0       73
  MINIMUM         68     69     -1       57
  AVERAGE         80     80      0       65

PRECIPITATION (IN)
  YESTERDAY        0.00   0.08  -0.08     0.07
  MONTH TO DATE    1.07   3.87  -2.80     2.75
  SINCE JUN 1      7.96   9.71  -1.75     4.16
  SINCE JAN 1     13.57  22.39  -8.82    16.73

DEGREE DAYS
 HEATING
  YESTERDAY        0      0      0        0
  MONTH TO DATE    2      0      2        0
  SINCE JUN 1      6      8     -2       12
  SINCE JUL 1      2      0      2        0

 COOLING
  YESTERDAY       15     15      0        0
  MONTH TO DATE  283    377    -94      365
  SINCE JUN 1    555    640    -85      664
  SINCE JAN 1    731    759    -28      780
...............................................


WIND (MPH)
  HIGHEST WIND SPEED    21   HIGHEST WIND DIRECTION     N (10)
  HIGHEST GUST SPEED    27   HIGHEST GUST DIRECTION     N (20)
  AVERAGE WIND SPEED     8.8


SKY COVER
  AVERAGE SKY COVER 0.1


WEATHER CONDITIONS
 THE FOLLOWING WEATHER WAS RECORDED YESTERDAY.
  FOG


RELATIVE HUMIDITY (PERCENT)
 HIGHEST    94
 LOWEST     24
 AVERAGE    59

..........................................................


THE EMPORIA KS CLIMATE NORMALS FOR TODAY
                         NORMAL
 MAXIMUM TEMPERATURE (F)   91
 MINIMUM TEMPERATURE (F)   69


SUNRISE AND SUNSET
JULY 28 2014..........SUNRISE   624 AM CDT   SUNSET   838 PM CDT
JULY 29 2014..........SUNRISE   625 AM CDT   SUNSET   837 PM CDT


-  INDICATES NEGATIVE NUMBERS.
R  INDICATES RECORD WAS SET OR TIED.
MM INDICATES DATA IS MISSING.
T  INDICATES TRACE AMOUNT.




$$
