000
CDUS43 KTOP 250642
CLIEMP


CLIMATE REPORT
NATIONAL WEATHER SERVICE TOPEKA KS
141 AM CDT WED MAY 25 2016


...................................

...THE EMPORIA KS CLIMATE SUMMARY FOR MAY 24 2016...

CLIMATE NORMAL PERIOD 1981 TO 2010
CLIMATE RECORD PERIOD 9999 TO 9999


WEATHER ITEM   OBSERVED NORMAL DEPARTURE LAST
                VALUE   VALUE  FROM      YEAR
                               NORMAL
...............................................
TEMPERATURE (F)
 YESTERDAY
  MAXIMUM         81     78      3       68
  MINIMUM         60     57      3       59
  AVERAGE         71     68      3       64

PRECIPITATION (IN)
  YESTERDAY        0.48   0.16   0.32     0.09
  MONTH TO DATE    3.19   3.66  -0.47     6.84
  SINCE MAR 1     11.34   9.57   1.77    11.73
  SINCE JAN 1     12.51  11.43   1.08    13.13

DEGREE DAYS
 HEATING
  YESTERDAY        0      2     -2        1
  MONTH TO DATE  124     75     49      101
  SINCE MAR 1    789    982   -193      861
  SINCE JUL 1   3902   4804   -902     4862

 COOLING
  YESTERDAY        6      4      2        0
  MONTH TO DATE   23     61    -38       42
  SINCE MAR 1     43     84    -41       48
  SINCE JAN 1     43     84    -41       48
...............................................


WIND (MPH)
  HIGHEST WIND SPEED    32   HIGHEST WIND DIRECTION     W (270)
  HIGHEST GUST SPEED    45   HIGHEST GUST DIRECTION     W (270)
  AVERAGE WIND SPEED    12.2


SKY COVER
  AVERAGE SKY COVER 0.5


WEATHER CONDITIONS
 THE FOLLOWING WEATHER WAS RECORDED YESTERDAY.
  THUNDERSTORM
  HEAVY RAIN
  RAIN
  LIGHT RAIN
  FOG


RELATIVE HUMIDITY (PERCENT)
 HIGHEST   100
 LOWEST     60
 AVERAGE    80

..........................................................


THE EMPORIA KS CLIMATE NORMALS FOR TODAY
                         NORMAL
 MAXIMUM TEMPERATURE (F)   78
 MINIMUM TEMPERATURE (F)   58


SUNRISE AND SUNSET
MAY 25 2016...........SUNRISE   606 AM CDT   SUNSET   838 PM CDT
MAY 26 2016...........SUNRISE   606 AM CDT   SUNSET   839 PM CDT


-  INDICATES NEGATIVE NUMBERS.
R  INDICATES RECORD WAS SET OR TIED.
MM INDICATES DATA IS MISSING.
T  INDICATES TRACE AMOUNT.




$$
