000
CDUS43 KTOP 030640
CLIEMP


CLIMATE REPORT
NATIONAL WEATHER SERVICE TOPEKA KS
1239 AM CST SAT DEC 3 2016


...................................

...THE EMPORIA KS CLIMATE SUMMARY FOR DECEMBER 2 2016...

CLIMATE NORMAL PERIOD 1981 TO 2010
CLIMATE RECORD PERIOD 9999 TO 9999


WEATHER ITEM   OBSERVED NORMAL DEPARTURE LAST
                VALUE   VALUE  FROM      YEAR
                               NORMAL
...............................................
TEMPERATURE (F)
 YESTERDAY
  MAXIMUM         51     48      3       49
  MINIMUM         27     26      1       29
  AVERAGE         39     37      2       39

PRECIPITATION (IN)
  YESTERDAY        0.00   0.06  -0.06     0.00
  MONTH TO DATE    0.00   0.12  -0.12      T
  SINCE DEC 1      0.00   0.12  -0.12      T
  SINCE JAN 1     37.82  35.16   2.66    32.01

DEGREE DAYS
 HEATING
  YESTERDAY       26     28     -2       26
  MONTH TO DATE   56     56      0       54
  SINCE DEC 1     56     56      0       54
  SINCE JUL 1    606    996   -390      773

 COOLING
  YESTERDAY        0      0      0        0
  MONTH TO DATE    0      0      0        0
  SINCE DEC 1      0      0      0        0
  SINCE JAN 1   1629   1403    226     1490
...............................................


WIND (MPH)
  HIGHEST WIND SPEED     9   HIGHEST WIND DIRECTION    NE (40)
  HIGHEST GUST SPEED    12   HIGHEST GUST DIRECTION    NE (50)
  AVERAGE WIND SPEED     3.7


SKY COVER
  AVERAGE SKY COVER 0.3


WEATHER CONDITIONS
 THE FOLLOWING WEATHER WAS RECORDED YESTERDAY.
  NO SIGNIFICANT WEATHER WAS OBSERVED.


RELATIVE HUMIDITY (PERCENT)
 HIGHEST    92
 LOWEST     32
 AVERAGE    62

..........................................................


THE EMPORIA KS CLIMATE NORMALS FOR TODAY
                         NORMAL
 MAXIMUM TEMPERATURE (F)   47
 MINIMUM TEMPERATURE (F)   26


SUNRISE AND SUNSET
DECEMBER  3 2016......SUNRISE   725 AM CST   SUNSET   504 PM CST
DECEMBER  4 2016......SUNRISE   726 AM CST   SUNSET   504 PM CST


-  INDICATES NEGATIVE NUMBERS.
R  INDICATES RECORD WAS SET OR TIED.
MM INDICATES DATA IS MISSING.
T  INDICATES TRACE AMOUNT.




$$
