000
CDUS46 KOTX 250826
CLIEPH


CLIMATE REPORT
NATIONAL WEATHER SERVICE SPOKANE, WA
1226 AM PST SAT FEB 25 2017


...................................

...THE EPHRATA WA AIRPORT CLIMATE SUMMARY FOR FEBRUARY 24 2017...

CLIMATE NORMAL PERIOD 1981 TO 2010
CLIMATE RECORD PERIOD 9999 TO 9999


WEATHER ITEM   OBSERVED TIME   RECORD YEAR NORMAL DEPARTURE LAST
                VALUE   (LST)  VALUE       VALUE  FROM      YEAR
                                                  NORMAL
..................................................................
TEMPERATURE (F)
 YESTERDAY
  MAXIMUM         37    339 PM  58    1968  46     -9       52
  MINIMUM         16    727 AM   6    2011  27    -11       33
  AVERAGE         27                        36     -9       43

PRECIPITATION (IN)
  YESTERDAY        0.00          0.31 2007   0.03  -0.03     0.00
  MONTH TO DATE    1.25                      0.63   0.62     0.38
  SINCE OCT 1      5.81                      4.37   1.44     4.74
  SINCE JAN 1      2.21                      1.54   0.67     2.02

SNOWFALL (IN)
  YESTERDAY       MM

DEGREE DAYS
 HEATING
  YESTERDAY       38                        29      9       22
  MONTH TO DATE  886                       753    133      625
  SINCE DEC 1   3517                      3042    475     2695
  SINCE JUL 1   4640                      4461    179     3851

 COOLING
  YESTERDAY        0                         0      0        0
  MONTH TO DATE    0                         0      0        0
  SINCE DEC 1      0                         0      0        0
  SINCE JAN 1      0                         0      0        0
..................................................................


WIND (MPH)
  HIGHEST WIND SPEED    13   HIGHEST WIND DIRECTION    NW (300)
  HIGHEST GUST SPEED    15   HIGHEST GUST DIRECTION    NW (300)
  AVERAGE WIND SPEED     7.7


SKY COVER
  POSSIBLE SUNSHINE  MM
  AVERAGE SKY COVER 0.1


WEATHER CONDITIONS
 THE FOLLOWING WEATHER WAS RECORDED YESTERDAY.
  NO SIGNIFICANT WEATHER WAS OBSERVED.


RELATIVE HUMIDITY (PERCENT)
 HIGHEST    80           700 AM
 LOWEST     47           400 PM
 AVERAGE    64

..........................................................


THE EPHRATA WA AIRPORT CLIMATE NORMALS FOR TODAY
                         NORMAL    RECORD    YEAR
 MAXIMUM TEMPERATURE (F)   46        62      1995
 MINIMUM TEMPERATURE (F)   27        -1      1993


SUNRISE AND SUNSET
FEBRUARY 25 2017......SUNRISE   645 AM PST   SUNSET   538 PM PST
FEBRUARY 26 2017......SUNRISE   643 AM PST   SUNSET   539 PM PST


-  INDICATES NEGATIVE NUMBERS.
R  INDICATES RECORD WAS SET OR TIED.
MM INDICATES DATA IS MISSING.
T  INDICATES TRACE AMOUNT.




$$
