000
CDUS46 KOTX 300831
CLIEPH


CLIMATE REPORT
NATIONAL WEATHER SERVICE SPOKANE, WA
130 AM PDT SAT MAY 30 2015


...................................

...THE EPHRATA WA AIRPORT CLIMATE SUMMARY FOR MAY 29 2015...

CLIMATE NORMAL PERIOD 1981 TO 2010
CLIMATE RECORD PERIOD 9999 TO 9999


WEATHER ITEM   OBSERVED TIME   RECORD YEAR NORMAL DEPARTURE LAST
                VALUE   (LST)  VALUE       VALUE  FROM      YEAR
                                                  NORMAL
..................................................................
TEMPERATURE (F)
 YESTERDAY
  MAXIMUM         89    309 PM  97    1983  76     13       73
  MINIMUM         63    305 AM  36    2001  50     13       45
                                      1976
  AVERAGE         76                        63     13       59

PRECIPITATION (IN)
  YESTERDAY        T             0.27 2013   0.02  -0.02     0.00
  MONTH TO DATE    1.18                      0.59   0.59     0.09
  SINCE OCT 1      6.85                      6.23   0.62     3.55
  SINCE JAN 1      4.06                      3.40   0.66     2.80

SNOWFALL (IN)
  YESTERDAY       MM

DEGREE DAYS
 HEATING
  YESTERDAY        0                         4     -4        6
  MONTH TO DATE   75                       204   -129      110
  SINCE MAR 1    984                      1328   -344     1151
  SINCE JUL 1   4678                      5901  -1223     5733

 COOLING
  YESTERDAY       11                         2      9        0
  MONTH TO DATE   64                        32     32       37
  SINCE MAR 1     64                        34     30       37
  SINCE JAN 1     64                        34     30       37
..................................................................


WIND (MPH)
  HIGHEST WIND SPEED    17   HIGHEST WIND DIRECTION    NE (40)
  HIGHEST GUST SPEED    21   HIGHEST GUST DIRECTION    NE (40)
  AVERAGE WIND SPEED     7.6


SKY COVER
  POSSIBLE SUNSHINE  MM
  AVERAGE SKY COVER 0.1


WEATHER CONDITIONS
 THE FOLLOWING WEATHER WAS RECORDED YESTERDAY.
  NO SIGNIFICANT WEATHER WAS OBSERVED.


RELATIVE HUMIDITY (PERCENT)
 HIGHEST    72           300 AM
 LOWEST     21           500 PM
 AVERAGE    47

..........................................................


THE EPHRATA WA AIRPORT CLIMATE NORMALS FOR TODAY
                         NORMAL    RECORD    YEAR
 MAXIMUM TEMPERATURE (F)   76       100      1986
 MINIMUM TEMPERATURE (F)   50        38      1982


SUNRISE AND SUNSET
MAY 30 2015...........SUNRISE   507 AM PDT   SUNSET   845 PM PDT
MAY 31 2015...........SUNRISE   506 AM PDT   SUNSET   846 PM PDT


-  INDICATES NEGATIVE NUMBERS.
R  INDICATES RECORD WAS SET OR TIED.
MM INDICATES DATA IS MISSING.
T  INDICATES TRACE AMOUNT.




$$
