000
CDUS46 KOTX 170836
CLIEPH


CLIMATE REPORT
NATIONAL WEATHER SERVICE SPOKANE, WA
1235 AM PST SAT FEB 17 2018


...................................

...THE EPHRATA WA AIRPORT CLIMATE SUMMARY FOR FEBRUARY 16 2018...

CLIMATE NORMAL PERIOD 1981 TO 2010
CLIMATE RECORD PERIOD 9999 TO 9999


WEATHER ITEM   OBSERVED TIME   RECORD YEAR NORMAL DEPARTURE LAST
                VALUE   (LST)  VALUE       VALUE  FROM      YEAR
                                                  NORMAL
..................................................................
TEMPERATURE (F)
 YESTERDAY
  MAXIMUM         55    141 PM  65    1977  43     12       36
  MINIMUM         29    613 AM  -6    1956  26      3       33
  AVERAGE         42                        34      8       35

PRECIPITATION (IN)
  YESTERDAY        0.00          0.29 1989   0.02  -0.02     0.03
  MONTH TO DATE    0.32                      0.41  -0.09     0.95
  SINCE OCT 1      4.31                      4.15   0.16     5.51
  SINCE JAN 1      1.73                      1.32   0.41     1.91

SNOWFALL (IN)
  YESTERDAY       MM

DEGREE DAYS
 HEATING
  YESTERDAY       23                        31     -8       30
  MONTH TO DATE  415                       516   -101      637
  SINCE DEC 1   2433                      2805   -372     3268
  SINCE JUL 1   3813                      4224   -411     4391

 COOLING
  YESTERDAY        0                         0      0        0
  MONTH TO DATE    0                         0      0        0
  SINCE DEC 1      0                         0      0        0
  SINCE JAN 1      0                         0      0        0
..................................................................


WIND (MPH)
  HIGHEST WIND SPEED    24   HIGHEST WIND DIRECTION    SW (220)
  HIGHEST GUST SPEED    31   HIGHEST GUST DIRECTION    SW (220)
  AVERAGE WIND SPEED     9.2


SKY COVER
  POSSIBLE SUNSHINE  MM
  AVERAGE SKY COVER 0.6


WEATHER CONDITIONS
 THE FOLLOWING WEATHER WAS RECORDED YESTERDAY.
  NO SIGNIFICANT WEATHER WAS OBSERVED.


RELATIVE HUMIDITY (PERCENT)
 HIGHEST    72           500 AM
 LOWEST     32           200 PM
 AVERAGE    52

..........................................................


THE EPHRATA WA AIRPORT CLIMATE NORMALS FOR TODAY
                         NORMAL    RECORD    YEAR
 MAXIMUM TEMPERATURE (F)   43        62      1977
 MINIMUM TEMPERATURE (F)   26         3      1956


SUNRISE AND SUNSET
FEBRUARY 17 2018......SUNRISE   700 AM PST   SUNSET   525 PM PST
FEBRUARY 18 2018......SUNRISE   658 AM PST   SUNSET   527 PM PST


-  INDICATES NEGATIVE NUMBERS.
R  INDICATES RECORD WAS SET OR TIED.
MM INDICATES DATA IS MISSING.
T  INDICATES TRACE AMOUNT.




$$
