000
CDUS46 KOTX 280834
CLIEPH


CLIMATE REPORT
NATIONAL WEATHER SERVICE SPOKANE, WA
134 AM PDT THU APR 28 2016


...................................

...THE EPHRATA WA AIRPORT CLIMATE SUMMARY FOR APRIL 27 2016...

CLIMATE NORMAL PERIOD 1981 TO 2010
CLIMATE RECORD PERIOD 9999 TO 9999


WEATHER ITEM   OBSERVED TIME   RECORD YEAR NORMAL DEPARTURE LAST
                VALUE   (LST)  VALUE       VALUE  FROM      YEAR
                                                  NORMAL
..................................................................
TEMPERATURE (F)
 YESTERDAY
  MAXIMUM         61    525 PM  90    1987  66     -5       73
  MINIMUM         46    606 AM  28    1970  40      6       40
  AVERAGE         54                        53      1       57

PRECIPITATION (IN)
  YESTERDAY        T             0.65 1962   0.01  -0.01     0.00
  MONTH TO DATE    0.25                      0.44  -0.19     0.57
  SINCE OCT 1      6.59                      5.60   0.99     5.67
  SINCE JAN 1      3.87                      2.77   1.10     2.88

SNOWFALL (IN)
  YESTERDAY       MM

DEGREE DAYS
 HEATING
  YESTERDAY       11                        12     -1        8
  MONTH TO DATE  198                       405   -207      383
  SINCE MAR 1    799                      1089   -290      887
  SINCE JUL 1   4752                      5662   -910     4581

 COOLING
  YESTERDAY        0                         0      0        0
  MONTH TO DATE    5                         0      5        0
  SINCE MAR 1      5                         0      5        0
  SINCE JAN 1      5                         0      5        0
..................................................................


WIND (MPH)
  HIGHEST WIND SPEED    17   HIGHEST WIND DIRECTION    SW (240)
  HIGHEST GUST SPEED    20   HIGHEST GUST DIRECTION    SW (240)
  AVERAGE WIND SPEED     6.5


SKY COVER
  POSSIBLE SUNSHINE  MM
  AVERAGE SKY COVER 0.6


WEATHER CONDITIONS
 THE FOLLOWING WEATHER WAS RECORDED YESTERDAY.
  LIGHT RAIN


RELATIVE HUMIDITY (PERCENT)
 HIGHEST    76           600 AM
 LOWEST     46           500 PM
 AVERAGE    61

..........................................................


THE EPHRATA WA AIRPORT CLIMATE NORMALS FOR TODAY
                         NORMAL    RECORD    YEAR
 MAXIMUM TEMPERATURE (F)   67        88      1987
 MINIMUM TEMPERATURE (F)   41        28      1955


SUNRISE AND SUNSET
APRIL 28 2016.........SUNRISE   546 AM PDT   SUNSET   806 PM PDT
APRIL 29 2016.........SUNRISE   544 AM PDT   SUNSET   807 PM PDT


-  INDICATES NEGATIVE NUMBERS.
R  INDICATES RECORD WAS SET OR TIED.
MM INDICATES DATA IS MISSING.
T  INDICATES TRACE AMOUNT.




$$
