261
CDUS46 KOTX 240822
CLIEPH


CLIMATE REPORT
NATIONAL WEATHER SERVICE SPOKANE, WA
122 AM PDT TUE MAY 24 2016


...................................

...THE EPHRATA WA AIRPORT CLIMATE SUMMARY FOR MAY 23 2016...

CLIMATE NORMAL PERIOD 1981 TO 2010
CLIMATE RECORD PERIOD 9999 TO 9999


WEATHER ITEM   OBSERVED TIME   RECORD YEAR NORMAL DEPARTURE LAST
                VALUE   (LST)  VALUE       VALUE  FROM      YEAR
                                                  NORMAL
..................................................................
TEMPERATURE (F)
 YESTERDAY
  MAXIMUM         70    446 PM  98    2001  75     -5       84
  MINIMUM         48    158 AM  32    1964  49     -1       60
  AVERAGE         59                        62     -3       72

PRECIPITATION (IN)
  YESTERDAY        0.00          0.37 1989   0.02  -0.02      T
  MONTH TO DATE    0.52                      0.44   0.08     0.91
  SINCE OCT 1      7.41                      6.08   1.33     6.58
  SINCE JAN 1      4.69                      3.25   1.44     3.79

SNOWFALL (IN)
  YESTERDAY       MM

DEGREE DAYS
 HEATING
  YESTERDAY        6                         5      1        0
  MONTH TO DATE   65                       178   -113       74
  SINCE MAR 1    886                      1302   -416      983
  SINCE JUL 1   4839                      5875  -1036     4677

 COOLING
  YESTERDAY        0                         1     -1        7
  MONTH TO DATE   26                        20      6       38
  SINCE MAR 1     31                        22      9       38
  SINCE JAN 1     31                        22      9       38
..................................................................


WIND (MPH)
  HIGHEST WIND SPEED    18   HIGHEST WIND DIRECTION    NW (310)
  HIGHEST GUST SPEED    22   HIGHEST GUST DIRECTION    NW (310)
  AVERAGE WIND SPEED     8.5


SKY COVER
  POSSIBLE SUNSHINE  MM
  AVERAGE SKY COVER 0.5


WEATHER CONDITIONS
 THE FOLLOWING WEATHER WAS RECORDED YESTERDAY.
  NO SIGNIFICANT WEATHER WAS OBSERVED.


RELATIVE HUMIDITY (PERCENT)
 HIGHEST    80           200 AM
 LOWEST     32           200 PM
 AVERAGE    56

..........................................................


THE EPHRATA WA AIRPORT CLIMATE NORMALS FOR TODAY
                         NORMAL    RECORD    YEAR
 MAXIMUM TEMPERATURE (F)   75        93      2001
                                             1999
 MINIMUM TEMPERATURE (F)   49        33      1989


SUNRISE AND SUNSET
MAY 24 2016...........SUNRISE   511 AM PDT   SUNSET   839 PM PDT
MAY 25 2016...........SUNRISE   510 AM PDT   SUNSET   840 PM PDT


-  INDICATES NEGATIVE NUMBERS.
R  INDICATES RECORD WAS SET OR TIED.
MM INDICATES DATA IS MISSING.
T  INDICATES TRACE AMOUNT.




$$
