000
CDUS46 KOTX 280827
CLIEPH


CLIMATE REPORT
NATIONAL WEATHER SERVICE SPOKANE, WA
123 AM PDT TUE JUL 28 2015


...................................

...THE EPHRATA WA AIRPORT CLIMATE SUMMARY FOR JULY 27 2015...

CLIMATE NORMAL PERIOD 1981 TO 2010
CLIMATE RECORD PERIOD 9999 TO 9999


WEATHER ITEM   OBSERVED TIME   RECORD YEAR NORMAL DEPARTURE LAST
                VALUE   (LST)  VALUE       VALUE  FROM      YEAR
                                                  NORMAL
..................................................................
TEMPERATURE (F)
 YESTERDAY
  MAXIMUM         81    453 PM 108    1998  90     -9       97
  MINIMUM         58    443 AM  52    1955  62     -4       62
  AVERAGE         70                        76     -6       80

PRECIPITATION (IN)
  YESTERDAY        0.04R         0.03 1983   0.01   0.03     0.00
  MONTH TO DATE    0.05                      0.35  -0.30      T
  SINCE OCT 1      6.90                      7.25  -0.35     3.81
  SINCE JAN 1      4.11                      4.42  -0.31     3.06

SNOWFALL (IN)
  YESTERDAY       MM

DEGREE DAYS
 HEATING
  YESTERDAY        0                         0      0        0
  MONTH TO DATE    0                         4     -4        1
  SINCE JUN 1      4                        64    -60       24
  SINCE JUL 1      0                         4     -4        1

 COOLING
  YESTERDAY        5                        11     -6       15
  MONTH TO DATE  404                       250    154      386
  SINCE JUN 1    777                       360    417      532
  SINCE JAN 1    862                       397    465      576
..................................................................


WIND (MPH)
  HIGHEST WIND SPEED    21   HIGHEST WIND DIRECTION    SW (210)
  HIGHEST GUST SPEED    25   HIGHEST GUST DIRECTION    SW (220)
  AVERAGE WIND SPEED    13.2


SKY COVER
  POSSIBLE SUNSHINE  MM
  AVERAGE SKY COVER 0.5


WEATHER CONDITIONS
 THE FOLLOWING WEATHER WAS RECORDED YESTERDAY.
  LIGHT RAIN


RELATIVE HUMIDITY (PERCENT)
 HIGHEST    55          1200 AM
 LOWEST     23           100 PM
 AVERAGE    39

..........................................................


THE EPHRATA WA AIRPORT CLIMATE NORMALS FOR TODAY
                         NORMAL    RECORD    YEAR
 MAXIMUM TEMPERATURE (F)   90       106      1996
 MINIMUM TEMPERATURE (F)   62        50      1989


SUNRISE AND SUNSET
JULY 28 2015..........SUNRISE   531 AM PDT   SUNSET   837 PM PDT
JULY 29 2015..........SUNRISE   533 AM PDT   SUNSET   836 PM PDT


-  INDICATES NEGATIVE NUMBERS.
R  INDICATES RECORD WAS SET OR TIED.
MM INDICATES DATA IS MISSING.
T  INDICATES TRACE AMOUNT.




$$
