000
CDUS46 KPQR 020221
CLIEUG


CLIMATE REPORT
NATIONAL WEATHER SERVICE PORTLAND OREGON
720 PM PDT MON JUN 1 2015


...................................

...THE EUGENE OR CLIMATE SUMMARY FOR JUNE 1 2015...
VALID TODAY AS OF 0700 PM LOCAL TIME.

CLIMATE NORMAL PERIOD 1981 TO 2010
CLIMATE RECORD PERIOD 1892 TO 2015


WEATHER ITEM   OBSERVED TIME   RECORD YEAR NORMAL DEPARTURE LAST
                VALUE   (LST)  VALUE       VALUE  FROM      YEAR
                                                  NORMAL
..................................................................
TEMPERATURE (F)
 TODAY
  MAXIMUM         61    145 PM  97    1970  70     -9       70
  MINIMUM         52    522 AM  35    1973  46      6       46
  AVERAGE         57                        58     -1       58

PRECIPITATION (IN)
  TODAY            0.21          0.88 1967   0.08   0.13     0.00
  MONTH TO DATE    0.21                      0.08   0.13     0.00
  SINCE OCT 1     29.39                     42.24 -12.85    25.34
  SINCE JAN 1     12.34                     23.44 -11.10    21.15

SNOWFALL (IN)
  TODAY            0.0
  MONTH TO DATE    0.0
  SINCE JUN 1      0.0
  SINCE JUL 1      0.0

DEGREE DAYS
 HEATING
  TODAY            8                         8      0        7
  MONTH TO DATE    8                         8      0        7
  SINCE JUN 1      8                         8      0        7
  SINCE JUL 1   3663                      4657   -994     4642

 COOLING
  TODAY            0                         0      0        0
  MONTH TO DATE    0                         0      0        0
  SINCE JUN 1      0                         0      0        0
  SINCE JAN 1      5                         5      0        3
..................................................................


WIND (MPH)
  HIGHEST WIND SPEED    12   HIGHEST WIND DIRECTION     W (250)
  HIGHEST GUST SPEED    13   HIGHEST GUST DIRECTION     W (260)
  AVERAGE WIND SPEED     6.0


SKY COVER
  POSSIBLE SUNSHINE  MM
  AVERAGE SKY COVER 1.0


WEATHER CONDITIONS
 THE FOLLOWING WEATHER WAS RECORDED TODAY.
  LIGHT RAIN
  FOG


RELATIVE HUMIDITY (PERCENT)
 HIGHEST    93           300 AM
 LOWEST     69          1000 AM
 AVERAGE    81

..........................................................


THE EUGENE OR CLIMATE NORMALS FOR TOMORROW
                         NORMAL    RECORD    YEAR
 MAXIMUM TEMPERATURE (F)   70        95      1970
 MINIMUM TEMPERATURE (F)   46        34      1977


SUNRISE AND SUNSET
JUNE  1 2015..........SUNRISE   533 AM PDT   SUNSET   849 PM PDT
JUNE  2 2015..........SUNRISE   532 AM PDT   SUNSET   850 PM PDT


-  INDICATES NEGATIVE NUMBERS.
R  INDICATES RECORD WAS SET OR TIED.
MM INDICATES DATA IS MISSING.
T  INDICATES TRACE AMOUNT.




$$
