000
CDUS46 KPQR 251155
CLIEUG


CLIMATE REPORT
NATIONAL WEATHER SERVICE PORTLAND OREGON
454 AM PDT SAT MAR 25 2017


...................................

...THE EUGENE OR CLIMATE SUMMARY FOR MARCH 24 2017...

CLIMATE NORMAL PERIOD 1981 TO 2010
CLIMATE RECORD PERIOD 1892 TO 2017


WEATHER ITEM   OBSERVED TIME   RECORD YEAR NORMAL DEPARTURE LAST
                VALUE   (LST)  VALUE       VALUE  FROM      YEAR
                                                  NORMAL
..................................................................
TEMPERATURE (F)
 YESTERDAY
  MAXIMUM         53    350 PM  74    2014  58     -5       59
  MINIMUM         46   1159 PM  25    1942  38      8       42
  AVERAGE         50                        48      2       51

PRECIPITATION (IN)
  YESTERDAY        0.75          1.99 1976   0.15   0.60     0.14
  MONTH TO DATE    4.68                      3.94   0.74     5.45
  SINCE OCT 1     37.65                     35.04   2.61    34.13
  SINCE JAN 1     18.06                     16.24   1.82    15.29

SNOWFALL (IN)
  YESTERDAY       MM
  MONTH TO DATE    T
  SINCE MAR 1      T
  SINCE JUL 1      5.1

DEGREE DAYS
 HEATING
  YESTERDAY       15                        17     -2       14
  MONTH TO DATE  411                       449    -38      385
  SINCE MAR 1    411                       449    -38      385
  SINCE JUL 1   3612                      3776   -164     3190

 COOLING
  YESTERDAY        0                         0      0        0
  MONTH TO DATE    0                         0      0        0
  SINCE MAR 1      0                         0      0        0
  SINCE JAN 1      0                         0      0        0
..................................................................


WIND (MPH)
  HIGHEST WIND SPEED    21   HIGHEST WIND DIRECTION     S (200)
  HIGHEST GUST SPEED    27   HIGHEST GUST DIRECTION     S (190)
  AVERAGE WIND SPEED     9.2


SKY COVER
  POSSIBLE SUNSHINE  MM
  AVERAGE SKY COVER 0.9


WEATHER CONDITIONS
 THE FOLLOWING WEATHER WAS RECORDED YESTERDAY.
  RAIN
  LIGHT RAIN
  FOG


RELATIVE HUMIDITY (PERCENT)
 HIGHEST   100           400 AM
 LOWEST     77          1200 PM
 AVERAGE    89

..........................................................


THE EUGENE OR CLIMATE NORMALS FOR TODAY
                         NORMAL    RECORD    YEAR
 MAXIMUM TEMPERATURE (F)   58        73      1997
 MINIMUM TEMPERATURE (F)   38        18      1913


SUNRISE AND SUNSET
MARCH 25 2017.........SUNRISE   706 AM PDT   SUNSET   732 PM PDT
MARCH 26 2017.........SUNRISE   704 AM PDT   SUNSET   733 PM PDT


-  INDICATES NEGATIVE NUMBERS.
R  INDICATES RECORD WAS SET OR TIED.
MM INDICATES DATA IS MISSING.
T  INDICATES TRACE AMOUNT.




$$
