000
CDUS46 KPQR 231143
CLIEUG


CLIMATE REPORT
NATIONAL WEATHER SERVICE PORTLAND OREGON
443 AM PDT SUN APR 23 2017


...................................

...THE EUGENE OR CLIMATE SUMMARY FOR APRIL 22 2017...

CLIMATE NORMAL PERIOD 1981 TO 2010
CLIMATE RECORD PERIOD 1892 TO 2017


WEATHER ITEM   OBSERVED TIME   RECORD YEAR NORMAL DEPARTURE LAST
                VALUE   (LST)  VALUE       VALUE  FROM      YEAR
                                                  NORMAL
..................................................................
TEMPERATURE (F)
 YESTERDAY
  MAXIMUM         64   1258 PM  81    1982  62      2       65
  MINIMUM         48   1136 PM  27    1972  40      8       47
  AVERAGE         56                        51      5       56

PRECIPITATION (IN)
  YESTERDAY        0.02          0.84 1978   0.10  -0.08     0.33
  MONTH TO DATE    2.40                      2.60  -0.20     2.48
  SINCE OCT 1     41.19                     38.69   2.50    36.92
  SINCE JAN 1     21.60                     19.89   1.71    18.08

SNOWFALL (IN)
  YESTERDAY       MM
  MONTH TO DATE    0.0
  SINCE MAR 1      T
  SINCE JUL 1      5.1

DEGREE DAYS
 HEATING
  YESTERDAY        9                        14     -5        9
  MONTH TO DATE  330                       339     -9      184
  SINCE MAR 1    854                       908    -54      674
  SINCE JUL 1   4055                      4235   -180     3479

 COOLING
  YESTERDAY        0                         0      0        0
  MONTH TO DATE    0                         0      0        0
  SINCE MAR 1      0                         0      0        0
  SINCE JAN 1      0                         0      0        0
..................................................................


WIND (MPH)
  HIGHEST WIND SPEED    28   HIGHEST WIND DIRECTION     S (200)
  HIGHEST GUST SPEED    34   HIGHEST GUST DIRECTION    SW (210)
  AVERAGE WIND SPEED     9.7


SKY COVER
  POSSIBLE SUNSHINE  MM
  AVERAGE SKY COVER 0.6


WEATHER CONDITIONS
 THE FOLLOWING WEATHER WAS RECORDED YESTERDAY.
  LIGHT RAIN


RELATIVE HUMIDITY (PERCENT)
 HIGHEST   100          1200 AM
 LOWEST     56           100 PM
 AVERAGE    78

..........................................................


THE EUGENE OR CLIMATE NORMALS FOR TODAY
                         NORMAL    RECORD    YEAR
 MAXIMUM TEMPERATURE (F)   62        80      2012
 MINIMUM TEMPERATURE (F)   40        30      1960


SUNRISE AND SUNSET
APRIL 23 2017.........SUNRISE   616 AM PDT   SUNSET   807 PM PDT
APRIL 24 2017.........SUNRISE   614 AM PDT   SUNSET   808 PM PDT


-  INDICATES NEGATIVE NUMBERS.
R  INDICATES RECORD WAS SET OR TIED.
MM INDICATES DATA IS MISSING.
T  INDICATES TRACE AMOUNT.




$$
