000
CDUS46 KPQR 241143
CLIEUG


CLIMATE REPORT
NATIONAL WEATHER SERVICE PORTLAND OREGON
343 AM PST FRI NOV 24 2017


...................................

...THE EUGENE OR CLIMATE SUMMARY FOR NOVEMBER 23 2017...

CLIMATE NORMAL PERIOD 1981 TO 2010
CLIMATE RECORD PERIOD 1892 TO 2017


WEATHER ITEM   OBSERVED TIME   RECORD YEAR NORMAL DEPARTURE LAST
                VALUE   (LST)  VALUE       VALUE  FROM      YEAR
                                                  NORMAL
..................................................................
TEMPERATURE (F)
 YESTERDAY
  MAXIMUM         61   1106 AM  71    1913  50     11       49
  MINIMUM         41   1111 PM  18    1985  37      4       43
  AVERAGE         51                        43      8       46

PRECIPITATION (IN)
  YESTERDAY        0.86          2.30 1960   0.29   0.57     0.20
  MONTH TO DATE    6.66                      5.63   1.03     2.77
  SINCE OCT 1     10.74                      8.88   1.86    12.96
  SINCE JAN 1     37.40                     36.18   1.22    34.70

SNOWFALL (IN)
  YESTERDAY        0.0
  MONTH TO DATE    0.0
  SINCE SEP 1      0.0
  SINCE JUL 1      0.0

DEGREE DAYS
 HEATING
  YESTERDAY       14                        22     -8       19
  MONTH TO DATE  427                       444    -17      294
  SINCE SEP 1    956                       947      9      684
  SINCE JUL 1    972                      1014    -42      707

 COOLING
  YESTERDAY        0                         0      0        0
  MONTH TO DATE    0                         0      0        0
  SINCE SEP 1     74                        31     43       12
  SINCE JAN 1    376                       239    137      325
..................................................................


WIND (MPH)
  HIGHEST WIND SPEED    17   HIGHEST WIND DIRECTION    SW (240)
  HIGHEST GUST SPEED    22   HIGHEST GUST DIRECTION    SW (240)
  AVERAGE WIND SPEED     7.3


SKY COVER
  POSSIBLE SUNSHINE  MM
  AVERAGE SKY COVER 0.8


WEATHER CONDITIONS
 THE FOLLOWING WEATHER WAS RECORDED YESTERDAY.
  HEAVY RAIN
  RAIN
  LIGHT RAIN
  FOG


RELATIVE HUMIDITY (PERCENT)
 HIGHEST   100           100 AM
 LOWEST     93           200 AM
 AVERAGE    97

..........................................................


THE EUGENE OR CLIMATE NORMALS FOR TODAY
                         NORMAL    RECORD    YEAR
 MAXIMUM TEMPERATURE (F)   50        68      1949
 MINIMUM TEMPERATURE (F)   36        15      1993


SUNRISE AND SUNSET
NOVEMBER 24 2017......SUNRISE   720 AM PST   SUNSET   439 PM PST
NOVEMBER 25 2017......SUNRISE   721 AM PST   SUNSET   438 PM PST


-  INDICATES NEGATIVE NUMBERS.
R  INDICATES RECORD WAS SET OR TIED.
MM INDICATES DATA IS MISSING.
T  INDICATES TRACE AMOUNT.




$$
