000
CDUS46 KPQR 021143
CLIEUG


CLIMATE REPORT
NATIONAL WEATHER SERVICE PORTLAND OREGON
442 AM PDT THU OCT 2 2014


...................................

...THE EUGENE OR CLIMATE SUMMARY FOR OCTOBER 1 2014...

CLIMATE NORMAL PERIOD 1981 TO 2010
CLIMATE RECORD PERIOD 1892 TO 2014


WEATHER ITEM   OBSERVED TIME   RECORD YEAR NORMAL DEPARTURE LAST
                VALUE   (LST)  VALUE       VALUE  FROM      YEAR
                                                  NORMAL
..................................................................
TEMPERATURE (F)
 YESTERDAY
  MAXIMUM         70    246 PM  92    1987  71     -1       62
  MINIMUM         43    206 AM  30    1954  44     -1       41
                                      1950
  AVERAGE         57                        58     -1       52

PRECIPITATION (IN)
  YESTERDAY        0.00          1.93 1937   0.06  -0.06     0.08
  MONTH TO DATE    0.00                      0.06  -0.06     0.08
  SINCE OCT 1      0.00                      0.06  -0.06     0.08
  SINCE JAN 1     24.25                     27.36  -3.11    17.08

SNOWFALL (IN)
  YESTERDAY        0.0
  MONTH TO DATE    0.0
  SINCE SEP 1      0.0
  SINCE JUL 1      0.0

DEGREE DAYS
 HEATING
  YESTERDAY        8                         8      0       13
  MONTH TO DATE    8                         8      0       13
  SINCE SEP 1     42                       129    -87      111
  SINCE JUL 1     49                       196   -147      129

 COOLING
  YESTERDAY        0                         0      0        0
  MONTH TO DATE    0                         0      0        0
  SINCE SEP 1     59                        30     29       63
  SINCE JAN 1    467                       238    229      411
..................................................................


WIND (MPH)
  HIGHEST WIND SPEED    18   HIGHEST WIND DIRECTION     N (10)
  HIGHEST GUST SPEED    25   HIGHEST GUST DIRECTION     N (20)
  AVERAGE WIND SPEED     5.5


SKY COVER
  POSSIBLE SUNSHINE  MM
  AVERAGE SKY COVER 0.5


WEATHER CONDITIONS
 THE FOLLOWING WEATHER WAS RECORDED YESTERDAY.
  FOG
  FOG W/VISIBILITY <= 1/4 MILE


RELATIVE HUMIDITY (PERCENT)
 HIGHEST   100           300 AM
 LOWEST     37           400 PM
 AVERAGE    69

..........................................................


THE EUGENE OR CLIMATE NORMALS FOR TODAY
                         NORMAL    RECORD    YEAR
 MAXIMUM TEMPERATURE (F)   71        94      1980
 MINIMUM TEMPERATURE (F)   44        32      1999
                                             1954
                                             1950


SUNRISE AND SUNSET
OCTOBER  2 2014.......SUNRISE   712 AM PDT   SUNSET   652 PM PDT
OCTOBER  3 2014.......SUNRISE   713 AM PDT   SUNSET   650 PM PDT


-  INDICATES NEGATIVE NUMBERS.
R  INDICATES RECORD WAS SET OR TIED.
MM INDICATES DATA IS MISSING.
T  INDICATES TRACE AMOUNT.




$$
