000
CDUS46 KPQR 292328
CLIEUG


CLIMATE REPORT
NATIONAL WEATHER SERVICE PORTLAND OREGON
428 PM PDT MON AUG 29 2016


...................................

...THE EUGENE OR CLIMATE SUMMARY FOR AUGUST 29 2016...
VALID TODAY AS OF 0400 PM LOCAL TIME.

CLIMATE NORMAL PERIOD 1981 TO 2010
CLIMATE RECORD PERIOD 1892 TO 2016


WEATHER ITEM   OBSERVED TIME   RECORD YEAR NORMAL DEPARTURE LAST
                VALUE   (LST)  VALUE       VALUE  FROM      YEAR
                                                  NORMAL
..................................................................
TEMPERATURE (F)
 TODAY
  MAXIMUM         81    217 PM 100    1944  81      0       77
  MINIMUM         52    456 AM  38    1969  50      2       62
  AVERAGE         67                        66      1       70

PRECIPITATION (IN)
  TODAY            0.00          1.17 1983   0.03  -0.03     0.11
  MONTH TO DATE    T                         0.55  -0.55     0.11
  SINCE OCT 1     39.80                     44.75  -4.95    29.57
  SINCE JAN 1     20.96                     25.95  -4.99    12.52

SNOWFALL (IN)
  TODAY            0.0
  MONTH TO DATE    0.0
  SINCE JUN 1      0.0
  SINCE JUL 1      0.0

DEGREE DAYS
 HEATING
  TODAY            0                         2     -2        0
  MONTH TO DATE   11                        30    -19        0
  SINCE JUN 1    121                       223   -102       46
  SINCE JUL 1     21                        66    -45        5

 COOLING
  TODAY            2                         2      0        5
  MONTH TO DATE  160                        88     72      161
  SINCE JUN 1    310                       200    110      487
  SINCE JAN 1    313                       205    108      492
..................................................................


WIND (MPH)
  HIGHEST WIND SPEED    18   HIGHEST WIND DIRECTION    SW (240)
  HIGHEST GUST SPEED    22   HIGHEST GUST DIRECTION    SW (240)
  AVERAGE WIND SPEED     8.6


SKY COVER
  POSSIBLE SUNSHINE  MM
  AVERAGE SKY COVER 0.3


WEATHER CONDITIONS
 THE FOLLOWING WEATHER WAS RECORDED TODAY.
  NO SIGNIFICANT WEATHER WAS OBSERVED.


RELATIVE HUMIDITY (PERCENT)
 HIGHEST    89           300 AM
 LOWEST     33           200 PM
 AVERAGE    61

..........................................................


THE EUGENE OR CLIMATE NORMALS FOR TOMORROW
                         NORMAL    RECORD    YEAR
 MAXIMUM TEMPERATURE (F)   81        98      1918
 MINIMUM TEMPERATURE (F)   50        42      2006
                                             1966
                                             1920


SUNRISE AND SUNSET
AUGUST 29 2016........SUNRISE   633 AM PDT   SUNSET   753 PM PDT
AUGUST 30 2016........SUNRISE   634 AM PDT   SUNSET   751 PM PDT


-  INDICATES NEGATIVE NUMBERS.
R  INDICATES RECORD WAS SET OR TIED.
MM INDICATES DATA IS MISSING.
T  INDICATES TRACE AMOUNT.




$$
