000
CDUS46 KPQR 161141
CLIEUG


CLIMATE REPORT
NATIONAL WEATHER SERVICE PORTLAND OREGON
341 AM PST MON JAN 16 2017


...................................

...THE EUGENE OR CLIMATE SUMMARY FOR JANUARY 15 2017...

CLIMATE NORMAL PERIOD 1981 TO 2010
CLIMATE RECORD PERIOD 1892 TO 2017


WEATHER ITEM   OBSERVED TIME   RECORD YEAR NORMAL DEPARTURE LAST
                VALUE   (LST)  VALUE       VALUE  FROM      YEAR
                                                  NORMAL
..................................................................
TEMPERATURE (F)
 YESTERDAY
  MAXIMUM         35    401 PM  64    1958  47    -12       52
  MINIMUM         21    800 AM  10    1907  34    -13       34
                                      1930
  AVERAGE         28                        41    -13       43

PRECIPITATION (IN)
  YESTERDAY        0.00          4.74 1974   0.22  -0.22     0.14
  MONTH TO DATE    3.00                      3.56  -0.56     1.94
  SINCE OCT 1     22.59                     22.36   0.23    20.78
  SINCE JAN 1      3.00                      3.56  -0.56     1.94

SNOWFALL (IN)
  YESTERDAY        0.0
  MONTH TO DATE    5.1
  SINCE DEC 1      5.1
  SINCE JUL 1      5.1

DEGREE DAYS
 HEATING
  YESTERDAY       37                        24     13       22
  MONTH TO DATE  511                       373    138      396
  SINCE DEC 1   1382                      1157    225     1044
  SINCE JUL 1   2215                      2330   -115     2025

 COOLING
  YESTERDAY        0                         0      0        0
  MONTH TO DATE    0                         0      0        0
  SINCE DEC 1      0                         0      0        0
  SINCE JAN 1      0                         0      0        0
..................................................................


WIND (MPH)
  HIGHEST WIND SPEED     9   HIGHEST WIND DIRECTION     S (200)
  HIGHEST GUST SPEED    11   HIGHEST GUST DIRECTION    NE (40)
  AVERAGE WIND SPEED     3.1


SKY COVER
  POSSIBLE SUNSHINE  MM
  AVERAGE SKY COVER 0.3


WEATHER CONDITIONS
 THE FOLLOWING WEATHER WAS RECORDED YESTERDAY.
  NO SIGNIFICANT WEATHER WAS OBSERVED.


RELATIVE HUMIDITY (PERCENT)
 HIGHEST    92           600 AM
 LOWEST     61           100 PM
 AVERAGE    77

..........................................................


THE EUGENE OR CLIMATE NORMALS FOR TODAY
                         NORMAL    RECORD    YEAR
 MAXIMUM TEMPERATURE (F)   47        64      1926
 MINIMUM TEMPERATURE (F)   34        16      1907


SUNRISE AND SUNSET
JANUARY 16 2017.......SUNRISE   744 AM PST   SUNSET   502 PM PST
JANUARY 17 2017.......SUNRISE   743 AM PST   SUNSET   503 PM PST


-  INDICATES NEGATIVE NUMBERS.
R  INDICATES RECORD WAS SET OR TIED.
MM INDICATES DATA IS MISSING.
T  INDICATES TRACE AMOUNT.




$$
