000
CDUS46 KPQR 030221
CLIEUG


CLIMATE REPORT
NATIONAL WEATHER SERVICE PORTLAND OREGON
721 PM PDT SUN AUG 2 2015


...................................

...THE EUGENE OR CLIMATE SUMMARY FOR AUGUST 2 2015...
VALID TODAY AS OF 0700 PM LOCAL TIME.

CLIMATE NORMAL PERIOD 1981 TO 2010
CLIMATE RECORD PERIOD 1892 TO 2015


WEATHER ITEM   OBSERVED TIME   RECORD YEAR NORMAL DEPARTURE LAST
                VALUE   (LST)  VALUE       VALUE  FROM      YEAR
                                                  NORMAL
..................................................................
TEMPERATURE (F)
 TODAY
  MAXIMUM         80    254 PM  99    1939  84     -4       92
  MINIMUM         57    518 AM  42    2002  52      5       59
                                      1914
  AVERAGE         69                        68      1       76

PRECIPITATION (IN)
  TODAY            T             0.24 1962   0.01  -0.01     0.00
  MONTH TO DATE    T                         0.02  -0.02     0.01
  SINCE OCT 1     29.46                     44.22 -14.76    27.01
  SINCE JAN 1     12.41                     25.42 -13.01    22.82

SNOWFALL (IN)
  TODAY            0.0
  MONTH TO DATE    0.0
  SINCE JUN 1      0.0
  SINCE JUL 1      0.0

DEGREE DAYS
 HEATING
  TODAY            0                         1     -1        0
  MONTH TO DATE    0                         2     -2        0
  SINCE JUN 1     46                       195   -149      113
  SINCE JUL 1      5                        38    -33        6

 COOLING
  TODAY            4                         4      0       11
  MONTH TO DATE   16                         8      8       22
  SINCE JUN 1    342                       120    222      221
  SINCE JAN 1    347                       125    222      224
..................................................................


WIND (MPH)
  HIGHEST WIND SPEED    17   HIGHEST WIND DIRECTION     N (340)
  HIGHEST GUST SPEED    20   HIGHEST GUST DIRECTION     N (360)
  AVERAGE WIND SPEED     6.8


SKY COVER
  POSSIBLE SUNSHINE  MM
  AVERAGE SKY COVER 0.7


WEATHER CONDITIONS
 THE FOLLOWING WEATHER WAS RECORDED TODAY.
  LIGHT RAIN


RELATIVE HUMIDITY (PERCENT)
 HIGHEST    75           500 AM
 LOWEST     39           300 PM
 AVERAGE    57

..........................................................


THE EUGENE OR CLIMATE NORMALS FOR TOMORROW
                         NORMAL    RECORD    YEAR
 MAXIMUM TEMPERATURE (F)   84       100      1993
                                             1952
 MINIMUM TEMPERATURE (F)   52        42      2002


SUNRISE AND SUNSET
AUGUST  2 2015........SUNRISE   602 AM PDT   SUNSET   836 PM PDT
AUGUST  3 2015........SUNRISE   603 AM PDT   SUNSET   835 PM PDT


-  INDICATES NEGATIVE NUMBERS.
R  INDICATES RECORD WAS SET OR TIED.
MM INDICATES DATA IS MISSING.
T  INDICATES TRACE AMOUNT.




$$
