000
CDUS46 KPQR 201143
CLIEUG


CLIMATE REPORT
NATIONAL WEATHER SERVICE PORTLAND OREGON
342 AM PST TUE FEB 20 2018


...................................

...THE EUGENE OR CLIMATE SUMMARY FOR FEBRUARY 19 2018...

CLIMATE NORMAL PERIOD 1981 TO 2010
CLIMATE RECORD PERIOD 1892 TO 2018


WEATHER ITEM   OBSERVED TIME   RECORD YEAR NORMAL DEPARTURE LAST
                VALUE   (LST)  VALUE       VALUE  FROM      YEAR
                                                  NORMAL
..................................................................
TEMPERATURE (F)
 YESTERDAY
  MAXIMUM         40    349 PM  72    1995  52    -12       54
  MINIMUM         30   1159 PM  18    2006  35     -5       42
  AVERAGE         35                        43     -8       48

PRECIPITATION (IN)
  YESTERDAY        0.00          1.78 1992   0.20  -0.20     0.19
  MONTH TO DATE    0.85                      3.72  -2.87     7.10
  SINCE OCT 1     19.71                     29.39  -9.68    30.74
  SINCE JAN 1      5.70                     10.59  -4.89    11.15

SNOWFALL (IN)
  YESTERDAY        0.0
  MONTH TO DATE    T
  SINCE DEC 1      T
  SINCE JUL 1      T

DEGREE DAYS
 HEATING
  YESTERDAY       30                        22      8       17
  MONTH TO DATE  404                       428    -24      383
  SINCE DEC 1   1936                      1965    -29     2144
  SINCE JUL 1   3065                      3138    -73     2977

 COOLING
  YESTERDAY        0                         0      0        0
  MONTH TO DATE    0                         0      0        0
  SINCE DEC 1      0                         0      0        0
  SINCE JAN 1      0                         0      0        0
..................................................................


WIND (MPH)
  HIGHEST WIND SPEED    15   HIGHEST WIND DIRECTION     N (360)
  HIGHEST GUST SPEED    23   HIGHEST GUST DIRECTION     N (340)
  AVERAGE WIND SPEED     6.5


SKY COVER
  POSSIBLE SUNSHINE  MM
  AVERAGE SKY COVER 0.9


WEATHER CONDITIONS
 THE FOLLOWING WEATHER WAS RECORDED YESTERDAY.
  NO SIGNIFICANT WEATHER WAS OBSERVED.


RELATIVE HUMIDITY (PERCENT)
 HIGHEST   100          1200 AM
 LOWEST     59           400 PM
 AVERAGE    80

..........................................................


THE EUGENE OR CLIMATE NORMALS FOR TODAY
                         NORMAL    RECORD    YEAR
 MAXIMUM TEMPERATURE (F)   52        67      1995
 MINIMUM TEMPERATURE (F)   35        18      2006


SUNRISE AND SUNSET
FEBRUARY 20 2018......SUNRISE   704 AM PST   SUNSET   549 PM PST
FEBRUARY 21 2018......SUNRISE   703 AM PST   SUNSET   551 PM PST


-  INDICATES NEGATIVE NUMBERS.
R  INDICATES RECORD WAS SET OR TIED.
MM INDICATES DATA IS MISSING.
T  INDICATES TRACE AMOUNT.




$$
