000
CDUS46 KPQR 281154
CLIEUG


CLIMATE REPORT
NATIONAL WEATHER SERVICE PORTLAND OREGON
454 AM PDT WED SEP 28 2016


...................................

...THE EUGENE OR CLIMATE SUMMARY FOR SEPTEMBER 27 2016...

CLIMATE NORMAL PERIOD 1981 TO 2010
CLIMATE RECORD PERIOD 1892 TO 2016


WEATHER ITEM   OBSERVED TIME   RECORD YEAR NORMAL DEPARTURE LAST
                VALUE   (LST)  VALUE       VALUE  FROM      YEAR
                                                  NORMAL
..................................................................
TEMPERATURE (F)
 YESTERDAY
  MAXIMUM         78    208 PM  97    2003  73      5       70
  MINIMUM         51    512 AM  32    1972  45      6       39
  AVERAGE         65                        59      6       55

PRECIPITATION (IN)
  YESTERDAY        0.00          0.89 1922   0.06  -0.06     0.00
  MONTH TO DATE    0.78                      1.12  -0.34     0.76
  SINCE OCT 1     40.58                     45.93  -5.35    30.45
  SINCE JAN 1     21.74                     27.13  -5.39    13.40

SNOWFALL (IN)
  YESTERDAY        0.0
  MONTH TO DATE    0.0
  SINCE SEP 1      0.0
  SINCE JUL 1      0.0

DEGREE DAYS
 HEATING
  YESTERDAY        0                         6     -6       10
  MONTH TO DATE   83                        99    -16      106
  SINCE SEP 1     83                        99    -16      106
  SINCE JUL 1    106                       166    -60      113

 COOLING
  YESTERDAY        0                         0      0        0
  MONTH TO DATE   10                        30    -20       32
  SINCE SEP 1     10                        30    -20       32
  SINCE JAN 1    323                       238     85      524
..................................................................


WIND (MPH)
  HIGHEST WIND SPEED    21   HIGHEST WIND DIRECTION     N (10)
  HIGHEST GUST SPEED    26   HIGHEST GUST DIRECTION    NE (40)
  AVERAGE WIND SPEED    10.4


SKY COVER
  POSSIBLE SUNSHINE  MM
  AVERAGE SKY COVER 0.3


WEATHER CONDITIONS
 THE FOLLOWING WEATHER WAS RECORDED YESTERDAY.
  NO SIGNIFICANT WEATHER WAS OBSERVED.


RELATIVE HUMIDITY (PERCENT)
 HIGHEST    89           500 AM
 LOWEST     40           300 PM
 AVERAGE    65

..........................................................


THE EUGENE OR CLIMATE NORMALS FOR TODAY
                         NORMAL    RECORD    YEAR
 MAXIMUM TEMPERATURE (F)   73        87      2012
                                             1935
 MINIMUM TEMPERATURE (F)   44        31      1999


SUNRISE AND SUNSET
SEPTEMBER 28 2016.....SUNRISE   708 AM PDT   SUNSET   658 PM PDT
SEPTEMBER 29 2016.....SUNRISE   709 AM PDT   SUNSET   656 PM PDT


-  INDICATES NEGATIVE NUMBERS.
R  INDICATES RECORD WAS SET OR TIED.
MM INDICATES DATA IS MISSING.
T  INDICATES TRACE AMOUNT.




$$
