000
CDUS43 KPAH 160637
CLIEVV


CLIMATE REPORT
NATIONAL WEATHER SERVICE PADUCAH KY
133 AM CDT WED APR 16 2014


...................................

...THE EVANSVILLE IN CLIMATE SUMMARY FOR APRIL 15 2014...

CLIMATE NORMAL PERIOD 1981 TO 2010
CLIMATE RECORD PERIOD 1896 TO 2014


WEATHER ITEM   OBSERVED TIME   RECORD YEAR NORMAL DEPARTURE LAST
                VALUE   (LST)  VALUE       VALUE  FROM      YEAR
                                                  NORMAL
..................................................................
TEMPERATURE (F)
 YESTERDAY
  MAXIMUM         45    357 PM  86    1977  68    -23       76
  MINIMUM         34   1159 PM  30    1957  44    -10       56
                                      1950
                                      1943
  AVERAGE         40                        56    -16       66

PRECIPITATION (IN)
  YESTERDAY        0.00          2.18 1972   0.15  -0.15     0.00
  MONTH TO DATE    8.03                      2.03   6.00     1.48
  SINCE MAR 1     10.88                      6.27   4.61     5.56
  SINCE JAN 1     14.83                     12.54   2.29    15.09

SNOWFALL (IN)
  YESTERDAY        0.0           1.3  1961   0.0    0.0      0.0
  MONTH TO DATE    0.0                       0.1   -0.1      0.0
  SINCE MAR 1      2.6                       1.1    1.5       T
  SINCE JUL 1     12.6                      11.8    0.8     12.3
  SNOW DEPTH       0

DEGREE DAYS
 HEATING
  YESTERDAY       25                        10     15        0
  MONTH TO DATE  140                       178    -38      163
  SINCE MAR 1    853                       770     83      944
  SINCE JUL 1   4815                      4344    471     4307

 COOLING
  YESTERDAY        0                         1     -1        1
  MONTH TO DATE    5                         7     -2       20
  SINCE MAR 1      5                        10     -5       20
  SINCE JAN 1      5                        10     -5       20
..................................................................


WIND (MPH)
  HIGHEST WIND SPEED    21   HIGHEST WIND DIRECTION     N (360)
  HIGHEST GUST SPEED    28   HIGHEST GUST DIRECTION     N (360)
  AVERAGE WIND SPEED     9.6


SKY COVER
  AVERAGE SKY COVER 0.6


WEATHER CONDITIONS
 THE FOLLOWING WEATHER WAS RECORDED YESTERDAY.
  NO SIGNIFICANT WEATHER WAS OBSERVED.


RELATIVE HUMIDITY (PERCENT)
 HIGHEST    82
 LOWEST     41
 AVERAGE    62

..........................................................


THE EVANSVILLE IN CLIMATE NORMALS FOR TODAY
                         NORMAL    RECORD    YEAR
 MAXIMUM TEMPERATURE (F)   68        90      1967
 MINIMUM TEMPERATURE (F)   45        28      1962


SUNRISE AND SUNSET
APRIL 16 2014.........SUNRISE   613 AM CDT   SUNSET   727 PM CDT
APRIL 17 2014.........SUNRISE   612 AM CDT   SUNSET   728 PM CDT


-  INDICATES NEGATIVE NUMBERS.
R  INDICATES RECORD WAS SET OR TIED.
MM INDICATES DATA IS MISSING.
T  INDICATES TRACE AMOUNT.




$$
