000
CDUS43 KPAH 170629
CLIEVV


CLIMATE REPORT
NATIONAL WEATHER SERVICE PADUCAH KY
126 AM CDT TUE OCT 17 2017


...................................

...THE EVANSVILLE IN CLIMATE SUMMARY FOR OCTOBER 16 2017...

CLIMATE NORMAL PERIOD 1981 TO 2010
CLIMATE RECORD PERIOD 1896 TO 2017


WEATHER ITEM   OBSERVED TIME   RECORD YEAR NORMAL DEPARTURE LAST
                VALUE   (LST)  VALUE       VALUE  FROM      YEAR
                                                  NORMAL
..................................................................
TEMPERATURE (F)
 YESTERDAY
  MAXIMUM         65    227 PM  88    1938  70     -5       84
  MINIMUM         42   1159 PM  27    1991  45     -3       61
  AVERAGE         54                        58     -4       73

PRECIPITATION (IN)
  YESTERDAY        0.00          2.58 1928   0.10  -0.10     0.00
  MONTH TO DATE    1.55                      1.62  -0.07     0.34
  SINCE SEP 1      4.79                      4.67   0.12     4.35
  SINCE JAN 1     37.20                     35.59   1.61    42.81

SNOWFALL (IN)
  YESTERDAY        0.0           0.0  2002   0.0    0.0      0.0
                                      2001
  MONTH TO DATE    0.0                       0.0    0.0      0.0
  SINCE SEP 1      0.0                       0.0    0.0      0.0
  SINCE JUL 1      0.0                       0.0    0.0      0.0
  SNOW DEPTH       0

DEGREE DAYS
 HEATING
  YESTERDAY       11                         8      3        0
  MONTH TO DATE   26                       103    -77       33
  SINCE SEP 1     41                       149   -108       42
  SINCE JUL 1     41                       150   -109       42

 COOLING
  YESTERDAY        0                         1     -1        8
  MONTH TO DATE   73                        23     50       50
  SINCE SEP 1    271                       190     81      331
  SINCE JAN 1   1561                      1389    172     1717
..................................................................


WIND (MPH)
  HIGHEST WIND SPEED    12   HIGHEST WIND DIRECTION     N (360)
  HIGHEST GUST SPEED    17   HIGHEST GUST DIRECTION     N (10)
  AVERAGE WIND SPEED     4.1


SKY COVER
  AVERAGE SKY COVER 0.1


WEATHER CONDITIONS
 THE FOLLOWING WEATHER WAS RECORDED YESTERDAY.
  NO SIGNIFICANT WEATHER WAS OBSERVED.


RELATIVE HUMIDITY (PERCENT)
 HIGHEST    86
 LOWEST     34
 AVERAGE    60

..........................................................


THE EVANSVILLE IN CLIMATE NORMALS FOR TODAY
                         NORMAL    RECORD    YEAR
 MAXIMUM TEMPERATURE (F)   70        86      2016
                                             1950
                                             1938
 MINIMUM TEMPERATURE (F)   45        28      1948


SUNRISE AND SUNSET
OCTOBER 17 2017.......SUNRISE   701 AM CDT   SUNSET   609 PM CDT
OCTOBER 18 2017.......SUNRISE   702 AM CDT   SUNSET   608 PM CDT


-  INDICATES NEGATIVE NUMBERS.
R  INDICATES RECORD WAS SET OR TIED.
MM INDICATES DATA IS MISSING.
T  INDICATES TRACE AMOUNT.




$$
