000
CDUS43 KPAH 300629
CLIEVV


CLIMATE REPORT
NATIONAL WEATHER SERVICE PADUCAH KY
1227 AM CST FRI JAN 30 2015


...................................

...THE EVANSVILLE IN CLIMATE SUMMARY FOR JANUARY 29 2015...

CLIMATE NORMAL PERIOD 1981 TO 2010
CLIMATE RECORD PERIOD 1896 TO 2015


WEATHER ITEM   OBSERVED TIME   RECORD YEAR NORMAL DEPARTURE LAST
                VALUE   (LST)  VALUE       VALUE  FROM      YEAR
                                                  NORMAL
..................................................................
TEMPERATURE (F)
 YESTERDAY
  MAXIMUM         54    907 AM  70    1975  42     12       29
  MINIMUM         36   1151 PM  -8    1966  24     12        3
  AVERAGE         45                        33     12       16

PRECIPITATION (IN)
  YESTERDAY        0.02          2.06 1939   0.11  -0.09     0.00
  MONTH TO DATE    2.97                      2.88   0.09     1.67
  SINCE DEC 1      6.40                      6.64  -0.24     9.00
  SINCE JAN 1      2.97                      2.88   0.09     1.67

SNOWFALL (IN)
  YESTERDAY        0.0           1.5  1990   0.2   -0.2      0.0
  MONTH TO DATE    0.2                       3.2   -3.0      0.6
  SINCE DEC 1      0.2                       6.4   -6.2      7.8
  SINCE JUL 1      2.6                       6.7   -4.1      7.8
  SNOW DEPTH       0

DEGREE DAYS
 HEATING
  YESTERDAY       20                        32    -12       49
  MONTH TO DATE  921                       946    -25     1076
  SINCE DEC 1   1702                      1857   -155     1996
  SINCE JUL 1   2705                      2718    -13     2910

 COOLING
  YESTERDAY        0                         0      0        0
  MONTH TO DATE    0                         0      0        0
  SINCE DEC 1      0                         0      0        0
  SINCE JAN 1      0                         0      0        0
..................................................................


WIND (MPH)
  HIGHEST WIND SPEED    24   HIGHEST WIND DIRECTION     W (270)
  HIGHEST GUST SPEED    31   HIGHEST GUST DIRECTION    NW (300)
  AVERAGE WIND SPEED    11.6


SKY COVER
  AVERAGE SKY COVER 0.8


WEATHER CONDITIONS
 THE FOLLOWING WEATHER WAS RECORDED YESTERDAY.
  LIGHT RAIN


RELATIVE HUMIDITY (PERCENT)
 HIGHEST    82
 LOWEST     49
 AVERAGE    66

..........................................................


THE EVANSVILLE IN CLIMATE NORMALS FOR TODAY
                         NORMAL    RECORD    YEAR
 MAXIMUM TEMPERATURE (F)   42        69      1947
 MINIMUM TEMPERATURE (F)   24       -10      1978


SUNRISE AND SUNSET
JANUARY 30 2015.......SUNRISE   657 AM CST   SUNSET   511 PM CST
JANUARY 31 2015.......SUNRISE   656 AM CST   SUNSET   512 PM CST


-  INDICATES NEGATIVE NUMBERS.
R  INDICATES RECORD WAS SET OR TIED.
MM INDICATES DATA IS MISSING.
T  INDICATES TRACE AMOUNT.




$$
