000
CDUS45 KSLC 110035
CLIEVW


CLIMATE REPORT
NATIONAL WEATHER SERVICE SALT LAKE CITY UT
634 PM MDT THU JUL 10 2014


...................................

...THE EVANSTON WY CLIMATE SUMMARY FOR JULY 10 2014...
VALID TODAY AS OF 0500 PM LOCAL TIME.

CLIMATE NORMAL PERIOD 1981 TO 2010
CLIMATE RECORD PERIOD 9999 TO 9999


WEATHER ITEM   OBSERVED TIME   RECORD YEAR NORMAL DEPARTURE LAST
                VALUE   (LST)  VALUE       VALUE  FROM      YEAR
                                                  NORMAL
..................................................................
TEMPERATURE (F)
 TODAY
  MAXIMUM         80        MM  MM      MM  80      0       91
  MINIMUM         61    400 AM  MM      MM  52      9       56
  AVERAGE         71                        66      5       74

PRECIPITATION (IN)
  TODAY            0.07         MM      MM   0.02   0.05     0.00
  MONTH TO DATE    0.07                      0.35  -0.28     0.07
  SINCE OCT 1      3.64                      9.31  -5.67     4.31
  SINCE JAN 1      2.44                      6.52  -4.08     2.08

DEGREE DAYS
 HEATING
  TODAY            0                         1     -1        0
  MONTH TO DATE    4                        22    -18        0
  SINCE JUN 1    227                       252    -25      133
  SINCE JUL 1      4                        22    -18        0

 COOLING
  TODAY            6                         2      4        9
  MONTH TO DATE   61                        15     46       60
  SINCE JUN 1     62                        28     34      115
  SINCE JAN 1     67                        29     38      115
..................................................................


WIND (MPH)
  RESULTANT WIND SPEED   7   RESULTANT WIND DIRECTION  SW (230)
  HIGHEST WIND SPEED    15   HIGHEST WIND DIRECTION     W (260)
  HIGHEST GUST SPEED    21   HIGHEST GUST DIRECTION     W (260)
  AVERAGE WIND SPEED     9.3


SKY COVER
  POSSIBLE SUNSHINE  MM
  AVERAGE SKY COVER 0.8


WEATHER CONDITIONS
 THE FOLLOWING WEATHER WAS RECORDED TODAY.
  LIGHT RAIN


RELATIVE HUMIDITY (PERCENT)
 HIGHEST    64           400 AM
 LOWEST     39           200 PM
 AVERAGE    52

..........................................................


THE EVANSTON WY CLIMATE NORMALS FOR TOMORROW
                         NORMAL    RECORD    YEAR
 MAXIMUM TEMPERATURE (F)   80        MM        MM
 MINIMUM TEMPERATURE (F)   52        MM        MM


SUNRISE AND SUNSET
JULY 10 2014..........SUNRISE   600 AM MDT   SUNSET   858 PM MDT
JULY 11 2014..........SUNRISE   601 AM MDT   SUNSET   858 PM MDT


-  INDICATES NEGATIVE NUMBERS.
R  INDICATES RECORD WAS SET OR TIED.
MM INDICATES DATA IS MISSING.
T  INDICATES TRACE AMOUNT.




$$
