000
CDUS45 KSLC 011247
CLIEVW


CLIMATE REPORT
NATIONAL WEATHER SERVICE SALT LAKE CITY UT
647 AM MDT WED JUL 1 2015


...................................

...THE EVANSTON WY CLIMATE SUMMARY FOR JUNE 30 2015...

CLIMATE NORMAL PERIOD 1981 TO 2010
CLIMATE RECORD PERIOD 9999 TO 9999


WEATHER ITEM   OBSERVED TIME   RECORD YEAR NORMAL DEPARTURE LAST
                VALUE   (LST)  VALUE       VALUE  FROM      YEAR
                                                  NORMAL
..................................................................
TEMPERATURE (F)
 YESTERDAY
  MAXIMUM         91    112 PM  MM      MM  77     14       74
  MINIMUM         57    359 AM  MM      MM  49      8       48
  AVERAGE         74                        63     11       61

PRECIPITATION (IN)
  YESTERDAY        0.00         MM      MM   0.03  -0.03     0.00
  MONTH TO DATE    0.64                      1.24  -0.60     1.20
  SINCE OCT 1      8.03                      8.96  -0.93     3.57
  SINCE JAN 1      7.15                      6.17   0.98     2.37

DEGREE DAYS
 HEATING
  YESTERDAY        0                         3     -3        4
  MONTH TO DATE   74                       231   -157      223
  SINCE JUN 1     74                       230   -156      223
  SINCE JUL 1   7010                      8572  -1562     7968

 COOLING
  YESTERDAY        9                         1      8        0
  MONTH TO DATE   70                        13     57        1
  SINCE JUN 1     70                        13     57        1
  SINCE JAN 1     70                        14     56        6
..................................................................


WIND (MPH)
  RESULTANT WIND SPEED   4   RESULTANT WIND DIRECTION  NW (300)
  HIGHEST WIND SPEED    23   HIGHEST WIND DIRECTION    NW (310)
  HIGHEST GUST SPEED    29   HIGHEST GUST DIRECTION    NW (330)
  AVERAGE WIND SPEED     8.2


SKY COVER
  POSSIBLE SUNSHINE  MM
  AVERAGE SKY COVER 0.1


WEATHER CONDITIONS
 THE FOLLOWING WEATHER WAS RECORDED YESTERDAY.
  THUNDERSTORM


RELATIVE HUMIDITY (PERCENT)
 HIGHEST    56           700 AM
 LOWEST     18           400 PM
 AVERAGE    37

..........................................................


THE EVANSTON WY CLIMATE NORMALS FOR TODAY
                         NORMAL    RECORD    YEAR
 MAXIMUM TEMPERATURE (F)   77        MM        MM
 MINIMUM TEMPERATURE (F)   49        MM        MM


SUNRISE AND SUNSET
JULY  1 2015..........SUNRISE   555 AM MDT   SUNSET   901 PM MDT
JULY  2 2015..........SUNRISE   555 AM MDT   SUNSET   901 PM MDT


-  INDICATES NEGATIVE NUMBERS.
R  INDICATES RECORD WAS SET OR TIED.
MM INDICATES DATA IS MISSING.
T  INDICATES TRACE AMOUNT.




$$
