000
CDUS45 KSLC 171245
CLIEVW


CLIMATE REPORT
NATIONAL WEATHER SERVICE SALT LAKE CITY UT
545 AM MST FRI NOV 17 2017


...................................

...THE EVANSTON WY CLIMATE SUMMARY FOR NOVEMBER 16 2017...

CLIMATE NORMAL PERIOD 1981 TO 2010
CLIMATE RECORD PERIOD 9999 TO 9999


WEATHER ITEM   OBSERVED TIME   RECORD YEAR NORMAL DEPARTURE LAST
                VALUE   (LST)  VALUE       VALUE  FROM      YEAR
                                                  NORMAL
..................................................................
TEMPERATURE (F)
 YESTERDAY
  MAXIMUM         51   1032 AM  MM      MM  38     13       54
  MINIMUM         37   1159 PM  MM      MM  21     16       26
  AVERAGE         44                        29     15       40

PRECIPITATION (IN)
  YESTERDAY        0.21         MM      MM   0.03   0.18      T
  MONTH TO DATE    0.85                      0.66   0.19      T
  SINCE OCT 1      0.85                      1.83  -0.98     1.21
  SINCE JAN 1      6.21                     11.17  -4.96     6.93

DEGREE DAYS
 HEATING
  YESTERDAY       21                        36    -15       25
  MONTH TO DATE  420                       512    -92      312
  SINCE SEP 1   1420                      1462    -42     1085
  SINCE JUL 1   1444                      1565   -121     1144

 COOLING
  YESTERDAY        0                         0      0        0
  MONTH TO DATE    0                         0      0        0
  SINCE SEP 1     37                         5     32        7
  SINCE JAN 1    333                       162    171      293
..................................................................


WIND (MPH)
  RESULTANT WIND SPEED  20   RESULTANT WIND DIRECTION  SW (220)
  HIGHEST WIND SPEED    33   HIGHEST WIND DIRECTION    SW (220)
  HIGHEST GUST SPEED    45   HIGHEST GUST DIRECTION    SW (220)
  AVERAGE WIND SPEED    19.6


SKY COVER
  POSSIBLE SUNSHINE  MM
  AVERAGE SKY COVER 0.8


WEATHER CONDITIONS
 THE FOLLOWING WEATHER WAS RECORDED YESTERDAY.
  HEAVY RAIN
  RAIN
  LIGHT RAIN
  FOG


RELATIVE HUMIDITY (PERCENT)
 HIGHEST    93           900 PM
 LOWEST     29           500 AM
 AVERAGE    61

..........................................................


THE EVANSTON WY CLIMATE NORMALS FOR TODAY
                         NORMAL    RECORD    YEAR
 MAXIMUM TEMPERATURE (F)   38        MM        MM
 MINIMUM TEMPERATURE (F)   20        MM        MM


SUNRISE AND SUNSET
NOVEMBER 17 2017......SUNRISE   715 AM MST   SUNSET   503 PM MST
NOVEMBER 18 2017......SUNRISE   716 AM MST   SUNSET   502 PM MST


-  INDICATES NEGATIVE NUMBERS.
R  INDICATES RECORD WAS SET OR TIED.
MM INDICATES DATA IS MISSING.
T  INDICATES TRACE AMOUNT.




$$
