000
CDUS45 KSLC 300028
CLIEVW


CLIMATE REPORT
NATIONAL WEATHER SERVICE SALT LAKE CITY UT
628 PM MDT MON SEP 29 2014


...................................

...THE EVANSTON WY CLIMATE SUMMARY FOR SEPTEMBER 29 2014...
VALID TODAY AS OF 0500 PM LOCAL TIME.

CLIMATE NORMAL PERIOD 1981 TO 2010
CLIMATE RECORD PERIOD 9999 TO 9999


WEATHER ITEM   OBSERVED TIME   RECORD YEAR NORMAL DEPARTURE LAST
                VALUE   (LST)  VALUE       VALUE  FROM      YEAR
                                                  NORMAL
..................................................................
TEMPERATURE (F)
 TODAY
  MAXIMUM         54        MM  MM      MM  63     -9       65
  MINIMUM         38        MM  MM      MM  38      0       37
  AVERAGE         46                        50     -4       51

PRECIPITATION (IN)
  TODAY            0.03         MM      MM   0.05  -0.02     0.00
  MONTH TO DATE    3.49                      1.27   2.22     1.48
  SINCE OCT 1     10.30                     12.09  -1.79     6.29
  SINCE JAN 1      9.10                      9.30  -0.20     4.06

DEGREE DAYS
 HEATING
  TODAY           19                        15      4       14
  MONTH TO DATE  167                       280   -113      256
  SINCE SEP 1    167                       280   -113      256
  SINCE JUL 1    287                       383    -96      270

 COOLING
  TODAY            0                         0      0        0
  MONTH TO DATE   13                         0     13       26
  SINCE SEP 1     13                         0     13       26
  SINCE JAN 1    219                       157     62      348
..................................................................


WIND (MPH)
  RESULTANT WIND SPEED   6   RESULTANT WIND DIRECTION  SW (240)
  HIGHEST WIND SPEED    20   HIGHEST WIND DIRECTION     W (270)
  HIGHEST GUST SPEED    MM   HIGHEST GUST DIRECTION    MM
  AVERAGE WIND SPEED     7.4


SKY COVER
  POSSIBLE SUNSHINE  MM
  AVERAGE SKY COVER 0.8


WEATHER CONDITIONS
 THE FOLLOWING WEATHER WAS RECORDED TODAY.
  LIGHT RAIN


RELATIVE HUMIDITY (PERCENT)
 HIGHEST    93           300 AM
 LOWEST     46           200 PM
 AVERAGE    70

..........................................................


THE EVANSTON WY CLIMATE NORMALS FOR TOMORROW
                         NORMAL    RECORD    YEAR
 MAXIMUM TEMPERATURE (F)   63        MM        MM
 MINIMUM TEMPERATURE (F)   37        MM        MM


SUNRISE AND SUNSET
SEPTEMBER 29 2014.....SUNRISE   719 AM MDT   SUNSET   709 PM MDT
SEPTEMBER 30 2014.....SUNRISE   720 AM MDT   SUNSET   708 PM MDT


-  INDICATES NEGATIVE NUMBERS.
R  INDICATES RECORD WAS SET OR TIED.
MM INDICATES DATA IS MISSING.
T  INDICATES TRACE AMOUNT.




$$
