000
CDUS45 KSLC 270026
CLIEVW


CLIMATE REPORT
NATIONAL WEATHER SERVICE SALT LAKE CITY UT
525 PM MST WED NOV 26 2014


...................................

...THE EVANSTON WY CLIMATE SUMMARY FOR NOVEMBER 26 2014...
VALID TODAY AS OF 0500 PM LOCAL TIME.

CLIMATE NORMAL PERIOD 1981 TO 2010
CLIMATE RECORD PERIOD 9999 TO 9999


WEATHER ITEM   OBSERVED TIME   RECORD YEAR NORMAL DEPARTURE LAST
                VALUE   (LST)  VALUE       VALUE  FROM      YEAR
                                                  NORMAL
..................................................................
TEMPERATURE (F)
 TODAY
  MAXIMUM         45    300 PM  MM      MM  33     12       49
  MINIMUM         32        MM  MM      MM  17     15       24
  AVERAGE         39                        25     14       37

PRECIPITATION (IN)
  TODAY            0.00         MM      MM   0.02  -0.02     0.00
  MONTH TO DATE    0.34                      0.96  -0.62     0.18
  SINCE OCT 1      0.45                      2.13  -1.68     1.14
  SINCE JAN 1      9.58                     11.47  -1.89     5.20

DEGREE DAYS
 HEATING
  TODAY           26                        40    -14       28
  MONTH TO DATE  898                       894      4      802
  SINCE SEP 1   1575                      1844   -269     1770
  SINCE JUL 1   1695                      1947   -252     1784

 COOLING
  TODAY            0                         0      0        0
  MONTH TO DATE    0                         0      0        0
  SINCE SEP 1     13                         5      8       26
  SINCE JAN 1    219                       162     57      348
..................................................................


WIND (MPH)
  RESULTANT WIND SPEED  20   RESULTANT WIND DIRECTION   W (250)
  HIGHEST WIND SPEED    36   HIGHEST WIND DIRECTION     W (260)
  HIGHEST GUST SPEED    45   HIGHEST GUST DIRECTION     W (260)
  AVERAGE WIND SPEED    20.8


SKY COVER
  POSSIBLE SUNSHINE  MM
  AVERAGE SKY COVER 0.1


WEATHER CONDITIONS
 THE FOLLOWING WEATHER WAS RECORDED TODAY.
  NO SIGNIFICANT WEATHER WAS OBSERVED.


RELATIVE HUMIDITY (PERCENT)
 HIGHEST    82           300 AM
 LOWEST     49           300 PM
 AVERAGE    66

..........................................................


THE EVANSTON WY CLIMATE NORMALS FOR TOMORROW
                         NORMAL    RECORD    YEAR
 MAXIMUM TEMPERATURE (F)   32        MM        MM
 MINIMUM TEMPERATURE (F)   16        MM        MM


SUNRISE AND SUNSET
NOVEMBER 26 2014......SUNRISE   725 AM MST   SUNSET   458 PM MST
NOVEMBER 27 2014......SUNRISE   726 AM MST   SUNSET   457 PM MST


-  INDICATES NEGATIVE NUMBERS.
R  INDICATES RECORD WAS SET OR TIED.
MM INDICATES DATA IS MISSING.
T  INDICATES TRACE AMOUNT.




$$
