000
CDUS42 KMHX 042131
CLIEWN


CLIMATE REPORT
NATIONAL WEATHER SERVICE NEWPORT/MOREHEAD CITY NC
530 PM EDT FRI SEP 4 2015


...................................

...THE NEW BERN NC CLIMATE SUMMARY FOR SEPTEMBER 4 2015...
VALID TODAY AS OF 0500 PM LOCAL TIME.

CLIMATE NORMAL PERIOD 1981 TO 2010
CLIMATE RECORD PERIOD 1948 TO 2015


WEATHER ITEM   OBSERVED TIME   RECORD YEAR NORMAL DEPARTURE LAST
                VALUE   (LST)  VALUE       VALUE  FROM      YEAR
                                                  NORMAL
..................................................................
TEMPERATURE (F)
 TODAY
  MAXIMUM         92    209 PM  95    1993  86      6       92
  MINIMUM         70    555 AM  52    1967  68      2       74
  AVERAGE         81                        77      4       83

PRECIPITATION (IN)
  TODAY            0.00          3.07 1950   0.20  -0.20     0.31
  MONTH TO DATE    0.45                      0.85  -0.40     0.31
  SINCE SEP 1      0.45                      0.85  -0.40     0.31
  SINCE JAN 1     41.67                     37.65   4.02    37.32

SNOWFALL (IN)
  TODAY            0.0
  MONTH TO DATE    0.0
  SINCE NOV 1      3.0
  SINCE JUL 1      0.0
  SNOW DEPTH       0

DEGREE DAYS
 HEATING
  TODAY            0                         0      0        0
  MONTH TO DATE    0                         0      0        0
  SINCE SEP 1      0                         0      0        0
  SINCE JUL 1      0                         0      0        0

 COOLING
  TODAY           16                        12      4       18
  MONTH TO DATE   62                        48     14       81
  SINCE SEP 1     62                        48     14       81
  SINCE JAN 1   1783                      1577    206     1792
..................................................................


WIND (MPH)
  HIGHEST WIND SPEED    14   HIGHEST WIND DIRECTION     N (360)
  HIGHEST GUST SPEED    17   HIGHEST GUST DIRECTION     N (360)
  AVERAGE WIND SPEED     2.4


SKY COVER
  POSSIBLE SUNSHINE  MM
  AVERAGE SKY COVER 0.1


WEATHER CONDITIONS
 THE FOLLOWING WEATHER WAS RECORDED TODAY.
  THUNDERSTORM
  FOG
  HAZE


RELATIVE HUMIDITY (PERCENT)
 HIGHEST    97           600 AM
 LOWEST     49           200 PM
 AVERAGE    73

..........................................................


THE NEW BERN NC CLIMATE NORMALS FOR TOMORROW
                         NORMAL    RECORD    YEAR
 MAXIMUM TEMPERATURE (F)   85        96      1954
 MINIMUM TEMPERATURE (F)   68        55      1994


SUNRISE AND SUNSET
SEPTEMBER  4 2015.....SUNRISE   643 AM EDT   SUNSET   731 PM EDT
SEPTEMBER  5 2015.....SUNRISE   644 AM EDT   SUNSET   730 PM EDT


-  INDICATES NEGATIVE NUMBERS.
R  INDICATES RECORD WAS SET OR TIED.
MM INDICATES DATA IS MISSING.
T  INDICATES TRACE AMOUNT.




$$
