000
CDUS42 KMHX 210627
CLIEWN


CLIMATE REPORT
NATIONAL WEATHER SERVICE NEWPORT/MOREHEAD CITY NC
127 AM EST SUN DEC 21 2014


...................................

...THE NEW BERN NC CLIMATE SUMMARY FOR DECEMBER 20 2014...

CLIMATE NORMAL PERIOD 1981 TO 2010
CLIMATE RECORD PERIOD 1948 TO 2014


WEATHER ITEM   OBSERVED TIME   RECORD YEAR NORMAL DEPARTURE LAST
                VALUE   (LST)  VALUE       VALUE  FROM      YEAR
                                                  NORMAL
..................................................................
TEMPERATURE (F)
 YESTERDAY
  MAXIMUM         44    140 PM  74    1987  56    -12       72
  MINIMUM         34   1131 PM  16    2004  35     -1       37
  AVERAGE         39                        46     -7       55

PRECIPITATION (IN)
  YESTERDAY        0.06          1.13 1974   0.12  -0.06     0.00
  MONTH TO DATE    0.72                      2.17  -1.45     1.43
  SINCE DEC 1      0.72                      2.17  -1.45     1.43
  SINCE JAN 1     51.43                     51.52  -0.09    41.71

SNOWFALL (IN)
  YESTERDAY       MM
  MONTH TO DATE    0.0
  SINCE NOV 1      0.0
  SINCE JUL 1      0.0
  SNOW DEPTH       0

DEGREE DAYS
 HEATING
  YESTERDAY       26                        19      7       10
  MONTH TO DATE  311                       343    -32      281
  SINCE DEC 1    311                       343    -32      281
  SINCE JUL 1    756                       770    -14      704

 COOLING
  YESTERDAY        0                         0      0        0
  MONTH TO DATE    0                         0      0       12
  SINCE DEC 1      0                         0      0       12
  SINCE JAN 1   2193                      1900    293     2018
..................................................................


WIND (MPH)
  HIGHEST WIND SPEED    12   HIGHEST WIND DIRECTION    NE (40)
  HIGHEST GUST SPEED    14   HIGHEST GUST DIRECTION    NE (50)
  AVERAGE WIND SPEED     4.7


SKY COVER
  POSSIBLE SUNSHINE  MM
  AVERAGE SKY COVER 0.6


WEATHER CONDITIONS
 THE FOLLOWING WEATHER WAS RECORDED YESTERDAY.
  LIGHT RAIN
  FOG


RELATIVE HUMIDITY (PERCENT)
 HIGHEST    89           100 AM
 LOWEST     73           400 AM
 AVERAGE    81

..........................................................


THE NEW BERN NC CLIMATE NORMALS FOR TODAY
                         NORMAL    RECORD    YEAR
 MAXIMUM TEMPERATURE (F)   56        77      1984
 MINIMUM TEMPERATURE (F)   35        15      1981


SUNRISE AND SUNSET
DECEMBER 21 2014......SUNRISE   712 AM EST   SUNSET   500 PM EST
DECEMBER 22 2014......SUNRISE   713 AM EST   SUNSET   501 PM EST


-  INDICATES NEGATIVE NUMBERS.
R  INDICATES RECORD WAS SET OR TIED.
MM INDICATES DATA IS MISSING.
T  INDICATES TRACE AMOUNT.




$$
