000
CDUS42 KMHX 012128
CLIEWN


CLIMATE REPORT
NATIONAL WEATHER SERVICE NEWPORT/MOREHEAD CITY NC
528 PM EDT FRI AUG 1 2014


...................................

...THE NEW BERN NC CLIMATE SUMMARY FOR AUGUST 1 2014...
VALID TODAY AS OF 0500 PM LOCAL TIME.

CLIMATE NORMAL PERIOD 1981 TO 2010
CLIMATE RECORD PERIOD 1948 TO 2014


WEATHER ITEM   OBSERVED TIME   RECORD YEAR NORMAL DEPARTURE LAST
                VALUE   (LST)  VALUE       VALUE  FROM      YEAR
                                                  NORMAL
..................................................................
TEMPERATURE (F)
 TODAY
  MAXIMUM         79    346 PM 100    1999  89    -10       85
  MINIMUM         74    148 PM  61    1966  72      2       72
  AVERAGE         77                        80     -3       79

PRECIPITATION (IN)
  TODAY            1.85R         1.07 1949   0.21   1.64     0.65
  MONTH TO DATE    1.85                      0.21   1.64     0.65
  SINCE JUN 1     11.95                     10.97   0.98    12.59
  SINCE JAN 1     29.83                     30.36  -0.53    23.94

SNOWFALL (IN)
  TODAY            0.0
  MONTH TO DATE    0.0
  SINCE NOV 1     14.0
  SINCE JUL 1      0.0
  SNOW DEPTH       0

DEGREE DAYS
 HEATING
  TODAY            0                         0      0        0
  MONTH TO DATE    0                         0      0        0
  SINCE JUN 1      0                         1     -1        0
  SINCE JUL 1      0                         0      0        0

 COOLING
  TODAY           12                        15     -3       14
  MONTH TO DATE   12                        15     -3       14
  SINCE JUN 1    916                       862     54      940
  SINCE JAN 1   1277                      1105    172     1196
..................................................................


WIND (MPH)
  HIGHEST WIND SPEED    12   HIGHEST WIND DIRECTION    SE (120)
  HIGHEST GUST SPEED    46   HIGHEST GUST DIRECTION     E (90)
  AVERAGE WIND SPEED     4.4


SKY COVER
  POSSIBLE SUNSHINE  MM
  AVERAGE SKY COVER 0.6


WEATHER CONDITIONS
 THE FOLLOWING WEATHER WAS RECORDED TODAY.
  HEAVY RAIN
  RAIN
  LIGHT RAIN
  FOG
  FOG W/VISIBILITY <= 1/4 MILE


RELATIVE HUMIDITY (PERCENT)
 HIGHEST    94          1100 AM
 LOWEST     71           100 AM
 AVERAGE    83

..........................................................


THE NEW BERN NC CLIMATE NORMALS FOR TOMORROW
                         NORMAL    RECORD    YEAR
 MAXIMUM TEMPERATURE (F)   89        96      2011
                                             2006
                                             1953
 MINIMUM TEMPERATURE (F)   72        58      1966


SUNRISE AND SUNSET
AUGUST  1 2014........SUNRISE   617 AM EDT   SUNSET   811 PM EDT
AUGUST  2 2014........SUNRISE   618 AM EDT   SUNSET   810 PM EDT


-  INDICATES NEGATIVE NUMBERS.
R  INDICATES RECORD WAS SET OR TIED.
MM INDICATES DATA IS MISSING.
T  INDICATES TRACE AMOUNT.




$$
