000
CDUS41 KOKX 120624
CLIEWR


CLIMATE REPORT
NATIONAL WEATHER SERVICE NEW YORK NY
124 AM EST TUE DEC 12 2017


...................................

...THE NEWARK NJ CLIMATE SUMMARY FOR DECEMBER 11 2017...

CLIMATE NORMAL PERIOD 1981 TO 2010
CLIMATE RECORD PERIOD 1929 TO 2017


WEATHER ITEM   OBSERVED TIME   RECORD YEAR NORMAL DEPARTURE LAST
                VALUE   (LST)  VALUE       VALUE  FROM      YEAR
                                                  NORMAL
..................................................................
TEMPERATURE (F)
 YESTERDAY
  MAXIMUM         43    250 PM  65    1971  45     -2       34
                                      1966
  MINIMUM         32    826 AM  11    1977  31      1       25
                                      1934
  AVERAGE         38                        38      0       30

PRECIPITATION (IN)
  YESTERDAY        0.00          2.04 1992   0.13  -0.13     0.01
  MONTH TO DATE    0.68                      1.44  -0.76     0.77
  SINCE DEC 1      0.68                      1.44  -0.76     0.77
  SINCE JAN 1     46.53                     43.88   2.65    36.27

SNOWFALL (IN)
  YESTERDAY        0.0           3.7  1960   0.1   -0.1      0.3
  MONTH TO DATE    4.3                       1.2    3.1      0.3
  SINCE OCT 1      4.3                       1.6    2.7      0.3
  SINCE JUL 1      4.3                       1.6    2.7      0.3
  SNOW DEPTH       1

DEGREE DAYS
 HEATING
  YESTERDAY       27                        27      0       35
  MONTH TO DATE  259                       279    -20      270
  SINCE DEC 1    259                       279    -20      270
  SINCE JUL 1    944                      1147   -203      953

 COOLING
  YESTERDAY        0                         0      0        0
  MONTH TO DATE    0                         0      0        0
  SINCE DEC 1      0                         0      0        0
  SINCE JAN 1   1316                      1192    124     1571
..................................................................


WIND (MPH)
  HIGHEST WIND SPEED    17   HIGHEST WIND DIRECTION    SW (240)
  HIGHEST GUST SPEED    24   HIGHEST GUST DIRECTION    SW (230)
  AVERAGE WIND SPEED     8.0


SKY COVER
  AVERAGE SKY COVER 0.7


WEATHER CONDITIONS
 THE FOLLOWING WEATHER WAS RECORDED YESTERDAY.
  NO SIGNIFICANT WEATHER WAS OBSERVED.


RELATIVE HUMIDITY (PERCENT)
 HIGHEST    82           900 AM
 LOWEST     43           100 PM
 AVERAGE    63

..........................................................


THE NEWARK NJ CLIMATE NORMALS FOR TODAY
                         NORMAL    RECORD    YEAR
 MAXIMUM TEMPERATURE (F)   45        68      1931
 MINIMUM TEMPERATURE (F)   31         6      1988


SUNRISE AND SUNSET
DECEMBER 12 2017......SUNRISE   711 AM EST   SUNSET   430 PM EST
DECEMBER 13 2017......SUNRISE   712 AM EST   SUNSET   430 PM EST


-  INDICATES NEGATIVE NUMBERS.
R  INDICATES RECORD WAS SET OR TIED.
MM INDICATES DATA IS MISSING.
T  INDICATES TRACE AMOUNT.




$$
