000
CDUS41 KOKX 010631
CLIEWR


CLIMATE REPORT
NATIONAL WEATHER SERVICE NEW YORK NY
230 AM EDT TUE SEP 1 2015


...................................

...THE NEWARK NJ CLIMATE SUMMARY FOR AUGUST 31 2015...

CLIMATE NORMAL PERIOD 1981 TO 2010
CLIMATE RECORD PERIOD 1929 TO 2015


WEATHER ITEM   OBSERVED TIME   RECORD YEAR NORMAL DEPARTURE LAST
                VALUE   (LST)  VALUE       VALUE  FROM      YEAR
                                                  NORMAL
..................................................................
TEMPERATURE (F)
 YESTERDAY
  MAXIMUM         94    417 PM 102    1953  82     12       93
  MINIMUM         75    622 AM  47    1934  65     10       71
  AVERAGE         85                        73     12       82

PRECIPITATION (IN)
  YESTERDAY        0.00          1.36 1950   0.10  -0.10     0.04
  MONTH TO DATE    1.40                      3.70  -2.30     1.76
  SINCE JUN 1      9.99                     12.48  -2.49    11.27
  SINCE JAN 1     27.60                     31.37  -3.77    34.62

SNOWFALL (IN)
  YESTERDAY        0.0           0.0  2002   0.0    0.0      0.0
                                      2001
  MONTH TO DATE    0.0                       0.0    0.0      0.0
  SINCE OCT 1     46.4                      28.5   17.9     61.1
  SINCE JUL 1      0.0                       0.0    0.0      0.0
  SNOW DEPTH       0

DEGREE DAYS
 HEATING
  YESTERDAY        0                         0      0        0
  MONTH TO DATE    0                         0      0        0
  SINCE JUN 1     29                        18     11        0
  SINCE JUL 1      0                         1     -1        0

 COOLING
  YESTERDAY       20                         9     11       17
  MONTH TO DATE  432                       336     96      300
  SINCE JUN 1   1122                       958    164      923
  SINCE JAN 1   1282                      1034    248      985
..................................................................


WIND (MPH)
  HIGHEST WIND SPEED    21   HIGHEST WIND DIRECTION     W (260)
  HIGHEST GUST SPEED    26   HIGHEST GUST DIRECTION     W (270)
  AVERAGE WIND SPEED     9.3


SKY COVER
  AVERAGE SKY COVER 0.8


WEATHER CONDITIONS
 THE FOLLOWING WEATHER WAS RECORDED YESTERDAY.
  NO SIGNIFICANT WEATHER WAS OBSERVED.


RELATIVE HUMIDITY (PERCENT)
 HIGHEST    79           500 AM
 LOWEST     36           400 PM
 AVERAGE    58

..........................................................


THE NEWARK NJ CLIMATE NORMALS FOR TODAY
                         NORMAL    RECORD    YEAR
 MAXIMUM TEMPERATURE (F)   82        98      2010
 MINIMUM TEMPERATURE (F)   65        50      1934


SUNRISE AND SUNSET
SEPTEMBER  1 2015.....SUNRISE   623 AM EDT   SUNSET   729 PM EDT
SEPTEMBER  2 2015.....SUNRISE   624 AM EDT   SUNSET   728 PM EDT


-  INDICATES NEGATIVE NUMBERS.
R  INDICATES RECORD WAS SET OR TIED.
MM INDICATES DATA IS MISSING.
T  INDICATES TRACE AMOUNT.




$$
