000
CDUS41 KOKX 012143
CLIEWR


CLIMATE REPORT
NATIONAL WEATHER SERVICE NEW YORK NY
443 PM EST SUN FEB 1 2015


...................................

...THE NEWARK NJ CLIMATE SUMMARY FOR FEBRUARY 1 2015...
VALID TODAY AS OF 0400 PM LOCAL TIME.

CLIMATE NORMAL PERIOD 1981 TO 2010
CLIMATE RECORD PERIOD 1929 TO 2015


WEATHER ITEM   OBSERVED TIME   RECORD YEAR NORMAL DEPARTURE LAST
                VALUE   (LST)  VALUE       VALUE  FROM      YEAR
                                                  NORMAL
..................................................................
TEMPERATURE (F)
 TODAY
  MAXIMUM         36    347 PM  68    1989  40     -4       44
  MINIMUM         15    502 AM   1    1935  25    -10       28
  AVERAGE         26                        32     -6       36

PRECIPITATION (IN)
  TODAY            0.00          1.81 2008   0.10  -0.10     0.00
  MONTH TO DATE    0.00                      0.10  -0.10     0.00
  SINCE DEC 1      9.33                      7.45   1.88     7.40
  SINCE JAN 1      4.42                      3.64   0.78     2.78

SNOWFALL (IN)
  TODAY            0.0           7.5  1957   0.3   -0.3      0.0
  MONTH TO DATE    0.0                       0.3   -0.3      0.0
  SINCE OCT 1     16.6                      14.0    2.6     30.2
  SINCE JUL 1     16.6                      14.0    2.6     30.2
  SNOW DEPTH       5

DEGREE DAYS
 HEATING
  TODAY           39                        33      6       29
  MONTH TO DATE   39                        33      6       29
  SINCE DEC 1   1927                      1949    -22     2057
  SINCE JUL 1   2759                      2817    -58     2927

 COOLING
  TODAY            0                         0      0        0
  MONTH TO DATE    0                         0      0        0
  SINCE DEC 1      0                         0      0        0
  SINCE JAN 1      0                         0      0        0
..................................................................


WIND (MPH)
  HIGHEST WIND SPEED    15   HIGHEST WIND DIRECTION     W (260)
  HIGHEST GUST SPEED    18   HIGHEST GUST DIRECTION     W (270)
  AVERAGE WIND SPEED     8.3


SKY COVER
  AVERAGE SKY COVER 0.7


WEATHER CONDITIONS
 THE FOLLOWING WEATHER WAS RECORDED TODAY.
  NO SIGNIFICANT WEATHER WAS OBSERVED.


RELATIVE HUMIDITY (PERCENT)
 HIGHEST    67           500 AM
 LOWEST     52           200 PM
 AVERAGE    60

..........................................................


THE NEWARK NJ CLIMATE NORMALS FOR TOMORROW
                         NORMAL    RECORD    YEAR
 MAXIMUM TEMPERATURE (F)   40        62      1973
 MINIMUM TEMPERATURE (F)   25        -2      1961


SUNRISE AND SUNSET
FEBRUARY  1 2015......SUNRISE   707 AM EST   SUNSET   514 PM EST
FEBRUARY  2 2015......SUNRISE   706 AM EST   SUNSET   515 PM EST


-  INDICATES NEGATIVE NUMBERS.
R  INDICATES RECORD WAS SET OR TIED.
MM INDICATES DATA IS MISSING.
T  INDICATES TRACE AMOUNT.




$$
