200
CDUS43 KIND 200530
CLIEYE


CLIMATE REPORT
NATIONAL WEATHER SERVICE INDIANAPOLIS IN
130 AM EDT FRI OCT 20 2017


...................................

...THE INDIANAPOLIS EAGLE CREEK IN CLIMATE SUMMARY FOR OCTOBER 19 2017...

CLIMATE NORMAL PERIOD 1981 TO 2010
CLIMATE RECORD PERIOD 9999 TO 9999


WEATHER ITEM   OBSERVED TIME   NORMAL DEPARTURE LAST
                VALUE   (LST)  VALUE  FROM      YEAR
                                      NORMAL
......................................................
TEMPERATURE (F)
 YESTERDAY
  MAXIMUM         75    306 PM  63     12       75
  MINIMUM         47    342 AM  44      3       57
  AVERAGE         61            54      7       66

PRECIPITATION (IN)
  YESTERDAY        0.00          0.10  -0.10     1.78
  MONTH TO DATE    2.52          1.94   0.58     2.35
  SINCE SEP 1      3.01          4.19  -1.18     6.39
  SINCE JAN 1     35.15         32.84   2.31    38.42

DEGREE DAYS
 HEATING
  YESTERDAY        4            12     -8        0
  MONTH TO DATE   52           169   -117       50
  SINCE SEP 1     79           227   -148       62
  SINCE JUL 1     79           230   -151       65

 COOLING
  YESTERDAY        0             0      0        1
  MONTH TO DATE   46            12     34       44
  SINCE SEP 1    215           135     80      256
  SINCE JAN 1   1143          1055     88     1445
......................................................


WIND (MPH)
  HIGHEST WIND SPEED    10   HIGHEST WIND DIRECTION     S (200)
  HIGHEST GUST SPEED    16   HIGHEST GUST DIRECTION    SW (230)
  AVERAGE WIND SPEED     3.2


SKY COVER
  AVERAGE SKY COVER 0.0


WEATHER CONDITIONS
 THE FOLLOWING WEATHER WAS RECORDED YESTERDAY.
  NO SIGNIFICANT WEATHER WAS OBSERVED.


RELATIVE HUMIDITY (PERCENT)
 HIGHEST    86           300 AM
 LOWEST     44           200 PM
 AVERAGE    65

..........................................................


THE INDIANAPOLIS EAGLE CREEK IN CLIMATE NORMALS FOR TODAY
                         NORMAL
 MAXIMUM TEMPERATURE (F)   63
 MINIMUM TEMPERATURE (F)   44


SUNRISE AND SUNSET
OCTOBER 20 2017.......SUNRISE   801 AM EDT   SUNSET   658 PM EDT
OCTOBER 21 2017.......SUNRISE   802 AM EDT   SUNSET   657 PM EDT


-  INDICATES NEGATIVE NUMBERS.
R  INDICATES RECORD WAS SET OR TIED.
MM INDICATES DATA IS MISSING.
T  INDICATES TRACE AMOUNT.




$$
