000
CDUS42 KKEY 260548
CLIEYW

CLIMATE REPORT
NATIONAL WEATHER SERVICE KEY WEST, FL
1241 AM EST WED NOV 26 2014


...................................

...THE KEY WEST CLIMATE SUMMARY FOR NOVEMBER 25 2014...

CLIMATE NORMAL PERIOD 1981 TO 2010
CLIMATE RECORD PERIOD 1871 TO 2014


WEATHER ITEM   OBSERVED TIME   RECORD YEAR NORMAL DEPARTURE LAST
                VALUE   (LST)  VALUE       VALUE  FROM      YEAR
                                                  NORMAL
..................................................................
TEMPERATURE (F)
 YESTERDAY
  MAXIMUM         83    322 PM  88    1886  79      4       79
  MINIMUM         79   1159 PM  50    1970  70      9       71
  AVERAGE         81                        74      7       75

PRECIPITATION (IN)
  YESTERDAY        0.08          5.05 2009   0.08   0.00     1.30
  MONTH TO DATE    0.79                      1.91  -1.12     2.52
  SINCE SEP 1     12.18                     13.55  -1.37     8.36
  SINCE JAN 1     34.32                     37.22  -2.90    43.87

SNOWFALL (IN)
  YESTERDAY        0.0
  MONTH TO DATE    0.0
  SINCE SEP 1      0.0
  SINCE JUL 1      0.0
  SNOW DEPTH       0

DEGREE DAYS
 HEATING
  YESTERDAY        0                         0      0        0
  MONTH TO DATE    0                         0      0        0
  SINCE SEP 1      0                         0      0        0
  SINCE JUL 1      0                         0      0        0

 COOLING
  YESTERDAY       16                        10      6       10
  MONTH TO DATE  236                       280    -44      338
  SINCE SEP 1   1302                      1299      3     1404
  SINCE JAN 1   4822                      4488    334     4724
..................................................................


WIND (MPH)
  HIGHEST WIND SPEED    17   HIGHEST WIND DIRECTION     S (160)
  HIGHEST GUST SPEED    22   HIGHEST GUST DIRECTION     S (160)
  AVERAGE WIND SPEED     9.4


SKY COVER
  POSSIBLE SUNSHINE  MM
  AVERAGE SKY COVER 0.1


WEATHER CONDITIONS
 THE FOLLOWING WEATHER WAS RECORDED YESTERDAY.
  LIGHT RAIN
  FOG


RELATIVE HUMIDITY (PERCENT)
 HIGHEST    97
 LOWEST     79
 AVERAGE    88

..........................................................


THE KEY WEST CLIMATE NORMALS FOR TODAY
                         NORMAL    RECORD    YEAR
 MAXIMUM TEMPERATURE (F)   79        85      1992
                                             1989
                                             1980
 MINIMUM TEMPERATURE (F)   70        56      1950
                                             1885


SUNRISE AND SUNSET
NOVEMBER 26 2014......SUNRISE   651 AM EST   SUNSET   538 PM EST
NOVEMBER 27 2014......SUNRISE   651 AM EST   SUNSET   538 PM EST


-  INDICATES NEGATIVE NUMBERS.
R  INDICATES RECORD WAS SET OR TIED.
MM INDICATES DATA IS MISSING.
T  INDICATES TRACE AMOUNT.




$$
