000
CDUS42 KKEY 272030
CLIEYW

CLIMATE REPORT
NATIONAL WEATHER SERVICE KEY WEST, FL
428 PM EDT MON JUL 27 2015


...................................

...THE KEY WEST CLIMATE SUMMARY FOR JULY 27 2015...
VALID TODAY AS OF 0400 PM LOCAL TIME.

CLIMATE NORMAL PERIOD 1981 TO 2010
CLIMATE RECORD PERIOD 1871 TO 2015


WEATHER ITEM   OBSERVED TIME   RECORD YEAR NORMAL DEPARTURE LAST
                VALUE   (LST)  VALUE       VALUE  FROM      YEAR
                                                  NORMAL
..................................................................
TEMPERATURE (F)
 TODAY
  MAXIMUM         89    253 PM  94    1957  90     -1       91
                                      1956
                                      1881
  MINIMUM         83    452 AM  70    1930  80      3       84
  AVERAGE         86                        85      1       88

PRECIPITATION (IN)
  TODAY            0.00          2.32 1876   0.12  -0.12     0.00
  MONTH TO DATE    0.67                      3.08  -2.41     1.96
  SINCE JUN 1      3.31                      7.19  -3.88     4.34
  SINCE JAN 1     15.74                     17.82  -2.08    17.19

SNOWFALL (IN)
  TODAY            0.0
  MONTH TO DATE    0.0
  SINCE JUN 1      0.0
  SINCE JUL 1      0.0
  SNOW DEPTH       0

DEGREE DAYS
 HEATING
  TODAY            0                         0      0        0
  MONTH TO DATE    0                         0      0        0
  SINCE JUN 1      0                         0      0        0
  SINCE JUL 1      0                         0      0        0

 COOLING
  TODAY           21                        20      1       23
  MONTH TO DATE  567                       528     39      581
  SINCE JUN 1   1138                      1077     61     1139
  SINCE JAN 1   2855                      2507    348     2761
..................................................................


WIND (MPH)
  HIGHEST WIND SPEED    15   HIGHEST WIND DIRECTION     S (180)
  HIGHEST GUST SPEED    18   HIGHEST GUST DIRECTION     S (200)
  AVERAGE WIND SPEED    10.9


SKY COVER
  POSSIBLE SUNSHINE  MM
  AVERAGE SKY COVER 0.2


WEATHER CONDITIONS
 THE FOLLOWING WEATHER WAS RECORDED TODAY.
  THUNDERSTORM
  HAZE


RELATIVE HUMIDITY (PERCENT)
 HIGHEST    80
 LOWEST     64
 AVERAGE    72

..........................................................


THE KEY WEST CLIMATE NORMALS FOR TOMORROW
                         NORMAL    RECORD    YEAR
 MAXIMUM TEMPERATURE (F)   90        95      1881
 MINIMUM TEMPERATURE (F)   80        70      1916


SUNRISE AND SUNSET
JULY 27 2015..........SUNRISE   653 AM EDT   SUNSET   814 PM EDT
JULY 28 2015..........SUNRISE   653 AM EDT   SUNSET   813 PM EDT


-  INDICATES NEGATIVE NUMBERS.
R  INDICATES RECORD WAS SET OR TIED.
MM INDICATES DATA IS MISSING.
T  INDICATES TRACE AMOUNT.




$$
