000
CDUS42 KKEY 190533
CLIEYW


CLIMATE REPORT
NATIONAL WEATHER SERVICE KEY WEST, FL
131 AM EDT SAT AUG 19 2017

...................................

...THE KEY WEST CLIMATE SUMMARY FOR AUGUST 18 2017...

CLIMATE NORMAL PERIOD 1981 TO 2010
CLIMATE RECORD PERIOD 1871 TO 2017

WEATHER ITEM   OBSERVED TIME   RECORD YEAR NORMAL DEPARTURE LAST
                VALUE   (LST)  VALUE       VALUE  FROM      YEAR
                                                  NORMAL
..................................................................
TEMPERATURE (F)
 YESTERDAY
  MAXIMUM         92    153 PM  95    1956  89      3       90
  MINIMUM         81   1159 PM  70    1901  80      1       80
  AVERAGE         87                        84      3       85

PRECIPITATION (IN)
  YESTERDAY        0.01          8.32 1926   0.17  -0.16     0.00
  MONTH TO DATE    1.31                      2.89  -1.58     3.00
  SINCE JUN 1     10.27                     10.55  -0.28     7.88
  SINCE JAN 1     19.32                     21.18  -1.86    19.53

SNOWFALL (IN)
  YESTERDAY        0.0
  MONTH TO DATE    0.0
  SINCE JUN 1      0.0
  SINCE JUL 1      0.0
  SNOW DEPTH       0

DEGREE DAYS
 HEATING
  YESTERDAY        0                         0      0        0
  MONTH TO DATE    0                         0      0        0
  SINCE JUN 1      0                         0      0        0
  SINCE JUL 1      0                         0      0        0

 COOLING
  YESTERDAY       22                        19      3       20
  MONTH TO DATE  392                       359     33      365
  SINCE JUN 1   1616                      1514    102     1569
  SINCE JAN 1   3371                      2944    427     3060
..................................................................


WIND (MPH)
  HIGHEST WIND SPEED    24   HIGHEST WIND DIRECTION     N (350)
  HIGHEST GUST SPEED    34   HIGHEST GUST DIRECTION     N (340)
  AVERAGE WIND SPEED     7.5


SKY COVER
  POSSIBLE SUNSHINE  MM
  AVERAGE SKY COVER 0.1


WEATHER CONDITIONS
 THE FOLLOWING WEATHER WAS RECORDED YESTERDAY.
  THUNDERSTORM
  RAIN
  LIGHT RAIN


RELATIVE HUMIDITY (PERCENT)
 HIGHEST    74
 LOWEST     60
 AVERAGE    67

..........................................................


THE KEY WEST CLIMATE NORMALS FOR TODAY
                         NORMAL    RECORD    YEAR
 MAXIMUM TEMPERATURE (F)   89        94      1957
                                             1956
                                             1951
 MINIMUM TEMPERATURE (F)   80        72      1929
                                             1898


SUNRISE AND SUNSET
AUGUST 19 2017........SUNRISE   703 AM EDT   SUNSET   757 PM EDT
AUGUST 20 2017........SUNRISE   704 AM EDT   SUNSET   756 PM EDT


-  INDICATES NEGATIVE NUMBERS.
R  INDICATES RECORD WAS SET OR TIED.
MM INDICATES DATA IS MISSING.
T  INDICATES TRACE AMOUNT.

$$

BWC
