000
CDUS42 KKEY 040551
CLIEYW

CLIMATE REPORT NATIONAL WEATHER SERVICE KEY WEST, FL

1247 AM EST WED MAR 4 2015


...................................

...THE KEY WEST CLIMATE SUMMARY FOR MARCH 3 2015...

CLIMATE NORMAL PERIOD 1981 TO 2010
CLIMATE RECORD PERIOD 1871 TO 2015


WEATHER ITEM   OBSERVED TIME   RECORD YEAR NORMAL DEPARTURE LAST
                VALUE   (LST)  VALUE       VALUE  FROM      YEAR
                                                  NORMAL
..................................................................
TEMPERATURE (F)
 YESTERDAY
  MAXIMUM         80    342 PM  87    1875  77      3       80
  MINIMUM         73    605 AM  47    1986  67      6       69
  AVERAGE         77                        72      5       75

PRECIPITATION (IN)
  YESTERDAY        0.00          1.87 1991   0.08  -0.08     0.00
  MONTH TO DATE    T                         0.22  -0.22     0.00
  SINCE MAR 1      T                         0.22  -0.22     0.00
  SINCE JAN 1      3.23                      3.75  -0.52     7.60

SNOWFALL (IN)
  YESTERDAY        0.0
  MONTH TO DATE    0.0
  SINCE MAR 1      0.0
  SINCE JUL 1      0.0
  SNOW DEPTH       0

DEGREE DAYS
 HEATING
  YESTERDAY        0                         0      0        0
  MONTH TO DATE    0                         0      0        0
  SINCE MAR 1      0                         0      0        0
  SINCE JUL 1     27                        66    -39       22

 COOLING
  YESTERDAY       12                         8      4       10
  MONTH TO DATE   37                        23     14       25
  SINCE MAR 1     37                        23     14       25
  SINCE JAN 1    395                       371     24      451
..................................................................


WIND (MPH)
  HIGHEST WIND SPEED    20   HIGHEST WIND DIRECTION     E (100)
  HIGHEST GUST SPEED    25   HIGHEST GUST DIRECTION     E (110)
  AVERAGE WIND SPEED    13.8


SKY COVER
  POSSIBLE SUNSHINE  MM
  AVERAGE SKY COVER 0.1


WEATHER CONDITIONS
 THE FOLLOWING WEATHER WAS RECORDED YESTERDAY.
  NO SIGNIFICANT WEATHER WAS OBSERVED.


RELATIVE HUMIDITY (PERCENT)
 HIGHEST    87
 LOWEST     69
 AVERAGE    78

..........................................................


THE KEY WEST CLIMATE NORMALS FOR TODAY
                         NORMAL    RECORD    YEAR
 MAXIMUM TEMPERATURE (F)   77        85      1956
                                             1948
                                             1932
 MINIMUM TEMPERATURE (F)   67        49      1980


SUNRISE AND SUNSET
MARCH  4 2015.........SUNRISE   647 AM EST   SUNSET   631 PM EST
MARCH  5 2015.........SUNRISE   646 AM EST   SUNSET   631 PM EST


-  INDICATES NEGATIVE NUMBERS.
R  INDICATES RECORD WAS SET OR TIED.
MM INDICATES DATA IS MISSING.
T  INDICATES TRACE AMOUNT.




$$
