000
CDUS42 KKEY 040534
CLIEYW


CLIMATE REPORT
NATIONAL WEATHER SERVICE KEY WEST, FL
1233 AM EST SUN DEC 4 2016


...................................

...THE KEY WEST CLIMATE SUMMARY FOR DECEMBER 3 2016...

CLIMATE NORMAL PERIOD 1981 TO 2010
CLIMATE RECORD PERIOD 1871 TO 2016


WEATHER ITEM   OBSERVED TIME   RECORD YEAR NORMAL DEPARTURE LAST
                VALUE   (LST)  VALUE       VALUE  FROM      YEAR
                                                  NORMAL
..................................................................
TEMPERATURE (F)
 YESTERDAY
  MAXIMUM         81    335 PM  86    1978  78      3       78
  MINIMUM         74    746 AM  45    1876  69      5       71
  AVERAGE         78                        73      5       75

PRECIPITATION (IN)
  YESTERDAY        T             1.15 2015   0.08  -0.08     1.15
  MONTH TO DATE    0.43                      0.24   0.19     1.21
  SINCE DEC 1      0.43                      0.24   0.19     1.21
  SINCE JAN 1     36.04                     37.85  -1.81    32.87

SNOWFALL (IN)
  YESTERDAY        0.0
  MONTH TO DATE    0.0
  SINCE DEC 1      0.0
  SINCE JUL 1      0.0
  SNOW DEPTH       0

DEGREE DAYS
 HEATING
  YESTERDAY        0                         0      0        0
  MONTH TO DATE    0                         0      0        0
  SINCE DEC 1      0                         0      0        0
  SINCE JUL 1      0                         1     -1        0

 COOLING
  YESTERDAY       13                         8      5       10
  MONTH TO DATE   41                        26     15       36
  SINCE DEC 1     41                        26     15       36
  SINCE JAN 1   4794                      4559    235     5215
..................................................................


WIND (MPH)
  HIGHEST WIND SPEED    20   HIGHEST WIND DIRECTION     E (80)
  HIGHEST GUST SPEED    25   HIGHEST GUST DIRECTION     E (80)
  AVERAGE WIND SPEED    11.2


SKY COVER
  POSSIBLE SUNSHINE  MM
  AVERAGE SKY COVER 0.4


WEATHER CONDITIONS
 THE FOLLOWING WEATHER WAS RECORDED YESTERDAY.
  NO SIGNIFICANT WEATHER WAS OBSERVED.


RELATIVE HUMIDITY (PERCENT)
 HIGHEST   100
 LOWEST     79
 AVERAGE    90

..........................................................


THE KEY WEST CLIMATE NORMALS FOR TODAY
                         NORMAL    RECORD    YEAR
 MAXIMUM TEMPERATURE (F)   78        86      1880
 MINIMUM TEMPERATURE (F)   69        46      1876


SUNRISE AND SUNSET
DECEMBER  4 2016......SUNRISE   657 AM EST   SUNSET   538 PM EST
DECEMBER  5 2016......SUNRISE   657 AM EST   SUNSET   538 PM EST


-  INDICATES NEGATIVE NUMBERS.
R  INDICATES RECORD WAS SET OR TIED.
MM INDICATES DATA IS MISSING.
T  INDICATES TRACE AMOUNT.




$$
