000
CDUS42 KKEY 180544
CLIEYW

CLIMATE REPORT
NATIONAL WEATHER SERVICE KEY WEST, FL
142 AM EDT THU SEP 18 2014


...................................

...THE KEY WEST CLIMATE SUMMARY FOR SEPTEMBER 17 2014...

CLIMATE NORMAL PERIOD 1981 TO 2010
CLIMATE RECORD PERIOD 1871 TO 2014


WEATHER ITEM   OBSERVED TIME   RECORD YEAR NORMAL DEPARTURE LAST
                VALUE   (LST)  VALUE       VALUE  FROM      YEAR
                                                  NORMAL
..................................................................
TEMPERATURE (F)
 YESTERDAY
  MAXIMUM         90    323 PM  92    1990  88      2       82
                                      1881
                                      1872
  MINIMUM         81    715 AM  69    1985  79      2       76
  AVERAGE         86                        83      3       79

PRECIPITATION (IN)
  YESTERDAY        0.00          3.46 1985   0.24  -0.24     0.22
  MONTH TO DATE    4.04                      3.76   0.28     3.69
  SINCE SEP 1      4.04                      3.76   0.28     3.69
  SINCE JAN 1     26.18                     27.43  -1.25    39.20

SNOWFALL (IN)
  YESTERDAY        0.0
  MONTH TO DATE    0.0
  SINCE SEP 1      0.0
  SINCE JUL 1      0.0
  SNOW DEPTH       0

DEGREE DAYS
 HEATING
  YESTERDAY        0                         0      0        0
  MONTH TO DATE    0                         0      0        0
  SINCE SEP 1      0                         0      0        0
  SINCE JUL 1      0                         0      0        0

 COOLING
  YESTERDAY       21                        18      3       14
  MONTH TO DATE  321                       316      5      305
  SINCE SEP 1    321                       316      5      305
  SINCE JAN 1   3841                      3505    336     3625
..................................................................


WIND (MPH)
  HIGHEST WIND SPEED     8   HIGHEST WIND DIRECTION    NW (320)
  HIGHEST GUST SPEED    13   HIGHEST GUST DIRECTION    NW (330)
  AVERAGE WIND SPEED     3.4


SKY COVER
  POSSIBLE SUNSHINE  MM
  AVERAGE SKY COVER 0.2


WEATHER CONDITIONS
 THE FOLLOWING WEATHER WAS RECORDED YESTERDAY.
  NO SIGNIFICANT WEATHER WAS OBSERVED.


RELATIVE HUMIDITY (PERCENT)
 HIGHEST    94
 LOWEST     59
 AVERAGE    77

..........................................................


THE KEY WEST CLIMATE NORMALS FOR TODAY
                         NORMAL    RECORD    YEAR
 MAXIMUM TEMPERATURE (F)   88        92      1990
                                             1987
                                             1951
 MINIMUM TEMPERATURE (F)   79        70      1891


SUNRISE AND SUNSET
SEPTEMBER 18 2014.....SUNRISE   714 AM EDT   SUNSET   728 PM EDT
SEPTEMBER 19 2014.....SUNRISE   715 AM EDT   SUNSET   727 PM EDT


-  INDICATES NEGATIVE NUMBERS.
R  INDICATES RECORD WAS SET OR TIED.
MM INDICATES DATA IS MISSING.
T  INDICATES TRACE AMOUNT.

$$

CLR
