000
CDUS42 KKEY 270558
CLIEYW

CLIMATE REPORT NATIONAL WEATHER SERVICE KEY WEST, FL

1256 AM EST TUE JAN 27 2015


...................................

...THE KEY WEST CLIMATE SUMMARY FOR JANUARY 26 2015...

CLIMATE NORMAL PERIOD 1981 TO 2010
CLIMATE RECORD PERIOD 1871 TO 2015


WEATHER ITEM   OBSERVED TIME   RECORD YEAR NORMAL DEPARTURE LAST
                VALUE   (LST)  VALUE       VALUE  FROM      YEAR
                                                  NORMAL
..................................................................
TEMPERATURE (F)
 YESTERDAY
  MAXIMUM         75   1204 PM  84    1957  75      0       76
  MINIMUM         61   1214 AM  44    1905  64     -3       62
  AVERAGE         68                        70     -2       69

PRECIPITATION (IN)
  YESTERDAY        0.00          1.09 1897   0.07  -0.07     0.00
  MONTH TO DATE    1.03                      1.73  -0.70     4.99
  SINCE DEC 1      3.28                      3.95  -0.67     6.08
  SINCE JAN 1      1.03                      1.73  -0.70     4.99

SNOWFALL (IN)
  YESTERDAY        0.0
  MONTH TO DATE    0.0
  SINCE DEC 1      0.0
  SINCE JUL 1      0.0
  SNOW DEPTH       0

DEGREE DAYS
 HEATING
  YESTERDAY        0                         1     -1        0
  MONTH TO DATE    0                        26    -26       22
  SINCE DEC 1      5                        43    -38       22
  SINCE JUL 1      6                        44    -38       22

 COOLING
  YESTERDAY        3                         5     -2        4
  MONTH TO DATE  219                       132     87      121
  SINCE DEC 1    472                       349    123      461
  SINCE JAN 1    219                       132     87      121
..................................................................


WIND (MPH)
  HIGHEST WIND SPEED    24   HIGHEST WIND DIRECTION    NW (320)
  HIGHEST GUST SPEED    32   HIGHEST GUST DIRECTION    NW (300)
  AVERAGE WIND SPEED    14.5


SKY COVER
  POSSIBLE SUNSHINE  MM
  AVERAGE SKY COVER 0.3


WEATHER CONDITIONS
 THE FOLLOWING WEATHER WAS RECORDED YESTERDAY.
  NO SIGNIFICANT WEATHER WAS OBSERVED.


RELATIVE HUMIDITY (PERCENT)
 HIGHEST    90
 LOWEST     58
 AVERAGE    74

..........................................................


THE KEY WEST CLIMATE NORMALS FOR TODAY
                         NORMAL    RECORD    YEAR
 MAXIMUM TEMPERATURE (F)   75        84      1984
                                             1957
 MINIMUM TEMPERATURE (F)   65        44      1905


SUNRISE AND SUNSET
JANUARY 27 2015.......SUNRISE   711 AM EST   SUNSET   609 PM EST
JANUARY 28 2015.......SUNRISE   711 AM EST   SUNSET   610 PM EST


-  INDICATES NEGATIVE NUMBERS.
R  INDICATES RECORD WAS SET OR TIED.
MM INDICATES DATA IS MISSING.
T  INDICATES TRACE AMOUNT.




$$
