000
CDUS42 KKEY 170602
CLIEYW


CLIMATE REPORT
NATIONAL WEATHER SERVICE KEY WEST, FL
102 AM EST SUN DEC 17 2017


...................................

...THE KEY WEST CLIMATE SUMMARY FOR DECEMBER 16 2017...

CLIMATE NORMAL PERIOD 1981 TO 2010
CLIMATE RECORD PERIOD 1871 TO 2017


WEATHER ITEM   OBSERVED TIME   RECORD YEAR NORMAL DEPARTURE LAST
                VALUE   (LST)  VALUE       VALUE  FROM      YEAR
                                                  NORMAL
..................................................................
TEMPERATURE (F)
 YESTERDAY
  MAXIMUM         77    434 PM  85    1947  76      1       81
                                      1880
  MINIMUM         66    721 AM  51    2010  67     -1       73
  AVERAGE         72                        71      1       77

PRECIPITATION (IN)
  YESTERDAY        0.00          2.61 1964   0.07  -0.07     0.00
  MONTH TO DATE    1.28                      1.25   0.03     0.56
  SINCE DEC 1      1.28                      1.25   0.03     0.56
  SINCE JAN 1     38.12                     38.86  -0.74    36.17

SNOWFALL (IN)
  YESTERDAY        0.0
  MONTH TO DATE    0.0
  SINCE DEC 1      0.0
  SINCE JUL 1      0.0
  SNOW DEPTH       0

DEGREE DAYS
 HEATING
  YESTERDAY        0                         0      0        0
  MONTH TO DATE    9                         0      9        0
  SINCE DEC 1      9                         0      9        0
  SINCE JUL 1      9                         1      8        0

 COOLING
  YESTERDAY        7                         7      0       12
  MONTH TO DATE  113                       124    -11      211
  SINCE DEC 1    113                       124    -11      211
  SINCE JAN 1   5214                      4657    557     4964
..................................................................


WIND (MPH)
  HIGHEST WIND SPEED    13   HIGHEST WIND DIRECTION    NE (40)
  HIGHEST GUST SPEED    19   HIGHEST GUST DIRECTION    NE (40)
  AVERAGE WIND SPEED     7.2


SKY COVER
  POSSIBLE SUNSHINE  MM
  AVERAGE SKY COVER 0.0


WEATHER CONDITIONS
 THE FOLLOWING WEATHER WAS RECORDED YESTERDAY.
  NO SIGNIFICANT WEATHER WAS OBSERVED.


RELATIVE HUMIDITY (PERCENT)
 HIGHEST    93
 LOWEST     64
 AVERAGE    79

..........................................................


THE KEY WEST CLIMATE NORMALS FOR TODAY
                         NORMAL    RECORD    YEAR
 MAXIMUM TEMPERATURE (F)   76        84      1956
                                             1948
 MINIMUM TEMPERATURE (F)   67        51      1968
                                             1916


SUNRISE AND SUNSET
DECEMBER 17 2017......SUNRISE   705 AM EST   SUNSET   542 PM EST
DECEMBER 18 2017......SUNRISE   705 AM EST   SUNSET   542 PM EST


-  INDICATES NEGATIVE NUMBERS.
R  INDICATES RECORD WAS SET OR TIED.
MM INDICATES DATA IS MISSING.
T  INDICATES TRACE AMOUNT.




$$
