000
CDUS42 KKEY 200532
CLIEYW

CLIMATE REPORT
NATIONAL WEATHER SERVICE KEY WEST, FL
130 AM EDT SUN APR 20 2014


...................................

...THE KEY WEST CLIMATE SUMMARY FOR APRIL 19 2014...

CLIMATE NORMAL PERIOD 1981 TO 2010
CLIMATE RECORD PERIOD 1871 TO 2014


WEATHER ITEM   OBSERVED TIME   RECORD YEAR NORMAL DEPARTURE LAST
                VALUE   (LST)  VALUE       VALUE  FROM      YEAR
                                                  NORMAL
..................................................................
TEMPERATURE (F)
 YESTERDAY
  MAXIMUM         81    132 PM  89    1934  82     -1       87
  MINIMUM         73   1159 PM  60    1997  72      1       80
  AVERAGE         77                        77      0       84

PRECIPITATION (IN)
  YESTERDAY        T             1.12 1939   0.08  -0.08     0.00
  MONTH TO DATE    0.56                      1.33  -0.77     1.43
  SINCE MAR 1      4.34                      3.38   0.96     3.63
  SINCE JAN 1     11.94                      6.91   5.03     5.17

SNOWFALL (IN)
  YESTERDAY        0.0
  MONTH TO DATE    0.0
  SINCE MAR 1      0.0
  SINCE JUL 1      0.0
  SNOW DEPTH       0

DEGREE DAYS
 HEATING
  YESTERDAY        0                         0      0        0
  MONTH TO DATE    0                         0      0        0
  SINCE MAR 1      0                         7     -7       16
  SINCE JUL 1     22                        73    -51       28

 COOLING
  YESTERDAY       12                        12      0       19
  MONTH TO DATE  238                       205     33      282
  SINCE MAR 1    515                       467     48      444
  SINCE JAN 1    941                       815    126      978
..................................................................


WIND (MPH)
  HIGHEST WIND SPEED    20   HIGHEST WIND DIRECTION    NW (320)
  HIGHEST GUST SPEED    25   HIGHEST GUST DIRECTION    NW (320)
  AVERAGE WIND SPEED    12.6


SKY COVER
  POSSIBLE SUNSHINE  MM
  AVERAGE SKY COVER 0.3


WEATHER CONDITIONS
 THE FOLLOWING WEATHER WAS RECORDED YESTERDAY.
  LIGHT RAIN


RELATIVE HUMIDITY (PERCENT)
 HIGHEST    91
 LOWEST     69
 AVERAGE    80

..........................................................


THE KEY WEST CLIMATE NORMALS FOR TODAY
                         NORMAL    RECORD    YEAR
 MAXIMUM TEMPERATURE (F)   82        89      1877
 MINIMUM TEMPERATURE (F)   72        61      1997


SUNRISE AND SUNSET
APRIL 20 2014.........SUNRISE   701 AM EDT   SUNSET   751 PM EDT
APRIL 21 2014.........SUNRISE   700 AM EDT   SUNSET   752 PM EDT


-  INDICATES NEGATIVE NUMBERS.
R  INDICATES RECORD WAS SET OR TIED.
MM INDICATES DATA IS MISSING.
T  INDICATES TRACE AMOUNT.




$$
