000
CDUS42 KKEY 230542
CLIEYW


CLIMATE REPORT
NATIONAL WEATHER SERVICE KEY WEST, FL
138 AM EDT SUN APR 23 2017


...................................

...THE KEY WEST CLIMATE SUMMARY FOR APRIL 22 2017...

CLIMATE NORMAL PERIOD 1981 TO 2010
CLIMATE RECORD PERIOD 1871 TO 2017

WEATHER ITEM   OBSERVED TIME   RECORD YEAR NORMAL DEPARTURE LAST
               VALUE    (LST)  VALUE       VALUE  FROM      YEAR
                                                  NORMAL
..................................................................
TEMPERATURE (F)
 YESTERDAY
  MAXIMUM         77    346 AM  88    1937  82     -5       81
                                      1908
                                      1882
  MINIMUM         72    901 PM  62    1940  72      0       72
  AVERAGE         75                        77     -2       77

PRECIPITATION (IN)
  YESTERDAY        1.15          1.83 1875   0.08   1.07     0.04
  MONTH TO DATE    3.74                      1.57   2.17     1.40
  SINCE MAR 1      4.67                      3.62   1.05     1.70
  SINCE JAN 1      7.72                      7.15   0.57     8.78

SNOWFALL (IN)
  YESTERDAY        0.0
  MONTH TO DATE    0.0
  SINCE MAR 1      0.0
  SINCE JUL 1      0.0
  SNOW DEPTH       0

DEGREE DAYS
 HEATING
  YESTERDAY        0                         0      0        0
  MONTH TO DATE    0                         0      0        0
  SINCE MAR 1      0                         7     -7        0
  SINCE JUL 1      5                        73    -68       24

 COOLING
  YESTERDAY       10                        12     -2       12
  MONTH TO DATE  270                       241     29      257
  SINCE MAR 1    576                       503     73      582
  SINCE JAN 1   1116                       851    265      910
..................................................................

WIND (MPH)
  HIGHEST WIND SPEED    22   HIGHEST WIND DIRECTION    SE (120)
  HIGHEST GUST SPEED    28   HIGHEST GUST DIRECTION     E (110)
  AVERAGE WIND SPEED    13.9

SKY COVER
  POSSIBLE SUNSHINE  MM
  AVERAGE SKY COVER 0.7

WEATHER CONDITIONS
 THE FOLLOWING WEATHER WAS RECORDED YESTERDAY.
  THUNDERSTORM
  HEAVY RAIN
  RAIN
  LIGHT RAIN
  FOG

RELATIVE HUMIDITY (PERCENT)
 HIGHEST    94
 LOWEST     82
 AVERAGE    88

..........................................................

THE KEY WEST CLIMATE NORMALS FOR TODAY
                         NORMAL    RECORD    YEAR
 MAXIMUM TEMPERATURE (F)   82        89      1874
 MINIMUM TEMPERATURE (F)   73        62      1940

SUNRISE AND SUNSET
APRIL 23 2017.........SUNRISE   658 AM EDT   SUNSET   753 PM EDT
APRIL 24 2017.........SUNRISE   657 AM EDT   SUNSET   753 PM EDT

-  INDICATES NEGATIVE NUMBERS.
R  INDICATES RECORD WAS SET OR TIED.
MM INDICATES DATA IS MISSING.
T  INDICATES TRACE AMOUNT.

$$
