000
CDUS42 KKEY 010529
CLIEYW

CLIMATE REPORT
NATIONAL WEATHER SERVICE KEY WEST, FL
127 AM EDT WED JUL 1 2015


...................................

...THE KEY WEST CLIMATE SUMMARY FOR JUNE 30 2015...

CLIMATE NORMAL PERIOD 1981 TO 2010
CLIMATE RECORD PERIOD 1871 TO 2015


WEATHER ITEM   OBSERVED TIME   RECORD YEAR NORMAL DEPARTURE LAST
                VALUE   (LST)  VALUE       VALUE  FROM      YEAR
                                                  NORMAL
..................................................................
TEMPERATURE (F)
 YESTERDAY
  MAXIMUM         94R   210 PM  94    1881  89      5       90
  MINIMUM         84R  1159 PM  71    1935  80      4       79
  AVERAGE         89                        84      5       85

PRECIPITATION (IN)
  YESTERDAY        0.00          2.12 1966   0.14  -0.14     0.02
  MONTH TO DATE    2.64                      4.11  -1.47     2.38
  SINCE JUN 1      2.64                      4.11  -1.47     2.38
  SINCE JAN 1     15.07                     14.74   0.33    15.23

SNOWFALL (IN)
  YESTERDAY        0.0
  MONTH TO DATE    0.0
  SINCE JUN 1      0.0
  SINCE JUL 1      0.0
  SNOW DEPTH       0

DEGREE DAYS
 HEATING
  YESTERDAY        0                         0      0        0
  MONTH TO DATE    0                         0      0        0
  SINCE JUN 1      0                         0      0        0
  SINCE JUL 1     27                        73    -46       22

 COOLING
  YESTERDAY       24                        19      5       20
  MONTH TO DATE  571                       549     22      558
  SINCE JUN 1    571                       549     22      558
  SINCE JAN 1   2288                      1979    309     2180
..................................................................


WIND (MPH)
  HIGHEST WIND SPEED    16   HIGHEST WIND DIRECTION     E (110)
  HIGHEST GUST SPEED    25   HIGHEST GUST DIRECTION    SE (140)
  AVERAGE WIND SPEED     8.6


SKY COVER
  POSSIBLE SUNSHINE  MM
  AVERAGE SKY COVER 0.1


WEATHER CONDITIONS
 THE FOLLOWING WEATHER WAS RECORDED YESTERDAY.
  NO SIGNIFICANT WEATHER WAS OBSERVED.


RELATIVE HUMIDITY (PERCENT)
 HIGHEST    82
 LOWEST     56
 AVERAGE    69

..........................................................


THE KEY WEST CLIMATE NORMALS FOR TODAY
                         NORMAL    RECORD    YEAR
 MAXIMUM TEMPERATURE (F)   89        94      1957
                                             1882
 MINIMUM TEMPERATURE (F)   80        69      1923
                                             1899


SUNRISE AND SUNSET
JULY  1 2015..........SUNRISE   642 AM EDT   SUNSET   820 PM EDT
JULY  2 2015..........SUNRISE   642 AM EDT   SUNSET   820 PM EDT


-  INDICATES NEGATIVE NUMBERS.
R  INDICATES RECORD WAS SET OR TIED.
MM INDICATES DATA IS MISSING.
T  INDICATES TRACE AMOUNT.




$$
