000
CDUS42 KKEY 270535
CLIEYW

CLIMATE REPORT
NATIONAL WEATHER SERVICE KEY WEST, FL
133 AM EDT WED JUL 27 2016

...................................

...THE KEY WEST CLIMATE SUMMARY FOR JULY 26 2016...

CLIMATE NORMAL PERIOD 1981 TO 2010
CLIMATE RECORD PERIOD 1871 TO 2016


WEATHER ITEM   OBSERVED TIME   RECORD YEAR NORMAL DEPARTURE LAST
                VALUE   (LST)  VALUE       VALUE  FROM      YEAR
                                                  NORMAL
..................................................................
TEMPERATURE (F)
 YESTERDAY
  MAXIMUM         91    242 PM  95    1881  90      1       88
  MINIMUM         84   1159 PM  72    1919  80      4       76
                                      1894
  AVERAGE         88                        85      3       82

PRECIPITATION (IN)
  YESTERDAY        0.00          2.81 1946   0.11  -0.11     0.17
  MONTH TO DATE    2.93                      2.96  -0.03     0.67
  SINCE JUN 1      4.07                      7.07  -3.00     3.31
  SINCE JAN 1     15.72                     17.70  -1.98    15.74

SNOWFALL (IN)
  YESTERDAY        0.0
  MONTH TO DATE    0.0
  SINCE JUN 1      0.0
  SINCE JUL 1      0.0
  SNOW DEPTH       0

DEGREE DAYS
 HEATING
  YESTERDAY        0                         0      0        0
  MONTH TO DATE    0                         0      0        0
  SINCE JUN 1      0                         0      0        0
  SINCE JUL 1      0                         0      0        0

 COOLING
  YESTERDAY       23                        20      3       17
  MONTH TO DATE  533                       508     25      546
  SINCE JUN 1   1104                      1057     47     1117
  SINCE JAN 1   2595                      2487    108     2834
..................................................................


WIND (MPH)
  HIGHEST WIND SPEED    20   HIGHEST WIND DIRECTION     E (110)
  HIGHEST GUST SPEED    25   HIGHEST GUST DIRECTION     E (110)
  AVERAGE WIND SPEED    12.4


SKY COVER
  POSSIBLE SUNSHINE  MM
  AVERAGE SKY COVER 0.1


WEATHER CONDITIONS
 THE FOLLOWING WEATHER WAS RECORDED YESTERDAY.
  THUNDERSTORM


RELATIVE HUMIDITY (PERCENT)
 HIGHEST    82
 LOWEST     66
 AVERAGE    74

..........................................................


THE KEY WEST CLIMATE NORMALS FOR TODAY
                         NORMAL    RECORD    YEAR
 MAXIMUM TEMPERATURE (F)   90        94      1957
                                             1956
                                             1881
 MINIMUM TEMPERATURE (F)   80        70      1930


SUNRISE AND SUNSET
JULY 27 2016..........SUNRISE   653 AM EDT   SUNSET   813 PM EDT
JULY 28 2016..........SUNRISE   654 AM EDT   SUNSET   813 PM EDT


-  INDICATES NEGATIVE NUMBERS.
R  INDICATES RECORD WAS SET OR TIED.
MM INDICATES DATA IS MISSING.
T  INDICATES TRACE AMOUNT.

$$
