046
CDAK49 PAFG 250041
CLIFAI

CLIMATE REPORT
NATIONAL WEATHER SERVICE FAIRBANKS AK
341 PM AKST FRI FEB 24 2017

...................................

...THE FAIRBANKS AK CLIMATE SUMMARY FOR FEBRUARY 24 2017...
VALID TODAY AS OF 0300 PM LOCAL TIME.

CLIMATE NORMAL PERIOD 1981 TO 2010
CLIMATE RECORD PERIOD 1904 TO 2017


WEATHER ITEM   OBSERVED TIME   RECORD YEAR NORMAL DEPARTURE LAST
                VALUE   (LST)  VALUE       VALUE  FROM      YEAR
                                                  NORMAL
..................................................................
TEMPERATURE (F)
 TODAY
  MAXIMUM         34    259 PM  50    1943  15     19       39
  MINIMUM         23    903 AM -52    1932  -9     32       12
  AVERAGE         29                         2     27       26

PRECIPITATION (IN)
  TODAY            0.30R         0.13 1929   0.01   0.29     0.00
  MONTH TO DATE    0.68                      0.37   0.31     0.05
  SINCE DEC 1      3.60                      1.59   2.01     0.13
  SINCE JAN 1      1.64                      0.95   0.69     0.06

SNOWFALL (IN)
  TODAY            3.0 R         2.6  2008   0.3    2.7      0.0
  MONTH TO DATE   13.7                       7.2    6.5      0.6
  SINCE DEC 1     63.6                      29.6   34.0      2.5
  SINCE JUL 1     68.8                      55.4   13.4     52.6
  SNOW DEPTH      27

DEGREE DAYS
 HEATING
  TODAY           36                        63    -27       39
  MONTH TO DATE 1621                      1611     10     1450
  SINCE DEC 1   6188                      6012    176     5421
  SINCE JUL 1   9958                     10143   -185     9209

 COOLING
  TODAY            0                         0      0        0
  MONTH TO DATE    0                         0      0        0
  SINCE DEC 1      0                         0      0        0
  SINCE JAN 1      0                         0      0        0
..................................................................


WIND (MPH)
  HIGHEST GUST SPEED    11   HIGHEST GUST DIRECTION    SW (220)


SKY COVER
  AVERAGE SKY COVER 1.0


WEATHER CONDITIONS
 THE FOLLOWING WEATHER WAS RECORDED TODAY.
  SNOW
  LIGHT SNOW
  FOG


RELATIVE HUMIDITY (PERCENT)
 HIGHEST   100
 LOWEST     89
 AVERAGE    95

..........................................................


THE FAIRBANKS AK CLIMATE NORMALS FOR TOMORROW
                         NORMAL    RECORD    YEAR
 MAXIMUM TEMPERATURE (F)   16        47      1921
 MINIMUM TEMPERATURE (F)  -10       -51      1932


SUNRISE AND SUNSET
FEBRUARY 24 2017..........SUNRISE  817 AM AKST   SUNSET  554 PM AKST
FEBRUARY 25 2017..........SUNRISE  813 AM AKST   SUNSET  557 PM AKST


-  INDICATES NEGATIVE NUMBERS.
R  INDICATES RECORD WAS SET OR TIED.
MM INDICATES DATA IS MISSING.
T  INDICATES TRACE AMOUNT.

&&

SNOW DEPTH IS MEASURED AT 3AM AKST/4AM AKDT

----------------------------
AVAILABLE DAYLIGHT

AMOUNT OF DAYLIGHT TODAY  (HOUR:MIN)........9:37
GAIN SINCE YESTERDAY........................7 MINUTES
----------------------------

$$
FEB 17
