000
CDAK49 PAFG 281002
CLIFAI

CLIMATE REPORT
NATIONAL WEATHER SERVICE FAIRBANKS AK
202 AM AKDT SUN MAY 28 2017

...................................

...THE FAIRBANKS AK CLIMATE SUMMARY FOR MAY 27 2017...

CLIMATE NORMAL PERIOD 1981 TO 2010
CLIMATE RECORD PERIOD 1904 TO 2017


WEATHER ITEM   OBSERVED TIME   RECORD YEAR NORMAL DEPARTURE LAST
                VALUE   (LST)  VALUE       VALUE  FROM      YEAR
                                                  NORMAL
..................................................................
TEMPERATURE (F)
 YESTERDAY
  MAXIMUM         58    451 PM  85    2011  65     -7       62
  MINIMUM         35    344 AM  28    1927  42     -7       47
  AVERAGE         47                        54     -7       55

PRECIPITATION (IN)
  YESTERDAY        T             0.77 1955   0.02  -0.02     0.00
  MONTH TO DATE    0.55                      0.50   0.05     0.78
  SINCE MAR 1      0.81                      1.06  -0.25     1.83
  SINCE JAN 1      3.01                      2.06   0.95     1.89

SNOWFALL (IN)
  YESTERDAY        0.0           0.1  1978   0.0    0.0      0.0
  MONTH TO DATE    T                         0.9   -0.9      0.0
  SINCE MAR 1      4.7                       8.7   -4.0      7.4
  SINCE JUL 1     83.1                      65.0   18.1     60.0
  SNOW DEPTH       0

DEGREE DAYS
 HEATING
  YESTERDAY       18                        11      7       10
  MONTH TO DATE  411                       444    -33      334
  SINCE MAR 1   3370                      3078    292     2401
  SINCE JUL 1  13500                     13468     32    11807

 COOLING
  YESTERDAY        0                         0      0        0
  MONTH TO DATE    0                         0      0        6
  SINCE MAR 1      0                         0      0        6
  SINCE JAN 1      0                         0      0        6
..................................................................


WIND (MPH)
  HIGHEST GUST SPEED    24   HIGHEST GUST DIRECTION     W (250)


SKY COVER
  AVERAGE SKY COVER 0.8


WEATHER CONDITIONS
 THE FOLLOWING WEATHER WAS RECORDED YESTERDAY.
  LIGHT RAIN


RELATIVE HUMIDITY (PERCENT)
 HIGHEST    82
 LOWEST     24
 AVERAGE    53

..........................................................


THE FAIRBANKS AK CLIMATE NORMALS FOR TODAY
                         NORMAL    RECORD    YEAR
 MAXIMUM TEMPERATURE (F)   66        90      1947
 MINIMUM TEMPERATURE (F)   43        30      1934


SUNRISE AND SUNSET
MAY 28 2017..........SUNRISE  344 AM AKDT   SUNSET  1156 PM AKDT
MAY 29 2017..........SUNRISE  341 AM AKDT   SUNSET  1159 PM AKDT


-  INDICATES NEGATIVE NUMBERS.
R  INDICATES RECORD WAS SET OR TIED.
MM INDICATES DATA IS MISSING.
T  INDICATES TRACE AMOUNT.

&&

SNOW DEPTH IS MEASURED AT 3AM AKST/4AM AKDT

----------------------------
AVAILABLE DAYLIGHT

AMOUNT OF DAYLIGHT TODAY  (HOUR:MIN)........20:12
GAIN SINCE YESTERDAY........................6 MINUTES
----------------------------

$$
CCC MAY 17
