000
CDAK49 PAFG 240945
CLIFAI

CLIMATE REPORT
NATIONAL WEATHER SERVICE FAIRBANKS AK
145 AM AKDT THU JUL 24 2014

...................................

...THE FAIRBANKS AK CLIMATE SUMMARY FOR JULY 23 2014...

CLIMATE NORMAL PERIOD 1981 TO 2010
CLIMATE RECORD PERIOD 1904 TO 2014


WEATHER ITEM   OBSERVED TIME   RECORD YEAR NORMAL DEPARTURE LAST
                VALUE   (LST)  VALUE       VALUE  FROM      YEAR
                                                  NORMAL
..................................................................
TEMPERATURE (F)
 YESTERDAY
  MAXIMUM         63    540 PM  88    1968  72     -9       80
  MINIMUM         55   1159 PM  36    1928  52      3       57
  AVERAGE         59                        62     -3       69

PRECIPITATION (IN)
  YESTERDAY        0.03          0.77 1998   0.07  -0.04     0.00
  MONTH TO DATE    5.45                      1.57   3.88     1.00
  SINCE JUN 1      9.01                      2.94   6.07     1.43
  SINCE JAN 1     10.10                      5.10   5.00     3.77

SNOWFALL (IN)
  YESTERDAY        0.0           0.0  2002   0.0    0.0      0.0
                                      2001
                                      2000
  MONTH TO DATE    0.0                       0.0    0.0      0.0
  SINCE JUN 1      0.0                       0.0    0.0      0.0
  SINCE JUL 1      0.0                       0.0    0.0      0.0
  SNOW DEPTH       0

DEGREE DAYS
 HEATING
  YESTERDAY        6                         4      2        0
  MONTH TO DATE   80                        73      7       67
  SINCE JUN 1    272                       233     39      138
  SINCE JUL 1     80                        73      7       67

 COOLING
  YESTERDAY        0                         1     -1        4
  MONTH TO DATE   19                        27     -8       29
  SINCE JUN 1     20                        50    -30      164
  SINCE JAN 1     20                        51    -31      177
..................................................................


WIND (MPH)
  HIGHEST GUST SPEED    18   HIGHEST GUST DIRECTION     W (280)


SKY COVER
  AVERAGE SKY COVER 0.9


WEATHER CONDITIONS
 THE FOLLOWING WEATHER WAS RECORDED YESTERDAY.
  LIGHT RAIN
  FOG


RELATIVE HUMIDITY (PERCENT)
 HIGHEST    93
 LOWEST     65
 AVERAGE    79

..........................................................


THE FAIRBANKS AK CLIMATE NORMALS FOR TODAY
                         NORMAL    RECORD    YEAR
 MAXIMUM TEMPERATURE (F)   71        89      1968
 MINIMUM TEMPERATURE (F)   52        35      1917


SUNRISE AND SUNSET
JULY 24 2014..........SUNRISE  425 AM AKDT   SUNSET  1129 PM AKDT
JULY 25 2014..........SUNRISE  428 AM AKDT   SUNSET  1126 PM AKDT


-  INDICATES NEGATIVE NUMBERS.
R  INDICATES RECORD WAS SET OR TIED.
MM INDICATES DATA IS MISSING.
T  INDICATES TRACE AMOUNT.

&&

SNOW DEPTH IS MEASURED AT 3AM AKST/4AM AKDT

----------------------------
AVAILABLE DAYLIGHT

AMOUNT OF DAYLIGHT TODAY  (HOUR:MIN)........19:04
LOSS SINCE YESTERDAY........................7 MINUTES
----------------------------

$$
JL JUL 14
