000
CDAK49 PAFG 080947
CLIFAI

CLIMATE REPORT
NATIONAL WEATHER SERVICE FAIRBANKS AK
1247 AM AKST THU DEC 8 2016

...................................

...THE FAIRBANKS AK CLIMATE SUMMARY FOR DECEMBER 7 2016...

CLIMATE NORMAL PERIOD 1981 TO 2010
CLIMATE RECORD PERIOD 1904 TO 2016


WEATHER ITEM   OBSERVED TIME   RECORD YEAR NORMAL DEPARTURE LAST
                VALUE   (LST)  VALUE       VALUE  FROM      YEAR
                                                  NORMAL
..................................................................
TEMPERATURE (F)
 YESTERDAY
  MAXIMUM        -19    232 PM  52    1934   6    -25        1
  MINIMUM        -29    349 AM -59    1935 -10    -19      -14
  AVERAGE        -24                        -3    -21       -6

PRECIPITATION (IN)
  YESTERDAY        0.00          0.16 1928   0.02  -0.02      T
  MONTH TO DATE    0.41                      0.13   0.28     0.02
  SINCE DEC 1      0.41                      0.13   0.28     0.02
  SINCE JAN 1     14.51                     10.30   4.21    14.33

SNOWFALL (IN)
  YESTERDAY        0.0           3.0  1928   0.4   -0.4       T
  MONTH TO DATE    6.8                       2.6    4.2      0.3
  SINCE DEC 1      6.8                       2.6    4.2      0.3
  SINCE JUL 1     12.0                      28.4  -16.4     50.4
  SNOW DEPTH       7

DEGREE DAYS
 HEATING
  YESTERDAY       89                        68     21       71
  MONTH TO DATE  591                       473    118      478
  SINCE DEC 1    591                       473    118      478
  SINCE JUL 1   4361                      4604   -243     4266

 COOLING
  YESTERDAY        0                         0      0        0
  MONTH TO DATE    0                         0      0        0
  SINCE DEC 1      0                         0      0        0
  SINCE JAN 1     76                        61     15       62
..................................................................


WIND (MPH)
  HIGHEST GUST SPEED    10   HIGHEST GUST DIRECTION    NE (40)


SKY COVER
  AVERAGE SKY COVER 0.0


WEATHER CONDITIONS
 THE FOLLOWING WEATHER WAS RECORDED YESTERDAY.
  NO SIGNIFICANT WEATHER WAS OBSERVED.


RELATIVE HUMIDITY (PERCENT)
 HIGHEST    83
 LOWEST     69
 AVERAGE    76

..........................................................


THE FAIRBANKS AK CLIMATE NORMALS FOR TODAY
                         NORMAL    RECORD    YEAR
 MAXIMUM TEMPERATURE (F)    6        55      1934
 MINIMUM TEMPERATURE (F)  -10       -53      1935


SUNRISE AND SUNSET
DECEMBER 08 2016..........SUNRISE  1040 AM AKST   SUNSET  247 PM AKST
DECEMBER 09 2016..........SUNRISE  1042 AM AKST   SUNSET  246 PM AKST


-  INDICATES NEGATIVE NUMBERS.
R  INDICATES RECORD WAS SET OR TIED.
MM INDICATES DATA IS MISSING.
T  INDICATES TRACE AMOUNT.

&&

SNOW DEPTH IS MEASURED AT 3AM AKST/4AM AKDT

----------------------------
AVAILABLE DAYLIGHT

AMOUNT OF DAYLIGHT TODAY  (HOUR:MIN)........4:07
LOSS SINCE YESTERDAY........................5 MINUTES
----------------------------

$$
DEC 16
