000
CDAK49 PAFG 260115
CLIFAI

CLIMATE REPORT
NATIONAL WEATHER SERVICE FAIRBANKS AK
515 PM AKDT THU AUG 25 2016

...................................

...THE FAIRBANKS AK CLIMATE SUMMARY FOR AUGUST 25 2016...
VALID TODAY AS OF 0500 PM LOCAL TIME.

CLIMATE NORMAL PERIOD 1981 TO 2010
CLIMATE RECORD PERIOD 1904 TO 2016


WEATHER ITEM   OBSERVED TIME   RECORD YEAR NORMAL DEPARTURE LAST
                VALUE   (LST)  VALUE       VALUE  FROM      YEAR
                                                  NORMAL
..................................................................
TEMPERATURE (F)
 TODAY
  MAXIMUM         59    259 PM  76    1987  64     -5       56
                                      1957
                                      1947
  MINIMUM         51    842 AM  31    1965  44      7       45
                                      1948
  AVERAGE         55                        54      1       51

PRECIPITATION (IN)
  TODAY            0.06          0.76 1994   0.06   0.00     0.59
  MONTH TO DATE    1.44                      1.56  -0.12     1.52
  SINCE JUN 1      9.70                      5.09   4.61     5.33
  SINCE JAN 1     11.59                      7.25   4.34     6.90

SNOWFALL (IN)
  TODAY            0.0           0.0  2002   0.0    0.0      0.0
                                      2001
                                      2000
  MONTH TO DATE    0.0                       0.0    0.0      0.0
  SINCE JUN 1      0.0                       0.0    0.0      0.0
  SINCE JUL 1      0.0                       0.0    0.0      0.0
  SNOW DEPTH       0

DEGREE DAYS
 HEATING
  TODAY           10                        11     -1       14
  MONTH TO DATE   86                       204   -118      202
  SINCE JUN 1    331                       472   -141      487
  SINCE JUL 1    170                       312   -142      306

 COOLING
  TODAY            0                         0      0        0
  MONTH TO DATE    8                         0      8        5
  SINCE JUN 1     70                        54     16       60
  SINCE JAN 1     76                        55     21       62
..................................................................


WIND (MPH)
  HIGHEST GUST SPEED    12   HIGHEST GUST DIRECTION    SW (210)


SKY COVER
  AVERAGE SKY COVER 1.0


WEATHER CONDITIONS
 THE FOLLOWING WEATHER WAS RECORDED TODAY.
  LIGHT RAIN
  FOG


RELATIVE HUMIDITY (PERCENT)
 HIGHEST   100
 LOWEST     93
 AVERAGE    97

..........................................................


THE FAIRBANKS AK CLIMATE NORMALS FOR TOMORROW
                         NORMAL    RECORD    YEAR
 MAXIMUM TEMPERATURE (F)   63        80      1981
 MINIMUM TEMPERATURE (F)   43        25      1918


SUNRISE AND SUNSET
AUGUST 25 2016..........SUNRISE  613 AM AKDT   SUNSET  933 PM AKDT
AUGUST 26 2016..........SUNRISE  616 AM AKDT   SUNSET  929 PM AKDT


-  INDICATES NEGATIVE NUMBERS.
R  INDICATES RECORD WAS SET OR TIED.
MM INDICATES DATA IS MISSING.
T  INDICATES TRACE AMOUNT.

&&

SNOW DEPTH IS MEASURED AT 3AM AKST/4AM AKDT

----------------------------
AVAILABLE DAYLIGHT

AMOUNT OF DAYLIGHT TODAY  (HOUR:MIN)........15:20
LOSS SINCE YESTERDAY........................7 MINUTES
----------------------------

$$
HFL AUG 16
