000
CDAK49 PAFG 271522
CLIFAI

CLIMATE REPORT
NATIONAL WEATHER SERVICE FAIRBANKS AK
722 AM AKDT THU AUG 27 2015

...................................

...THE FAIRBANKS AK CLIMATE SUMMARY FOR AUGUST 26 2015...

CLIMATE NORMAL PERIOD 1981 TO 2010
CLIMATE RECORD PERIOD 1904 TO 2015


WEATHER ITEM   OBSERVED TIME   RECORD YEAR NORMAL DEPARTURE LAST
                VALUE   (LST)  VALUE       VALUE  FROM      YEAR
                                                  NORMAL
..................................................................
TEMPERATURE (F)
 YESTERDAY
  MAXIMUM         55    542 PM  80    1981  63     -8       66
  MINIMUM         51   1159 PM  25    1918  43      8       52
  AVERAGE         53                        53      0       59

PRECIPITATION (IN)
  YESTERDAY        0.75          1.38 1990   0.06   0.69     0.11
  MONTH TO DATE    2.27                      1.62   0.65     2.17
  SINCE JUN 1      6.08                      5.15   0.93    11.51
  SINCE JAN 1      7.65                      7.31   0.34    12.60

SNOWFALL (IN)
  YESTERDAY        0.0           0.0  2002   0.0    0.0      0.0
                                      2001
                                      2000
  MONTH TO DATE    0.0                       0.0    0.0      0.0
  SINCE JUN 1      0.0                       0.0    0.0      0.0
  SINCE JUL 1      0.0                       0.0    0.0      0.0
  SNOW DEPTH      MM

DEGREE DAYS
 HEATING
  YESTERDAY       12                        12      0        6
  MONTH TO DATE  214                       216     -2      106
  SINCE JUN 1    499                       484     15      435
  SINCE JUL 1    318                       324     -6      243

 COOLING
  YESTERDAY        0                         0      0        0
  MONTH TO DATE    5                         0      5        7
  SINCE JUN 1     60                        54      6       27
  SINCE JAN 1     62                        55      7       27
..................................................................


WIND (MPH)
  HIGHEST GUST SPEED    30   HIGHEST GUST DIRECTION     W (260)


SKY COVER
  AVERAGE SKY COVER 1.0


WEATHER CONDITIONS
 THE FOLLOWING WEATHER WAS RECORDED YESTERDAY.
  LIGHT RAIN
  FOG


RELATIVE HUMIDITY (PERCENT)
 HIGHEST   100
 LOWEST     83
 AVERAGE    92

..........................................................


THE FAIRBANKS AK CLIMATE NORMALS FOR TODAY
                         NORMAL    RECORD    YEAR
 MAXIMUM TEMPERATURE (F)   63        84      1981
 MINIMUM TEMPERATURE (F)   43        28      1933


SUNRISE AND SUNSET
AUGUST 27 2015..........SUNRISE  616 AM AKDT   SUNSET  928 PM AKDT
AUGUST 28 2015..........SUNRISE  620 AM AKDT   SUNSET  925 PM AKDT


-  INDICATES NEGATIVE NUMBERS.
R  INDICATES RECORD WAS SET OR TIED.
MM INDICATES DATA IS MISSING.
T  INDICATES TRACE AMOUNT.

&&

SNOW DEPTH IS MEASURED AT 3AM AKST/4AM AKDT

----------------------------
AVAILABLE DAYLIGHT

AMOUNT OF DAYLIGHT TODAY  (HOUR:MIN)........15:12
LOSS SINCE YESTERDAY........................7 MINUTES
----------------------------

$$
AUG 15
