000
CDAK49 PAFG 201005
CLIFAI

CLIMATE REPORT
NATIONAL WEATHER SERVICE FAIRBANKS AK
205 AM AKDT THU JUL 20 2017

...................................

...THE FAIRBANKS AK CLIMATE SUMMARY FOR JULY 19 2017...

CLIMATE NORMAL PERIOD 1981 TO 2010
CLIMATE RECORD PERIOD 1904 TO 2017


WEATHER ITEM   OBSERVED TIME   RECORD YEAR NORMAL DEPARTURE LAST
                VALUE   (LST)  VALUE       VALUE  FROM      YEAR
                                                  NORMAL
..................................................................
TEMPERATURE (F)
 YESTERDAY
  MAXIMUM         81    430 PM  86    1990  73      8       65
                                      1962
  MINIMUM         57    406 AM  36    1933  52      5       54
  AVERAGE         69                        62      7       60

PRECIPITATION (IN)
  YESTERDAY        T             1.02 1986   0.08  -0.08      T
  MONTH TO DATE    1.42                      1.28   0.14     2.22
  SINCE JUN 1      3.15                      2.65   0.50     5.51
  SINCE JAN 1      6.20                      4.81   1.39     7.40

SNOWFALL (IN)
  YESTERDAY        0.0           0.0  2002   0.0    0.0      0.0
                                      2001
                                      2000
  MONTH TO DATE    0.0                       0.0    0.0      0.0
  SINCE JUN 1      0.0                       0.0    0.0      0.0
  SINCE JUL 1      0.0                       0.0    0.0      0.0
  SNOW DEPTH       0

DEGREE DAYS
 HEATING
  YESTERDAY        0                         3     -3        5
  MONTH TO DATE   13                        57    -44       26
  SINCE JUN 1    107                       217   -110      187
  SINCE JUL 1     13                        57    -44       26

 COOLING
  YESTERDAY        4                         1      3        0
  MONTH TO DATE   42                        23     19       41
  SINCE JUN 1     77                        46     31       60
  SINCE JAN 1     77                        47     30       66
..................................................................


WIND (MPH)
  HIGHEST GUST SPEED    22   HIGHEST GUST DIRECTION     W (250)


SKY COVER
  AVERAGE SKY COVER 0.6


WEATHER CONDITIONS
 THE FOLLOWING WEATHER WAS RECORDED YESTERDAY.
  LIGHT RAIN


RELATIVE HUMIDITY (PERCENT)
 HIGHEST    80
 LOWEST     39
 AVERAGE    60

..........................................................


THE FAIRBANKS AK CLIMATE NORMALS FOR TODAY
                         NORMAL    RECORD    YEAR
 MAXIMUM TEMPERATURE (F)   72        88      1915
 MINIMUM TEMPERATURE (F)   52        37      1964


SUNRISE AND SUNSET
JULY 20 2017..........SUNRISE  412 AM AKDT   SUNSET  1141 PM AKDT
JULY 21 2017..........SUNRISE  415 AM AKDT   SUNSET  1138 PM AKDT


-  INDICATES NEGATIVE NUMBERS.
R  INDICATES RECORD WAS SET OR TIED.
MM INDICATES DATA IS MISSING.
T  INDICATES TRACE AMOUNT.

&&

SNOW DEPTH IS MEASURED AT 3AM AKST/4AM AKDT

----------------------------
AVAILABLE DAYLIGHT

AMOUNT OF DAYLIGHT TODAY  (HOUR:MIN)........19:29
LOSS SINCE YESTERDAY........................7 MINUTES
----------------------------

$$
DJH JUL 17
