000
CDAK49 PAFG 170931
CLIFAI

CLIMATE REPORT
NATIONAL WEATHER SERVICE FAIRBANKS AK
131 AM AKDT WED SEP 17 2014

...................................

...THE FAIRBANKS AK CLIMATE SUMMARY FOR SEPTEMBER 16 2014...

CLIMATE NORMAL PERIOD 1981 TO 2010
CLIMATE RECORD PERIOD 1904 TO 2014


WEATHER ITEM   OBSERVED TIME   RECORD YEAR NORMAL DEPARTURE LAST
                VALUE   (LST)  VALUE       VALUE  FROM      YEAR
                                                  NORMAL
..................................................................
TEMPERATURE (F)
 YESTERDAY
  MAXIMUM         63    314 PM  71    1973  55      8       58
  MINIMUM         40    647 AM  12    1992  35      5       32
  AVERAGE         52                        45      7       45

PRECIPITATION (IN)
  YESTERDAY        T             1.61 1925   0.03  -0.03     0.00
  MONTH TO DATE    2.24                      0.67   1.57     1.60
  SINCE SEP 1      2.24                      0.67   1.57     1.60
  SINCE JAN 1     14.96                      8.24   6.72     7.40

SNOWFALL (IN)
  YESTERDAY        0.0           1.1  1930   0.0    0.0      0.0
  MONTH TO DATE    0.0                       0.5   -0.5      0.0
  SINCE SEP 1      0.0                       0.5   -0.5      0.0
  SINCE JUL 1      0.0                       0.5   -0.5      0.0
  SNOW DEPTH       0

DEGREE DAYS
 HEATING
  YESTERDAY       13                        20     -7       20
  MONTH TO DATE  218                       268    -50      245
  SINCE SEP 1    218                       268    -50      245
  SINCE JUL 1    539                       657   -118      504

 COOLING
  YESTERDAY        0                         0      0        0
  MONTH TO DATE    0                         0      0        0
  SINCE SEP 1      0                         0      0        0
  SINCE JAN 1     27                        61    -34      226
..................................................................


WIND (MPH)
  HIGHEST GUST SPEED    12   HIGHEST GUST DIRECTION    NE (40)


SKY COVER
  AVERAGE SKY COVER 0.7


WEATHER CONDITIONS
 THE FOLLOWING WEATHER WAS RECORDED YESTERDAY.
  NO SIGNIFICANT WEATHER WAS OBSERVED.


RELATIVE HUMIDITY (PERCENT)
 HIGHEST    86
 LOWEST     43
 AVERAGE    65

..........................................................


THE FAIRBANKS AK CLIMATE NORMALS FOR TODAY
                         NORMAL    RECORD    YEAR
 MAXIMUM TEMPERATURE (F)   54        71      1995
 MINIMUM TEMPERATURE (F)   35        15      1909


SUNRISE AND SUNSET
SEPTEMBER 17 2014..........SUNRISE  720 AM AKDT   SUNSET  810 PM AKDT
SEPTEMBER 18 2014..........SUNRISE  723 AM AKDT   SUNSET  807 PM AKDT


-  INDICATES NEGATIVE NUMBERS.
R  INDICATES RECORD WAS SET OR TIED.
MM INDICATES DATA IS MISSING.
T  INDICATES TRACE AMOUNT.

&&

SNOW DEPTH IS MEASURED AT 3AM AKST/4AM AKDT

----------------------------
AVAILABLE DAYLIGHT

AMOUNT OF DAYLIGHT TODAY  (HOUR:MIN)........12:50
LOSS SINCE YESTERDAY........................7 MINUTES
----------------------------

$$
DA SEP 14
