000
CDAK49 PAFG 300934
CLIFAI

CLIMATE REPORT
NATIONAL WEATHER SERVICE FAIRBANKS AK
134 AM AKDT SAT AUG 30 2014

...................................

...THE FAIRBANKS AK CLIMATE SUMMARY FOR AUGUST 29 2014...

CLIMATE NORMAL PERIOD 1981 TO 2010
CLIMATE RECORD PERIOD 1904 TO 2014


WEATHER ITEM   OBSERVED TIME   RECORD YEAR NORMAL DEPARTURE LAST
                VALUE   (LST)  VALUE       VALUE  FROM      YEAR
                                                  NORMAL
..................................................................
TEMPERATURE (F)
 YESTERDAY
  MAXIMUM         55   1116 AM  84    1949  63     -8       56
  MINIMUM         43   1113 PM  24    1922  42      1       49
  AVERAGE         49                        52     -3       53

PRECIPITATION (IN)
  YESTERDAY        0.07          1.42 1962   0.06   0.01     0.07
  MONTH TO DATE    2.29                      1.78   0.51     2.00
  SINCE JUN 1     11.63                      5.31   6.32     3.44
  SINCE JAN 1     12.72                      7.47   5.25     5.78

SNOWFALL (IN)
  YESTERDAY        0.0           3.0  1922   0.0    0.0      0.0
  MONTH TO DATE    0.0                       0.0    0.0      0.0
  SINCE JUN 1      0.0                       0.0    0.0      0.0
  SINCE JUL 1      0.0                       0.0    0.0      0.0
  SNOW DEPTH       0

DEGREE DAYS
 HEATING
  YESTERDAY       16                        13      3       12
  MONTH TO DATE  141                       253   -112      157
  SINCE JUN 1    470                       521    -51      297
  SINCE JUL 1    278                       361    -83      226

 COOLING
  YESTERDAY        0                         0      0        0
  MONTH TO DATE    7                         0      7       24
  SINCE JUN 1     27                        54    -27      213
  SINCE JAN 1     27                        55    -28      226
..................................................................


WIND (MPH)
  HIGHEST GUST SPEED    28   HIGHEST GUST DIRECTION     W (270)


SKY COVER
  AVERAGE SKY COVER 0.8


WEATHER CONDITIONS
 THE FOLLOWING WEATHER WAS RECORDED YESTERDAY.
  HEAVY RAIN
  LIGHT RAIN
  FOG


RELATIVE HUMIDITY (PERCENT)
 HIGHEST    86
 LOWEST     50
 AVERAGE    68

..........................................................


THE FAIRBANKS AK CLIMATE NORMALS FOR TODAY
                         NORMAL    RECORD    YEAR
 MAXIMUM TEMPERATURE (F)   62        83      1974
 MINIMUM TEMPERATURE (F)   42        21      1922


SUNRISE AND SUNSET
AUGUST 30 2014..........SUNRISE  626 AM AKDT   SUNSET  916 PM AKDT
AUGUST 31 2014..........SUNRISE  629 AM AKDT   SUNSET  913 PM AKDT


-  INDICATES NEGATIVE NUMBERS.
R  INDICATES RECORD WAS SET OR TIED.
MM INDICATES DATA IS MISSING.
T  INDICATES TRACE AMOUNT.

&&

SNOW DEPTH IS MEASURED AT 3AM AKST/4AM AKDT

----------------------------
AVAILABLE DAYLIGHT

AMOUNT OF DAYLIGHT TODAY  (HOUR:MIN)........14:50
LOSS SINCE YESTERDAY........................7 MINUTES
----------------------------

$$
CCC AUG 14
