000
CDAK49 PAFG 260931
CLIFAI

CLIMATE REPORT
NATIONAL WEATHER SERVICE FAIRBANKS AK
1231 AM AKST WED NOV 26 2014

...................................

...THE FAIRBANKS AK CLIMATE SUMMARY FOR NOVEMBER 25 2014...

CLIMATE NORMAL PERIOD 1981 TO 2010
CLIMATE RECORD PERIOD 1904 TO 2014


WEATHER ITEM   OBSERVED TIME   RECORD YEAR NORMAL DEPARTURE LAST
                VALUE   (LST)  VALUE       VALUE  FROM      YEAR
                                                  NORMAL
..................................................................
TEMPERATURE (F)
 YESTERDAY
  MAXIMUM         17    401 PM  54    1936   7     10       13
  MINIMUM         12    715 AM -43    1994 -10     22       -7
  AVERAGE         15                        -1     16        3

PRECIPITATION (IN)
  YESTERDAY        0.12          0.25 1970   0.02   0.10     0.02
  MONTH TO DATE    0.12                      0.57  -0.45     1.49
  SINCE SEP 1      3.45                      2.50   0.95     3.82
  SINCE JAN 1     16.17                     10.07   6.10     9.62

SNOWFALL (IN)
  YESTERDAY        2.6           3.6  1970   0.4    2.2      1.5
  MONTH TO DATE    2.6                      11.1   -8.5     14.1
  SINCE SEP 1      8.6                      23.7  -15.1     15.5
  SINCE JUL 1      8.6                      23.7  -15.1     15.5
  SNOW DEPTH       5

DEGREE DAYS
 HEATING
  YESTERDAY       50                        66    -16       62
  MONTH TO DATE 1309                      1538   -229     1402
  SINCE SEP 1   3086                      3408   -322     2918
  SINCE JUL 1   3407                      3797   -390     3177

 COOLING
  YESTERDAY        0                         0      0        0
  MONTH TO DATE    0                         0      0        0
  SINCE SEP 1      0                         0      0        0
  SINCE JAN 1     27                        61    -34      226
..................................................................


WIND (MPH)
  HIGHEST GUST SPEED     7   HIGHEST GUST DIRECTION     S (190)


SKY COVER
  AVERAGE SKY COVER 1.0


WEATHER CONDITIONS
 THE FOLLOWING WEATHER WAS RECORDED YESTERDAY.
  LIGHT SNOW
  FOG


RELATIVE HUMIDITY (PERCENT)
 HIGHEST    80
 LOWEST     73
 AVERAGE    77

..........................................................


THE FAIRBANKS AK CLIMATE NORMALS FOR TODAY
                         NORMAL    RECORD    YEAR
 MAXIMUM TEMPERATURE (F)    7        44      2002
                                             1956
 MINIMUM TEMPERATURE (F)  -10       -48      1927


SUNRISE AND SUNSET
NOVEMBER 26 2014..........SUNRISE  1005 AM AKST   SUNSET  313 PM AKST
NOVEMBER 27 2014..........SUNRISE  1008 AM AKST   SUNSET  311 PM AKST


-  INDICATES NEGATIVE NUMBERS.
R  INDICATES RECORD WAS SET OR TIED.
MM INDICATES DATA IS MISSING.
T  INDICATES TRACE AMOUNT.

&&

SNOW DEPTH IS MEASURED AT 3AM AKST/4AM AKDT

----------------------------
AVAILABLE DAYLIGHT

AMOUNT OF DAYLIGHT TODAY  (HOUR:MIN)........5:08
LOSS SINCE YESTERDAY........................6 MINUTES
----------------------------

$$
RF NOV 14
