000
CDUS43 KFGF 242149
CLIFAR


CLIMATE REPORT
NATIONAL WEATHER SERVICE EASTERN NORTH DAKOTA/GRAND FORKS
448 PM CDT SUN MAY 24 2015


...................................

...THE FARGO HECTOR INTL AP ND CLIMATE SUMMARY FOR MAY 24 2015...
VALID TODAY AS OF 0400 PM LOCAL TIME.

CLIMATE NORMAL PERIOD 1981 TO 2010
CLIMATE RECORD PERIOD 1881 TO 2015


WEATHER ITEM   OBSERVED TIME   RECORD YEAR NORMAL DEPARTURE LAST
                VALUE   (LST)  VALUE       VALUE  FROM      YEAR
                                                  NORMAL
..................................................................
TEMPERATURE (F)
 TODAY
  MAXIMUM         71    259 PM  90    2014  72     -1       90
                                      2010
  MINIMUM         49    304 AM  26    2002  48      1       61
                                      1897
  AVERAGE         60                        60      0       76

PRECIPITATION (IN)
  TODAY            0.00          1.16 1981   0.09  -0.09     0.00
  MONTH TO DATE    5.82                      2.10   3.72     1.50
  SINCE MAR 1      7.10                      4.79   2.31     5.65
  SINCE JAN 1      8.07                      6.10   1.97     6.53

SNOWFALL (IN)
  TODAY            0.0          MM      MM   0.0    0.0      0.0
  MONTH TO DATE    T                         0.0    0.0      0.0
  SINCE MAR 1      0.4                      12.4  -12.0      7.3
  SINCE JUL 1     16.0                      50.4  -34.4     34.9
  SNOW DEPTH       0

DEGREE DAYS
 HEATING
  TODAY            5                         6     -1        0
  MONTH TO DATE  269                       233     36      323
  SINCE MAR 1   1766                      2011   -245     2372
  SINCE JUL 1   8182                      8689   -507     9649

 COOLING
  TODAY            0                         1     -1       11
  MONTH TO DATE    4                        20    -16       15
  SINCE MAR 1      4                        23    -19       15
  SINCE JAN 1      4                        23    -19       15
..................................................................


WIND (MPH)
  HIGHEST WIND SPEED    17   HIGHEST WIND DIRECTION     E (80)
  HIGHEST GUST SPEED    23   HIGHEST GUST DIRECTION     E (80)
  AVERAGE WIND SPEED     6.8


SKY COVER
  POSSIBLE SUNSHINE  MM
  AVERAGE SKY COVER 0.6


WEATHER CONDITIONS
 THE FOLLOWING WEATHER WAS RECORDED TODAY.
  NO SIGNIFICANT WEATHER WAS OBSERVED.


RELATIVE HUMIDITY (PERCENT)
 HIGHEST    86           300 AM
 LOWEST     49          1200 PM
 AVERAGE    68

..........................................................


THE FARGO HECTOR INTL AP ND CLIMATE NORMALS FOR TOMORROW
                         NORMAL    RECORD    YEAR
 MAXIMUM TEMPERATURE (F)   72        92      1959
 MINIMUM TEMPERATURE (F)   48        30      1983
                                             1891


SUNRISE AND SUNSET
MAY 24 2015...........SUNRISE   543 AM CDT   SUNSET   906 PM CDT
MAY 25 2015...........SUNRISE   542 AM CDT   SUNSET   907 PM CDT


-  INDICATES NEGATIVE NUMBERS.
R  INDICATES RECORD WAS SET OR TIED.
MM INDICATES DATA IS MISSING.
T  INDICATES TRACE AMOUNT.




$$
