000
CDUS43 KFGF 170642
CLIFAR


CLIMATE REPORT
NATIONAL WEATHER SERVICE EASTERN NORTH DAKOTA/GRAND FORKS
1236 AM CST SAT FEB 17 2018


...................................

...THE FARGO HECTOR INTL AP ND CLIMATE SUMMARY FOR FEBRUARY 16 2018...

CLIMATE NORMAL PERIOD 1981 TO 2010
CLIMATE RECORD PERIOD 1881 TO 2018


WEATHER ITEM   OBSERVED TIME   RECORD YEAR NORMAL DEPARTURE LAST
                VALUE   (LST)  VALUE       VALUE  FROM      YEAR
                                                  NORMAL
..................................................................
TEMPERATURE (F)
 YESTERDAY
  MAXIMUM         27    454 PM  53    1981  24      3       44
  MINIMUM         -4    139 AM -34    1936   6    -10       29
  AVERAGE         12                        15     -3       37

PRECIPITATION (IN)
  YESTERDAY        0.00          0.32 1883   0.02  -0.02     0.00
  MONTH TO DATE    0.19                      0.28  -0.09     0.09
  SINCE DEC 1      1.17                      1.81  -0.64     2.34
  SINCE JAN 1      0.40                      0.98  -0.58     1.07

SNOWFALL (IN)
  YESTERDAY        0.0           2.8  1938   0.2   -0.2      0.0
  MONTH TO DATE    2.8                       3.6   -0.8      1.1
  SINCE DEC 1     14.5                      26.0  -11.5     22.5
  SINCE JUL 1     18.2                      34.6  -16.4     26.2
  SNOW DEPTH       4

DEGREE DAYS
 HEATING
  YESTERDAY       53                        50      3       28
  MONTH TO DATE  984                       841    143      736
  SINCE DEC 1   4225                      4147     78     3794
  SINCE JUL 1   6023                      6109    -86     5099

 COOLING
  YESTERDAY        0                         0      0        0
  MONTH TO DATE    0                         0      0        0
  SINCE DEC 1      0                         0      0        0
  SINCE JAN 1      0                         0      0        0
..................................................................


WIND (MPH)
  HIGHEST WIND SPEED    28   HIGHEST WIND DIRECTION     S (190)
  HIGHEST GUST SPEED    35   HIGHEST GUST DIRECTION     S (180)
  AVERAGE WIND SPEED    15.7


SKY COVER
  POSSIBLE SUNSHINE  MM
  AVERAGE SKY COVER 0.1


WEATHER CONDITIONS
 THE FOLLOWING WEATHER WAS RECORDED YESTERDAY.
  NO SIGNIFICANT WEATHER WAS OBSERVED.


RELATIVE HUMIDITY (PERCENT)
 HIGHEST    79           400 AM
 LOWEST     50           400 PM
 AVERAGE    65

..........................................................


THE FARGO HECTOR INTL AP ND CLIMATE NORMALS FOR TODAY
                         NORMAL    RECORD    YEAR
 MAXIMUM TEMPERATURE (F)   24        53      2017
 MINIMUM TEMPERATURE (F)    6       -30      1979


SUNRISE AND SUNSET
FEBRUARY 17 2018......SUNRISE   728 AM CST   SUNSET   555 PM CST
FEBRUARY 18 2018......SUNRISE   726 AM CST   SUNSET   556 PM CST


-  INDICATES NEGATIVE NUMBERS.
R  INDICATES RECORD WAS SET OR TIED.
MM INDICATES DATA IS MISSING.
T  INDICATES TRACE AMOUNT.




$$
