000
CDUS43 KFGF 010659
CLIFAR


CLIMATE REPORT
NATIONAL WEATHER SERVICE EASTERN NORTH DAKOTA/GRAND FORKS
1256 AM CST WED MAR 1 2017


...................................

...THE FARGO HECTOR INTL AP ND CLIMATE SUMMARY FOR FEBRUARY 28 2017...

CLIMATE NORMAL PERIOD 1981 TO 2010
CLIMATE RECORD PERIOD 1881 TO 2017


WEATHER ITEM   OBSERVED TIME   RECORD YEAR NORMAL DEPARTURE LAST
                VALUE   (LST)  VALUE       VALUE  FROM      YEAR
                                                  NORMAL
..................................................................
TEMPERATURE (F)
 YESTERDAY
  MAXIMUM         31    421 PM  58    1905  28      3       37
  MINIMUM         18   1159 PM -35    1891  12      6       23
  AVERAGE         25                        20      5       30

PRECIPITATION (IN)
  YESTERDAY        0.00          0.57 1951   0.03  -0.03      T
                                      1948
  MONTH TO DATE    0.79                      0.61   0.18     0.30
  SINCE DEC 1      3.04                      2.14   0.90     1.63
  SINCE JAN 1      1.77                      1.31   0.46     0.99

SNOWFALL (IN)
  YESTERDAY        0.0          10.8  1951   0.3   -0.3       T
  MONTH TO DATE    4.2                       7.0   -2.8      5.3
  SINCE DEC 1     25.6                      29.4   -3.8     21.4
  SINCE JUL 1     29.3                      38.0   -8.7     24.3
  SNOW DEPTH       T

DEGREE DAYS
 HEATING
  YESTERDAY       40                        45     -5       35
  MONTH TO DATE 1135                      1410   -275     1151
  SINCE DEC 1   4193                      4716   -523     4038
  SINCE JUL 1   5498                      6678  -1180     5479

 COOLING
  YESTERDAY        0                         0      0        0
  MONTH TO DATE    0                         0      0        0
  SINCE DEC 1      0                         0      0        0
  SINCE JAN 1      0                         0      0        0
..................................................................


WIND (MPH)
  HIGHEST WIND SPEED    24   HIGHEST WIND DIRECTION     N (350)
  HIGHEST GUST SPEED    28   HIGHEST GUST DIRECTION     N (360)
  AVERAGE WIND SPEED    15.1


SKY COVER
  POSSIBLE SUNSHINE  MM
  AVERAGE SKY COVER 0.3


WEATHER CONDITIONS
 THE FOLLOWING WEATHER WAS RECORDED YESTERDAY.
  NO SIGNIFICANT WEATHER WAS OBSERVED.


RELATIVE HUMIDITY (PERCENT)
 HIGHEST    92           100 AM
 LOWEST     78           200 PM
 AVERAGE    85

..........................................................


THE FARGO HECTOR INTL AP ND CLIMATE NORMALS FOR TODAY
                         NORMAL    RECORD    YEAR
 MAXIMUM TEMPERATURE (F)   29        58      1990
                                             1918
 MINIMUM TEMPERATURE (F)   12       -23      1980
                                             1962


SUNRISE AND SUNSET
MARCH  1 2017.........SUNRISE   706 AM CST   SUNSET   613 PM CST
MARCH  2 2017.........SUNRISE   705 AM CST   SUNSET   615 PM CST


-  INDICATES NEGATIVE NUMBERS.
R  INDICATES RECORD WAS SET OR TIED.
MM INDICATES DATA IS MISSING.
T  INDICATES TRACE AMOUNT.




$$
