000
CDUS43 KFGF 260657
CLIFAR


CLIMATE REPORT
NATIONAL WEATHER SERVICE EASTERN NORTH DAKOTA/GRAND FORKS
157 AM CDT WED APR 26 2017


...................................

...THE FARGO HECTOR INTL AP ND CLIMATE SUMMARY FOR APRIL 25 2017...

CLIMATE NORMAL PERIOD 1981 TO 2010
CLIMATE RECORD PERIOD 1881 TO 2017


WEATHER ITEM   OBSERVED TIME   RECORD YEAR NORMAL DEPARTURE LAST
                VALUE   (LST)  VALUE       VALUE  FROM      YEAR
                                                  NORMAL
..................................................................
TEMPERATURE (F)
 YESTERDAY
  MAXIMUM         39    418 PM  91    1891  62    -23       46
  MINIMUM         32    609 AM  14    1909  37     -5       41
  AVERAGE         36                        49    -13       44

PRECIPITATION (IN)
  YESTERDAY        T             0.76 1986   0.05  -0.05     0.58
                                      1960
  MONTH TO DATE    1.03                      1.05  -0.02     2.11
  SINCE MAR 1      1.36                      2.35  -0.99     3.07
  SINCE JAN 1      3.13                      3.66  -0.53     4.06

SNOWFALL (IN)
  YESTERDAY        0.0           4.8  2008   0.1   -0.1      0.0
  MONTH TO DATE    T                         2.7   -2.7      0.6
  SINCE MAR 1      1.6                      11.8  -10.2      3.1
  SINCE JUL 1     30.9                      49.8  -18.9     27.4
  SNOW DEPTH       0

DEGREE DAYS
 HEATING
  YESTERDAY       29                        16     13       21
  MONTH TO DATE  448                       552   -104      547
  SINCE MAR 1   1538                      1704   -166     1367
  SINCE JUL 1   7036                      8382  -1346     6890

 COOLING
  YESTERDAY        0                         0      0        0
  MONTH TO DATE    0                         0      0        0
  SINCE MAR 1      0                         0      0        0
  SINCE JAN 1      0                         0      0        0
..................................................................


WIND (MPH)
  HIGHEST WIND SPEED    32   HIGHEST WIND DIRECTION     N (360)
  HIGHEST GUST SPEED    40   HIGHEST GUST DIRECTION     N (10)
  AVERAGE WIND SPEED    22.3


SKY COVER
  POSSIBLE SUNSHINE  MM
  AVERAGE SKY COVER 1.0


WEATHER CONDITIONS
 THE FOLLOWING WEATHER WAS RECORDED YESTERDAY.
  LIGHT RAIN
  FOG


RELATIVE HUMIDITY (PERCENT)
 HIGHEST    96           200 AM
 LOWEST     70           400 PM
 AVERAGE    83

..........................................................


THE FARGO HECTOR INTL AP ND CLIMATE NORMALS FOR TODAY
                         NORMAL    RECORD    YEAR
 MAXIMUM TEMPERATURE (F)   62        89      1952
 MINIMUM TEMPERATURE (F)   37        17      2002


SUNRISE AND SUNSET
APRIL 26 2017.........SUNRISE   620 AM CDT   SUNSET   831 PM CDT
APRIL 27 2017.........SUNRISE   618 AM CDT   SUNSET   833 PM CDT


-  INDICATES NEGATIVE NUMBERS.
R  INDICATES RECORD WAS SET OR TIED.
MM INDICATES DATA IS MISSING.
T  INDICATES TRACE AMOUNT.




$$
