000
CDUS43 KFGF 040640
CLIFAR


CLIMATE REPORT
NATIONAL WEATHER SERVICE EASTERN NORTH DAKOTA/GRAND FORKS
135 AM CDT SAT JUL 4 2015


...................................

...THE FARGO HECTOR INTL AP ND CLIMATE SUMMARY FOR JULY 3 2015...

CLIMATE NORMAL PERIOD 1981 TO 2010
CLIMATE RECORD PERIOD 1881 TO 2015


WEATHER ITEM   OBSERVED TIME   RECORD YEAR NORMAL DEPARTURE LAST
                VALUE   (LST)  VALUE       VALUE  FROM      YEAR
                                                  NORMAL
..................................................................
TEMPERATURE (F)
 YESTERDAY
  MAXIMUM         84    344 PM  95    1949  81      3       77
                                      1947
  MINIMUM         62    334 AM  36    1967  59      3       49
  AVERAGE         73                        70      3       63

PRECIPITATION (IN)
  YESTERDAY        0.00          4.50 1886   0.11  -0.11     0.00
  MONTH TO DATE    0.00                      0.35  -0.35     0.20
  SINCE JUN 1      2.75                      4.25  -1.50     5.89
  SINCE JAN 1     12.85                     11.06   1.79    12.91

SNOWFALL (IN)
  YESTERDAY        0.0           0.0    MM   0.0    0.0      0.0
  MONTH TO DATE    0.0                       0.0    0.0      0.0
  SINCE JUN 1      0.0                       0.0    0.0      0.0
  SINCE JUL 1      0.0                       0.0    0.0      0.0
  SNOW DEPTH       0

DEGREE DAYS
 HEATING
  YESTERDAY        0                         1     -1        2
  MONTH TO DATE    0                         3     -3       10
  SINCE JUN 1     23                        76    -53       40
  SINCE JUL 1      0                         3     -3       10

 COOLING
  YESTERDAY        8                         6      2        0
  MONTH TO DATE   16                        18     -2        0
  SINCE JUN 1    112                       125    -13      102
  SINCE JAN 1    127                       156    -29      181
..................................................................


WIND (MPH)
  HIGHEST WIND SPEED    10   HIGHEST WIND DIRECTION     N (20)
  HIGHEST GUST SPEED    13   HIGHEST GUST DIRECTION    NE (30)
  AVERAGE WIND SPEED     4.7


SKY COVER
  POSSIBLE SUNSHINE  MM
  AVERAGE SKY COVER 0.2


WEATHER CONDITIONS
 THE FOLLOWING WEATHER WAS RECORDED YESTERDAY.
  FOG
  HAZE


RELATIVE HUMIDITY (PERCENT)
 HIGHEST    93           400 AM
 LOWEST     51           200 PM
 AVERAGE    72

..........................................................


THE FARGO HECTOR INTL AP ND CLIMATE NORMALS FOR TODAY
                         NORMAL    RECORD    YEAR
 MAXIMUM TEMPERATURE (F)   81        97      1989
 MINIMUM TEMPERATURE (F)   59        37      1967


SUNRISE AND SUNSET
JULY  4 2015..........SUNRISE   538 AM CDT   SUNSET   924 PM CDT
JULY  5 2015..........SUNRISE   539 AM CDT   SUNSET   924 PM CDT


-  INDICATES NEGATIVE NUMBERS.
R  INDICATES RECORD WAS SET OR TIED.
MM INDICATES DATA IS MISSING.
T  INDICATES TRACE AMOUNT.




$$
