000
CDUS43 KFGF 112154
CLIFAR


CLIMATE REPORT
NATIONAL WEATHER SERVICE EASTERN NORTH DAKOTA/GRAND FORKS
454 PM CDT FRI JUL 11 2014


...................................

...THE FARGO HECTOR INTL AP ND CLIMATE SUMMARY FOR JULY 11 2014...
VALID TODAY AS OF 0400 PM LOCAL TIME.

CLIMATE NORMAL PERIOD 1981 TO 2010
CLIMATE RECORD PERIOD 1881 TO 2014


WEATHER ITEM   OBSERVED TIME   RECORD YEAR NORMAL DEPARTURE LAST
                VALUE   (LST)  VALUE       VALUE  FROM      YEAR
                                                  NORMAL
..................................................................
TEMPERATURE (F)
 TODAY
  MAXIMUM         88    259 PM 106    1936  82      6       88
  MINIMUM         69    542 AM  45    1951  60      9       64
  AVERAGE         79                        71      8       76

PRECIPITATION (IN)
  TODAY            0.00          1.71 1931   0.10  -0.10     0.00
  MONTH TO DATE    1.08                      1.17  -0.09     0.26
  SINCE JUN 1      6.77                      5.07   1.70     7.99
  SINCE JAN 1     13.79                     11.88   1.91    20.89

SNOWFALL (IN)
  TODAY            0.0           0.0    MM   0.0    0.0      0.0
  MONTH TO DATE    0.0                       0.0    0.0      0.0
  SINCE JUN 1      0.0                       0.0    0.0      0.0
  SINCE JUL 1      0.0                       0.0    0.0      0.0
  SNOW DEPTH       0

DEGREE DAYS
 HEATING
  TODAY            0                         1     -1        0
  MONTH TO DATE   10                        11     -1        0
  SINCE JUN 1     40                        84    -44       62
  SINCE JUL 1     10                        11     -1        0

 COOLING
  TODAY           14                         7      7       11
  MONTH TO DATE   69                        67      2      108
  SINCE JUN 1    171                       174     -3      254
  SINCE JAN 1    250                       205     45      283
..................................................................


WIND (MPH)
  HIGHEST WIND SPEED    15   HIGHEST WIND DIRECTION    NW (330)
  HIGHEST GUST SPEED    19   HIGHEST GUST DIRECTION    NW (320)
  AVERAGE WIND SPEED     7.8


SKY COVER
  POSSIBLE SUNSHINE  MM
  AVERAGE SKY COVER 0.2


WEATHER CONDITIONS
 THE FOLLOWING WEATHER WAS RECORDED TODAY.
  FOG


RELATIVE HUMIDITY (PERCENT)
 HIGHEST    97           600 AM
 LOWEST     46           300 PM
 AVERAGE    72

..........................................................


THE FARGO HECTOR INTL AP ND CLIMATE NORMALS FOR TOMORROW
                         NORMAL    RECORD    YEAR
 MAXIMUM TEMPERATURE (F)   82       106      1936
 MINIMUM TEMPERATURE (F)   60        41      1926


SUNRISE AND SUNSET
JULY 11 2014..........SUNRISE   544 AM CDT   SUNSET   921 PM CDT
JULY 12 2014..........SUNRISE   545 AM CDT   SUNSET   920 PM CDT


-  INDICATES NEGATIVE NUMBERS.
R  INDICATES RECORD WAS SET OR TIED.
MM INDICATES DATA IS MISSING.
T  INDICATES TRACE AMOUNT.




$$
