000
CDUS43 KFGF 260636
CLIFAR


CLIMATE REPORT
NATIONAL WEATHER SERVICE EASTERN NORTH DAKOTA/GRAND FORKS
133 AM CDT FRI AUG 26 2016


...................................

...THE FARGO HECTOR INTL AP ND CLIMATE SUMMARY FOR AUGUST 25 2016...

CLIMATE NORMAL PERIOD 1981 TO 2010
CLIMATE RECORD PERIOD 1881 TO 2016


WEATHER ITEM   OBSERVED TIME   RECORD YEAR NORMAL DEPARTURE LAST
                VALUE   (LST)  VALUE       VALUE  FROM      YEAR
                                                  NORMAL
..................................................................
TEMPERATURE (F)
 YESTERDAY
  MAXIMUM         71    221 PM 100    1886  80     -9       74
  MINIMUM         55    450 AM  32    1885  56     -1       42
  AVERAGE         63                        68     -5       58

PRECIPITATION (IN)
  YESTERDAY        T             2.35 1921   0.10  -0.10     0.00
  MONTH TO DATE    1.26                      2.01  -0.75     1.29
  SINCE JUN 1      9.69                      8.70   0.99     6.82
  SINCE JAN 1     15.17                     15.51  -0.34    16.92

SNOWFALL (IN)
  YESTERDAY        0.0           0.0    MM   0.0    0.0      0.0
  MONTH TO DATE    0.0                       0.0    0.0      0.0
  SINCE JUN 1      0.0                       0.0    0.0      0.0
  SINCE JUL 1      0.0                       0.0    0.0      0.0
  SNOW DEPTH       0

DEGREE DAYS
 HEATING
  YESTERDAY        2                         2      0        7
  MONTH TO DATE    8                        23    -15       29
  SINCE JUN 1     43                       112    -69       64
  SINCE JUL 1     16                        39    -23       41

 COOLING
  YESTERDAY        0                         4     -4        0
  MONTH TO DATE  160                       145     15      137
  SINCE JUN 1    535                       454     81      487
  SINCE JAN 1    583                       485     98      502
..................................................................


WIND (MPH)
  HIGHEST WIND SPEED    22   HIGHEST WIND DIRECTION     W (290)
  HIGHEST GUST SPEED    27   HIGHEST GUST DIRECTION    NW (300)
  AVERAGE WIND SPEED    10.8


SKY COVER
  POSSIBLE SUNSHINE  MM
  AVERAGE SKY COVER 0.7


WEATHER CONDITIONS
 THE FOLLOWING WEATHER WAS RECORDED YESTERDAY.
  LIGHT RAIN


RELATIVE HUMIDITY (PERCENT)
 HIGHEST    86           300 AM
 LOWEST     47           300 PM
 AVERAGE    67

..........................................................


THE FARGO HECTOR INTL AP ND CLIMATE NORMALS FOR TODAY
                         NORMAL    RECORD    YEAR
 MAXIMUM TEMPERATURE (F)   79        98      1953
 MINIMUM TEMPERATURE (F)   55        36      1915


SUNRISE AND SUNSET
AUGUST 26 2016........SUNRISE   640 AM CDT   SUNSET   817 PM CDT
AUGUST 27 2016........SUNRISE   641 AM CDT   SUNSET   815 PM CDT


-  INDICATES NEGATIVE NUMBERS.
R  INDICATES RECORD WAS SET OR TIED.
MM INDICATES DATA IS MISSING.
T  INDICATES TRACE AMOUNT.




$$
