000
CDUS43 KFGF 250659
CLIFAR


CLIMATE REPORT
NATIONAL WEATHER SERVICE EASTERN NORTH DAKOTA/GRAND FORKS
1259 AM CST SAT NOV 25 2017


...................................

...THE FARGO HECTOR INTL AP ND CLIMATE SUMMARY FOR NOVEMBER 24 2017...

CLIMATE NORMAL PERIOD 1981 TO 2010
CLIMATE RECORD PERIOD 1881 TO 2017


WEATHER ITEM   OBSERVED TIME   RECORD YEAR NORMAL DEPARTURE LAST
                VALUE   (LST)  VALUE       VALUE  FROM      YEAR
                                                  NORMAL
..................................................................
TEMPERATURE (F)
 YESTERDAY
  MAXIMUM         51    233 PM  57    2011  32     19       37
  MINIMUM         35   1149 PM -20    1893  15     20       33
  AVERAGE         43                        24     19       35

PRECIPITATION (IN)
  YESTERDAY        0.01          2.10 1908   0.02  -0.01     0.00
  MONTH TO DATE    0.36                      0.83  -0.47     0.55
  SINCE SEP 1      3.96                      5.55  -1.59     5.54
  SINCE JAN 1     14.46                     21.61  -7.15    21.01

SNOWFALL (IN)
  YESTERDAY        0.0           5.0  1896   0.4   -0.4      0.0
  MONTH TO DATE    3.3                       5.8   -2.5      2.8
  SINCE SEP 1      3.7                       6.5   -2.8      2.8
  SINCE JUL 1      3.7                       6.5   -2.8      2.8
  SNOW DEPTH       0

DEGREE DAYS
 HEATING
  YESTERDAY       22                        41    -19       30
  MONTH TO DATE  911                       825     86      524
  SINCE SEP 1   1600                      1651    -51     1121
  SINCE JUL 1   1616                      1701    -85     1138

 COOLING
  YESTERDAY        0                         0      0        0
  MONTH TO DATE    0                         0      0        0
  SINCE SEP 1     71                        46     25       58
  SINCE JAN 1    518                       551    -33      661
..................................................................


WIND (MPH)
  HIGHEST WIND SPEED    26   HIGHEST WIND DIRECTION    NW (320)
  HIGHEST GUST SPEED    35   HIGHEST GUST DIRECTION    NW (320)
  AVERAGE WIND SPEED    13.2


SKY COVER
  POSSIBLE SUNSHINE  MM
  AVERAGE SKY COVER 0.3


WEATHER CONDITIONS
 THE FOLLOWING WEATHER WAS RECORDED YESTERDAY.
  LIGHT RAIN


RELATIVE HUMIDITY (PERCENT)
 HIGHEST    86          1000 AM
 LOWEST     56           300 PM
 AVERAGE    71

..........................................................


THE FARGO HECTOR INTL AP ND CLIMATE NORMALS FOR TODAY
                         NORMAL    RECORD    YEAR
 MAXIMUM TEMPERATURE (F)   31        57      1984
 MINIMUM TEMPERATURE (F)   15       -22      1886


SUNRISE AND SUNSET
NOVEMBER 25 2017......SUNRISE   745 AM CST   SUNSET   444 PM CST
NOVEMBER 26 2017......SUNRISE   746 AM CST   SUNSET   443 PM CST


-  INDICATES NEGATIVE NUMBERS.
R  INDICATES RECORD WAS SET OR TIED.
MM INDICATES DATA IS MISSING.
T  INDICATES TRACE AMOUNT.




$$
