000
CDUS43 KFGF 202257
CLIFAR


CLIMATE REPORT
NATIONAL WEATHER SERVICE EASTERN NORTH DAKOTA/GRAND FORKS
455 PM CST THU NOV 20 2014


...................................

...THE FARGO HECTOR INTL AP ND CLIMATE SUMMARY FOR NOVEMBER 20 2014...
VALID TODAY AS OF 0400 PM LOCAL TIME.

CLIMATE NORMAL PERIOD 1981 TO 2010
CLIMATE RECORD PERIOD 1881 TO 2014


WEATHER ITEM   OBSERVED TIME   RECORD YEAR NORMAL DEPARTURE LAST
                VALUE   (LST)  VALUE       VALUE  FROM      YEAR
                                                  NORMAL
..................................................................
TEMPERATURE (F)
 TODAY
  MAXIMUM         22    310 PM  63    1890  34    -12       45
  MINIMUM          2    800 AM -16    1921  18    -16       20
  AVERAGE         12                        26    -14       33

PRECIPITATION (IN)
  TODAY            0.00          1.43 1977   0.04  -0.04     0.00
  MONTH TO DATE    0.49                      0.72  -0.23     0.37
  SINCE SEP 1      3.27                      5.44  -2.17     8.94
  SINCE JAN 1     19.73                     21.50  -1.77    30.86

SNOWFALL (IN)
  TODAY            0.0          12.0  1977   0.3   -0.3      0.0
  MONTH TO DATE    1.5                       4.4   -2.9       T
  SINCE SEP 1      1.5                       5.1   -3.6       T
  SINCE JUL 1      1.5                       5.1   -3.6       T
  SNOW DEPTH       T

DEGREE DAYS
 HEATING
  TODAY           53                        39     14       32
  MONTH TO DATE  770                       663    107      621
  SINCE SEP 1   1437                      1489    -52     1331
  SINCE JUL 1   1469                      1539    -70     1365

 COOLING
  TODAY            0                         0      0        0
  MONTH TO DATE    0                         0      0        0
  SINCE SEP 1     43                        46     -3       81
  SINCE JAN 1    544                       551     -7      699
..................................................................


WIND (MPH)
  HIGHEST WIND SPEED    12   HIGHEST WIND DIRECTION    NW (320)
  HIGHEST GUST SPEED    14   HIGHEST GUST DIRECTION     W (290)
  AVERAGE WIND SPEED     6.3


SKY COVER
  POSSIBLE SUNSHINE  MM
  AVERAGE SKY COVER 0.0


WEATHER CONDITIONS
 THE FOLLOWING WEATHER WAS RECORDED TODAY.
  NO SIGNIFICANT WEATHER WAS OBSERVED.


RELATIVE HUMIDITY (PERCENT)
 HIGHEST    87           600 AM
 LOWEST     41           400 PM
 AVERAGE    64

..........................................................


THE FARGO HECTOR INTL AP ND CLIMATE NORMALS FOR TOMORROW
                         NORMAL    RECORD    YEAR
 MAXIMUM TEMPERATURE (F)   34        59      2012
 MINIMUM TEMPERATURE (F)   17       -14      1896


SUNRISE AND SUNSET
NOVEMBER 20 2014......SUNRISE   737 AM CST   SUNSET   448 PM CST
NOVEMBER 21 2014......SUNRISE   739 AM CST   SUNSET   447 PM CST


-  INDICATES NEGATIVE NUMBERS.
R  INDICATES RECORD WAS SET OR TIED.
MM INDICATES DATA IS MISSING.
T  INDICATES TRACE AMOUNT.




$$
