000
CDUS43 KFGF 240648
CLIFAR


CLIMATE REPORT
NATIONAL WEATHER SERVICE EASTERN NORTH DAKOTA/GRAND FORKS
141 AM CDT SUN SEP 24 2017


...................................

...THE FARGO HECTOR INTL AP ND CLIMATE SUMMARY FOR SEPTEMBER 23 2017...

CLIMATE NORMAL PERIOD 1981 TO 2010
CLIMATE RECORD PERIOD 1881 TO 2017


WEATHER ITEM   OBSERVED TIME   RECORD YEAR NORMAL DEPARTURE LAST
                VALUE   (LST)  VALUE       VALUE  FROM      YEAR
                                                  NORMAL
..................................................................
TEMPERATURE (F)
 YESTERDAY
  MAXIMUM         62    344 PM  93    2007  67     -5       67
  MINIMUM         52    915 AM  23    1887  44      8       58
  AVERAGE         57                        56      1       63

PRECIPITATION (IN)
  YESTERDAY        0.27          1.60 2010   0.07   0.20     0.16
  MONTH TO DATE    1.26                      2.04  -0.78     2.43
  SINCE SEP 1      1.26                      2.04  -0.78     2.43
  SINCE JAN 1     11.76                     18.10  -6.34    17.90

SNOWFALL (IN)
  YESTERDAY        0.0           T    2002   0.0    0.0      0.0
                                      1984
                                      1942
  MONTH TO DATE    0.0                       0.0    0.0      0.0
  SINCE SEP 1      0.0                       0.0    0.0      0.0
  SINCE JUL 1      0.0                       0.0    0.0      0.0
  SNOW DEPTH       0

DEGREE DAYS
 HEATING
  YESTERDAY        8                        10     -2        2
  MONTH TO DATE   76                       140    -64       58
  SINCE SEP 1     76                       140    -64       58
  SINCE JUL 1     92                       190    -98       75

 COOLING
  YESTERDAY        0                         1     -1        0
  MONTH TO DATE   69                        41     28       42
  SINCE SEP 1     69                        41     28       42
  SINCE JAN 1    516                       546    -30      645
..................................................................


WIND (MPH)
  HIGHEST WIND SPEED    21   HIGHEST WIND DIRECTION     N (350)
  HIGHEST GUST SPEED    25   HIGHEST GUST DIRECTION    NW (320)
  AVERAGE WIND SPEED    11.5


SKY COVER
  POSSIBLE SUNSHINE  MM
  AVERAGE SKY COVER 1.0


WEATHER CONDITIONS
 THE FOLLOWING WEATHER WAS RECORDED YESTERDAY.
  RAIN
  LIGHT RAIN
  FOG


RELATIVE HUMIDITY (PERCENT)
 HIGHEST   100          1000 PM
 LOWEST     67           300 PM
 AVERAGE    84

..........................................................


THE FARGO HECTOR INTL AP ND CLIMATE NORMALS FOR TODAY
                         NORMAL    RECORD    YEAR
 MAXIMUM TEMPERATURE (F)   67        87      1990
                                             1908
 MINIMUM TEMPERATURE (F)   44        25      1951


SUNRISE AND SUNSET
SEPTEMBER 24 2017.....SUNRISE   717 AM CDT   SUNSET   720 PM CDT
SEPTEMBER 25 2017.....SUNRISE   718 AM CDT   SUNSET   718 PM CDT


-  INDICATES NEGATIVE NUMBERS.
R  INDICATES RECORD WAS SET OR TIED.
MM INDICATES DATA IS MISSING.
T  INDICATES TRACE AMOUNT.




$$
