402
CDUS46 KHNX 280822
CLIFAT


CLIMATE REPORT
NATIONAL WEATHER SERVICE SAN JOAQUIN VALLEY, CA
122 AM PDT SUN MAY 28 2017


...................................

...THE FRESNO CA CLIMATE SUMMARY FOR MAY 27 2017...

CLIMATE NORMAL PERIOD 1981 TO 2010
CLIMATE RECORD PERIOD 1887 TO 2017


WEATHER ITEM   OBSERVED TIME   RECORD YEAR NORMAL DEPARTURE
                VALUE   (LST)  VALUE       VALUE  FROM
                                                  NORMAL
...............................................................
TEMPERATURE (F)
 YESTERDAY
  MAXIMUM         82        MM 104    1974  87     -5
  MINIMUM         56        MM  46    1998  58     -2
                                      1953
                                      1918
  AVERAGE         69                        73     -4

PRECIPITATION (IN)
  YESTERDAY        0.00          0.63 1971   0.01  -0.01
  MONTH TO DATE    0.12                      0.39  -0.27
  SINCE OCT 1     17.20                     11.06   6.14
  SINCE JAN 1     12.64                      7.59   5.05

SNOWFALL (IN)
  YESTERDAY        0.0
  MONTH TO DATE    0.0
  SINCE MAR 1      0.0
  SINCE JUL 1      0.0
  SNOW DEPTH       0

DEGREE DAYS
 HEATING
  YESTERDAY        0                                0
  MONTH TO DATE   26                               -3
  SINCE MAR 1    322                             -108
  SINCE JUL 1   1936                             -406

 COOLING
  YESTERDAY        4                               -4
  MONTH TO DATE  183                               28
  SINCE MAR 1    213                                7
  SINCE JAN 1    213                                7
...............................................................


WIND (MPH)
  HIGHEST WIND SPEED    12   HIGHEST WIND DIRECTION    NW (310)
  HIGHEST GUST SPEED    MM   HIGHEST GUST DIRECTION    MM
  AVERAGE WIND SPEED     7.8




RELATIVE HUMIDITY (PERCENT)
 HIGHEST    86
 LOWEST     33
 AVERAGE    60

..........................................................


THE FRESNO CA CLIMATE NORMALS FOR TODAY
                         NORMAL    RECORD    YEAR
 MAXIMUM TEMPERATURE (F)   87       107      1984
 MINIMUM TEMPERATURE (F)   59        45      1927


SUNRISE AND SUNSET
MAY 28 2017...........SUNRISE   543 AM PDT   SUNSET   810 PM PDT
MAY 29 2017...........SUNRISE   542 AM PDT   SUNSET   811 PM PDT


-  INDICATES NEGATIVE NUMBERS.
R  INDICATES RECORD WAS SET OR TIED.
MM INDICATES DATA IS MISSING.
T  INDICATES TRACE AMOUNT.




$$
