000
CDUS46 KHNX 170834
CLIFAT


CLIMATE REPORT
NATIONAL WEATHER SERVICE SAN JOAQUIN VALLEY, CA
134 AM PDT THU APR 17 2014


...................................

...THE FRESNO CA CLIMATE SUMMARY FOR APRIL 16 2014...

CLIMATE NORMAL PERIOD 1981 TO 2010
CLIMATE RECORD PERIOD 1887 TO 2014


WEATHER ITEM   OBSERVED TIME   RECORD YEAR NORMAL DEPARTURE
                VALUE   (LST)  VALUE       VALUE  FROM
                                                  NORMAL
...............................................................
TEMPERATURE (F)
 YESTERDAY
  MAXIMUM         88    329 PM  95    1947  75     13
  MINIMUM         57    605 AM  35    1896  49      8
  AVERAGE         73                        62     11

PRECIPITATION (IN)
  YESTERDAY        0.00          0.66 1996   0.03  -0.03
  MONTH TO DATE    0.12                      0.57  -0.45
  SINCE JUL 1      4.15                     10.48  -6.33
  SINCE JAN 1      3.42                      6.82  -3.40

SNOWFALL (IN)
  YESTERDAY        0.0
  MONTH TO DATE    0.0
  SINCE MAR 1      0.0
  SINCE JUL 1      0.0
  SNOW DEPTH       0

DEGREE DAYS
 HEATING
  YESTERDAY        0                               -5
  MONTH TO DATE   44                              -49
  SINCE MAR 1    132                             -226
  SINCE JUL 1   1477                             -793

 COOLING
  YESTERDAY        8                                6
  MONTH TO DATE   81                               66
  SINCE MAR 1     93                               73
  SINCE JAN 1     93                               73
...............................................................


WIND (MPH)
  HIGHEST WIND SPEED    18   HIGHEST WIND DIRECTION    NW (310)
  HIGHEST GUST SPEED    25   HIGHEST GUST DIRECTION    NW (300)
  AVERAGE WIND SPEED     6.7




RELATIVE HUMIDITY (PERCENT)
 HIGHEST    72
 LOWEST     17
 AVERAGE    45

..........................................................


THE FRESNO CA CLIMATE NORMALS FOR TODAY
                         NORMAL    RECORD    YEAR
 MAXIMUM TEMPERATURE (F)   75        94      1980
                                             1954
                                             1946
 MINIMUM TEMPERATURE (F)   50        34      1896


SUNRISE AND SUNSET
APRIL 17 2014.........SUNRISE   622 AM PDT   SUNSET   735 PM PDT
APRIL 18 2014.........SUNRISE   621 AM PDT   SUNSET   736 PM PDT


-  INDICATES NEGATIVE NUMBERS.
R  INDICATES RECORD WAS SET OR TIED.
MM INDICATES DATA IS MISSING.
T  INDICATES TRACE AMOUNT.




$$
