000
CDUS46 KHNX 140828
CLIFAT


CLIMATE REPORT
NATIONAL WEATHER SERVICE SAN JOAQUIN VALLEY, CA
1226 AM PST SUN FEB 14 2016


...................................

...THE FRESNO CA CLIMATE SUMMARY FOR FEBRUARY 13 2016...

CLIMATE NORMAL PERIOD 1981 TO 2010
CLIMATE RECORD PERIOD 1887 TO 2016


WEATHER ITEM   OBSERVED TIME   RECORD YEAR NORMAL DEPARTURE
                VALUE   (LST)  VALUE       VALUE  FROM
                                                  NORMAL
...............................................................
TEMPERATURE (F)
 YESTERDAY
  MAXIMUM         68    339 PM  79    1921  61      7
  MINIMUM         46    642 AM  24    1949  41      5
  AVERAGE         57                        51      6

PRECIPITATION (IN)
  YESTERDAY        0.00          1.08 2000   0.07  -0.07
  MONTH TO DATE    0.00                      0.94  -0.94
  SINCE OCT 1      9.62                      6.60   3.02
  SINCE JAN 1      4.42                      3.13   1.29

SNOWFALL (IN)
  YESTERDAY        0.0
  MONTH TO DATE    0.0
  SINCE DEC 1      0.0
  SINCE JUL 1      0.0
  SNOW DEPTH       0

DEGREE DAYS
 HEATING
  YESTERDAY        8                               -6
  MONTH TO DATE  158                              -37
  SINCE DEC 1   1201                             -141
  SINCE JUL 1   1591                             -139

 COOLING
  YESTERDAY        0                                0
  MONTH TO DATE    0                                0
  SINCE DEC 1      0                                0
  SINCE JAN 1      0                                0
...............................................................


WIND (MPH)
  HIGHEST WIND SPEED     9   HIGHEST WIND DIRECTION     W (250)
  HIGHEST GUST SPEED    12   HIGHEST GUST DIRECTION     W (260)
  AVERAGE WIND SPEED     1.4




RELATIVE HUMIDITY (PERCENT)
 HIGHEST    93
 LOWEST     60
 AVERAGE    77

..........................................................


THE FRESNO CA CLIMATE NORMALS FOR TODAY
                         NORMAL    RECORD    YEAR
 MAXIMUM TEMPERATURE (F)   62        79      1924
 MINIMUM TEMPERATURE (F)   41        25      1949
                                             1903


SUNRISE AND SUNSET
FEBRUARY 14 2016......SUNRISE   649 AM PST   SUNSET   538 PM PST
FEBRUARY 15 2016......SUNRISE   648 AM PST   SUNSET   539 PM PST


-  INDICATES NEGATIVE NUMBERS.
R  INDICATES RECORD WAS SET OR TIED.
MM INDICATES DATA IS MISSING.
T  INDICATES TRACE AMOUNT.




$$
