000
CDUS46 KHNX 210828
CLIFAT


CLIMATE REPORT
NATIONAL WEATHER SERVICE SAN JOAQUIN VALLEY, CA
1227 AM PST TUE FEB 21 2017


...................................

...THE FRESNO CA CLIMATE SUMMARY FOR FEBRUARY 20 2017...

CLIMATE NORMAL PERIOD 1981 TO 2010
CLIMATE RECORD PERIOD 1887 TO 2017


WEATHER ITEM   OBSERVED TIME   RECORD YEAR NORMAL DEPARTURE
                VALUE   (LST)  VALUE       VALUE  FROM
                                                  NORMAL
...............................................................
TEMPERATURE (F)
 YESTERDAY
  MAXIMUM         62    928 PM  80    1896  63     -1
  MINIMUM         51   1240 AM  28    1953  42      9
                                      1913
  AVERAGE         57                        53      4

PRECIPITATION (IN)
  YESTERDAY        0.48          1.41 1918   0.07   0.41
  MONTH TO DATE    2.46                      1.45   1.01
  SINCE OCT 1     12.52                      7.11   5.41
  SINCE JAN 1      7.96                      3.64   4.32

SNOWFALL (IN)
  YESTERDAY        0.0
  MONTH TO DATE    0.0
  SINCE DEC 1      0.0
  SINCE JUL 1      0.0
  SNOW DEPTH       0

DEGREE DAYS
 HEATING
  YESTERDAY        8                               -4
  MONTH TO DATE  176                             -109
  SINCE DEC 1   1234                             -198
  SINCE JUL 1   1485                             -335

 COOLING
  YESTERDAY        0                                0
  MONTH TO DATE    0                                0
  SINCE DEC 1      0                                0
  SINCE JAN 1      0                                0
...............................................................


WIND (MPH)
  HIGHEST WIND SPEED    23   HIGHEST WIND DIRECTION    SE (150)
  HIGHEST GUST SPEED    29   HIGHEST GUST DIRECTION     E (110)
  AVERAGE WIND SPEED    11.7




RELATIVE HUMIDITY (PERCENT)
 HIGHEST   100
 LOWEST     55
 AVERAGE    78

..........................................................


THE FRESNO CA CLIMATE NORMALS FOR TODAY
                         NORMAL    RECORD    YEAR
 MAXIMUM TEMPERATURE (F)   63        77      1991
 MINIMUM TEMPERATURE (F)   43        26      1953


SUNRISE AND SUNSET
FEBRUARY 21 2017......SUNRISE   640 AM PST   SUNSET   546 PM PST
FEBRUARY 22 2017......SUNRISE   638 AM PST   SUNSET   547 PM PST


-  INDICATES NEGATIVE NUMBERS.
R  INDICATES RECORD WAS SET OR TIED.
MM INDICATES DATA IS MISSING.
T  INDICATES TRACE AMOUNT.




$$
