000
CDUS46 KHNX 210823
CLIFAT


CLIMATE REPORT
NATIONAL WEATHER SERVICE SAN JOAQUIN VALLEY, CA
1223 AM PST WED FEB 21 2018


...................................

...THE FRESNO CA CLIMATE SUMMARY FOR FEBRUARY 20 2018...

CLIMATE NORMAL PERIOD 1981 TO 2010
CLIMATE RECORD PERIOD 1887 TO 2018


WEATHER ITEM   OBSERVED TIME   RECORD YEAR NORMAL DEPARTURE
                VALUE   (LST)  VALUE       VALUE  FROM
                                                  NORMAL
...............................................................
TEMPERATURE (F)
 YESTERDAY
  MAXIMUM         55    440 PM  80    1896  63     -8
  MINIMUM         31    657 AM  28    1953  42    -11
                                      1913
  AVERAGE         43                        53    -10

PRECIPITATION (IN)
  YESTERDAY        0.00          1.41 1918   0.07  -0.07
  MONTH TO DATE    0.00                      1.45  -1.45
  SINCE OCT 1      1.64                      7.11  -5.47
  SINCE JAN 1      1.23                      3.64  -2.41

SNOWFALL (IN)
  YESTERDAY        0.0
  MONTH TO DATE    0.0
  SINCE DEC 1      0.0
  SINCE JUL 1      0.0
  SNOW DEPTH       0

DEGREE DAYS
 HEATING
  YESTERDAY       22                               10
  MONTH TO DATE  178                             -107
  SINCE DEC 1   1077                             -355
  SINCE JUL 1   1335                             -485

 COOLING
  YESTERDAY        0                                0
  MONTH TO DATE    0                                0
  SINCE DEC 1      0                                0
  SINCE JAN 1      0                                0
...............................................................


WIND (MPH)
  HIGHEST WIND SPEED    12   HIGHEST WIND DIRECTION    SE (120)
  HIGHEST GUST SPEED    16   HIGHEST GUST DIRECTION     W (290)
  AVERAGE WIND SPEED     3.6




RELATIVE HUMIDITY (PERCENT)
 HIGHEST    78
 LOWEST     19
 AVERAGE    49

..........................................................


THE FRESNO CA CLIMATE NORMALS FOR TODAY
                         NORMAL    RECORD    YEAR
 MAXIMUM TEMPERATURE (F)   63        77      1991
 MINIMUM TEMPERATURE (F)   43        26      1953


SUNRISE AND SUNSET
FEBRUARY 21 2018......SUNRISE   640 AM PST   SUNSET   546 PM PST
FEBRUARY 22 2018......SUNRISE   639 AM PST   SUNSET   547 PM PST


-  INDICATES NEGATIVE NUMBERS.
R  INDICATES RECORD WAS SET OR TIED.
MM INDICATES DATA IS MISSING.
T  INDICATES TRACE AMOUNT.




$$
