000
CDUS46 KHNX 230825
CLIFAT


CLIMATE REPORT
NATIONAL WEATHER SERVICE SAN JOAQUIN VALLEY, CA
124 AM PDT SAT JUL 23 2016


...................................

...THE FRESNO CA CLIMATE SUMMARY FOR JULY 22 2016...

CLIMATE NORMAL PERIOD 1981 TO 2010
CLIMATE RECORD PERIOD 1887 TO 2016


WEATHER ITEM   OBSERVED TIME   RECORD YEAR NORMAL DEPARTURE
                VALUE   (LST)  VALUE       VALUE  FROM
                                                  NORMAL
...............................................................
TEMPERATURE (F)
 YESTERDAY
  MAXIMUM         98    438 PM 112    2006  99     -1
  MINIMUM         64    527 AM  56    1903  68     -4
  AVERAGE         81                        84     -3

PRECIPITATION (IN)
  YESTERDAY        0.00          0.33 1913   0.00   0.00
  MONTH TO DATE    0.00                      0.01  -0.01
  SINCE OCT 1     14.29                     11.32   2.97
  SINCE JAN 1      9.09                      7.85   1.24

SNOWFALL (IN)
  YESTERDAY        0.0
  MONTH TO DATE    0.0
  SINCE JUN 1      0.0
  SINCE JUL 1      0.0
  SNOW DEPTH       0

DEGREE DAYS
 HEATING
  YESTERDAY        0                                0
  MONTH TO DATE    0                                0
  SINCE JUN 1      0                               -3
  SINCE JUL 1      0                                0

 COOLING
  YESTERDAY       16                               -3
  MONTH TO DATE  377                              -14
  SINCE JUN 1    864                              104
  SINCE JAN 1   1142                              141
...............................................................


WIND (MPH)
  HIGHEST WIND SPEED    18   HIGHEST WIND DIRECTION    NW (310)
  HIGHEST GUST SPEED    23   HIGHEST GUST DIRECTION     W (290)
  AVERAGE WIND SPEED     8.3




RELATIVE HUMIDITY (PERCENT)
 HIGHEST    52
 LOWEST      8
 AVERAGE    30

..........................................................


THE FRESNO CA CLIMATE NORMALS FOR TODAY
                         NORMAL    RECORD    YEAR
 MAXIMUM TEMPERATURE (F)   99       113      2006
 MINIMUM TEMPERATURE (F)   68        55      1897


SUNRISE AND SUNSET
JULY 23 2016..........SUNRISE   558 AM PDT   SUNSET   812 PM PDT
JULY 24 2016..........SUNRISE   559 AM PDT   SUNSET   812 PM PDT


-  INDICATES NEGATIVE NUMBERS.
R  INDICATES RECORD WAS SET OR TIED.
MM INDICATES DATA IS MISSING.
T  INDICATES TRACE AMOUNT.




$$
