000
CDUS42 KRAH 250041
CLIFAY


CLIMATE REPORT
NATIONAL WEATHER SERVICE RALEIGH NC
840 PM EDT SAT JUN 24 2017


...................................

...THE FAYETTEVILLE REGL AIRPORT NC CLIMATE SUMMARY FOR JUNE 24 2017...
VALID AS OF 0840 PM LOCAL TIME.

CLIMATE NORMAL PERIOD 1981 TO 2010
CLIMATE RECORD PERIOD 1910 TO 2017


WEATHER ITEM   OBSERVED TIME   RECORD YEAR NORMAL DEPARTURE LAST
                VALUE   (LST)  VALUE       VALUE  FROM      YEAR
                                                  NORMAL
..................................................................
TEMPERATURE (F)
 TODAY
  MAXIMUM         93    101 PM 102    1914  90      3       90
  MINIMUM         77    734 PM  53    1947  70      7       70
  AVERAGE         85                        80      5       80

PRECIPITATION (IN)
  TODAY            1.34          2.55 1913   0.15   1.19     0.03
  MONTH TO DATE    4.12                      3.43   0.69     2.88
  SINCE JUN 1      4.12                      3.43   0.69     2.88
  SINCE JAN 1     19.76                     19.10   0.66    20.45

..................................................................


WIND (MPH)
  HIGHEST WIND SPEED    24   HIGHEST WIND DIRECTION     W (270)
  HIGHEST GUST SPEED    33   HIGHEST GUST DIRECTION     W (290)
  AVERAGE WIND SPEED    13.9


SKY COVER
  POSSIBLE SUNSHINE  MM
  AVERAGE SKY COVER 0.6


WEATHER CONDITIONS
 THE FOLLOWING WEATHER WAS RECORDED TODAY.
  THUNDERSTORM
  HEAVY RAIN
  RAIN
  LIGHT RAIN
  FOG


RELATIVE HUMIDITY (PERCENT)
 HIGHEST    85           300 AM
 LOWEST     56           100 PM
 AVERAGE    71

..........................................................




SUNRISE AND SUNSET
JUNE 24 2017..........SUNRISE   603 AM EDT   SUNSET   833 PM EDT
JUNE 25 2017..........SUNRISE   603 AM EDT   SUNSET   833 PM EDT


-  INDICATES NEGATIVE NUMBERS.
R  INDICATES RECORD WAS SET OR TIED.
MM INDICATES DATA IS MISSING.
T  INDICATES TRACE AMOUNT.




$$
