000
CDUS42 KRAH 042157
CLIFAY


CLIMATE REPORT
NATIONAL WEATHER SERVICE RALEIGH NC
453 PM EST SUN DEC 4 2016


...................................

...THE FAYETTEVILLE REGL AIRPORT NC CLIMATE SUMMARY FOR DECEMBER 4 2016...
VALID TODAY AS OF 0453 PM LOCAL TIME.

CLIMATE NORMAL PERIOD 1981 TO 2010
CLIMATE RECORD PERIOD 1910 TO 2016


WEATHER ITEM   OBSERVED TIME   RECORD YEAR NORMAL DEPARTURE LAST
                VALUE   (LST)  VALUE       VALUE  FROM      YEAR
                                                  NORMAL
..................................................................
TEMPERATURE (F)
 TODAY
  MAXIMUM         47    259 AM  81    1991  60    -13       56
  MINIMUM         43    453 PM  14    1945  38      5       33
  AVERAGE         45                        49     -4       45

PRECIPITATION (IN)
  TODAY            0.22          3.45 1931   0.11   0.11     0.00
  MONTH TO DATE    0.22                      0.46  -0.24     0.09
  SINCE DEC 1      0.22                      0.46  -0.24     0.09
  SINCE JAN 1     53.83                     42.27  11.56    47.28

DEGREE DAYS
 HEATING
  TODAY           20                        17      3       20
  MONTH TO DATE   62                        64     -2       49
  SINCE DEC 1     62                        64     -2       49
  SINCE JUL 1    413                       512    -99      368

 COOLING
  TODAY            0                         0      0        0
  MONTH TO DATE    0                         0      0        0
  SINCE DEC 1      0                         0      0        0
  SINCE JAN 1   2527                      1991    536     2231
..................................................................


WIND (MPH)
  HIGHEST WIND SPEED     8   HIGHEST WIND DIRECTION    NE (30)
  HIGHEST GUST SPEED    10   HIGHEST GUST DIRECTION    NE (30)
  AVERAGE WIND SPEED     4.0


SKY COVER
  POSSIBLE SUNSHINE  MM
  AVERAGE SKY COVER 1.0


WEATHER CONDITIONS
 THE FOLLOWING WEATHER WAS RECORDED TODAY.
  LIGHT RAIN
  FOG


RELATIVE HUMIDITY (PERCENT)
 HIGHEST    92           300 PM
 LOWEST     71           200 AM
 AVERAGE    82

..........................................................


THE FAYETTEVILLE REGL AIRPORT NC CLIMATE NORMALS FOR TOMORROW
                         NORMAL    RECORD    YEAR
 MAXIMUM TEMPERATURE (F)   59        79      1998
 MINIMUM TEMPERATURE (F)   37        18      1935


SUNRISE AND SUNSET
DECEMBER  4 2016......SUNRISE   708 AM EST   SUNSET   504 PM EST
DECEMBER  5 2016......SUNRISE   709 AM EST   SUNSET   504 PM EST


-  INDICATES NEGATIVE NUMBERS.
R  INDICATES RECORD WAS SET OR TIED.
MM INDICATES DATA IS MISSING.
T  INDICATES TRACE AMOUNT.

$$
