000
CDUS42 KRAH 270800
CLIFAY


CLIMATE REPORT
NATIONAL WEATHER SERVICE RALEIGH NC
357 AM EDT SAT AUG 27 2016


...................................

...THE FAYETTEVILLE REGL AIRPORT NC CLIMATE SUMMARY FOR AUGUST 26 2016...

CLIMATE NORMAL PERIOD 1981 TO 2010
CLIMATE RECORD PERIOD 1910 TO 2016


WEATHER ITEM   OBSERVED TIME   RECORD YEAR NORMAL DEPARTURE LAST
                VALUE   (LST)  VALUE       VALUE  FROM      YEAR
                                                  NORMAL
..................................................................
TEMPERATURE (F)
 YESTERDAY
  MAXIMUM         98    317 PM 101    1943  89      9       86
  MINIMUM         73    612 AM  53    1942  69      4       71
  AVERAGE         86                        79      7       79

PRECIPITATION (IN)
  YESTERDAY        0.00          2.10 1926   0.17  -0.17     0.03
  MONTH TO DATE    1.14                      4.72  -3.58     1.75
  SINCE JUN 1      8.90                     14.99  -6.09    14.27
  SINCE JAN 1     26.47                     30.66  -4.19    29.54

DEGREE DAYS
 HEATING
  YESTERDAY        0                         0      0        0
  MONTH TO DATE    0                         0      0        0
  SINCE JUN 1      0                         0      0        0
  SINCE JUL 1      0                         0      0        0

 COOLING
  YESTERDAY       21                        13      8       14
  MONTH TO DATE  496                       388    108      408
  SINCE JUN 1   1567                      1291    276     1452
  SINCE JAN 1   1903                      1575    328     1782
..................................................................


WIND (MPH)
  HIGHEST WIND SPEED    10   HIGHEST WIND DIRECTION     E (80)
  HIGHEST GUST SPEED    15   HIGHEST GUST DIRECTION     N (360)
  AVERAGE WIND SPEED     5.0


SKY COVER
  POSSIBLE SUNSHINE  MM
  AVERAGE SKY COVER 0.0


WEATHER CONDITIONS
 THE FOLLOWING WEATHER WAS RECORDED YESTERDAY.
  NO SIGNIFICANT WEATHER WAS OBSERVED.


RELATIVE HUMIDITY (PERCENT)
 HIGHEST    87           400 AM
 LOWEST     39           300 PM
 AVERAGE    63

..........................................................


THE FAYETTEVILLE REGL AIRPORT NC CLIMATE NORMALS FOR TODAY
                         NORMAL    RECORD    YEAR
 MAXIMUM TEMPERATURE (F)   88       102      1954
 MINIMUM TEMPERATURE (F)   68        56      1942


SUNRISE AND SUNSET
AUGUST 27 2016........SUNRISE   645 AM EDT   SUNSET   748 PM EDT
AUGUST 28 2016........SUNRISE   646 AM EDT   SUNSET   747 PM EDT


-  INDICATES NEGATIVE NUMBERS.
R  INDICATES RECORD WAS SET OR TIED.
MM INDICATES DATA IS MISSING.
T  INDICATES TRACE AMOUNT.




$$
