000
CDUS42 KRAH 300553
CLIFAY


CLIMATE REPORT
NATIONAL WEATHER SERVICE RALEIGH NC
152 AM EDT THU JUL 30 2015


...................................

...THE FAYETTEVILLE REGL AIRPORT NC CLIMATE SUMMARY FOR JULY 29 2015...

CLIMATE NORMAL PERIOD 1981 TO 2010
CLIMATE RECORD PERIOD 1910 TO 2015


WEATHER ITEM   OBSERVED TIME   RECORD YEAR NORMAL DEPARTURE LAST
                VALUE   (LST)  VALUE       VALUE  FROM      YEAR
                                                  NORMAL
..................................................................
TEMPERATURE (F)
 YESTERDAY
  MAXIMUM         95    413 PM 103    2011  91      4       87
  MINIMUM         71    538 AM  57    1920  71      0       68
  AVERAGE         83                        81      2       78

PRECIPITATION (IN)
  YESTERDAY        0.00          2.59 1965   0.17  -0.17     0.00
  MONTH TO DATE    3.38                      5.55  -2.17     1.83
  SINCE JUN 1     12.52                      9.90   2.62     4.52
  SINCE JAN 1     27.79                     25.57   2.22    22.97

DEGREE DAYS
 HEATING
  YESTERDAY        0                         0      0        0
  MONTH TO DATE    0                         0      0        0
  SINCE JUN 1      0                         0      0        0
  SINCE JUL 1      0                         0      0        0

 COOLING
  YESTERDAY       18                        16      2       13
  MONTH TO DATE  513                       475     38      460
  SINCE JUN 1   1002                       871    131      917
  SINCE JAN 1   1332                      1155    177     1283
..................................................................


WIND (MPH)
  HIGHEST WIND SPEED    12   HIGHEST WIND DIRECTION    SE (120)
  HIGHEST GUST SPEED    14   HIGHEST GUST DIRECTION    SE (120)
  AVERAGE WIND SPEED     4.0


SKY COVER
  POSSIBLE SUNSHINE  MM
  AVERAGE SKY COVER 0.1


WEATHER CONDITIONS
 THE FOLLOWING WEATHER WAS RECORDED YESTERDAY.
  NO SIGNIFICANT WEATHER WAS OBSERVED.


RELATIVE HUMIDITY (PERCENT)
 HIGHEST    93           400 AM
 LOWEST     39           400 PM
 AVERAGE    66

..........................................................


THE FAYETTEVILLE REGL AIRPORT NC CLIMATE NORMALS FOR TODAY
                         NORMAL    RECORD    YEAR
 MAXIMUM TEMPERATURE (F)   91       105      2011
 MINIMUM TEMPERATURE (F)   71        59      1920


SUNRISE AND SUNSET
JULY 30 2015..........SUNRISE   623 AM EDT   SUNSET   820 PM EDT
JULY 31 2015..........SUNRISE   624 AM EDT   SUNSET   819 PM EDT


-  INDICATES NEGATIVE NUMBERS.
R  INDICATES RECORD WAS SET OR TIED.
MM INDICATES DATA IS MISSING.
T  INDICATES TRACE AMOUNT.




$$
