000
CDUS42 KRAH 222147
CLIFAY


CLIMATE REPORT
NATIONAL WEATHER SERVICE RALEIGH NC
445 PM EST MON DEC 22 2014


...................................

...THE FAYETTEVILLE REGL AIRPORT NC CLIMATE SUMMARY FOR DECEMBER 22 2014...
VALID TODAY AS OF 0445 PM LOCAL TIME.

CLIMATE NORMAL PERIOD 1981 TO 2010
CLIMATE RECORD PERIOD 1910 TO 2014


WEATHER ITEM   OBSERVED TIME   RECORD YEAR NORMAL DEPARTURE LAST
                VALUE   (LST)  VALUE       VALUE  FROM      YEAR
                                                  NORMAL
..................................................................
TEMPERATURE (F)
 TODAY
  MAXIMUM         43   1210 PM  81    2013  54    -11       81
  MINIMUM         39    849 AM  14    1981  34      5       68
  AVERAGE         41                        44     -3       75

PRECIPITATION (IN)
  TODAY            0.77          1.08 2006   0.08   0.69     0.00
  MONTH TO DATE    1.40                      2.02  -0.62     2.03
  SINCE DEC 1      1.40                      2.02  -0.62     2.03
  SINCE JAN 1     39.33                     43.83  -4.50    41.11

DEGREE DAYS
 HEATING
  TODAY           24                        21      3        0
  MONTH TO DATE  394                       413    -19      327
  SINCE DEC 1    394                       413    -19      327
  SINCE JUL 1    938                       861     77      843

 COOLING
  TODAY            0                         0      0       10
  MONTH TO DATE    0                         0      0       17
  SINCE DEC 1      0                         0      0       17
  SINCE JAN 1   2139                      1991    148     1955
..................................................................


WIND (MPH)
  HIGHEST WIND SPEED    18   HIGHEST WIND DIRECTION     N (10)
  HIGHEST GUST SPEED    22   HIGHEST GUST DIRECTION     N (10)
  AVERAGE WIND SPEED    11.8


SKY COVER
  POSSIBLE SUNSHINE  MM
  AVERAGE SKY COVER 0.9


WEATHER CONDITIONS
 THE FOLLOWING WEATHER WAS RECORDED TODAY.
  HEAVY RAIN
  RAIN
  LIGHT RAIN
  FOG


RELATIVE HUMIDITY (PERCENT)
 HIGHEST   100           400 AM
 LOWEST     89           100 AM
 AVERAGE    95

..........................................................


THE FAYETTEVILLE REGL AIRPORT NC CLIMATE NORMALS FOR TOMORROW
                         NORMAL    RECORD    YEAR
 MAXIMUM TEMPERATURE (F)   53        78      1967
 MINIMUM TEMPERATURE (F)   34         9      1935


SUNRISE AND SUNSET
DECEMBER 22 2014......SUNRISE   720 AM EST   SUNSET   508 PM EST
DECEMBER 23 2014......SUNRISE   721 AM EST   SUNSET   509 PM EST


-  INDICATES NEGATIVE NUMBERS.
R  INDICATES RECORD WAS SET OR TIED.
MM INDICATES DATA IS MISSING.
T  INDICATES TRACE AMOUNT.




$$
