000
CDUS42 KRAH 010537
CLIFAY


CLIMATE REPORT
NATIONAL WEATHER SERVICE RALEIGH NC
135 AM EDT TUE SEP 1 2015


...................................

...THE FAYETTEVILLE REGL AIRPORT NC CLIMATE SUMMARY FOR AUGUST 31 2015...

CLIMATE NORMAL PERIOD 1981 TO 2010
CLIMATE RECORD PERIOD 1910 TO 2015


WEATHER ITEM   OBSERVED TIME   RECORD YEAR NORMAL DEPARTURE LAST
                VALUE   (LST)  VALUE       VALUE  FROM      YEAR
                                                  NORMAL
..................................................................
TEMPERATURE (F)
 YESTERDAY
  MAXIMUM         84    436 PM 103    1932  88     -4       95
  MINIMUM         70    709 AM  49    1976  68      2       70
  AVERAGE         77                        78     -1       83

PRECIPITATION (IN)
  YESTERDAY        1.23          2.14 1911   0.15   1.08     0.00
  MONTH TO DATE    3.00                      5.49  -2.49     3.92
  SINCE JUN 1     15.52                     15.76  -0.24     8.47
  SINCE JAN 1     30.79                     31.43  -0.64    26.92

DEGREE DAYS
 HEATING
  YESTERDAY        0                         0      0        0
  MONTH TO DATE    0                         0      0        0
  SINCE JUN 1      0                         0      0        0
  SINCE JUL 1      0                         0      0        0

 COOLING
  YESTERDAY       12                        13     -1       18
  MONTH TO DATE  461                       453      8      434
  SINCE JUN 1   1505                      1356    149     1375
  SINCE JAN 1   1835                      1640    195     1741
..................................................................


WIND (MPH)
  HIGHEST WIND SPEED    15   HIGHEST WIND DIRECTION     W (280)
  HIGHEST GUST SPEED    18   HIGHEST GUST DIRECTION     W (270)
  AVERAGE WIND SPEED     3.9


SKY COVER
  POSSIBLE SUNSHINE  MM
  AVERAGE SKY COVER 0.7


WEATHER CONDITIONS
 THE FOLLOWING WEATHER WAS RECORDED YESTERDAY.
  HEAVY RAIN
  RAIN
  LIGHT RAIN
  FOG


RELATIVE HUMIDITY (PERCENT)
 HIGHEST    97           200 AM
 LOWEST     69           300 PM
 AVERAGE    83

..........................................................


THE FAYETTEVILLE REGL AIRPORT NC CLIMATE NORMALS FOR TODAY
                         NORMAL    RECORD    YEAR
 MAXIMUM TEMPERATURE (F)   87       101      1932
 MINIMUM TEMPERATURE (F)   68        54      1976


SUNRISE AND SUNSET
SEPTEMBER  1 2015.....SUNRISE   648 AM EDT   SUNSET   743 PM EDT
SEPTEMBER  2 2015.....SUNRISE   649 AM EDT   SUNSET   741 PM EDT


-  INDICATES NEGATIVE NUMBERS.
R  INDICATES RECORD WAS SET OR TIED.
MM INDICATES DATA IS MISSING.
T  INDICATES TRACE AMOUNT.

$$
