000
CDUS42 KRAH 262047
CLIFAY

CLIMATE REPORT
NATIONAL WEATHER SERVICE RALEIGH NC
444 PM EDT TUE MAY 26 2015
...................................

...THE FAYETTEVILLE REGL AIRPORT NC CLIMATE SUMMARY FOR MAY 26 2015...
VALID TODAY AS OF 0400 PM LOCAL TIME.

CLIMATE NORMAL PERIOD 1981 TO 2010
CLIMATE RECORD PERIOD 1910 TO 2015


WEATHER ITEM   OBSERVED TIME   RECORD YEAR NORMAL DEPARTURE LAST
                VALUE   (LST)  VALUE       VALUE  FROM      YEAR
                                                  NORMAL
..................................................................
TEMPERATURE (F)
 TODAY
  MAXIMUM         89    259 PM  98    1926  85      4       88
  MINIMUM         60    502 AM  44    1988  62     -2       59
  AVERAGE         75                        73      2       74

PRECIPITATION (IN)
  TODAY            0.00          1.95 2003   0.13  -0.13     0.00
  MONTH TO DATE    2.23                      2.52  -0.29     3.66
  SINCE MAR 1      7.59                      8.89  -1.30    11.28
  SINCE JAN 1     15.24                     14.95   0.29    18.00

DEGREE DAYS
 HEATING
  TODAY            0                         0      0        0
  MONTH TO DATE   10                        23    -13       12
  SINCE MAR 1    446                       505    -59      616
  SINCE JUL 1   2942                      2730    212     2941

 COOLING
  TODAY           10                         9      1        9
  MONTH TO DATE  175                       153     22      218
  SINCE MAR 1    267                       232     35      296
  SINCE JAN 1    267                       236     31      299
..................................................................


WIND (MPH)
  HIGHEST WIND SPEED    13   HIGHEST WIND DIRECTION     S (160)
  HIGHEST GUST SPEED    15   HIGHEST GUST DIRECTION     S (160)
  AVERAGE WIND SPEED     4.7


SKY COVER
  POSSIBLE SUNSHINE  MM
  AVERAGE SKY COVER 0.4


WEATHER CONDITIONS
 THE FOLLOWING WEATHER WAS RECORDED TODAY.
  FOG
  FOG W/VISIBILITY <= 1/4 MILE


RELATIVE HUMIDITY (PERCENT)
 HIGHEST   100           500 AM
 LOWEST     50           300 PM
 AVERAGE    75

..........................................................


THE FAYETTEVILLE REGL AIRPORT NC CLIMATE NORMALS FOR TOMORROW
                         NORMAL    RECORD    YEAR
 MAXIMUM TEMPERATURE (F)   85       100      1953
 MINIMUM TEMPERATURE (F)   63        42      1961


SUNRISE AND SUNSET
MAY 26 2015...........SUNRISE   605 AM EDT   SUNSET   820 PM EDT
MAY 27 2015...........SUNRISE   605 AM EDT   SUNSET   821 PM EDT


-  INDICATES NEGATIVE NUMBERS.
R  INDICATES RECORD WAS SET OR TIED.
MM INDICATES DATA IS MISSING.
T  INDICATES TRACE AMOUNT.

$$
