000
CDUS42 KRAH 290030
CLIFAY


CLIMATE REPORT
NATIONAL WEATHER SERVICE RALEIGH NC
829 PM EDT THU AUG 28 2014


...................................

...THE FAYETTEVILLE REGL AIRPORT NC CLIMATE SUMMARY FOR AUGUST 28 2014...
VALID AS OF 0800 PM LOCAL TIME.

CLIMATE NORMAL PERIOD 1981 TO 2010
CLIMATE RECORD PERIOD 1910 TO 2014


WEATHER ITEM   OBSERVED TIME   RECORD YEAR NORMAL DEPARTURE LAST
                VALUE   (LST)  VALUE       VALUE  FROM      YEAR
                                                  NORMAL
..................................................................
TEMPERATURE (F)
 TODAY
  MAXIMUM         95    248 PM 101    1954  88      7       90
  MINIMUM         66    357 AM  53    1969  68     -2       70
  AVERAGE         81                        78      3       80

PRECIPITATION (IN)
  TODAY            0.00          3.05 1936   0.17  -0.17     0.00
  MONTH TO DATE    3.92                      5.06  -1.14     5.52
  SINCE JUN 1      8.47                     15.33  -6.86    21.20
  SINCE JAN 1     26.92                     31.00  -4.08    34.54

DEGREE DAYS
 HEATING
  TODAY            0                         0      0        0
  MONTH TO DATE    0                         0      0        0
  SINCE JUN 1      0                         0      0        0
  SINCE JUL 1      0                         0      0        0

 COOLING
  TODAY           16                        13      3       15
  MONTH TO DATE  382                       414    -32      392
  SINCE JUN 1   1323                      1317      6     1286
  SINCE JAN 1   1689                      1601     88     1535
..................................................................


WIND (MPH)
  RESULTANT WIND SPEED   3   RESULTANT WIND DIRECTION   W (250)
  HIGHEST WIND SPEED    12   HIGHEST WIND DIRECTION     W (290)
  HIGHEST GUST SPEED    14   HIGHEST GUST DIRECTION    NW (300)
  AVERAGE WIND SPEED     5.5


SKY COVER
  POSSIBLE SUNSHINE  MM
  AVERAGE SKY COVER 0.0


WEATHER CONDITIONS
 THE FOLLOWING WEATHER WAS RECORDED TODAY.
  NO SIGNIFICANT WEATHER WAS OBSERVED.


RELATIVE HUMIDITY (PERCENT)
 HIGHEST    81           100 AM
 LOWEST     39           200 PM
 AVERAGE    60

..........................................................




SUNRISE AND SUNSET
AUGUST 28 2014........SUNRISE   645 AM EDT   SUNSET   748 PM EDT
AUGUST 29 2014........SUNRISE   646 AM EDT   SUNSET   746 PM EDT


-  INDICATES NEGATIVE NUMBERS.
R  INDICATES RECORD WAS SET OR TIED.
MM INDICATES DATA IS MISSING.
T  INDICATES TRACE AMOUNT.




$$
