000
CDUS42 KRAH 230605
CLIFAY


CLIMATE REPORT
NATIONAL WEATHER SERVICE RALEIGH NC
201 AM EDT TUE MAY 23 2017


...................................

...THE FAYETTEVILLE REGL AIRPORT NC CLIMATE SUMMARY FOR MAY 22 2017...

CLIMATE NORMAL PERIOD 1981 TO 2010
CLIMATE RECORD PERIOD 1910 TO 2017


WEATHER ITEM   OBSERVED TIME   RECORD YEAR NORMAL DEPARTURE LAST
                VALUE   (LST)  VALUE       VALUE  FROM      YEAR
                                                  NORMAL
..................................................................
TEMPERATURE (F)
 YESTERDAY
  MAXIMUM         89    245 PM 100    1941  84      5       73
  MINIMUM         70   1159 PM  43    1992  61      9       57
  AVERAGE         80                        72      8       65

PRECIPITATION (IN)
  YESTERDAY        0.26          4.40 1932   0.11   0.15     0.28
  MONTH TO DATE    1.16                      2.03  -0.87     3.93
  SINCE MAR 1      8.10                      8.40  -0.30     8.47
  SINCE JAN 1     11.52                     14.46  -2.94    16.31

DEGREE DAYS
 HEATING
  YESTERDAY        0                         0      0        0
  MONTH TO DATE   12                        23    -11       23
  SINCE MAR 1    405                       505   -100      352
  SINCE JUL 1   2027                      2730   -703     2165

 COOLING
  YESTERDAY       15                         8      7        0
  MONTH TO DATE  176                       120     56      114
  SINCE MAR 1    379                       199    180      249
  SINCE JAN 1    394                       203    191      249
..................................................................


WIND (MPH)
  HIGHEST WIND SPEED    21   HIGHEST WIND DIRECTION    SW (220)
  HIGHEST GUST SPEED    25   HIGHEST GUST DIRECTION     S (200)
  AVERAGE WIND SPEED     9.0


SKY COVER
  POSSIBLE SUNSHINE  MM
  AVERAGE SKY COVER 0.7


WEATHER CONDITIONS
 THE FOLLOWING WEATHER WAS RECORDED YESTERDAY.
  THUNDERSTORM
  RAIN
  LIGHT RAIN
  FOG


RELATIVE HUMIDITY (PERCENT)
 HIGHEST   100           900 PM
 LOWEST     50           100 PM
 AVERAGE    75

..........................................................


THE FAYETTEVILLE REGL AIRPORT NC CLIMATE NORMALS FOR TODAY
                         NORMAL    RECORD    YEAR
 MAXIMUM TEMPERATURE (F)   84       102      1941
 MINIMUM TEMPERATURE (F)   61        44      1954


SUNRISE AND SUNSET
MAY 23 2017...........SUNRISE   607 AM EDT   SUNSET   818 PM EDT
MAY 24 2017...........SUNRISE   606 AM EDT   SUNSET   819 PM EDT


-  INDICATES NEGATIVE NUMBERS.
R  INDICATES RECORD WAS SET OR TIED.
MM INDICATES DATA IS MISSING.
T  INDICATES TRACE AMOUNT.




$$
