000
CDUS42 KRAH 050726
CLIFAY


CLIMATE REPORT
NATIONAL WEATHER SERVICE RALEIGH NC
324 AM EDT THU MAY 5 2016


...................................

...THE FAYETTEVILLE REGL AIRPORT NC CLIMATE SUMMARY FOR MAY 4 2016...

CLIMATE NORMAL PERIOD 1981 TO 2010
CLIMATE RECORD PERIOD 1910 TO 2016


WEATHER ITEM   OBSERVED TIME   RECORD YEAR NORMAL DEPARTURE LAST
                VALUE   (LST)  VALUE       VALUE  FROM      YEAR
                                                  NORMAL
..................................................................
TEMPERATURE (F)
 YESTERDAY
  MAXIMUM         78    340 PM  97    1938  80     -2       83
  MINIMUM         63   1147 PM  36    1941  55      8       51
  AVERAGE         71                        67      4       67

PRECIPITATION (IN)
  YESTERDAY        0.01          1.72 1946   0.07  -0.06     0.00
  MONTH TO DATE    1.66                      0.24   1.42     0.13
  SINCE MAR 1      6.20                      6.61  -0.41     5.49
  SINCE JAN 1     14.04                     12.67   1.37    13.14

DEGREE DAYS
 HEATING
  YESTERDAY        0                         2     -2        0
  MONTH TO DATE    0                         8     -8       10
  SINCE MAR 1    329                       490   -161      446
  SINCE JUL 1   2142                      2715   -573     2942

 COOLING
  YESTERDAY        6                         4      2        2
  MONTH TO DATE   29                        16     13        2
  SINCE MAR 1    164                        95     69       94
  SINCE JAN 1    164                        99     65       94
..................................................................


WIND (MPH)
  HIGHEST WIND SPEED    13   HIGHEST WIND DIRECTION     W (280)
  HIGHEST GUST SPEED    17   HIGHEST GUST DIRECTION     W (250)
  AVERAGE WIND SPEED     5.6


SKY COVER
  POSSIBLE SUNSHINE  MM
  AVERAGE SKY COVER 0.6


WEATHER CONDITIONS
 THE FOLLOWING WEATHER WAS RECORDED YESTERDAY.
  LIGHT RAIN
  FOG


RELATIVE HUMIDITY (PERCENT)
 HIGHEST    93           100 AM
 LOWEST     36           400 PM
 AVERAGE    65

..........................................................


THE FAYETTEVILLE REGL AIRPORT NC CLIMATE NORMALS FOR TODAY
                         NORMAL    RECORD    YEAR
 MAXIMUM TEMPERATURE (F)   80        94      1934
 MINIMUM TEMPERATURE (F)   55        39      1940


SUNRISE AND SUNSET
MAY  5 2016...........SUNRISE   620 AM EDT   SUNSET   805 PM EDT
MAY  6 2016...........SUNRISE   619 AM EDT   SUNSET   805 PM EDT


-  INDICATES NEGATIVE NUMBERS.
R  INDICATES RECORD WAS SET OR TIED.
MM INDICATES DATA IS MISSING.
T  INDICATES TRACE AMOUNT.




$$
