000
CDUS42 KRAH 240751
CLIFAY


CLIMATE REPORT
NATIONAL WEATHER SERVICE RALEIGH NC
249 AM EST FRI FEB 24 2017


...................................

...THE FAYETTEVILLE REGL AIRPORT NC CLIMATE SUMMARY FOR FEBRUARY 23 2017...

CLIMATE NORMAL PERIOD 1981 TO 2010
CLIMATE RECORD PERIOD 1910 TO 2017


WEATHER ITEM   OBSERVED TIME   RECORD YEAR NORMAL DEPARTURE LAST
                VALUE   (LST)  VALUE       VALUE  FROM      YEAR
                                                  NORMAL
..................................................................
TEMPERATURE (F)
 YESTERDAY
  MAXIMUM         78    305 PM  80    1922  61     17       52
  MINIMUM         54    709 AM  15    1947  37     17       48
  AVERAGE         66                        49     17       50

PRECIPITATION (IN)
  YESTERDAY        0.00          2.50 1928   0.10  -0.10     0.28
  MONTH TO DATE    0.99                      2.28  -1.29     4.56
  SINCE DEC 1      6.06                      8.23  -2.17    12.77
  SINCE JAN 1      3.42                      5.58  -2.16     6.26

DEGREE DAYS
 HEATING
  YESTERDAY        0                        16    -16       15
  MONTH TO DATE  225                       421   -196      458
  SINCE DEC 1   1239                      1699   -460     1411
  SINCE JUL 1   1590                      2147   -557     1730

 COOLING
  YESTERDAY        1                         0      1        0
  MONTH TO DATE   10                         0     10        0
  SINCE DEC 1     11                         4      7       47
  SINCE JAN 1     11                         2      9        0
..................................................................


WIND (MPH)
  HIGHEST WIND SPEED    13   HIGHEST WIND DIRECTION     E (100)
  HIGHEST GUST SPEED    16   HIGHEST GUST DIRECTION     E (100)
  AVERAGE WIND SPEED     4.9


SKY COVER
  POSSIBLE SUNSHINE  MM
  AVERAGE SKY COVER 0.1


WEATHER CONDITIONS
 THE FOLLOWING WEATHER WAS RECORDED YESTERDAY.
  NO SIGNIFICANT WEATHER WAS OBSERVED.


RELATIVE HUMIDITY (PERCENT)
 HIGHEST    93           200 AM
 LOWEST     43           400 PM
 AVERAGE    68

..........................................................


THE FAYETTEVILLE REGL AIRPORT NC CLIMATE NORMALS FOR TODAY
                         NORMAL    RECORD    YEAR
 MAXIMUM TEMPERATURE (F)   61        83      1930
 MINIMUM TEMPERATURE (F)   37        18      1963


SUNRISE AND SUNSET
FEBRUARY 24 2017......SUNRISE   651 AM EST   SUNSET   607 PM EST
FEBRUARY 25 2017......SUNRISE   650 AM EST   SUNSET   608 PM EST


-  INDICATES NEGATIVE NUMBERS.
R  INDICATES RECORD WAS SET OR TIED.
MM INDICATES DATA IS MISSING.
T  INDICATES TRACE AMOUNT.

$$
