000
CDUS42 KRAH 160752
CLIFAY


CLIMATE REPORT
NATIONAL WEATHER SERVICE RALEIGH NC
250 AM EST SAT DEC 16 2017


...................................

...THE FAYETTEVILLE REGL AIRPORT NC CLIMATE SUMMARY FOR DECEMBER 15 2017...

CLIMATE NORMAL PERIOD 1981 TO 2010
CLIMATE RECORD PERIOD 1910 TO 2017


WEATHER ITEM   OBSERVED TIME   RECORD YEAR NORMAL DEPARTURE LAST
                VALUE   (LST)  VALUE       VALUE  FROM      YEAR
                                                  NORMAL
..................................................................
TEMPERATURE (F)
 YESTERDAY
  MAXIMUM         56    238 PM  78    1956  55      1       51
  MINIMUM         34    754 AM  13    1962  35     -1       27
  AVERAGE         45                        45      0       39

PRECIPITATION (IN)
  YESTERDAY        0.00          1.70 1977   0.08  -0.08     0.00
  MONTH TO DATE    2.02                      1.47   0.55     1.34
  SINCE DEC 1      2.02                      1.47   0.55     1.34
  SINCE JAN 1     40.85                     43.28  -2.43    54.95

DEGREE DAYS
 HEATING
  YESTERDAY       20                        20      0       26
  MONTH TO DATE  266                       268     -2      284
  SINCE DEC 1    266                       268     -2      284
  SINCE JUL 1    699                       716    -17      635

 COOLING
  YESTERDAY        0                         0      0        0
  MONTH TO DATE    0                         0      0        0
  SINCE DEC 1      0                         0      0        0
  SINCE JAN 1   2455                      1991    464     2527
..................................................................


WIND (MPH)
  HIGHEST WIND SPEED    14   HIGHEST WIND DIRECTION    SW (240)
  HIGHEST GUST SPEED    20   HIGHEST GUST DIRECTION     W (260)
  AVERAGE WIND SPEED     6.5


SKY COVER
  POSSIBLE SUNSHINE  MM
  AVERAGE SKY COVER 0.0


WEATHER CONDITIONS
 THE FOLLOWING WEATHER WAS RECORDED YESTERDAY.
  NO SIGNIFICANT WEATHER WAS OBSERVED.


RELATIVE HUMIDITY (PERCENT)
 HIGHEST    96           800 AM
 LOWEST     47           200 PM
 AVERAGE    72

..........................................................


THE FAYETTEVILLE REGL AIRPORT NC CLIMATE NORMALS FOR TODAY
                         NORMAL    RECORD    YEAR
 MAXIMUM TEMPERATURE (F)   55        80      1971
 MINIMUM TEMPERATURE (F)   35         6      1958


SUNRISE AND SUNSET
DECEMBER 16 2017......SUNRISE   717 AM EST   SUNSET   506 PM EST
DECEMBER 17 2017......SUNRISE   717 AM EST   SUNSET   506 PM EST


-  INDICATES NEGATIVE NUMBERS.
R  INDICATES RECORD WAS SET OR TIED.
MM INDICATES DATA IS MISSING.
T  INDICATES TRACE AMOUNT.




$$
