739
CDUS42 KFFC 260818
CLIFFC


CLIMATE REPORT
NATIONAL WEATHER SERVICE PEACHTREE CITY GA
417 AM EDT FRI MAY 26 2017


...................................

...THE PEACHTREE CITY CLIMATE SUMMARY FOR MAY 25 2017...

CLIMATE NORMAL PERIOD 1981 TO 2010
CLIMATE RECORD PERIOD 9999 TO 9999


WEATHER ITEM   OBSERVED TIME   RECORD YEAR NORMAL DEPARTURE LAST
                VALUE   (LST)  VALUE       VALUE  FROM      YEAR
                                                  NORMAL
..................................................................
TEMPERATURE (F)
 YESTERDAY
  MAXIMUM         73    509 PM  MM      MM  83    -10       88
  MINIMUM         54   1159 PM  MM      MM  59     -5       55
  AVERAGE         64                        71     -7       72

PRECIPITATION (IN)
  YESTERDAY        0.02         MM      MM   0.13  -0.11     0.00
  MONTH TO DATE    4.98                      2.55   2.43     0.56
  SINCE MAR 1      9.99                     11.58  -1.59     7.85
  SINCE JAN 1     20.24                     20.68  -0.44    19.12

SNOWFALL (IN)
  YESTERDAY        0.0          MM      MM  MM     MM       MM
  MONTH TO DATE    0.0                      MM     MM        0.0
  SINCE MAR 1      0.0                      MM     MM        0.0
  SINCE JUL 1      0.0                      MM     MM        0.2
  SNOW DEPTH       0

DEGREE DAYS
 HEATING
  YESTERDAY        1                         0      1        0
  MONTH TO DATE   31                        31      0       27
  SINCE MAR 1    402                       568   -166      394
  SINCE JUL 1   2041                      2950   -909     2319

 COOLING
  YESTERDAY        0                         7     -7        7
  MONTH TO DATE  125                       108     17       93
  SINCE MAR 1    236                       144     92      142
  SINCE JAN 1    237                       144     93      142
..................................................................


WIND (MPH)
  RESULTANT WIND SPEED   6   RESULTANT WIND DIRECTION   W (280)
  HIGHEST WIND SPEED    17   HIGHEST WIND DIRECTION    NW (310)
  HIGHEST GUST SPEED    26   HIGHEST GUST DIRECTION     W (260)
  AVERAGE WIND SPEED     5.8


SKY COVER
  POSSIBLE SUNSHINE  MM
  AVERAGE SKY COVER 0.5


WEATHER CONDITIONS
 THE FOLLOWING WEATHER WAS RECORDED YESTERDAY.
  LIGHT RAIN
  FOG


RELATIVE HUMIDITY (PERCENT)
 HIGHEST   100          1000 PM
 LOWEST     41           300 PM
 AVERAGE    71

..........................................................


THE PEACHTREE CITY CLIMATE NORMALS FOR TODAY
                         NORMAL    RECORD    YEAR
 MAXIMUM TEMPERATURE (F)   84        MM        MM
 MINIMUM TEMPERATURE (F)   60        MM        MM


SUNRISE AND SUNSET
MAY 26 2017...........SUNRISE   632 AM EDT   SUNSET   839 PM EDT
MAY 27 2017...........SUNRISE   631 AM EDT   SUNSET   840 PM EDT


-  INDICATES NEGATIVE NUMBERS.
R  INDICATES RECORD WAS SET OR TIED.
MM INDICATES DATA IS MISSING.
T  INDICATES TRACE AMOUNT.




$$
