572
CDUS42 KFFC 210921
CLIFFC


CLIMATE REPORT
NATIONAL WEATHER SERVICE PEACHTREE CITY GA
417 AM EST WED FEB 21 2018


...................................

...THE PEACHTREE CITY CLIMATE SUMMARY FOR FEBRUARY 20 2018...

CLIMATE NORMAL PERIOD 1981 TO 2010
CLIMATE RECORD PERIOD 9999 TO 9999


WEATHER ITEM   OBSERVED TIME   RECORD YEAR NORMAL DEPARTURE LAST
                VALUE   (LST)  VALUE       VALUE  FROM      YEAR
                                                  NORMAL
..................................................................
TEMPERATURE (F)
 YESTERDAY
  MAXIMUM         77    318 PM  MM      MM  60     17       75
  MINIMUM         53    602 AM  MM      MM  35     18       38
  AVERAGE         65                        48     17       57

PRECIPITATION (IN)
  YESTERDAY        0.00         MM      MM   0.21  -0.21     0.00
  MONTH TO DATE    3.83                      3.41   0.42     1.80
  SINCE DEC 1     10.53                     11.75  -1.22    12.06
  SINCE JAN 1      7.92                      7.61   0.31     9.41

SNOWFALL (IN)
  YESTERDAY        0.0          MM      MM  MM     MM        0.0
  MONTH TO DATE    0.0                      MM     MM        0.0
  SINCE DEC 1      2.9                      MM     MM        0.0
  SINCE JUL 1      2.9                      MM     MM        0.0
  SNOW DEPTH       0

DEGREE DAYS
 HEATING
  YESTERDAY        0                        17    -17        8
  MONTH TO DATE  195                       383   -188      245
  SINCE DEC 1   1500                      1710   -210     1227
  SINCE JUL 1   1952                      2252   -300     1577

 COOLING
  YESTERDAY        0                         0      0        0
  MONTH TO DATE    8                         0      8        1
  SINCE DEC 1      8                         0      8        1
  SINCE JAN 1      8                         0      8        1
..................................................................


WIND (MPH)
  RESULTANT WIND SPEED   5   RESULTANT WIND DIRECTION  SE (140)
  HIGHEST WIND SPEED    14   HIGHEST WIND DIRECTION    SE (120)
  HIGHEST GUST SPEED    18   HIGHEST GUST DIRECTION     S (180)
  AVERAGE WIND SPEED     5.6


SKY COVER
  POSSIBLE SUNSHINE  MM
  AVERAGE SKY COVER 0.7


WEATHER CONDITIONS
 THE FOLLOWING WEATHER WAS RECORDED YESTERDAY.
  FOG


RELATIVE HUMIDITY (PERCENT)
 HIGHEST   100           400 AM
 LOWEST     60           300 PM
 AVERAGE    80

..........................................................


THE PEACHTREE CITY CLIMATE NORMALS FOR TODAY
                         NORMAL    RECORD    YEAR
 MAXIMUM TEMPERATURE (F)   60        MM        MM
 MINIMUM TEMPERATURE (F)   36        MM        MM


SUNRISE AND SUNSET
FEBRUARY 21 2018......SUNRISE   716 AM EST   SUNSET   628 PM EST
FEBRUARY 22 2018......SUNRISE   715 AM EST   SUNSET   629 PM EST


-  INDICATES NEGATIVE NUMBERS.
R  INDICATES RECORD WAS SET OR TIED.
MM INDICATES DATA IS MISSING.
T  INDICATES TRACE AMOUNT.




$$
