000
CDUS42 KFFC 280816
CLIFFC


CLIMATE REPORT
NATIONAL WEATHER SERVICE PEACHTREE CITY GA
416 AM EDT TUE MAR 28 2017


...................................

...THE PEACHTREE CITY CLIMATE SUMMARY FOR MARCH 27 2017...

CLIMATE NORMAL PERIOD 1981 TO 2010
CLIMATE RECORD PERIOD 9999 TO 9999


WEATHER ITEM   OBSERVED TIME   RECORD YEAR NORMAL DEPARTURE LAST
                VALUE   (LST)  VALUE       VALUE  FROM      YEAR
                                                  NORMAL
..................................................................
TEMPERATURE (F)
 YESTERDAY
  MAXIMUM         79    514 PM  MM      MM  69     10       65
  MINIMUM         52    507 AM  MM      MM  42     10       61
  AVERAGE         66                        56     10       63

PRECIPITATION (IN)
  YESTERDAY        T            MM      MM   0.15  -0.15     0.49
  MONTH TO DATE    1.77                      4.52  -2.75     2.68
  SINCE MAR 1      1.77                      4.52  -2.75     2.68
  SINCE JAN 1     12.02                     13.62  -1.60    13.95

SNOWFALL (IN)
  YESTERDAY        0.0          MM      MM  MM     MM        0.0
  MONTH TO DATE    0.0                      MM     MM        0.0
  SINCE MAR 1      0.0                      MM     MM        0.0
  SINCE JUL 1      0.0                      MM     MM        0.2
  SNOW DEPTH      MM

DEGREE DAYS
 HEATING
  YESTERDAY        0                         9     -9        2
  MONTH TO DATE  306                       334    -28      203
  SINCE MAR 1    306                       334    -28      203
  SINCE JUL 1   1945                      2716   -771     2128

 COOLING
  YESTERDAY        1                         0      1        0
  MONTH TO DATE   10                         0     10       10
  SINCE MAR 1     10                         0     10       10
  SINCE JAN 1     11                         0     11       10
..................................................................


WIND (MPH)
  RESULTANT WIND SPEED   2   RESULTANT WIND DIRECTION  SE (130)
  HIGHEST WIND SPEED     9   HIGHEST WIND DIRECTION     S (170)
  HIGHEST GUST SPEED    17   HIGHEST GUST DIRECTION    SW (230)
  AVERAGE WIND SPEED     3.5


SKY COVER
  POSSIBLE SUNSHINE  MM
  AVERAGE SKY COVER 0.4


WEATHER CONDITIONS
 THE FOLLOWING WEATHER WAS RECORDED YESTERDAY.
  FOG


RELATIVE HUMIDITY (PERCENT)
 HIGHEST   100           300 AM
 LOWEST     42           600 PM
 AVERAGE    71

..........................................................


THE PEACHTREE CITY CLIMATE NORMALS FOR TODAY
                         NORMAL    RECORD    YEAR
 MAXIMUM TEMPERATURE (F)   69        MM        MM
 MINIMUM TEMPERATURE (F)   43        MM        MM


SUNRISE AND SUNSET
MARCH 28 2017.........SUNRISE   731 AM EDT   SUNSET   756 PM EDT
MARCH 29 2017.........SUNRISE   730 AM EDT   SUNSET   757 PM EDT


-  INDICATES NEGATIVE NUMBERS.
R  INDICATES RECORD WAS SET OR TIED.
MM INDICATES DATA IS MISSING.
T  INDICATES TRACE AMOUNT.




$$
