679
CDUS43 KLMK 022029
CLIFFT


CLIMATE REPORT
NATIONAL WEATHER SERVICE LOUISVILLE KY
428 PM EDT MON MAY 2 2016


...................................

...THE FRANKFORT KY CLIMATE SUMMARY FOR MAY 2 2016...
VALID TODAY AS OF 0400 PM LOCAL TIME.

CLIMATE NORMAL PERIOD 1981 TO 2010
CLIMATE RECORD PERIOD 1895 TO 2016


WEATHER ITEM   OBSERVED TIME   RECORD YEAR NORMAL DEPARTURE LAST
                VALUE   (LST)  VALUE       VALUE  FROM      YEAR
                                                  NORMAL
..................................................................
TEMPERATURE (F)
 TODAY
  MAXIMUM         69    122 PM  92    1951  72     -3       75
  MINIMUM         58    607 AM  32    1961  48     10       43
  AVERAGE         64                        60      4       59

PRECIPITATION (IN)
  TODAY            0.00          3.67 2010   0.16  -0.16     0.00
  MONTH TO DATE    0.04                      0.32  -0.28     0.00
  SINCE MAR 1      9.19                      8.39   0.80    18.92
  SINCE JAN 1     15.21                     14.94   0.27    22.48

SNOWFALL (IN)
  TODAY           MM            MM      MM  MM     MM       MM
  MONTH TO DATE   MM                        MM     MM       MM
  SINCE MAR 1     MM                        MM     MM       MM
  SINCE JUL 1     MM                        MM     MM       MM
  SNOW DEPTH      MM

DEGREE DAYS
 HEATING
  TODAY            1                         6     -5        6
  MONTH TO DATE    1                        12    -11       14
  SINCE MAR 1    667                       951   -284      959
  SINCE JUL 1   3739                      4590   -851     5079

 COOLING
  TODAY            0                         1     -1        0
  MONTH TO DATE    7                         2      5        0
  SINCE MAR 1     33                        22     11        8
  SINCE JAN 1     33                        22     11        8
..................................................................


WIND (MPH)
  HIGHEST WIND SPEED    14   HIGHEST WIND DIRECTION    SW (220)
  HIGHEST GUST SPEED    18   HIGHEST GUST DIRECTION    SW (230)
  AVERAGE WIND SPEED     5.7


SKY COVER
  POSSIBLE SUNSHINE  MM
  AVERAGE SKY COVER 0.4


WEATHER CONDITIONS
 THE FOLLOWING WEATHER WAS RECORDED TODAY.
  NO SIGNIFICANT WEATHER WAS OBSERVED.


RELATIVE HUMIDITY (PERCENT)
 HIGHEST    93           600 AM
 LOWEST     57          1100 AM
 AVERAGE    75

..........................................................


THE FRANKFORT KY CLIMATE NORMALS FOR TOMORROW
                         NORMAL    RECORD    YEAR
 MAXIMUM TEMPERATURE (F)   72        90      1959
                                             1952
 MINIMUM TEMPERATURE (F)   49        30      2005


SUNRISE AND SUNSET
MAY  2 2016...........SUNRISE   641 AM EDT   SUNSET   832 PM EDT
MAY  3 2016...........SUNRISE   640 AM EDT   SUNSET   833 PM EDT


-  INDICATES NEGATIVE NUMBERS.
R  INDICATES RECORD WAS SET OR TIED.
MM INDICATES DATA IS MISSING.
T  INDICATES TRACE AMOUNT.




$$
