000
CDUS43 KLMK 160639
CLIFFT


CLIMATE REPORT
NATIONAL WEATHER SERVICE LOUISVILLE KY
138 AM EST TUE JAN 16 2018


...................................

...THE FRANKFORT KY CLIMATE SUMMARY FOR JANUARY 15 2018...

CLIMATE NORMAL PERIOD 1981 TO 2010
CLIMATE RECORD PERIOD 1895 TO 2018


WEATHER ITEM   OBSERVED TIME   RECORD YEAR NORMAL DEPARTURE LAST
                VALUE   (LST)  VALUE       VALUE  FROM      YEAR
                                                  NORMAL
..................................................................
TEMPERATURE (F)
 YESTERDAY
  MAXIMUM         35    249 PM  69    1995  41     -6       41
  MINIMUM         17    227 AM   0    1972  23     -6       37
  AVERAGE         26                        32     -6       39

PRECIPITATION (IN)
  YESTERDAY        T             1.85 1960   0.11  -0.11     0.15
  MONTH TO DATE    0.75                      1.73  -0.98     2.40
  SINCE DEC 1      2.58                      5.74  -3.16     7.87
  SINCE JAN 1      0.75                      1.73  -0.98     2.40

SNOWFALL (IN)
  YESTERDAY       MM            MM      MM  MM     MM       MM
  MONTH TO DATE   MM                        MM     MM       MM
  SINCE DEC 1     MM                        MM     MM       MM
  SINCE JUL 1     MM                        MM     MM       MM
  SNOW DEPTH      MM

DEGREE DAYS
 HEATING
  YESTERDAY       39                        33      6       26
  MONTH TO DATE  591                       495     96      436
  SINCE DEC 1   1518                      1416    102     1309
  SINCE JUL 1   2326                      2327     -1     1927

 COOLING
  YESTERDAY        0                         0      0        0
  MONTH TO DATE    0                         0      0        0
  SINCE DEC 1      0                         0      0        0
  SINCE JAN 1      0                         0      0        0
..................................................................


WIND (MPH)
  HIGHEST WIND SPEED    20   HIGHEST WIND DIRECTION     S (200)
  HIGHEST GUST SPEED    27   HIGHEST GUST DIRECTION    SW (210)
  AVERAGE WIND SPEED     8.5


SKY COVER
  POSSIBLE SUNSHINE  MM
  AVERAGE SKY COVER 1.0


WEATHER CONDITIONS
 THE FOLLOWING WEATHER WAS RECORDED YESTERDAY.
  LIGHT SNOW
  FOG
  HAZE


RELATIVE HUMIDITY (PERCENT)
 HIGHEST    85           900 PM
 LOWEST     47           200 PM
 AVERAGE    66

..........................................................


THE FRANKFORT KY CLIMATE NORMALS FOR TODAY
                         NORMAL    RECORD    YEAR
 MAXIMUM TEMPERATURE (F)   41        70      1928
 MINIMUM TEMPERATURE (F)   23       -12      1912


SUNRISE AND SUNSET
JANUARY 16 2018.......SUNRISE   754 AM EST   SUNSET   545 PM EST
JANUARY 17 2018.......SUNRISE   754 AM EST   SUNSET   546 PM EST


-  INDICATES NEGATIVE NUMBERS.
R  INDICATES RECORD WAS SET OR TIED.
MM INDICATES DATA IS MISSING.
T  INDICATES TRACE AMOUNT.




$$
