000
CDUS43 KLMK 230628
CLIFFT


CLIMATE REPORT
NATIONAL WEATHER SERVICE LOUISVILLE KY
227 AM EDT MON OCT 23 2017


...................................

...THE FRANKFORT KY CLIMATE SUMMARY FOR OCTOBER 22 2017...

CLIMATE NORMAL PERIOD 1981 TO 2010
CLIMATE RECORD PERIOD 1895 TO 2017


WEATHER ITEM   OBSERVED TIME   RECORD YEAR NORMAL DEPARTURE LAST
                VALUE   (LST)  VALUE       VALUE  FROM      YEAR
                                                  NORMAL
..................................................................
TEMPERATURE (F)
 YESTERDAY
  MAXIMUM         77    350 PM  88    1947  66     11       60
  MINIMUM         52    325 AM  20    1952  43      9       43
  AVERAGE         65                        54     11       52

PRECIPITATION (IN)
  YESTERDAY        0.00          1.42 2007   0.12  -0.12     0.00
  MONTH TO DATE    3.84                      2.27   1.57     0.65
  SINCE SEP 1      8.80                      5.60   3.20     2.70
  SINCE JAN 1     42.52                     36.91   5.61    38.75

SNOWFALL (IN)
  YESTERDAY       MM            MM      MM  MM     MM       MM
  MONTH TO DATE   MM                        MM     MM       MM
  SINCE SEP 1     MM                        MM     MM       MM
  SINCE JUL 1     MM                        MM     MM       MM
  SNOW DEPTH      MM

DEGREE DAYS
 HEATING
  YESTERDAY        0                        11    -11       13
  MONTH TO DATE   61                       177   -116       72
  SINCE SEP 1     93                       230   -137       90
  SINCE JUL 1     93                       231   -138       90

 COOLING
  YESTERDAY        0                         0      0        0
  MONTH TO DATE   44                        15     29       67
  SINCE SEP 1    186                       148     38      329
  SINCE JAN 1   1273                      1150    123     1620
..................................................................


WIND (MPH)
  HIGHEST WIND SPEED    20   HIGHEST WIND DIRECTION     S (170)
  HIGHEST GUST SPEED    26   HIGHEST GUST DIRECTION    SE (150)
  AVERAGE WIND SPEED     7.5


SKY COVER
  POSSIBLE SUNSHINE  MM
  AVERAGE SKY COVER 0.0


WEATHER CONDITIONS
 THE FOLLOWING WEATHER WAS RECORDED YESTERDAY.
  NO SIGNIFICANT WEATHER WAS OBSERVED.


RELATIVE HUMIDITY (PERCENT)
 HIGHEST    83           100 AM
 LOWEST     43           100 PM
 AVERAGE    63

..........................................................


THE FRANKFORT KY CLIMATE NORMALS FOR TODAY
                         NORMAL    RECORD    YEAR
 MAXIMUM TEMPERATURE (F)   66        88      1947
 MINIMUM TEMPERATURE (F)   42        20      1952


SUNRISE AND SUNSET
OCTOBER 23 2017.......SUNRISE   757 AM EDT   SUNSET   651 PM EDT
OCTOBER 24 2017.......SUNRISE   758 AM EDT   SUNSET   649 PM EDT


-  INDICATES NEGATIVE NUMBERS.
R  INDICATES RECORD WAS SET OR TIED.
MM INDICATES DATA IS MISSING.
T  INDICATES TRACE AMOUNT.




$$
