000
CDUS43 KFGF 240727
CLIFGF


CLIMATE REPORT
NATIONAL WEATHER SERVICE EASTERN NORTH DAKOTA/GRAND FORKS
226 AM CDT THU AUG 24 2017


...................................

...THE GRAND FORKS UNIV. (NWS) ND CLIMATE SUMMARY FOR AUGUST 23 2017...

CLIMATE NORMAL PERIOD 1981 TO 2010
CLIMATE RECORD PERIOD 1893 TO 2017


WEATHER ITEM   OBSERVED TIME   RECORD YEAR NORMAL DEPARTURE LAST
                VALUE   (LST)  VALUE       VALUE  FROM      YEAR
                                                  NORMAL
..................................................................
TEMPERATURE (F)
 YESTERDAY
  MAXIMUM         77        MM 101    1929  79     -2       87
  MINIMUM         47        MM  35    1942  55     -8       67
  AVERAGE         62                        67     -5       77

PRECIPITATION (IN)
  YESTERDAY        0.05          1.99 1932   0.11  -0.06     0.36
  MONTH TO DATE    0.90                      2.33  -1.43     3.86
  SINCE JUN 1      7.90                      9.24  -1.34    14.04
  SINCE JAN 1     12.47                     15.29  -2.82    21.14

SNOWFALL (IN)
  YESTERDAY        0.0           0.0    MM   0.0    0.0       T
  MONTH TO DATE    0.0                       0.0    0.0       T
  SINCE JUN 1      T                         0.0    0.0       T
  SINCE JUL 1      T                         0.0    0.0       T
  SNOW DEPTH       0

DEGREE DAYS
 HEATING
  YESTERDAY        3                         2      1        0
  MONTH TO DATE    7                        25    -18        4
  SINCE JUN 1     61                       131    -70       58
  SINCE JUL 1     16                        48    -32       12

 COOLING
  YESTERDAY        0                         4     -4       12
  MONTH TO DATE   59                       119    -60      138
  SINCE JUN 1    373                       381     -8      397
  SINCE JAN 1    373                       407    -34      421
..................................................................


WIND (MPH)
  RESULTANT WIND SPEED  MM   RESULTANT WIND DIRECTION  MM
  HIGHEST WIND SPEED    MM   HIGHEST WIND DIRECTION    MM
  HIGHEST GUST SPEED    MM   HIGHEST GUST DIRECTION    MM
  AVERAGE WIND SPEED    MM


SKY COVER
  POSSIBLE SUNSHINE  MM
  AVERAGE SKY COVER  MM


WEATHER CONDITIONS
 THE FOLLOWING WEATHER WAS RECORDED YESTERDAY.
  THUNDERSTORM
  LIGHT RAIN


RELATIVE HUMIDITY (PERCENT)
 HIGHEST    MM
 LOWEST     MM
 AVERAGE    MM

..........................................................


THE GRAND FORKS UNIV. (NWS) ND CLIMATE NORMALS FOR TODAY
                         NORMAL    RECORD    YEAR
 MAXIMUM TEMPERATURE (F)   79        99      1976
 MINIMUM TEMPERATURE (F)   55        34      1923
                                             1908


SUNRISE AND SUNSET
AUGUST 24 2017........SUNRISE   636 AM CDT   SUNSET   824 PM CDT
AUGUST 25 2017........SUNRISE   637 AM CDT   SUNSET   822 PM CDT


-  INDICATES NEGATIVE NUMBERS.
R  INDICATES RECORD WAS SET OR TIED.
MM INDICATES DATA IS MISSING.
T  INDICATES TRACE AMOUNT.




$$
