000
CDUS43 KFGF 250633
CLIFGF


CLIMATE REPORT
NATIONAL WEATHER SERVICE EASTERN NORTH DAKOTA/GRAND FORKS
1232 AM CST THU DEC 25 2014


...................................

...THE GRAND FORKS UNIV. (NWS) ND CLIMATE SUMMARY FOR DECEMBER 24 2014...

CLIMATE NORMAL PERIOD 1981 TO 2010
CLIMATE RECORD PERIOD 1890 TO 2014


WEATHER ITEM   OBSERVED TIME   RECORD YEAR NORMAL DEPARTURE LAST
                VALUE   (LST)  VALUE       VALUE  FROM      YEAR
                                                  NORMAL
..................................................................
TEMPERATURE (F)
 YESTERDAY
  MAXIMUM         30        MM  43    1957  17     13       19
  MINIMUM         25        MM -28    1914   1     24      -17
  AVERAGE         28                         9     19        1

PRECIPITATION (IN)
  YESTERDAY        T             0.30   MM   0.02  -0.02     0.09
  MONTH TO DATE    0.12                      0.49  -0.37     0.64
  SINCE DEC 1      0.12                      0.49  -0.37     0.64
  SINCE JAN 1     22.68                     21.46   1.22    19.09

SNOWFALL (IN)
  YESTERDAY        T             3.3  2009   0.4   -0.4      3.2
  MONTH TO DATE    0.8                       8.1   -7.3     20.9
  SINCE DEC 1      0.8                       8.1   -7.3     20.9
  SINCE JUL 1      4.6                      15.2  -10.6     22.5
  SNOW DEPTH       T

DEGREE DAYS
 HEATING
  YESTERDAY       37                        56    -19       64
  MONTH TO DATE 1033                      1242   -209     1558
  SINCE DEC 1   1033                      1242   -209     1558
  SINCE JUL 1   3153                      3336   -183     3609

 COOLING
  YESTERDAY        0                         0      0        0
  MONTH TO DATE    0                         0      0        0
  SINCE DEC 1      0                         0      0        0
  SINCE JAN 1    395                       463    -68      528
..................................................................


WIND (MPH)
  RESULTANT WIND SPEED  MM   RESULTANT WIND DIRECTION  MM
  HIGHEST WIND SPEED    MM   HIGHEST WIND DIRECTION    MM
  HIGHEST GUST SPEED    MM   HIGHEST GUST DIRECTION    MM
  AVERAGE WIND SPEED    MM


SKY COVER
  POSSIBLE SUNSHINE  MM
  AVERAGE SKY COVER  MM


WEATHER CONDITIONS
 THE FOLLOWING WEATHER WAS RECORDED YESTERDAY.
  NO SIGNIFICANT WEATHER WAS OBSERVED.


RELATIVE HUMIDITY (PERCENT)
 HIGHEST    MM
 LOWEST     MM
 AVERAGE    MM

..........................................................


THE GRAND FORKS UNIV. (NWS) ND CLIMATE NORMALS FOR TODAY
                         NORMAL    RECORD    YEAR
 MAXIMUM TEMPERATURE (F)   17        45      1999
 MINIMUM TEMPERATURE (F)    1       -30      1933


SUNRISE AND SUNSET
DECEMBER 25 2014......SUNRISE   817 AM CST   SUNSET   440 PM CST
DECEMBER 26 2014......SUNRISE   817 AM CST   SUNSET   441 PM CST


-  INDICATES NEGATIVE NUMBERS.
R  INDICATES RECORD WAS SET OR TIED.
MM INDICATES DATA IS MISSING.
T  INDICATES TRACE AMOUNT.




$$
