000
CDUS43 KFGF 201615
CLIFGF


CLIMATE REPORT
NATIONAL WEATHER SERVICE EASTERN NORTH DAKOTA/GRAND FORKS
134 AM CDT FRI OCT 20 2017


...................................

...THE GRAND FORKS UNIV. (NWS) ND CLIMATE SUMMARY FOR OCTOBER 19 2017...

CLIMATE NORMAL PERIOD 1981 TO 2010
CLIMATE RECORD PERIOD 1893 TO 2017


WEATHER ITEM   OBSERVED TIME   RECORD YEAR NORMAL DEPARTURE LAST
                VALUE   (LST)  VALUE       VALUE  FROM      YEAR
                                                  NORMAL
..................................................................
TEMPERATURE (F)
 YESTERDAY
  MAXIMUM         72        MM  80    1956  53     19       46
                                      1942
                                      1927
  MINIMUM         36        MM  15    1976  33      3       34
                                      1930
  AVERAGE         54                        43     11       40

PRECIPITATION (IN)
  YESTERDAY        0.00          1.46 1932   0.06  -0.06     0.00
  MONTH TO DATE    0.14                      1.32  -1.18     1.14
  SINCE SEP 1      5.02                      3.37   1.65     6.11
  SINCE JAN 1     17.51                     19.47  -1.96    27.84

SNOWFALL (IN)
  YESTERDAY        0.0           7.5  1926   0.0    0.0      0.0
  MONTH TO DATE    0.0                       0.3   -0.3      0.0
  SINCE SEP 1      0.0                       0.3   -0.3      0.0
  SINCE JUL 1      T                         0.3   -0.3       T
  SNOW DEPTH       0

DEGREE DAYS
 HEATING
  YESTERDAY       11                        22    -11       25
  MONTH TO DATE  282                       342    -60      301
  SINCE SEP 1    457                       582   -125      456
  SINCE JUL 1    475                       646   -171      474

 COOLING
  YESTERDAY        0                         0      0        0
  MONTH TO DATE    0                         0      0        5
  SINCE SEP 1     43                        30     13       27
  SINCE JAN 1    440                       462    -22      461
..................................................................


WIND (MPH)
  RESULTANT WIND SPEED  MM   RESULTANT WIND DIRECTION  MM
  HIGHEST WIND SPEED    MM   HIGHEST WIND DIRECTION    MM
  HIGHEST GUST SPEED    MM   HIGHEST GUST DIRECTION    MM
  AVERAGE WIND SPEED    MM


SKY COVER
  POSSIBLE SUNSHINE  MM
  AVERAGE SKY COVER  MM


WEATHER CONDITIONS
 THE FOLLOWING WEATHER WAS RECORDED YESTERDAY.
  NO SIGNIFICANT WEATHER WAS OBSERVED.


RELATIVE HUMIDITY (PERCENT)
 HIGHEST    MM
 LOWEST     MM
 AVERAGE    MM

..........................................................


THE GRAND FORKS UNIV. (NWS) ND CLIMATE NORMALS FOR TODAY
                         NORMAL    RECORD    YEAR
 MAXIMUM TEMPERATURE (F)   52        79      1978
 MINIMUM TEMPERATURE (F)   33         9      1916


SUNRISE AND SUNSET
OCTOBER 20 2017.......SUNRISE   755 AM CDT   SUNSET   630 PM CDT
OCTOBER 21 2017.......SUNRISE   757 AM CDT   SUNSET   628 PM CDT


-  INDICATES NEGATIVE NUMBERS.
R  INDICATES RECORD WAS SET OR TIED.
MM INDICATES DATA IS MISSING.
T  INDICATES TRACE AMOUNT.




$$
