532
CDUS43 KFGF 302147
CLIFGF


CLIMATE REPORT
NATIONAL WEATHER SERVICE EASTERN NORTH DAKOTA/GRAND FORKS
445 PM CDT SUN APR 30 2017


...................................

...THE GRAND FORKS UNIV. (NWS) ND CLIMATE SUMMARY FOR APRIL 30 2017...
VALID TODAY AS OF 0400 PM LOCAL TIME.

CLIMATE NORMAL PERIOD 1981 TO 2010
CLIMATE RECORD PERIOD 1890 TO 2017


WEATHER ITEM   OBSERVED TIME   RECORD YEAR NORMAL DEPARTURE LAST
                VALUE   (LST)  VALUE       VALUE  FROM      YEAR
                                                  NORMAL
..................................................................
TEMPERATURE (F)
 TODAY
  MAXIMUM         62        MM  92    1992  63     -1       61
  MINIMUM         39        MM  16    1905  37      2       41
  AVERAGE         51                        50      1       51

PRECIPITATION (IN)
  TODAY            0.00          3.48 1898   0.05  -0.05     0.00
  MONTH TO DATE    1.48                      0.98   0.50     2.10
  SINCE MAR 1      2.32                      2.00   0.32     2.79
  SINCE JAN 1      3.42                      3.30   0.12     3.44

SNOWFALL (IN)
  TODAY            0.0           3.5  1950   0.0    0.0      0.0
  MONTH TO DATE    6.7                       1.6    5.1      0.6
  SINCE MAR 1      6.8                       8.0   -1.2      2.3
  SINCE JUL 1     49.7                      43.3    6.4     29.6
  SNOW DEPTH       0

DEGREE DAYS
 HEATING
  TODAY           14                        15     -1       14
  MONTH TO DATE  652                       663    -11      719
  SINCE MAR 1   1833                      1855    -22     1607
  SINCE JUL 1   7781                      8815  -1034     7539

 COOLING
  TODAY            0                         0      0        0
  MONTH TO DATE    0                         3     -3        0
  SINCE MAR 1      0                         3     -3        0
  SINCE JAN 1      0                         3     -3        0
..................................................................


WIND (MPH)
  HIGHEST WIND SPEED    MM   HIGHEST WIND DIRECTION    MM
  HIGHEST GUST SPEED    MM   HIGHEST GUST DIRECTION    MM
  AVERAGE WIND SPEED    MM


SKY COVER
  POSSIBLE SUNSHINE  MM
  AVERAGE SKY COVER  MM


WEATHER CONDITIONS
 THE FOLLOWING WEATHER WAS RECORDED TODAY.
  NO SIGNIFICANT WEATHER WAS OBSERVED.


RELATIVE HUMIDITY (PERCENT)
 HIGHEST    MM
 LOWEST     MM
 AVERAGE    MM

..........................................................


THE GRAND FORKS UNIV. (NWS) ND CLIMATE NORMALS FOR TOMORROW
                         NORMAL    RECORD    YEAR
 MAXIMUM TEMPERATURE (F)   63        89      1934
 MINIMUM TEMPERATURE (F)   38        17      1900


SUNRISE AND SUNSET
APRIL 30 2017.........SUNRISE   612 AM CDT   SUNSET   840 PM CDT
MAY  1 2017...........SUNRISE   610 AM CDT   SUNSET   842 PM CDT


-  INDICATES NEGATIVE NUMBERS.
R  INDICATES RECORD WAS SET OR TIED.
MM INDICATES DATA IS MISSING.
T  INDICATES TRACE AMOUNT.




$$
