173
CDUS43 KFGF 082256
CLIFGF


CLIMATE REPORT
NATIONAL WEATHER SERVICE EASTERN NORTH DAKOTA/GRAND FORKS
456 PM CST THU DEC 8 2016


...................................

...THE GRAND FORKS UNIV. (NWS) ND CLIMATE SUMMARY FOR DECEMBER 8 2016...
VALID TODAY AS OF 0400 PM LOCAL TIME.

CLIMATE NORMAL PERIOD 1981 TO 2010
CLIMATE RECORD PERIOD 1890 TO 2016


WEATHER ITEM   OBSERVED TIME   RECORD YEAR NORMAL DEPARTURE LAST
                VALUE   (LST)  VALUE       VALUE  FROM      YEAR
                                                  NORMAL
..................................................................
TEMPERATURE (F)
 TODAY
  MAXIMUM         19        MM  54    1990  23     -4       40
  MINIMUM         12        MM -28    1919   7      5       24
  AVERAGE         16                        15      1       32

PRECIPITATION (IN)
  TODAY           MM             0.54 1945   0.02  MM        0.00
  MONTH TO DATE    0.97                      0.16   0.81     0.30
  SINCE DEC 1      0.97                      0.16   0.81     0.30
  SINCE JAN 1     30.40                     21.13   9.27    19.71

SNOWFALL (IN)
  TODAY           MM             9.0  1995   0.3   MM        0.0
  MONTH TO DATE   16.7                       2.4   14.3      2.7
  SINCE DEC 1     16.7                       2.4   14.3      2.7
  SINCE JUL 1     17.6                       9.5    8.1      6.1
  SNOW DEPTH      11

DEGREE DAYS
 HEATING
  TODAY           49                        50     -1       33
  MONTH TO DATE  315                       388    -73      291
  SINCE DEC 1    315                       388    -73      291
  SINCE JUL 1   1769                      2482   -713     1900

 COOLING
  TODAY            0                         0      0        0
  MONTH TO DATE    0                         0      0        0
  SINCE DEC 1      0                         0      0        0
  SINCE JAN 1    461                       463     -2      580
..................................................................


WIND (MPH)
  HIGHEST WIND SPEED    MM   HIGHEST WIND DIRECTION    MM
  HIGHEST GUST SPEED    MM   HIGHEST GUST DIRECTION    MM
  AVERAGE WIND SPEED    MM


SKY COVER
  POSSIBLE SUNSHINE  MM
  AVERAGE SKY COVER  MM


WEATHER CONDITIONS
 THE FOLLOWING WEATHER WAS RECORDED TODAY.
  NO SIGNIFICANT WEATHER WAS OBSERVED.


RELATIVE HUMIDITY (PERCENT)
 HIGHEST    MM
 LOWEST     MM
 AVERAGE    MM

..........................................................


THE GRAND FORKS UNIV. (NWS) ND CLIMATE NORMALS FOR TOMORROW
                         NORMAL    RECORD    YEAR
 MAXIMUM TEMPERATURE (F)   22        56      1990
 MINIMUM TEMPERATURE (F)    7       -27      1977
                                             1909


SUNRISE AND SUNSET
DECEMBER  8 2016......SUNRISE   805 AM CST   SUNSET   436 PM CST
DECEMBER  9 2016......SUNRISE   806 AM CST   SUNSET   436 PM CST


-  INDICATES NEGATIVE NUMBERS.
R  INDICATES RECORD WAS SET OR TIED.
MM INDICATES DATA IS MISSING.
T  INDICATES TRACE AMOUNT.




$$
