000
CDUS43 KFGF 230656
CLIFGF


CLIMATE REPORT
NATIONAL WEATHER SERVICE EASTERN NORTH DAKOTA/GRAND FORKS
153 AM CDT THU OCT 23 2014


...................................

...THE GRAND FORKS UNIV. (NWS) ND CLIMATE SUMMARY FOR OCTOBER 22 2014...

CLIMATE NORMAL PERIOD 1981 TO 2010
CLIMATE RECORD PERIOD 1890 TO 2014


WEATHER ITEM   OBSERVED TIME   RECORD YEAR NORMAL DEPARTURE LAST
                VALUE   (LST)  VALUE       VALUE  FROM      YEAR
                                                  NORMAL
..................................................................
TEMPERATURE (F)
 YESTERDAY
  MAXIMUM         64        MM  78    1963  51     13       38
  MINIMUM         49        MM   1    1936  32     17       32
  AVERAGE         57                        41     16       35

PRECIPITATION (IN)
  YESTERDAY        0.05          1.02   MM   0.05   0.00      T
  MONTH TO DATE    0.54                      1.49  -0.95     2.82
  SINCE SEP 1      1.86                      3.54  -1.68     4.89
  SINCE JAN 1     22.28                     19.64   2.64    18.33

SNOWFALL (IN)
  YESTERDAY        0.0           1.8    MM   0.1   -0.1       T
  MONTH TO DATE    T                         0.5   -0.5       T
  SINCE SEP 1      T                         0.5   -0.5       T
  SINCE JUL 1      T                         0.5   -0.5       T
  SNOW DEPTH       0

DEGREE DAYS
 HEATING
  YESTERDAY        8                        24    -16       30
  MONTH TO DATE  363                       412    -49      415
  SINCE SEP 1    560                       652    -92      535
  SINCE JUL 1    616                       716   -100      594

 COOLING
  YESTERDAY        0                         0      0        0
  MONTH TO DATE    0                         0      0        0
  SINCE SEP 1     31                        30      1       46
  SINCE JAN 1    395                       462    -67      528
..................................................................


WIND (MPH)
  RESULTANT WIND SPEED  MM   RESULTANT WIND DIRECTION  MM
  HIGHEST WIND SPEED    MM   HIGHEST WIND DIRECTION    MM
  HIGHEST GUST SPEED    MM   HIGHEST GUST DIRECTION    MM
  AVERAGE WIND SPEED    MM


SKY COVER
  POSSIBLE SUNSHINE  MM
  AVERAGE SKY COVER  MM


WEATHER CONDITIONS
 THE FOLLOWING WEATHER WAS RECORDED YESTERDAY.
  LIGHT RAIN


RELATIVE HUMIDITY (PERCENT)
 HIGHEST    MM
 LOWEST     MM
 AVERAGE    MM

..........................................................


THE GRAND FORKS UNIV. (NWS) ND CLIMATE NORMALS FOR TODAY
                         NORMAL    RECORD    YEAR
 MAXIMUM TEMPERATURE (F)   50        77      1963
 MINIMUM TEMPERATURE (F)   31         1      1917


SUNRISE AND SUNSET
OCTOBER 23 2014.......SUNRISE   759 AM CDT   SUNSET   625 PM CDT
OCTOBER 24 2014.......SUNRISE   801 AM CDT   SUNSET   623 PM CDT


-  INDICATES NEGATIVE NUMBERS.
R  INDICATES RECORD WAS SET OR TIED.
MM INDICATES DATA IS MISSING.
T  INDICATES TRACE AMOUNT.




$$
