000
CDUS43 KFGF 020640
CLIFGF


CLIMATE REPORT
NATIONAL WEATHER SERVICE EASTERN NORTH DAKOTA/GRAND FORKS
137 AM CDT THU JUL 2 2015


...................................

...THE GRAND FORKS UNIV. (NWS) ND CLIMATE SUMMARY FOR JULY 1 2015...

CLIMATE NORMAL PERIOD 1981 TO 2010
CLIMATE RECORD PERIOD 1890 TO 2015


WEATHER ITEM   OBSERVED TIME   RECORD YEAR NORMAL DEPARTURE LAST
                VALUE   (LST)  VALUE       VALUE  FROM      YEAR
                                                  NORMAL
..................................................................
TEMPERATURE (F)
 YESTERDAY
  MAXIMUM         80        MM  99    1921  80      0       64
  MINIMUM         58        MM  38    1908  58      0       52
  AVERAGE         69                        69      0       58

PRECIPITATION (IN)
  YESTERDAY        0.00          2.93   MM   0.11  -0.11     0.06
  MONTH TO DATE    0.00                      0.11  -0.11     0.06
  SINCE JUN 1      2.32                      3.85  -1.53     6.81
  SINCE JAN 1      8.22                      9.90  -1.68    13.80

SNOWFALL (IN)
  YESTERDAY        0.0           0.0    MM   0.0    0.0      0.0
  MONTH TO DATE    0.0                       0.0    0.0      0.0
  SINCE JUN 1      0.1                       0.0    0.1      0.0
  SINCE JUL 1      0.0                       0.0    0.0      0.0
  SNOW DEPTH       0

DEGREE DAYS
 HEATING
  YESTERDAY        0                         1     -1        7
  MONTH TO DATE    0                         1     -1        7
  SINCE JUN 1     46                        84    -38       59
  SINCE JUL 1      0                         1     -1        7

 COOLING
  YESTERDAY        4                         5     -1        0
  MONTH TO DATE    4                         5     -1        0
  SINCE JUN 1    105                        96      9       63
  SINCE JAN 1    116                       122     -6      118
..................................................................


WIND (MPH)
  RESULTANT WIND SPEED  MM   RESULTANT WIND DIRECTION  MM
  HIGHEST WIND SPEED    MM   HIGHEST WIND DIRECTION    MM
  HIGHEST GUST SPEED    MM   HIGHEST GUST DIRECTION    MM
  AVERAGE WIND SPEED    MM


SKY COVER
  POSSIBLE SUNSHINE  MM
  AVERAGE SKY COVER  MM


WEATHER CONDITIONS
 THE FOLLOWING WEATHER WAS RECORDED YESTERDAY.
  FOG


RELATIVE HUMIDITY (PERCENT)
 HIGHEST    MM
 LOWEST     MM
 AVERAGE    MM

..........................................................


THE GRAND FORKS UNIV. (NWS) ND CLIMATE NORMALS FOR TODAY
                         NORMAL    RECORD    YEAR
 MAXIMUM TEMPERATURE (F)   80        94      1990
 MINIMUM TEMPERATURE (F)   58        40      1917


SUNRISE AND SUNSET
JULY  2 2015..........SUNRISE   534 AM CDT   SUNSET   931 PM CDT
JULY  3 2015..........SUNRISE   534 AM CDT   SUNSET   930 PM CDT


-  INDICATES NEGATIVE NUMBERS.
R  INDICATES RECORD WAS SET OR TIED.
MM INDICATES DATA IS MISSING.
T  INDICATES TRACE AMOUNT.




$$
