000
CDUS45 KFGZ 270818
CLIFLG
CLIMATE REPORT
NATIONAL WEATHER SERVICE FLAGSTAFF, AZ
117 AM MST SAT MAY 27 2017


...................................

...THE FLAGSTAFF AZ AIRPORT CLIMATE SUMMARY FOR MAY 26 2017...

CLIMATE NORMAL PERIOD 1981 TO 2010
CLIMATE RECORD PERIOD 1898 TO 2017


WEATHER ITEM   OBSERVED TIME   RECORD YEAR NORMAL DEPARTURE LAST
                VALUE   (LST)  VALUE       VALUE  FROM      YEAR
                                                  NORMAL
..................................................................
TEMPERATURE (F)
 YESTERDAY
  MAXIMUM         68    357 PM  87    1951  71     -3       59
  MINIMUM         40   1159 PM  19    1916  37      3       32
  AVERAGE         54                        54      0

PRECIPITATION (IN)
  YESTERDAY        0.00          0.75 1992   0.02  -0.02      T
  MONTH TO DATE    0.79                      0.53   0.26     1.57
  SINCE SEP 1     18.25                     15.68   2.57    15.85
  SINCE JAN 1      9.64                      8.01   1.63     7.02

SNOWFALL (IN)
  YESTERDAY        0.0           T    1993   0.0             0.0
  MONTH TO DATE    1.2                       0.7             1.9
  SINCE JUL 1     96.7                     101.7            78.3
  SNOW DEPTH       0

DEGREE DAYS
 HEATING
  YESTERDAY       11                        11      0       19
  MONTH TO DATE  394                       365     29      439
  SINCE JUL 1   6177                      6721   -544     6521

 COOLING
  YESTERDAY        0                         0      0        0
  MONTH TO DATE    0                         0      0        0
  SINCE JAN 1      0                         0      0        0
..................................................................


WIND (MPH)
  HIGHEST WIND SPEED    30   HIGHEST WIND DIRECTION    SW (220)
  HIGHEST GUST SPEED    37   HIGHEST GUST DIRECTION    SW (220)
  AVERAGE WIND SPEED    15.6


SKY COVER
  POSSIBLE SUNSHINE  MM
  AVERAGE SKY COVER 0.0


WEATHER CONDITIONS
 THE FOLLOWING WEATHER WAS RECORDED YESTERDAY.
  NO SIGNIFICANT WEATHER WAS OBSERVED.


RELATIVE HUMIDITY (PERCENT)
 HIGHEST    39          1100 PM
 LOWEST     11           100 PM
 AVERAGE    25

..........................................................


THE FLAGSTAFF AZ AIRPORT CLIMATE NORMALS FOR TODAY
                         NORMAL    RECORD    YEAR
 MAXIMUM TEMPERATURE (F)   72        87      1974
 MINIMUM TEMPERATURE (F)   37        23      1916


SUNRISE AND SUNSET
MAY 27 2017...........SUNRISE   515 AM MST   SUNSET   733 PM MST
MAY 28 2017...........SUNRISE   515 AM MST   SUNSET   733 PM MST


-  INDICATES NEGATIVE NUMBERS.
R  INDICATES RECORD WAS SET OR TIED.
MM INDICATES DATA IS MISSING.
T  INDICATES TRACE AMOUNT.




$$
&&

-------------------------------------------------------------------
SNOW DEPTH DATA FOR FLAGSTAFF AIRPORT IS REPORTED AT 5 AM MST


-------------------------------------------------------------------
SUPPLEMENTARY CLIMATE DATA FOR NWS BELLEMONT, ARIZONA

SNOW DEPTH (IN) AT 11 AM...................................0.0
WATER EQUIVALENT OF SNOW PACK (IN) AT 11 AM*...............
* ONLY MEASURED IF SNOW DEPTH IS 2.0 INCHES OR GREATER
-------------------------------------------------------------------
