000
CDUS45 KFGZ 240851
CLIFLG
CLIMATE REPORT
NATIONAL WEATHER SERVICE FLAGSTAFF, AZ
149 AM MST TUE JAN 24 2017


...................................

...THE FLAGSTAFF AZ AIRPORT CLIMATE SUMMARY FOR JANUARY 23 2017...

CLIMATE NORMAL PERIOD 1981 TO 2010
CLIMATE RECORD PERIOD 1898 TO 2017


WEATHER ITEM   OBSERVED TIME   RECORD YEAR NORMAL DEPARTURE LAST
                VALUE   (LST)  VALUE       VALUE  FROM      YEAR
                                                  NORMAL
..................................................................
TEMPERATURE (F)
 YESTERDAY
  MAXIMUM         32    112 PM  61    1970  43    -11       49
  MINIMUM         25   1159 PM -15    1937  18      7       22
                                      1922
  AVERAGE         29                        30     -1

PRECIPITATION (IN)
  YESTERDAY        0.61          1.73 1943   0.06   0.55     0.00
  MONTH TO DATE    4.23                      1.55   2.68     2.91
  SINCE SEP 1     12.84                      9.22   3.62    11.74
  SINCE JAN 1      4.23                      1.55   2.68     2.91

SNOWFALL (IN)
  YESTERDAY        7.3          17.3  1943   0.7             0.0
  MONTH TO DATE   39.7                      16.8            34.0
  SINCE JUL 1     60.2                      45.9            61.5
  SNOW DEPTH      15

DEGREE DAYS
 HEATING
  YESTERDAY       36                        35      1       29
  MONTH TO DATE  768                       811    -43      868
  SINCE JUL 1   3331                      3639   -308     3599

 COOLING
  YESTERDAY        0                         0      0        0
  MONTH TO DATE    0                         0      0        0
  SINCE JAN 1      0                         0      0        0
..................................................................


WIND (MPH)
  HIGHEST WIND SPEED    37   HIGHEST WIND DIRECTION    SW (210)
  HIGHEST GUST SPEED    47   HIGHEST GUST DIRECTION    SW (210)
  AVERAGE WIND SPEED    17.6


SKY COVER
  POSSIBLE SUNSHINE  MM
  AVERAGE SKY COVER 1.0


WEATHER CONDITIONS
 THE FOLLOWING WEATHER WAS RECORDED YESTERDAY.
  SNOW
  LIGHT SNOW
  FOG
  FOG W/VISIBILITY <= 1/4 MILE


RELATIVE HUMIDITY (PERCENT)
 HIGHEST   100           100 AM
 LOWEST     85           600 PM
 AVERAGE    93

..........................................................


THE FLAGSTAFF AZ AIRPORT CLIMATE NORMALS FOR TODAY
                         NORMAL    RECORD    YEAR
 MAXIMUM TEMPERATURE (F)   43        61      1982
 MINIMUM TEMPERATURE (F)   18       -15      1964


SUNRISE AND SUNSET
JANUARY 24 2017.......SUNRISE   731 AM MST   SUNSET   547 PM MST
JANUARY 25 2017.......SUNRISE   730 AM MST   SUNSET   548 PM MST


-  INDICATES NEGATIVE NUMBERS.
R  INDICATES RECORD WAS SET OR TIED.
MM INDICATES DATA IS MISSING.
T  INDICATES TRACE AMOUNT.




$$
&&

-------------------------------------------------------------------
SNOW DEPTH DATA FOR FLAGSTAFF AIRPORT IS REPORTED AT 5 AM MST


-------------------------------------------------------------------
SUPPLEMENTARY CLIMATE DATA FOR NWS BELLEMONT, ARIZONA

SNOW DEPTH (IN) AT 11 AM.........................................16
WATER EQUIVALENT OF SNOW PACK (IN) AT 11 AM*..................  1.8
* ONLY MEASURED IF SNOW DEPTH IS 2.0 INCHES OR GREATER
-------------------------------------------------------------------
