000
CDUS45 KFGZ 310052
CLIFLG
CLIMATE REPORT
NATIONAL WEATHER SERVICE FLAGSTAFF, AZ
551 PM MST MON MAR 30 2015


...................................

...THE FLAGSTAFF AZ AIRPORT CLIMATE SUMMARY FOR MARCH 30 2015...
VALID TODAY AS OF 0500 PM LOCAL TIME.

CLIMATE NORMAL PERIOD 1981 TO 2010
CLIMATE RECORD PERIOD 1898 TO 2015


WEATHER ITEM   OBSERVED TIME   RECORD YEAR NORMAL DEPARTURE LAST
                VALUE   (LST)  VALUE       VALUE  FROM      YEAR
                                                  NORMAL
..................................................................
TEMPERATURE (F)
 TODAY
  MAXIMUM         69    315 PM  70    1971  54     15       56
  MINIMUM         32    644 AM   1    1998  25      7       27
  AVERAGE         51                        40     11       42

PRECIPITATION (IN)
  TODAY            0.00          0.84 1970   0.05  -0.05     0.00
  MONTH TO DATE    3.73                      2.07   1.66     1.24
  SINCE SEP 1     15.87                     13.95   1.92     8.95
  SINCE JAN 1      8.04                      6.28   1.76     1.84

SNOWFALL (IN)
  TODAY            0.0           8.9  1970   0.4   -0.4      0.0
  MONTH TO DATE   17.3                      20.3   -3.0      1.4
  SINCE SEP 1     56.2                      93.5  -37.3     34.9
  SNOW DEPTH       0

DEGREE DAYS
 HEATING
  TODAY           14                        26    -12       23
  MONTH TO DATE  694                       842   -148      733
  SINCE JUL 1   4744                      5681   -937     5334

 COOLING
  TODAY            0                         0      0        0
  MONTH TO DATE    0                         0      0        0
  SINCE JAN 1      0                         0      0        0
..................................................................


WIND (MPH)
  HIGHEST WIND SPEED    20   HIGHEST WIND DIRECTION    SW (210)
  HIGHEST GUST SPEED    26   HIGHEST GUST DIRECTION    SW (210)
  AVERAGE WIND SPEED     4.7


SKY COVER
  POSSIBLE SUNSHINE  MM
  AVERAGE SKY COVER 0.0


WEATHER CONDITIONS
 THE FOLLOWING WEATHER WAS RECORDED TODAY.
  NO SIGNIFICANT WEATHER WAS OBSERVED.


RELATIVE HUMIDITY (PERCENT)
 HIGHEST    61           600 AM
 LOWEST     11           400 PM
 AVERAGE    36

..........................................................


THE FLAGSTAFF AZ AIRPORT CLIMATE NORMALS FOR TOMORROW
                         NORMAL    RECORD    YEAR
 MAXIMUM TEMPERATURE (F)   54        73      1966
 MINIMUM TEMPERATURE (F)   26         3      1912


SUNRISE AND SUNSET
MARCH 30 2015.........SUNRISE   616 AM MST   SUNSET   646 PM MST
MARCH 31 2015.........SUNRISE   615 AM MST   SUNSET   647 PM MST


-  INDICATES NEGATIVE NUMBERS.
R  INDICATES RECORD WAS SET OR TIED.
MM INDICATES DATA IS MISSING.
T  INDICATES TRACE AMOUNT.




$$


&&

-------------------------------------------------------------------
SNOW DEPTH DATA FOR FLAGSTAFF AIRPORT IS REPORTED AT 5 AM MST


-------------------------------------------------------------------
SUPPLEMENTARY CLIMATE DATA FOR NWS BELLEMONT, ARIZONA

SNOW DEPTH (IN) AT 11 AM........................................ 0
WATER EQUIVALENT OF SNOW PACK (IN) AT 11 AM*...................
* ONLY MEASURED IF SNOW DEPTH IS 2.0 INCHES OR GREATER
-------------------------------------------------------------------
