000
CDUS45 KFGZ 210055
CLIFLG
CLIMATE REPORT
NATIONAL WEATHER SERVICE FLAGSTAFF, AZ
554 PM MST MON OCT 20 2014


...................................

...THE FLAGSTAFF AZ AIRPORT CLIMATE SUMMARY FOR OCTOBER 20 2014...
VALID TODAY AS OF 0500 PM LOCAL TIME.

CLIMATE NORMAL PERIOD 1981 TO 2010
CLIMATE RECORD PERIOD 1898 TO 2014


WEATHER ITEM   OBSERVED TIME   RECORD YEAR NORMAL DEPARTURE LAST
                VALUE   (LST)  VALUE       VALUE  FROM      YEAR
                                                  NORMAL
..................................................................
TEMPERATURE (F)
 TODAY
  MAXIMUM         64   1235 PM  77    2003  61      3       67
  MINIMUM         33    649 AM   4    1949  30      3       22
  AVERAGE         49                        45      4       45

PRECIPITATION (IN)
  TODAY            0.00          1.18 1979   0.06  -0.06     0.00
  MONTH TO DATE    0.69                      1.11  -0.42     0.18
  SINCE SEP 1      3.79                      3.49   0.30     3.43
  SINCE JAN 1     16.63                     17.68  -1.05    21.11

SNOWFALL (IN)
  TODAY            0.0           7.0  1920   0.1   -0.1      0.0
  MONTH TO DATE    0.0                       0.6   -0.6      0.6
  SINCE SEP 1      0.0                       0.6   -0.6      0.6
  SNOW DEPTH       0

DEGREE DAYS
 HEATING
  TODAY           16                        20     -4       20
  MONTH TO DATE  257                       329    -72      407
  SINCE JUL 1    509                       646   -137      701

 COOLING
  TODAY            0                         0      0        0
  MONTH TO DATE    0                         0      0        0
  SINCE JAN 1    109                       117     -8      148
..................................................................


WIND (MPH)
  HIGHEST WIND SPEED    16   HIGHEST WIND DIRECTION    SW (210)
  HIGHEST GUST SPEED    20   HIGHEST GUST DIRECTION    SW (220)
  AVERAGE WIND SPEED     2.7


SKY COVER
  POSSIBLE SUNSHINE  MM
  AVERAGE SKY COVER 0.2


WEATHER CONDITIONS
 THE FOLLOWING WEATHER WAS RECORDED TODAY.
  NO SIGNIFICANT WEATHER WAS OBSERVED.


RELATIVE HUMIDITY (PERCENT)
 HIGHEST    92           200 AM
 LOWEST     39          1200 PM
 AVERAGE    66

..........................................................


THE FLAGSTAFF AZ AIRPORT CLIMATE NORMALS FOR TOMORROW
                         NORMAL    RECORD    YEAR
 MAXIMUM TEMPERATURE (F)   60        75      2003
                                             1952
                                             1917
 MINIMUM TEMPERATURE (F)   30         5      1949


SUNRISE AND SUNSET
OCTOBER 20 2014.......SUNRISE   637 AM MST   SUNSET   545 PM MST
OCTOBER 21 2014.......SUNRISE   638 AM MST   SUNSET   544 PM MST


-  INDICATES NEGATIVE NUMBERS.
R  INDICATES RECORD WAS SET OR TIED.
MM INDICATES DATA IS MISSING.
T  INDICATES TRACE AMOUNT.




$$


&&

-------------------------------------------------------------------
SNOW DEPTH DATA FOR FLAGSTAFF AIRPORT IS REPORTED AT 5 AM MST


-------------------------------------------------------------------
SUPPLEMENTARY CLIMATE DATA FOR NWS BELLEMONT, ARIZONA

SNOW DEPTH (IN) AT 11 AM..........................................0
WATER EQUIVALENT OF SNOW PACK (IN) AT 11 AM*......................0
* ONLY MEASURED IF SNOW DEPTH IS 2.0 INCHES OR GREATER
-------------------------------------------------------------------
