000
CDUS45 KFGZ 311012
CLIFLG
CLIMATE REPORT
NATIONAL WEATHER SERVICE FLAGSTAFF, AZ
312 AM MST MON AUG 31 2015


...................................

...THE FLAGSTAFF AZ AIRPORT CLIMATE SUMMARY FOR AUGUST 30 2015...

CLIMATE NORMAL PERIOD 1981 TO 2010
CLIMATE RECORD PERIOD 1898 TO 2015


WEATHER ITEM   OBSERVED TIME   RECORD YEAR NORMAL DEPARTURE LAST
                VALUE   (LST)  VALUE       VALUE  FROM      YEAR
                                                  NORMAL
..................................................................
TEMPERATURE (F)
 YESTERDAY
  MAXIMUM         78   1223 PM  90    1948  77      1       79
  MINIMUM         50    514 AM  36    1975  47      3       44
                                      1942
                                      1907
  AVERAGE         64                        62      2

PRECIPITATION (IN)
  YESTERDAY        0.17          1.23 1946   0.09   0.08     0.00
  MONTH TO DATE    3.02                      3.02   0.00     5.31
  SINCE SEP 1     26.25                     21.77   4.48    19.95
  SINCE JAN 1     18.42                     14.10   4.32    12.84

SNOWFALL (IN)
  YESTERDAY        0.0           0.3  2000   0.0             0.0
  MONTH TO DATE    0.0                       0.0             0.0
  SINCE JUL 1      0.0                       0.0             0.0
  SNOW DEPTH      MM

DEGREE DAYS
 HEATING
  YESTERDAY        1                         3     -2        3
  MONTH TO DATE   12                        53    -41       92
  SINCE JUL 1     71                        85    -14       93

 COOLING
  YESTERDAY        0                         0      0        0
  MONTH TO DATE   39                        34      5       11
  SINCE JAN 1    115                       115      0      109
..................................................................


WIND (MPH)
  HIGHEST WIND SPEED    24   HIGHEST WIND DIRECTION    SW (220)
  HIGHEST GUST SPEED    30   HIGHEST GUST DIRECTION    SW (210)
  AVERAGE WIND SPEED     5.9


SKY COVER
  POSSIBLE SUNSHINE  MM
  AVERAGE SKY COVER 0.2


WEATHER CONDITIONS
 THE FOLLOWING WEATHER WAS RECORDED YESTERDAY.
  THUNDERSTORM
  HEAVY RAIN
  LIGHT RAIN
  FOG


RELATIVE HUMIDITY (PERCENT)
 HIGHEST   100          1100 PM
 LOWEST     43           100 PM
 AVERAGE    72

..........................................................


THE FLAGSTAFF AZ AIRPORT CLIMATE NORMALS FOR TODAY
                         NORMAL    RECORD    YEAR
 MAXIMUM TEMPERATURE (F)   77        89      1950
                                             1949
                                             1948
 MINIMUM TEMPERATURE (F)   47        35      1957


SUNRISE AND SUNSET
AUGUST 31 2015........SUNRISE   558 AM MST   SUNSET   655 PM MST
SEPTEMBER  1 2015.....SUNRISE   559 AM MST   SUNSET   654 PM MST


-  INDICATES NEGATIVE NUMBERS.
R  INDICATES RECORD WAS SET OR TIED.
MM INDICATES DATA IS MISSING.
T  INDICATES TRACE AMOUNT.




$$
&&

-------------------------------------------------------------------
SNOW DEPTH DATA FOR FLAGSTAFF AIRPORT IS REPORTED AT 5 AM MST


-------------------------------------------------------------------
SUPPLEMENTARY CLIMATE DATA FOR NWS BELLEMONT, ARIZONA

SNOW DEPTH (IN) AT 11 AM........................................ 0
WATER EQUIVALENT OF SNOW PACK (IN) AT 11 AM*.....................
* ONLY MEASURED IF SNOW DEPTH IS 2.0 INCHES OR GREATER
-------------------------------------------------------------------
