000
CDUS42 KMFL 090939
CLIFLL


CLIMATE REPORT
NATIONAL WEATHER SERVICE MIAMI, FL
439 AM EST TUE FEB 9 2016


...................................

...THE FORT LAUDERDALE CLIMATE SUMMARY FOR FEBRUARY 8 2016...

CLIMATE NORMAL PERIOD 1981 TO 2010
CLIMATE RECORD PERIOD 1912 TO 2016


WEATHER ITEM   OBSERVED TIME   RECORD YEAR NORMAL DEPARTURE LAST
                VALUE   (LST)  VALUE       VALUE  FROM      YEAR
                                                  NORMAL
..................................................................
TEMPERATURE (F)
 YESTERDAY
  MAXIMUM         67    431 PM  89    1955  77    -10       76
  MINIMUM         48    727 AM  38    1924  64    -16       65
  AVERAGE         58                        70    -12       71

PRECIPITATION (IN)
  YESTERDAY        0.00          1.85 1939   0.11  -0.11     0.00
  MONTH TO DATE    1.58                      0.86   0.72     1.24
  SINCE NOV 1     20.21                     10.19  10.02     9.74
  SINCE JAN 1      8.99                      4.49   4.50     4.63

SNOWFALL (IN)
  YESTERDAY        0.0
  MONTH TO DATE    0.0
  SINCE DEC 1      0.0
  SINCE JUL 1      0.0
  SNOW DEPTH       0

DEGREE DAYS
 HEATING
  YESTERDAY        7                         1      6        0
  MONTH TO DATE   14                         8      6        0
  SINCE DEC 1     59                        86    -27       39
  SINCE JUL 1     59                        88    -29       49

 COOLING
  YESTERDAY        0                         6     -6        6
  MONTH TO DATE   51                        48      3       34
  SINCE DEC 1    572                       434    138      411
  SINCE JAN 1    175                       218    -43      199
..................................................................


WIND (MPH)
  HIGHEST WIND SPEED    18   HIGHEST WIND DIRECTION     W (250)
  HIGHEST GUST SPEED    23   HIGHEST GUST DIRECTION     W (280)
  AVERAGE WIND SPEED     8.7


SKY COVER
  AVERAGE SKY COVER 0.4


WEATHER CONDITIONS
 THE FOLLOWING WEATHER WAS RECORDED YESTERDAY.
  NO SIGNIFICANT WEATHER WAS OBSERVED.


RELATIVE HUMIDITY (PERCENT)
 HIGHEST    86
 LOWEST     42
 AVERAGE    64

..........................................................


THE FORT LAUDERDALE CLIMATE NORMALS FOR TODAY
                         NORMAL    RECORD    YEAR
 MAXIMUM TEMPERATURE (F)   77        86      1982
                                             1936
 MINIMUM TEMPERATURE (F)   64        38      1995
                                             1968


SUNRISE AND SUNSET
FEBRUARY  9 2016......SUNRISE   701 AM EST   SUNSET   609 PM EST
FEBRUARY 10 2016......SUNRISE   700 AM EST   SUNSET   610 PM EST


-  INDICATES NEGATIVE NUMBERS.
R  INDICATES RECORD WAS SET OR TIED.
MM INDICATES DATA IS MISSING.
T  INDICATES TRACE AMOUNT.




$$
