453
CDUS42 KMFL 230822
CLIFLL


CLIMATE REPORT
NATIONAL WEATHER SERVICE MIAMI, FL
422 AM EDT TUE MAY 23 2017


...................................

...THE FORT LAUDERDALE CLIMATE SUMMARY FOR MAY 22 2017...

CLIMATE NORMAL PERIOD 1981 TO 2010
CLIMATE RECORD PERIOD 1912 TO 2017


WEATHER ITEM   OBSERVED TIME   RECORD YEAR NORMAL DEPARTURE LAST
                VALUE   (LST)  VALUE       VALUE  FROM      YEAR
                                                  NORMAL
..................................................................
TEMPERATURE (F)
 YESTERDAY
  MAXIMUM         87   1242 PM  93    1935  87      0       91
                                      1924
  MINIMUM         76    447 AM  58    1919  75      1       74
  AVERAGE         82                        81      1       83

PRECIPITATION (IN)
  YESTERDAY        0.00          5.06 1932   0.19  -0.19     0.00
  MONTH TO DATE    1.46                      2.70  -1.24     2.90
  SINCE NOV 1     14.87                     21.24  -6.37    28.42
  SINCE JAN 1     10.24                     15.54  -5.30    17.20

SNOWFALL (IN)
  YESTERDAY        0.0
  MONTH TO DATE    0.0
  SINCE MAR 1      0.0
  SINCE JUL 1      0.0
  SNOW DEPTH       0

DEGREE DAYS
 HEATING
  YESTERDAY        0                         0      0        0
  MONTH TO DATE    0                         0      0        0
  SINCE MAR 1      6                        10     -4        2
  SINCE JUL 1     35                       112    -77       87

 COOLING
  YESTERDAY       17                        16      1       18
  MONTH TO DATE  323                       320      3      322
  SINCE MAR 1    953                       911     42     1009
  SINCE JAN 1   1409                      1267    142     1268
..................................................................


WIND (MPH)
  HIGHEST WIND SPEED    21   HIGHEST WIND DIRECTION    SE (130)
  HIGHEST GUST SPEED    25   HIGHEST GUST DIRECTION    SE (150)
  AVERAGE WIND SPEED     8.3


SKY COVER
  AVERAGE SKY COVER 0.3


WEATHER CONDITIONS
 THE FOLLOWING WEATHER WAS RECORDED YESTERDAY.
  NO SIGNIFICANT WEATHER WAS OBSERVED.


RELATIVE HUMIDITY (PERCENT)
 HIGHEST    79
 LOWEST     55
 AVERAGE    67

..........................................................


THE FORT LAUDERDALE CLIMATE NORMALS FOR TODAY
                         NORMAL    RECORD    YEAR
 MAXIMUM TEMPERATURE (F)   87        93      1924
 MINIMUM TEMPERATURE (F)   75        61      1920


SUNRISE AND SUNSET
MAY 23 2017...........SUNRISE   631 AM EDT   SUNSET   804 PM EDT
MAY 24 2017...........SUNRISE   630 AM EDT   SUNSET   805 PM EDT


-  INDICATES NEGATIVE NUMBERS.
R  INDICATES RECORD WAS SET OR TIED.
MM INDICATES DATA IS MISSING.
T  INDICATES TRACE AMOUNT.




$$
