000
CDUS42 KILM 301002
CLIFLO


CLIMATE REPORT
NATIONAL WEATHER SERVICE WILMINGTON NC
502 AM EST FRI JAN 30 2015


...................................

...THE FLORENCE SC CLIMATE SUMMARY FOR JANUARY 29 2015...

CLIMATE NORMAL PERIOD 1981 TO 2010
CLIMATE RECORD PERIOD 1948 TO 2015


WEATHER ITEM   OBSERVED TIME   RECORD YEAR NORMAL DEPARTURE LAST
                VALUE   (LST)  VALUE       VALUE  FROM      YEAR
                                                  NORMAL
..................................................................
TEMPERATURE (F)
 YESTERDAY
  MAXIMUM         56    358 PM  80    2002  56      0       29
  MINIMUM         25    708 AM  18    1963  35    -10       19
  AVERAGE         41                        46     -5       24

PRECIPITATION (IN)
  YESTERDAY        0.00          1.30 1974   0.11  -0.11     0.07
  MONTH TO DATE    2.43                      3.03  -0.60     2.36
  SINCE DEC 1      5.63                      6.04  -0.41     6.69
  SINCE JAN 1      2.43                      3.03  -0.60     2.36

SNOWFALL (IN)
  YESTERDAY       MM
  MONTH TO DATE   MM
  SINCE DEC 1     MM
  SINCE JUL 1     MM
  SNOW DEPTH      MM

DEGREE DAYS
 HEATING
  YESTERDAY       24                        19      5       41
  MONTH TO DATE  576                       584     -8      673
  SINCE DEC 1   1045                      1141    -96     1115
  SINCE JUL 1   1545                      1563    -18     1585

 COOLING
  YESTERDAY        0                         0      0        0
  MONTH TO DATE    3                         0      3        0
  SINCE DEC 1      3                         4     -1       18
  SINCE JAN 1      3                         0      3        0
..................................................................


WIND (MPH)
  HIGHEST WIND SPEED    15   HIGHEST WIND DIRECTION    SW (210)
  HIGHEST GUST SPEED    19   HIGHEST GUST DIRECTION    SW (220)
  AVERAGE WIND SPEED     5.4


SKY COVER
  POSSIBLE SUNSHINE  MM
  AVERAGE SKY COVER 0.2


WEATHER CONDITIONS
 THE FOLLOWING WEATHER WAS RECORDED YESTERDAY.
  FOG
  HAZE


RELATIVE HUMIDITY (PERCENT)
 HIGHEST    88           700 AM
 LOWEST     22           400 PM
 AVERAGE    55

..........................................................


THE FLORENCE SC CLIMATE NORMALS FOR TODAY
                         NORMAL    RECORD    YEAR
 MAXIMUM TEMPERATURE (F)   57        80      2002
 MINIMUM TEMPERATURE (F)   35        11      1966


SUNRISE AND SUNSET
JANUARY 30 2015.......SUNRISE   718 AM EST   SUNSET   547 PM EST
JANUARY 31 2015.......SUNRISE   717 AM EST   SUNSET   548 PM EST


-  INDICATES NEGATIVE NUMBERS.
R  INDICATES RECORD WAS SET OR TIED.
MM INDICATES DATA IS MISSING.
T  INDICATES TRACE AMOUNT.




$$
