000
CDUS42 KILM 220847
CLIFLO


CLIMATE REPORT
NATIONAL WEATHER SERVICE WILMINGTON NC
446 AM EDT WED OCT 22 2014


...................................

...THE FLORENCE SC CLIMATE SUMMARY FOR OCTOBER 21 2014...

CLIMATE NORMAL PERIOD 1981 TO 2010
CLIMATE RECORD PERIOD 1948 TO 2014


WEATHER ITEM   OBSERVED TIME   RECORD YEAR NORMAL DEPARTURE LAST
                VALUE   (LST)  VALUE       VALUE  FROM      YEAR
                                                  NORMAL
..................................................................
TEMPERATURE (F)
 YESTERDAY
  MAXIMUM         78    338 PM  86    1993  74      4       71
  MINIMUM         51    655 AM  32    1952  51      0       49
  AVERAGE         65                        63      2       60

PRECIPITATION (IN)
  YESTERDAY        0.00          1.05 1959   0.09  -0.09     0.00
  MONTH TO DATE    1.08                      2.23  -1.15     0.81
  SINCE SEP 1      9.50                      5.90   3.60     1.70
  SINCE JAN 1     37.49                     36.38   1.11    48.16

DEGREE DAYS
 HEATING
  YESTERDAY        0                         4     -4        5
  MONTH TO DATE   28                        53    -25       12
  SINCE SEP 1     34                        62    -28       12
  SINCE JUL 1     34                        62    -28       12

 COOLING
  YESTERDAY        0                         2     -2        0
  MONTH TO DATE   99                        70     29      103
  SINCE SEP 1    426                       356     70      401
  SINCE JAN 1   2258                      2026    232     2028
..................................................................


WIND (MPH)
  HIGHEST WIND SPEED    16   HIGHEST WIND DIRECTION     N (360)
  HIGHEST GUST SPEED    23   HIGHEST GUST DIRECTION     N (360)
  AVERAGE WIND SPEED     5.6


SKY COVER
  POSSIBLE SUNSHINE  MM
  AVERAGE SKY COVER 0.1


WEATHER CONDITIONS
 THE FOLLOWING WEATHER WAS RECORDED YESTERDAY.
  FOG
  FOG W/VISIBILITY <= 1/4 MILE


RELATIVE HUMIDITY (PERCENT)
 HIGHEST    96           500 AM
 LOWEST     32           300 PM
 AVERAGE    64

..........................................................


THE FLORENCE SC CLIMATE NORMALS FOR TODAY
                         NORMAL    RECORD    YEAR
 MAXIMUM TEMPERATURE (F)   74        86      2007
 MINIMUM TEMPERATURE (F)   51        29      1952


SUNRISE AND SUNSET
OCTOBER 22 2014.......SUNRISE   730 AM EDT   SUNSET   636 PM EDT
OCTOBER 23 2014.......SUNRISE   731 AM EDT   SUNSET   635 PM EDT


-  INDICATES NEGATIVE NUMBERS.
R  INDICATES RECORD WAS SET OR TIED.
MM INDICATES DATA IS MISSING.
T  INDICATES TRACE AMOUNT.




$$
