000
CDUS42 KILM 280900
CLIFLO


CLIMATE REPORT
NATIONAL WEATHER SERVICE WILMINGTON NC
500 AM EDT FRI APR 28 2017


...................................

...THE FLORENCE SC CLIMATE SUMMARY FOR APRIL 27 2017...

CLIMATE NORMAL PERIOD 1981 TO 2010
CLIMATE RECORD PERIOD 1948 TO 2017


WEATHER ITEM   OBSERVED TIME   RECORD YEAR NORMAL DEPARTURE LAST
                VALUE   (LST)  VALUE       VALUE  FROM      YEAR
                                                  NORMAL
..................................................................
TEMPERATURE (F)
 YESTERDAY
  MAXIMUM         82    406 PM  96    1981  79      3       87
  MINIMUM         57    417 AM  38    1972  54      3       62
  AVERAGE         70                        66      4       75

PRECIPITATION (IN)
  YESTERDAY        0.00          1.87 1950   0.09  -0.09     0.00
  MONTH TO DATE    4.55                      2.37   2.18     5.34
  SINCE MAR 1      6.15                      5.70   0.45     6.97
  SINCE JAN 1     11.02                     11.85  -0.83    14.43

SNOWFALL (IN)
  YESTERDAY       MM
  MONTH TO DATE   MM
  SINCE MAR 1     MM
  SINCE JUL 1     MM
  SNOW DEPTH      MM

DEGREE DAYS
 HEATING
  YESTERDAY        0                         2     -2        0
  MONTH TO DATE   49                       117    -68      113
  SINCE MAR 1    380                       427    -47      278
  SINCE JUL 1   1825                      2493   -668     1938

 COOLING
  YESTERDAY        5                         3      2       10
  MONTH TO DATE   93                        59     34       51
  SINCE MAR 1    133                        77     56       99
  SINCE JAN 1    146                        83     63      100
..................................................................


WIND (MPH)
  HIGHEST WIND SPEED    17   HIGHEST WIND DIRECTION    SW (220)
  HIGHEST GUST SPEED    29   HIGHEST GUST DIRECTION    SW (210)
  AVERAGE WIND SPEED     8.2


SKY COVER
  POSSIBLE SUNSHINE  MM
  AVERAGE SKY COVER 0.2


WEATHER CONDITIONS
 THE FOLLOWING WEATHER WAS RECORDED YESTERDAY.
  FOG


RELATIVE HUMIDITY (PERCENT)
 HIGHEST   100           400 AM
 LOWEST     54          1000 AM
 AVERAGE    77

..........................................................


THE FLORENCE SC CLIMATE NORMALS FOR TODAY
                         NORMAL    RECORD    YEAR
 MAXIMUM TEMPERATURE (F)   79        97      1981
 MINIMUM TEMPERATURE (F)   54        40      2005
                                             1967


SUNRISE AND SUNSET
APRIL 28 2017.........SUNRISE   632 AM EDT   SUNSET   801 PM EDT
APRIL 29 2017.........SUNRISE   631 AM EDT   SUNSET   802 PM EDT


-  INDICATES NEGATIVE NUMBERS.
R  INDICATES RECORD WAS SET OR TIED.
MM INDICATES DATA IS MISSING.
T  INDICATES TRACE AMOUNT.




$$
