000
CDUS42 KILM 260845
CLIFLO


CLIMATE REPORT
NATIONAL WEATHER SERVICE WILMINGTON NC
445 AM EDT SUN MAR 26 2017


...................................

...THE FLORENCE SC CLIMATE SUMMARY FOR MARCH 25 2017...

CLIMATE NORMAL PERIOD 1981 TO 2010
CLIMATE RECORD PERIOD 1948 TO 2017


WEATHER ITEM   OBSERVED TIME   RECORD YEAR NORMAL DEPARTURE LAST
                VALUE   (LST)  VALUE       VALUE  FROM      YEAR
                                                  NORMAL
..................................................................
TEMPERATURE (F)
 YESTERDAY
  MAXIMUM         78    336 PM  89    2007  70      8       76
  MINIMUM         50    523 AM  27    1956  46      4       62
  AVERAGE         64                        58      6       69

PRECIPITATION (IN)
  YESTERDAY        0.00          1.80 1971   0.10  -0.10     0.00
  MONTH TO DATE    1.23                      2.69  -1.46     0.83
  SINCE MAR 1      1.23                      2.69  -1.46     0.83
  SINCE JAN 1      6.10                      8.84  -2.74     8.29

SNOWFALL (IN)
  YESTERDAY       MM
  MONTH TO DATE   MM
  SINCE MAR 1     MM
  SINCE JUL 1     MM
  SNOW DEPTH      MM

DEGREE DAYS
 HEATING
  YESTERDAY        1                         8     -7        0
  MONTH TO DATE  331                       266     65      152
  SINCE MAR 1    331                       266     65      152
  SINCE JUL 1   1776                      2332   -556     1812

 COOLING
  YESTERDAY        0                         1     -1        4
  MONTH TO DATE   13                        12      1       42
  SINCE MAR 1     13                        12      1       42
  SINCE JAN 1     26                        18      8       43
..................................................................


WIND (MPH)
  HIGHEST WIND SPEED    16   HIGHEST WIND DIRECTION     S (170)
  HIGHEST GUST SPEED    21   HIGHEST GUST DIRECTION     S (170)
  AVERAGE WIND SPEED     6.4


SKY COVER
  POSSIBLE SUNSHINE  MM
  AVERAGE SKY COVER 0.2


WEATHER CONDITIONS
 THE FOLLOWING WEATHER WAS RECORDED YESTERDAY.
  NO SIGNIFICANT WEATHER WAS OBSERVED.


RELATIVE HUMIDITY (PERCENT)
 HIGHEST   100           500 AM
 LOWEST     36           300 PM
 AVERAGE    68

..........................................................


THE FLORENCE SC CLIMATE NORMALS FOR TODAY
                         NORMAL    RECORD    YEAR
 MAXIMUM TEMPERATURE (F)   71        86      1967
 MINIMUM TEMPERATURE (F)   46        29      2014


SUNRISE AND SUNSET
MARCH 26 2017.........SUNRISE   714 AM EDT   SUNSET   735 PM EDT
MARCH 27 2017.........SUNRISE   713 AM EDT   SUNSET   736 PM EDT


-  INDICATES NEGATIVE NUMBERS.
R  INDICATES RECORD WAS SET OR TIED.
MM INDICATES DATA IS MISSING.
T  INDICATES TRACE AMOUNT.




$$
