000
CDUS42 KILM 110948
CLIFLO


CLIMATE REPORT
NATIONAL WEATHER SERVICE WILMINGTON NC
446 AM EST SUN DEC 11 2016


...................................

...THE FLORENCE SC CLIMATE SUMMARY FOR DECEMBER 10 2016...

CLIMATE NORMAL PERIOD 1981 TO 2010
CLIMATE RECORD PERIOD 1948 TO 2016


WEATHER ITEM   OBSERVED TIME   RECORD YEAR NORMAL DEPARTURE LAST
                VALUE   (LST)  VALUE       VALUE  FROM      YEAR
                                                  NORMAL
..................................................................
TEMPERATURE (F)
 YESTERDAY
  MAXIMUM         46    345 PM  80    2007  59    -13       69
  MINIMUM         26    736 AM  22    2006  37    -11       41
                                      1962
  AVERAGE         36                        48    -12       55

PRECIPITATION (IN)
  YESTERDAY        0.00          1.36 1969   0.09  -0.09     0.00
  MONTH TO DATE    1.94                      0.90   1.04     0.64
  SINCE DEC 1      1.94                      0.90   1.04     0.64
  SINCE JAN 1     58.34                     40.80  17.54    50.58

SNOWFALL (IN)
  YESTERDAY       MM
  MONTH TO DATE   MM
  SINCE DEC 1     MM
  SINCE JUL 1     MM
  SNOW DEPTH      MM

DEGREE DAYS
 HEATING
  YESTERDAY       29                        17     12       10
  MONTH TO DATE  166                       158      8      124
  SINCE DEC 1    166                       158      8      124
  SINCE JUL 1    479                       580   -101      388

 COOLING
  YESTERDAY        0                         0      0        0
  MONTH TO DATE    0                         0      0        0
  SINCE DEC 1      0                         0      0        0
  SINCE JAN 1   2582                      2059    523     2470
..................................................................


WIND (MPH)
  HIGHEST WIND SPEED    10   HIGHEST WIND DIRECTION     N (340)
  HIGHEST GUST SPEED    13   HIGHEST GUST DIRECTION    NE (50)
  AVERAGE WIND SPEED     4.2


SKY COVER
  POSSIBLE SUNSHINE  MM
  AVERAGE SKY COVER 0.0


WEATHER CONDITIONS
 THE FOLLOWING WEATHER WAS RECORDED YESTERDAY.
  HAZE


RELATIVE HUMIDITY (PERCENT)
 HIGHEST    85          1000 PM
 LOWEST     33           200 PM
 AVERAGE    59

..........................................................


THE FLORENCE SC CLIMATE NORMALS FOR TODAY
                         NORMAL    RECORD    YEAR
 MAXIMUM TEMPERATURE (F)   59        80      2007
 MINIMUM TEMPERATURE (F)   37        18      1968


SUNRISE AND SUNSET
DECEMBER 11 2016......SUNRISE   715 AM EST   SUNSET   510 PM EST
DECEMBER 12 2016......SUNRISE   716 AM EST   SUNSET   510 PM EST


-  INDICATES NEGATIVE NUMBERS.
R  INDICATES RECORD WAS SET OR TIED.
MM INDICATES DATA IS MISSING.
T  INDICATES TRACE AMOUNT.




$$
