000
CDUS42 KILM 270842
CLIFLO


CLIMATE REPORT
NATIONAL WEATHER SERVICE WILMINGTON NC
442 AM EDT TUE JUN 27 2017


...................................

...THE FLORENCE SC CLIMATE SUMMARY FOR JUNE 26 2017...

CLIMATE NORMAL PERIOD 1981 TO 2010
CLIMATE RECORD PERIOD 1948 TO 2017


WEATHER ITEM   OBSERVED TIME   RECORD YEAR NORMAL DEPARTURE LAST
                VALUE   (LST)  VALUE       VALUE  FROM      YEAR
                                                  NORMAL
..................................................................
TEMPERATURE (F)
 YESTERDAY
  MAXIMUM         87    429 PM 103    1952  90     -3       90
  MINIMUM         69   1047 PM  56    1979  70     -1       73
  AVERAGE         78                        80     -2       82

PRECIPITATION (IN)
  YESTERDAY        0.00          2.67 1961   0.15  -0.15      T
  MONTH TO DATE    3.31                      4.01  -0.70     3.28
  SINCE JUN 1      3.31                      4.01  -0.70     3.28
  SINCE JAN 1     18.02                     19.37  -1.35    24.37

DEGREE DAYS
 HEATING
  YESTERDAY        0                         0      0        0
  MONTH TO DATE    0                         0      0        0
  SINCE JUN 1      0                         0      0        0
  SINCE JUL 1   1836                      2523   -687     1948

 COOLING
  YESTERDAY       13                        15     -2       17
  MONTH TO DATE  326                       336    -10      424
  SINCE JUN 1    326                       336    -10      424
  SINCE JAN 1    757                       643    114      771
..................................................................


WIND (MPH)
  HIGHEST WIND SPEED    15   HIGHEST WIND DIRECTION    NE (40)
  HIGHEST GUST SPEED    19   HIGHEST GUST DIRECTION    NE (50)
  AVERAGE WIND SPEED     5.5


SKY COVER
  POSSIBLE SUNSHINE  MM
  AVERAGE SKY COVER 0.3


WEATHER CONDITIONS
 THE FOLLOWING WEATHER WAS RECORDED YESTERDAY.
  NO SIGNIFICANT WEATHER WAS OBSERVED.


RELATIVE HUMIDITY (PERCENT)
 HIGHEST    79           100 AM
 LOWEST     32           400 PM
 AVERAGE    56

..........................................................


THE FLORENCE SC CLIMATE NORMALS FOR TODAY
                         NORMAL    RECORD    YEAR
 MAXIMUM TEMPERATURE (F)   90       108      1954
 MINIMUM TEMPERATURE (F)   70        58      2012


SUNRISE AND SUNSET
JUNE 27 2017..........SUNRISE   609 AM EDT   SUNSET   835 PM EDT
JUNE 28 2017..........SUNRISE   610 AM EDT   SUNSET   835 PM EDT


-  INDICATES NEGATIVE NUMBERS.
R  INDICATES RECORD WAS SET OR TIED.
MM INDICATES DATA IS MISSING.
T  INDICATES TRACE AMOUNT.




$$
