000
CDUS42 KTBW 270830
CLIFMY


CLIMATE REPORT
NATIONAL WEATHER SERVICE TAMPA BAY FL
428 AM EDT FRI MAY 27 2016


...................................

...THE FORT MYERS CLIMATE SUMMARY FOR MAY 26 2016...

CLIMATE NORMAL PERIOD 1981 TO 2010
CLIMATE RECORD PERIOD 1902 TO 2016


WEATHER ITEM   OBSERVED TIME   RECORD YEAR NORMAL DEPARTURE LAST
                VALUE   (LST)  VALUE       VALUE  FROM      YEAR
                                                  NORMAL
..................................................................
TEMPERATURE (F)
 YESTERDAY
  MAXIMUM         88    450 PM  99    1989  91     -3       94
                                      1953
  MINIMUM         65    523 AM  60    1979  71     -6       75
                                      1892
  AVERAGE         77                        81     -4       85

PRECIPITATION (IN)
  YESTERDAY        0.00          3.22 1961   0.13  -0.13     0.01
  MONTH TO DATE    2.98                      1.93   1.05     1.45
  SINCE MAR 1      5.48                      6.99  -1.51     4.94
  SINCE JAN 1     20.59                     11.08   9.51     8.13

DEGREE DAYS
 HEATING
  YESTERDAY        0                         0      0        0
  MONTH TO DATE    0                         0      0        0
  SINCE MAR 1      9                        27    -18        0
  SINCE JUL 1    204                       287    -83      231

 COOLING
  YESTERDAY       12                        16     -4       20
  MONTH TO DATE  359                       355      4      399
  SINCE MAR 1    907                       800    107     1126
  SINCE JAN 1   1018                       985     33     1274
..................................................................


WIND (MPH)
  RESULTANT WIND SPEED   8   RESULTANT WIND DIRECTION   E (80)
  HIGHEST WIND SPEED    16   HIGHEST WIND DIRECTION     E (70)
  HIGHEST GUST SPEED    23   HIGHEST GUST DIRECTION     E (80)
  AVERAGE WIND SPEED     7.7


SKY COVER
  POSSIBLE SUNSHINE  MM
  AVERAGE SKY COVER 0.2


WEATHER CONDITIONS
 THE FOLLOWING WEATHER WAS RECORDED YESTERDAY.
  NO SIGNIFICANT WEATHER WAS OBSERVED.


RELATIVE HUMIDITY (PERCENT)
 HIGHEST    87           400 AM
 LOWEST     35           100 PM

..........................................................


THE FORT MYERS CLIMATE NORMALS FOR TODAY
                         NORMAL    RECORD    YEAR
 MAXIMUM TEMPERATURE (F)   91        98      1989
 MINIMUM TEMPERATURE (F)   71        60      1979


SUNRISE AND SUNSET
MAY 27 2016...........SUNRISE   635 AM EDT   SUNSET   814 PM EDT
MAY 28 2016...........SUNRISE   635 AM EDT   SUNSET   815 PM EDT


-  INDICATES NEGATIVE NUMBERS.
R  INDICATES RECORD WAS SET OR TIED.
MM INDICATES DATA IS MISSING.
T  INDICATES TRACE AMOUNT.




$$


&&
------------------------------------------------------------------
******************** SUPPLEMENTAL DATA ***************************

...GULF WATER TEMPERATURE AT FORT MYERS BEACH 83 DEGREES
