172
CDUS42 KTBW 122232
CLIFMY


CLIMATE REPORT
NATIONAL WEATHER SERVICE TAMPA BAY FL
526 PM EST FRI FEB 12 2016


...................................

...THE FORT MYERS CLIMATE SUMMARY FOR FEBRUARY 12 2016...
VALID TODAY AS OF 0500 PM LOCAL TIME.

CLIMATE NORMAL PERIOD 1981 TO 2010
CLIMATE RECORD PERIOD 1902 TO 2016


WEATHER ITEM   OBSERVED TIME   RECORD YEAR NORMAL DEPARTURE LAST
                VALUE   (LST)  VALUE       VALUE  FROM      YEAR
                                                  NORMAL
..................................................................
TEMPERATURE (F)
 TODAY
  MAXIMUM         73    245 PM  88    2001  77     -4       70
  MINIMUM         46    716 AM  36    1955  56    -10       47
                                      1902
  AVERAGE         60                        66     -6       59

PRECIPITATION (IN)
  TODAY            0.00          1.53 2008   0.08  -0.08     0.00
  MONTH TO DATE    1.08                      0.84   0.24     0.79
  SINCE DEC 1     17.66                      4.49  13.17     1.41
  SINCE JAN 1     14.06                      2.78  11.28     1.36

DEGREE DAYS
 HEATING
  TODAY            5                         2      3        6
  MONTH TO DATE   59                        30     29       23
  SINCE DEC 1    166                       213    -47      126
  SINCE JUL 1    166                       231    -65      167

 COOLING
  TODAY            0                         4     -4        0
  MONTH TO DATE   37                        38     -1        6
  SINCE DEC 1    359                       242    117      244
  SINCE JAN 1     81                       121    -40      106
..................................................................


WIND (MPH)
  RESULTANT WIND SPEED   2   RESULTANT WIND DIRECTION   W (260)
  HIGHEST WIND SPEED    13   HIGHEST WIND DIRECTION     W (290)
  HIGHEST GUST SPEED    16   HIGHEST GUST DIRECTION     W (290)
  AVERAGE WIND SPEED     2.8


SKY COVER
  POSSIBLE SUNSHINE  MM
  AVERAGE SKY COVER 0.0


WEATHER CONDITIONS
 THE FOLLOWING WEATHER WAS RECORDED TODAY.
  NO SIGNIFICANT WEATHER WAS OBSERVED.


RELATIVE HUMIDITY (PERCENT)
 HIGHEST    93           200 AM
 LOWEST     29           200 PM

..........................................................


THE FORT MYERS CLIMATE NORMALS FOR TOMORROW
                         NORMAL    RECORD    YEAR
 MAXIMUM TEMPERATURE (F)   77        88      1959
 MINIMUM TEMPERATURE (F)   56        32      1955


SUNRISE AND SUNSET
FEBRUARY 12 2016......SUNRISE   706 AM EST   SUNSET   618 PM EST
FEBRUARY 13 2016......SUNRISE   705 AM EST   SUNSET   618 PM EST


-  INDICATES NEGATIVE NUMBERS.
R  INDICATES RECORD WAS SET OR TIED.
MM INDICATES DATA IS MISSING.
T  INDICATES TRACE AMOUNT.




$$


&&
------------------------------------------------------------------
******************** SUPPLEMENTAL DATA ***************************

...GULF WATER TEMPERATURE AT FORT MYERS BEACH 63 DEGREES
