000
CDUS42 KTBW 202227
CLIFMY


CLIMATE REPORT
NATIONAL WEATHER SERVICE TAMPA BAY FL
525 PM EST FRI JAN 20 2017


...................................

...THE FORT MYERS CLIMATE SUMMARY FOR JANUARY 20 2017...
VALID TODAY AS OF 0500 PM LOCAL TIME.

CLIMATE NORMAL PERIOD 1981 TO 2010
CLIMATE RECORD PERIOD 1902 TO 2017


WEATHER ITEM   OBSERVED TIME   RECORD YEAR NORMAL DEPARTURE LAST
                VALUE   (LST)  VALUE       VALUE  FROM      YEAR
                                                  NORMAL
..................................................................
TEMPERATURE (F)
 TODAY
  MAXIMUM         82   1258 PM  87    1990  75      7       71
  MINIMUM         59    732 AM  30    1977  54      5       45
  AVERAGE         71                        64      7       58

PRECIPITATION (IN)
  TODAY            0.00          2.63 1983   0.05  -0.05     0.00
  MONTH TO DATE    0.76                      1.23  -0.47     6.47
  SINCE DEC 1      1.00                      2.94  -1.94    10.07
  SINCE JAN 1      0.76                      1.23  -0.47     6.47

DEGREE DAYS
 HEATING
  TODAY            0                         3     -3        7
  MONTH TO DATE   27                        79    -52       59
  SINCE DEC 1     36                       154   -118       62
  SINCE JUL 1     41                       172   -131       62

 COOLING
  TODAY            6                         3      3        0
  MONTH TO DATE  114                        59     55       36
  SINCE DEC 1    390                       180    210      314
  SINCE JAN 1    114                        59     55       36
..................................................................


WIND (MPH)
  RESULTANT WIND SPEED   3   RESULTANT WIND DIRECTION  SW (210)
  HIGHEST WIND SPEED    14   HIGHEST WIND DIRECTION    SW (230)
  HIGHEST GUST SPEED    20   HIGHEST GUST DIRECTION    SW (240)
  AVERAGE WIND SPEED     4.4


SKY COVER
  POSSIBLE SUNSHINE  MM
  AVERAGE SKY COVER 0.0


WEATHER CONDITIONS
 THE FOLLOWING WEATHER WAS RECORDED TODAY.
  FOG


RELATIVE HUMIDITY (PERCENT)
 HIGHEST   100           500 AM
 LOWEST     51           100 PM

..........................................................


THE FORT MYERS CLIMATE NORMALS FOR TOMORROW
                         NORMAL    RECORD    YEAR
 MAXIMUM TEMPERATURE (F)   75        86      1954
 MINIMUM TEMPERATURE (F)   54        32      1985
                                             1971


SUNRISE AND SUNSET
JANUARY 20 2017.......SUNRISE   716 AM EST   SUNSET   601 PM EST
JANUARY 21 2017.......SUNRISE   716 AM EST   SUNSET   602 PM EST


-  INDICATES NEGATIVE NUMBERS.
R  INDICATES RECORD WAS SET OR TIED.
MM INDICATES DATA IS MISSING.
T  INDICATES TRACE AMOUNT.




$$


&&
------------------------------------------------------------------
******************** SUPPLEMENTAL DATA ***************************

...GULF WATER TEMPERATURE AT FORT MYERS BEACH 70 DEGREES
