123
CDUS42 KTBW 180831
CLIFMY


CLIMATE REPORT
NATIONAL WEATHER SERVICE TAMPA BAY FL
428 AM EDT WED OCT 18 2017


...................................

...THE FORT MYERS CLIMATE SUMMARY FOR OCTOBER 17 2017...

CLIMATE NORMAL PERIOD 1981 TO 2010
CLIMATE RECORD PERIOD 1902 TO 2017


WEATHER ITEM   OBSERVED TIME   RECORD YEAR NORMAL DEPARTURE LAST
                VALUE   (LST)  VALUE       VALUE  FROM      YEAR
                                                  NORMAL
..................................................................
TEMPERATURE (F)
 YESTERDAY
  MAXIMUM         81    442 PM  92    1990  87     -6       89
                                      1989
  MINIMUM         73   1159 PM  51    1977  69      4       71
  AVERAGE         77                        78     -1       80

PRECIPITATION (IN)
  YESTERDAY        0.04          3.62 1959   0.07  -0.03     0.00
  MONTH TO DATE    1.42                      1.84  -0.42     2.73
  SINCE SEP 1     10.18                     10.15   0.03    10.14
  SINCE JAN 1     56.93                     51.22   5.71    63.62

DEGREE DAYS
 HEATING
  YESTERDAY        0                         0      0        0
  MONTH TO DATE    0                         0      0        0
  SINCE SEP 1      0                         0      0        0
  SINCE JUL 1      0                         0      0        0

 COOLING
  YESTERDAY       12                        13     -1       15
  MONTH TO DATE  273                       245     28      274
  SINCE SEP 1    822                       767     55      822
  SINCE JAN 1   3784                      3491    293     3667
..................................................................


WIND (MPH)
  RESULTANT WIND SPEED   7   RESULTANT WIND DIRECTION  NE (60)
  HIGHEST WIND SPEED    16   HIGHEST WIND DIRECTION     E (70)
  HIGHEST GUST SPEED    21   HIGHEST GUST DIRECTION    NE (50)
  AVERAGE WIND SPEED     7.7


SKY COVER
  POSSIBLE SUNSHINE  MM
  AVERAGE SKY COVER 0.1


WEATHER CONDITIONS
 THE FOLLOWING WEATHER WAS RECORDED YESTERDAY.
  FOG


RELATIVE HUMIDITY (PERCENT)
 HIGHEST   100           200 AM
 LOWEST     74           400 PM

..........................................................


THE FORT MYERS CLIMATE NORMALS FOR TODAY
                         NORMAL    RECORD    YEAR
 MAXIMUM TEMPERATURE (F)   86        91      2007
                                             1988
                                             1985
 MINIMUM TEMPERATURE (F)   69        50      1977


SUNRISE AND SUNSET
OCTOBER 18 2017.......SUNRISE   729 AM EDT   SUNSET   656 PM EDT
OCTOBER 19 2017.......SUNRISE   729 AM EDT   SUNSET   655 PM EDT


-  INDICATES NEGATIVE NUMBERS.
R  INDICATES RECORD WAS SET OR TIED.
MM INDICATES DATA IS MISSING.
T  INDICATES TRACE AMOUNT.




$$


&&
------------------------------------------------------------------
******************** SUPPLEMENTAL DATA ***************************

...GULF WATER TEMPERATURE AT FORT MYERS BEACH 83 DEGREES
