000
CDUS42 KTBW 142214
CLIFMY


CLIMATE REPORT
NATIONAL WEATHER SERVICE TAMPA BAY FL
513 PM EST THU DEC 14 2017


...................................

...THE FORT MYERS CLIMATE SUMMARY FOR DECEMBER 14 2017...
VALID TODAY AS OF 0500 PM LOCAL TIME.

CLIMATE NORMAL PERIOD 1981 TO 2010
CLIMATE RECORD PERIOD 1902 TO 2017


WEATHER ITEM   OBSERVED TIME   RECORD YEAR NORMAL DEPARTURE LAST
                VALUE   (LST)  VALUE       VALUE  FROM      YEAR
                                                  NORMAL
..................................................................
TEMPERATURE (F)
 TODAY
  MAXIMUM         73    233 PM  87    1967  77     -4       82
  MINIMUM         47    301 AM  30    1962  57    -10       64
  AVERAGE         60                        67     -7       73

PRECIPITATION (IN)
  TODAY            0.00          2.48 2007   0.05  -0.05     0.00
  MONTH TO DATE    1.45                      0.68   0.77     0.22
  SINCE DEC 1      1.45                      0.68   0.77     0.22
  SINCE JAN 1     61.54                     54.90   6.64    63.84

DEGREE DAYS
 HEATING
  TODAY            5                         2      3        0
  MONTH TO DATE   39                        23     16        2
  SINCE DEC 1     39                        23     16        2
  SINCE JUL 1     44                        41      3        7

 COOLING
  TODAY            0                         4     -4        8
  MONTH TO DATE   75                        63     12      122
  SINCE DEC 1     75                        63     12      122
  SINCE JAN 1   4251                      3926    325     4130
..................................................................


WIND (MPH)
  RESULTANT WIND SPEED   3   RESULTANT WIND DIRECTION   S (170)
  HIGHEST WIND SPEED    10   HIGHEST WIND DIRECTION    SW (230)
  HIGHEST GUST SPEED    14   HIGHEST GUST DIRECTION    SW (230)
  AVERAGE WIND SPEED     3.7


SKY COVER
  POSSIBLE SUNSHINE  MM
  AVERAGE SKY COVER 0.0


WEATHER CONDITIONS
 THE FOLLOWING WEATHER WAS RECORDED TODAY.
  FOG


RELATIVE HUMIDITY (PERCENT)
 HIGHEST   100           300 AM
 LOWEST     49           100 PM

..........................................................


THE FORT MYERS CLIMATE NORMALS FOR TOMORROW
                         NORMAL    RECORD    YEAR
 MAXIMUM TEMPERATURE (F)   77        87      1940
 MINIMUM TEMPERATURE (F)   57        33      2010
                                             1944


SUNRISE AND SUNSET
DECEMBER 14 2017......SUNRISE   708 AM EST   SUNSET   537 PM EST
DECEMBER 15 2017......SUNRISE   708 AM EST   SUNSET   537 PM EST


-  INDICATES NEGATIVE NUMBERS.
R  INDICATES RECORD WAS SET OR TIED.
MM INDICATES DATA IS MISSING.
T  INDICATES TRACE AMOUNT.




$$


&&
------------------------------------------------------------------
******************** SUPPLEMENTAL DATA ***************************

...GULF WATER TEMPERATURE AT FORT MYERS BEACH 68 DEGREES
