000
CDUS43 KDTX 300542
CLIFNT


CLIMATE REPORT
NATIONAL WEATHER SERVICE DETROIT/PONTIAC MI
142 AM EDT SAT AUG 30 2014


...................................

...THE FLINT MI CLIMATE SUMMARY FOR AUGUST 29 2014...

CLIMATE NORMAL PERIOD 1981 TO 2010
CLIMATE RECORD PERIOD 1921 TO 2014


WEATHER ITEM   OBSERVED TIME   RECORD YEAR NORMAL DEPARTURE LAST
                VALUE   (LST)  VALUE       VALUE  FROM      YEAR
                                                  NORMAL
..................................................................
TEMPERATURE (F)
 YESTERDAY
  MAXIMUM         77    226 PM  96    1953  78     -1       88
  MINIMUM         58    128 AM  37    1982  56      2       63
  AVERAGE         68                        67      1       76

PRECIPITATION (IN)
  YESTERDAY        0.00          1.51 1975   0.11  -0.11     0.00
  MONTH TO DATE    3.75                      2.96   0.79     2.57
  SINCE JUN 1     11.97                      9.35   2.62     8.82
  SINCE JAN 1     26.92                     20.34   6.58    25.58

SNOWFALL (IN)
  YESTERDAY        0.0           0.0    MM   0.0    0.0      0.0
  MONTH TO DATE    0.0                       0.0    0.0      0.0
  SINCE JUN 1      0.0                       0.0    0.0      0.0
  SINCE JUL 1      0.0                       0.0    0.0      0.0
  SNOW DEPTH       0

DEGREE DAYS
 HEATING
  YESTERDAY        0                         2     -2        0
  MONTH TO DATE    7                        29    -22       13
  SINCE JUN 1     46                       110    -64       63
  SINCE JUL 1     24                        44    -20       22

 COOLING
  YESTERDAY        3                         3      0       11
  MONTH TO DATE  178                       140     38      147
  SINCE JUN 1    459                       439     20      570
  SINCE JAN 1    507                       471     36      649
..................................................................


WIND (MPH)
  HIGHEST WIND SPEED    16   HIGHEST WIND DIRECTION     S (160)
  HIGHEST GUST SPEED    22   HIGHEST GUST DIRECTION     S (170)
  AVERAGE WIND SPEED     9.0


SKY COVER
  POSSIBLE SUNSHINE  MM
  AVERAGE SKY COVER 0.3


WEATHER CONDITIONS
 THE FOLLOWING WEATHER WAS RECORDED YESTERDAY.
  NO SIGNIFICANT WEATHER WAS OBSERVED.


RELATIVE HUMIDITY (PERCENT)
 HIGHEST    80          1200 AM
 LOWEST     46           400 PM
 AVERAGE    63

..........................................................


THE FLINT MI CLIMATE NORMALS FOR TODAY
                         NORMAL    RECORD    YEAR
 MAXIMUM TEMPERATURE (F)   78        96      1953
 MINIMUM TEMPERATURE (F)   56        38      1976


SUNRISE AND SUNSET
AUGUST 30 2014........SUNRISE   657 AM EDT   SUNSET   813 PM EDT
AUGUST 31 2014........SUNRISE   658 AM EDT   SUNSET   811 PM EDT


-  INDICATES NEGATIVE NUMBERS.
R  INDICATES RECORD WAS SET OR TIED.
MM INDICATES DATA IS MISSING.
T  INDICATES TRACE AMOUNT.




$$
