000
CDUS43 KDTX 242027
CLIFNT


CLIMATE REPORT
NATIONAL WEATHER SERVICE DETROIT/PONTIAC MI
426 PM EDT THU APR 24 2014


...................................

...THE FLINT MI CLIMATE SUMMARY FOR APRIL 24 2014...
VALID TODAY AS OF 0400 PM LOCAL TIME.

CLIMATE NORMAL PERIOD 1981 TO 2010
CLIMATE RECORD PERIOD 1921 TO 2014


WEATHER ITEM   OBSERVED TIME   RECORD YEAR NORMAL DEPARTURE LAST
                VALUE   (LST)  VALUE       VALUE  FROM      YEAR
                                                  NORMAL
..................................................................
TEMPERATURE (F)
 TODAY
  MAXIMUM         59    259 PM  88    1925  61     -2       46
  MINIMUM         34    330 AM  25    1996  38     -4       35
  AVERAGE         47                        50     -3       41

PRECIPITATION (IN)
  TODAY            0.00          1.16 1976   0.09  -0.09     0.38
  MONTH TO DATE    1.24                      2.31  -1.07     5.98
  SINCE MAR 1      2.45                      4.22  -1.77     6.75
  SINCE JAN 1      6.46                      7.33  -0.87    12.21

SNOWFALL (IN)
  TODAY            0.0           4.3  2005   0.0    0.0       T
  MONTH TO DATE    1.3                       2.1   -0.8      0.2
  SINCE MAR 1     10.7                       8.6    2.1      5.3
  SINCE JUL 1     83.9                      47.2   36.7     43.8
  SNOW DEPTH       0

DEGREE DAYS
 HEATING
  TODAY           18                        16      2       24
  MONTH TO DATE  444                       476    -32      527
  SINCE MAR 1   1648                      1433    215     1540
  SINCE JUL 1   7169                      6521    648     6193

 COOLING
  TODAY            0                         0      0        0
  MONTH TO DATE    0                         0      0        0
  SINCE MAR 1      0                         0      0        0
  SINCE JAN 1      0                         0      0        0
..................................................................


WIND (MPH)
  HIGHEST WIND SPEED    17   HIGHEST WIND DIRECTION    SE (140)
  HIGHEST GUST SPEED    23   HIGHEST GUST DIRECTION     S (160)
  AVERAGE WIND SPEED     7.6


SKY COVER
  POSSIBLE SUNSHINE  MM
  AVERAGE SKY COVER 0.4


WEATHER CONDITIONS
 THE FOLLOWING WEATHER WAS RECORDED TODAY.
  NO SIGNIFICANT WEATHER WAS OBSERVED.


RELATIVE HUMIDITY (PERCENT)
 HIGHEST    59           600 AM
 LOWEST     21           100 PM
 AVERAGE    40

..........................................................


THE FLINT MI CLIMATE NORMALS FOR TOMORROW
                         NORMAL    RECORD    YEAR
 MAXIMUM TEMPERATURE (F)   61        87      1990
 MINIMUM TEMPERATURE (F)   39        26      1963


SUNRISE AND SUNSET
APRIL 24 2014.........SUNRISE   639 AM EDT   SUNSET   828 PM EDT
APRIL 25 2014.........SUNRISE   638 AM EDT   SUNSET   829 PM EDT


-  INDICATES NEGATIVE NUMBERS.
R  INDICATES RECORD WAS SET OR TIED.
MM INDICATES DATA IS MISSING.
T  INDICATES TRACE AMOUNT.




$$
