000
CDUS43 KDTX 280538
CLIFNT


CLIMATE REPORT
NATIONAL WEATHER SERVICE DETROIT/PONTIAC MI
138 AM EDT MON JUL 28 2014


...................................

...THE FLINT MI CLIMATE SUMMARY FOR JULY 27 2014...

CLIMATE NORMAL PERIOD 1981 TO 2010
CLIMATE RECORD PERIOD 1921 TO 2014


WEATHER ITEM   OBSERVED TIME   RECORD YEAR NORMAL DEPARTURE LAST
                VALUE   (LST)  VALUE       VALUE  FROM      YEAR
                                                  NORMAL
..................................................................
TEMPERATURE (F)
 YESTERDAY
  MAXIMUM         84    150 PM  98    1941  82      2       78
                                      1930
  MINIMUM         61    556 AM  45    1977  59      2       55
                                      1962
  AVERAGE         73                        70      3       67

PRECIPITATION (IN)
  YESTERDAY        0.30          2.03 1936   0.11   0.19     0.06
  MONTH TO DATE    4.98                      2.84   2.14     0.86
  SINCE JUN 1      7.44                      5.91   1.53     5.37
  SINCE JAN 1     22.39                     16.90   5.49    22.13

SNOWFALL (IN)
  YESTERDAY        0.0           0.0    MM   0.0    0.0      0.0
  MONTH TO DATE    0.0                       0.0    0.0      0.0
  SINCE JUN 1      0.0                       0.0    0.0      0.0
  SINCE JUL 1      0.0                       0.0    0.0      0.0
  SNOW DEPTH       0

DEGREE DAYS
 HEATING
  YESTERDAY        0                         0      0        0
  MONTH TO DATE    8                        10     -2        3
  SINCE JUN 1     30                        76    -46       44
  SINCE JUL 1      8                        10     -2        3

 COOLING
  YESTERDAY        8                         6      2        2
  MONTH TO DATE  127                       162    -35      263
  SINCE JUN 1    279                       274      5      422
  SINCE JAN 1    327                       306     21      501
..................................................................


WIND (MPH)
  HIGHEST WIND SPEED    37   HIGHEST WIND DIRECTION     N (10)
  HIGHEST GUST SPEED    49   HIGHEST GUST DIRECTION     N (10)
  AVERAGE WIND SPEED     7.9


SKY COVER
  POSSIBLE SUNSHINE  MM
  AVERAGE SKY COVER 0.5


WEATHER CONDITIONS
 THE FOLLOWING WEATHER WAS RECORDED YESTERDAY.
  THUNDERSTORM
  HEAVY RAIN
  RAIN
  LIGHT RAIN
  FOG
  FOG W/VISIBILITY <= 1/4 MILE
  HAZE


RELATIVE HUMIDITY (PERCENT)
 HIGHEST    93           700 AM
 LOWEST     55           200 PM
 AVERAGE    74

..........................................................


THE FLINT MI CLIMATE NORMALS FOR TODAY
                         NORMAL    RECORD    YEAR
 MAXIMUM TEMPERATURE (F)   81       100      1930
 MINIMUM TEMPERATURE (F)   59        48      1984


SUNRISE AND SUNSET
JULY 28 2014..........SUNRISE   622 AM EDT   SUNSET   900 PM EDT
JULY 29 2014..........SUNRISE   623 AM EDT   SUNSET   859 PM EDT


-  INDICATES NEGATIVE NUMBERS.
R  INDICATES RECORD WAS SET OR TIED.
MM INDICATES DATA IS MISSING.
T  INDICATES TRACE AMOUNT.




$$
