000
CDUS43 KDTX 310536
CLIFNT


CLIMATE REPORT
NATIONAL WEATHER SERVICE DETROIT/PONTIAC MI
136 AM EDT FRI OCT 31 2014


...................................

...THE FLINT MI CLIMATE SUMMARY FOR OCTOBER 30 2014...

CLIMATE NORMAL PERIOD 1981 TO 2010
CLIMATE RECORD PERIOD 1921 TO 2014


WEATHER ITEM   OBSERVED TIME   RECORD YEAR NORMAL DEPARTURE LAST
                VALUE   (LST)  VALUE       VALUE  FROM      YEAR
                                                  NORMAL
..................................................................
TEMPERATURE (F)
 YESTERDAY
  MAXIMUM         51    330 PM  77    1950  54     -3       65
  MINIMUM         32    652 AM  19    1966  36     -4       31
  AVERAGE         42                        45     -3       48

PRECIPITATION (IN)
  YESTERDAY        0.00          0.90 2009   0.08  -0.08     0.05
  MONTH TO DATE    1.53                      2.40  -0.87     1.72
  SINCE SEP 1      4.78                      6.15  -1.37     2.33
  SINCE JAN 1     31.77                     26.71   5.06    27.92

SNOWFALL (IN)
  YESTERDAY        0.0           0.4  1993   0.0    0.0      0.0
  MONTH TO DATE    0.0                       0.4   -0.4       T
  SINCE SEP 1      0.0                       0.4   -0.4       T
  SINCE JUL 1      0.0                       0.4   -0.4       T
  SNOW DEPTH       0

DEGREE DAYS
 HEATING
  YESTERDAY       23                        20      3       17
  MONTH TO DATE  394                       466    -72      386
  SINCE SEP 1    533                       632    -99      538
  SINCE JUL 1    557                       676   -119      560

 COOLING
  YESTERDAY        0                         0      0        0
  MONTH TO DATE    1                         2     -1       15
  SINCE SEP 1     65                        51     14       88
  SINCE JAN 1    597                       528     69      758
..................................................................


WIND (MPH)
  HIGHEST WIND SPEED    10   HIGHEST WIND DIRECTION     W (250)
  HIGHEST GUST SPEED    14   HIGHEST GUST DIRECTION    SW (220)
  AVERAGE WIND SPEED     4.8


SKY COVER
  POSSIBLE SUNSHINE  MM
  AVERAGE SKY COVER 0.8


WEATHER CONDITIONS
 THE FOLLOWING WEATHER WAS RECORDED YESTERDAY.
  NO SIGNIFICANT WEATHER WAS OBSERVED.


RELATIVE HUMIDITY (PERCENT)
 HIGHEST    92           800 AM
 LOWEST     56           200 PM
 AVERAGE    74

..........................................................


THE FLINT MI CLIMATE NORMALS FOR TODAY
                         NORMAL    RECORD    YEAR
 MAXIMUM TEMPERATURE (F)   54        78      1950
                                             1933
 MINIMUM TEMPERATURE (F)   36        20      1925


SUNRISE AND SUNSET
OCTOBER 31 2014.......SUNRISE   808 AM EDT   SUNSET   628 PM EDT
NOVEMBER  1 2014......SUNRISE   809 AM EDT   SUNSET   627 PM EDT


-  INDICATES NEGATIVE NUMBERS.
R  INDICATES RECORD WAS SET OR TIED.
MM INDICATES DATA IS MISSING.
T  INDICATES TRACE AMOUNT.




$$
