000
CDUS44 KTSA 240902
CLIFSM

CLIMATE REPORT
NATIONAL WEATHER SERVICE TULSA OK
301 AM CST FRI NOV 24 2017


...................................

...THE FORT SMITH ARKANSAS CLIMATE SUMMARY FOR NOVEMBER 23 2017...

CLIMATE NORMAL PERIOD 1981 TO 2010
CLIMATE RECORD PERIOD 1882 TO 2017


WEATHER ITEM   OBSERVED TIME   RECORD YEAR NORMAL DEPARTURE LAST
                VALUE   (LST)  VALUE       VALUE  FROM      YEAR
                                                  NORMAL
..................................................................
TEMPERATURE (F)
 YESTERDAY
  MAXIMUM         64    413 PM  79    1900  59      5       58
  MINIMUM         29    344 AM  19    1975  37     -8       41
                                      1948
  AVERAGE         47                        48     -1       50

PRECIPITATION (IN)
  YESTERDAY        0.00          1.81 1973   0.15  -0.15     0.30
  MONTH TO DATE    0.26                      3.45  -3.19     0.50
  SINCE SEP 1      3.55                     11.82  -8.27     2.67
  SINCE JAN 1     45.66                     41.18   4.48    29.32

SNOWFALL (IN)
  YESTERDAY        0.0                                       0.0
  MONTH TO DATE    0.0                                       0.0
  SINCE SEP 1      0.0                                       0.0
  SINCE JUL 1      0.0                                       0.0

DEGREE DAYS
 HEATING
  YESTERDAY       18                        17      1       15
  MONTH TO DATE  242                       283    -41      152
  SINCE SEP 1    377                       437    -60      176
  SINCE JUL 1    377                       437    -60      176
..................................................................


WIND (MPH)
  HIGHEST WIND SPEED     9   HIGHEST WIND DIRECTION     W (280)
  HIGHEST GUST SPEED    15   HIGHEST GUST DIRECTION     W (260)
  AVERAGE WIND SPEED     1.9


SKY COVER
  POSSIBLE SUNSHINE  MM
  AVERAGE SKY COVER 0.0


WEATHER CONDITIONS
 THE FOLLOWING WEATHER WAS RECORDED YESTERDAY.
  NO SIGNIFICANT WEATHER WAS OBSERVED.


RELATIVE HUMIDITY (PERCENT)
 HIGHEST    92           700 AM
 LOWEST     25           300 PM
 AVERAGE    59

..........................................................


THE FORT SMITH ARKANSAS CLIMATE NORMALS FOR TODAY
                         NORMAL    RECORD    YEAR
 MAXIMUM TEMPERATURE (F)   59        80      2010
                                             1965
 MINIMUM TEMPERATURE (F)   37        15      1970


SUNRISE AND SUNSET
NOVEMBER 24 2017......SUNRISE   702 AM CST   SUNSET   507 PM CST
NOVEMBER 25 2017......SUNRISE   703 AM CST   SUNSET   506 PM CST


-  INDICATES NEGATIVE NUMBERS.
R  INDICATES RECORD WAS SET OR TIED.
MM INDICATES DATA IS MISSING.
T  INDICATES TRACE AMOUNT.




$$

&&
...........................................................

THE ARKANSAS RIVER AT VAN BUREN

                   OBSERVED      24 HOUR     24 HOUR
                    VALUE        CHANGE      FORECAST

 STAGE (FEET)
  THIS MORNING       19.4         -0.2

 MEAN FLOW (CFS)
  TODAY                                        629
...........................................................
ALL DATA MEASURED AT THE FORT SMITH REGIONAL AIRPORT
