000
CDUS44 KTSA 010902
CLIFSM

CLIMATE REPORT
NATIONAL WEATHER SERVICE TULSA OK
302 AM CST SUN FEB 1 2015


...................................

...THE FORT SMITH ARKANSAS CLIMATE SUMMARY FOR JANUARY 31 2015...

CLIMATE NORMAL PERIOD 1981 TO 2010
CLIMATE RECORD PERIOD 1882 TO 2015


WEATHER ITEM   OBSERVED TIME   RECORD YEAR NORMAL DEPARTURE LAST
                VALUE   (LST)  VALUE       VALUE  FROM      YEAR
                                                  NORMAL
..................................................................
TEMPERATURE (F)
 YESTERDAY
  MAXIMUM         53   1253 PM  77    1989  52      1       52
  MINIMUM         40    657 AM   3    1979  30     10       37
  AVERAGE         47                        41      6       45

PRECIPITATION (IN)
  YESTERDAY        0.06          1.75 2002   0.10  -0.04     0.00
  MONTH TO DATE    2.22                      2.81  -0.59     0.79
  SINCE DEC 1      4.53                      6.10  -1.57     4.89
  SINCE JAN 1      2.22                      2.81  -0.59     0.79

SNOWFALL (IN)
  YESTERDAY       MM                                         0.0
  MONTH TO DATE    T                                          T
  SINCE DEC 1      T                                         5.0
  SINCE JUL 1      T                                         5.0

DEGREE DAYS
 HEATING
  YESTERDAY       18                        24     -6       20
  MONTH TO DATE  775                       793    -18      857
  SINCE DEC 1   1434                      1526    -92     1654
  SINCE JUL 1   2053                      2091    -38     2244
..................................................................


WIND (MPH)
  HIGHEST WIND SPEED    16   HIGHEST WIND DIRECTION    SE (130)
  HIGHEST GUST SPEED    22   HIGHEST GUST DIRECTION    SE (130)
  AVERAGE WIND SPEED     9.5


SKY COVER
  POSSIBLE SUNSHINE  MM
  AVERAGE SKY COVER 0.6


WEATHER CONDITIONS
 THE FOLLOWING WEATHER WAS RECORDED YESTERDAY.
  LIGHT RAIN


RELATIVE HUMIDITY (PERCENT)
 HIGHEST    70          1000 PM
 LOWEST     35           100 PM
 AVERAGE    53

..........................................................


THE FORT SMITH ARKANSAS CLIMATE NORMALS FOR TODAY
                         NORMAL    RECORD    YEAR
 MAXIMUM TEMPERATURE (F)   52        87      1911
 MINIMUM TEMPERATURE (F)   30        -5      1979


SUNRISE AND SUNSET
FEBRUARY  1 2015......SUNRISE   717 AM CST   SUNSET   545 PM CST
FEBRUARY  2 2015......SUNRISE   716 AM CST   SUNSET   546 PM CST


-  INDICATES NEGATIVE NUMBERS.
R  INDICATES RECORD WAS SET OR TIED.
MM INDICATES DATA IS MISSING.
T  INDICATES TRACE AMOUNT.




$$

&&
...........................................................

THE ARKANSAS RIVER AT VAN BUREN

                   OBSERVED      24 HOUR     24 HOUR
                    VALUE        CHANGE      FORECAST

 STAGE (FEET)
  THIS MORNING       19.2         -0.2

MEAN FLOW (CFS)
  TODAY                                        3600
...........................................................
ALL DATA MEASURED AT THE FORT SMITH REGIONAL AIRPORT
