000
CDUS44 KTSA 230803
CLIFSM

CLIMATE REPORT
NATIONAL WEATHER SERVICE TULSA OK
302 AM CDT WED APR 23 2014


...................................

...THE FORT SMITH ARKANSAS CLIMATE SUMMARY FOR APRIL 22 2014...

CLIMATE NORMAL PERIOD 1981 TO 2010
CLIMATE RECORD PERIOD 1882 TO 2014


WEATHER ITEM   OBSERVED TIME   RECORD YEAR NORMAL DEPARTURE LAST
                VALUE   (LST)  VALUE       VALUE  FROM      YEAR
                                                  NORMAL
..................................................................
TEMPERATURE (F)
 YESTERDAY
  MAXIMUM         82    435 PM  92    1989  75      7       78
                                      1965
                                      1955
  MINIMUM         53   1159 PM  33    1982  52      1       48
  AVERAGE         68                        64      4       63

PRECIPITATION (IN)
  YESTERDAY        0.00          4.30 1885   0.15  -0.15     0.00
  MONTH TO DATE    2.17                      3.02  -0.85     2.62
  SINCE MAR 1      6.02                      6.87  -0.85     6.04
  SINCE JAN 1      7.79                     12.44  -4.65    14.47

SNOWFALL (IN)
  YESTERDAY        0.0                                       0.0
  MONTH TO DATE    0.0                                       0.0
  SINCE MAR 1      0.5                                       0.0
  SINCE JUL 1     10.7                                       8.0

DEGREE DAYS
 HEATING
  YESTERDAY        0                         4     -4        2
  MONTH TO DATE  124                       132     -8      137
  SINCE MAR 1    583                       518     65      606
  SINCE JUL 1   3528                      3191    337     2929

 COOLING
  YESTERDAY        3                         2      1        0
  MONTH TO DATE   36                        34      2       56
  SINCE MAR 1     36                        45     -9       58
  SINCE JAN 1     36                        46    -10       59
..................................................................


WIND (MPH)
  HIGHEST WIND SPEED    16   HIGHEST WIND DIRECTION     N (350)
  HIGHEST GUST SPEED    21   HIGHEST GUST DIRECTION    NW (330)
  AVERAGE WIND SPEED     5.4


SKY COVER
  POSSIBLE SUNSHINE  MM
  AVERAGE SKY COVER 0.3


WEATHER CONDITIONS
 THE FOLLOWING WEATHER WAS RECORDED YESTERDAY.
  FOG
  FOG W/VISIBILITY <= 1/4 MILE


RELATIVE HUMIDITY (PERCENT)
 HIGHEST   100           300 AM
 LOWEST     18           400 PM
 AVERAGE    59

..........................................................


THE FORT SMITH ARKANSAS CLIMATE NORMALS FOR TODAY
                         NORMAL    RECORD    YEAR
 MAXIMUM TEMPERATURE (F)   76        91      1965
                                             1964
 MINIMUM TEMPERATURE (F)   52        36      1893
                                             1884


SUNRISE AND SUNSET
APRIL 23 2014.........SUNRISE   635 AM CDT   SUNSET   757 PM CDT
APRIL 24 2014.........SUNRISE   634 AM CDT   SUNSET   758 PM CDT


-  INDICATES NEGATIVE NUMBERS.
R  INDICATES RECORD WAS SET OR TIED.
MM INDICATES DATA IS MISSING.
T  INDICATES TRACE AMOUNT.




$$

&&
...........................................................

THE ARKANSAS RIVER AT VAN BUREN

                   OBSERVED      24 HOUR     24 HOUR
                    VALUE        CHANGE      FORECAST

 STAGE (FEET)
  THIS MORNING       19.8         +0.4

MEAN FLOW (CFS)
  TODAY                                        8400
...........................................................
ALL DATA MEASURED AT THE FORT SMITH REGIONAL AIRPORT
