000
CDUS44 KTSA 270835
CLIFSM

CLIMATE REPORT
NATIONAL WEATHER SERVICE TULSA OK
302 AM CDT WED AUG 27 2014


...................................

...THE FORT SMITH ARKANSAS CLIMATE SUMMARY FOR AUGUST 26 2014...

CLIMATE NORMAL PERIOD 1981 TO 2010
CLIMATE RECORD PERIOD 1882 TO 2014


WEATHER ITEM   OBSERVED TIME   RECORD YEAR NORMAL DEPARTURE LAST
                VALUE   (LST)  VALUE       VALUE  FROM      YEAR
                                                  NORMAL
..................................................................
TEMPERATURE (F)
 YESTERDAY
  MAXIMUM         97    327 PM 106    1999  92      5       93
                                      1963
  MINIMUM         74    640 AM  55    1985  70      4       74
                                      1962
  AVERAGE         86                        81      5       84

PRECIPITATION (IN)
  YESTERDAY        0.00          2.70 1944   0.08  -0.08     0.00
  MONTH TO DATE    1.39                      2.17  -0.78     3.84
  SINCE JUN 1      8.52                      9.75  -1.23    13.89
  SINCE JAN 1     23.26                     28.94  -5.68    34.87

DEGREE DAYS
 COOLING
  YESTERDAY       21                        16      5       19
  MONTH TO DATE  438                       455    -17      437
  SINCE JUN 1   1295                      1376    -81     1424
  SINCE JAN 1   1573                      1620    -47     1698
..................................................................


WIND (MPH)
  HIGHEST WIND SPEED    14   HIGHEST WIND DIRECTION    SE (130)
  HIGHEST GUST SPEED    19   HIGHEST GUST DIRECTION    SE (150)
  AVERAGE WIND SPEED     5.7


SKY COVER
  POSSIBLE SUNSHINE  MM
  AVERAGE SKY COVER 0.0


WEATHER CONDITIONS
 THE FOLLOWING WEATHER WAS RECORDED YESTERDAY.
  NO SIGNIFICANT WEATHER WAS OBSERVED.


RELATIVE HUMIDITY (PERCENT)
 HIGHEST    87           700 AM
 LOWEST     34           500 PM
 AVERAGE    61

..........................................................


THE FORT SMITH ARKANSAS CLIMATE NORMALS FOR TODAY
                         NORMAL    RECORD    YEAR
 MAXIMUM TEMPERATURE (F)   92       105      2000
 MINIMUM TEMPERATURE (F)   69        58      1967
                                             1887


SUNRISE AND SUNSET
AUGUST 27 2014........SUNRISE   646 AM CDT   SUNSET   751 PM CDT
AUGUST 28 2014........SUNRISE   647 AM CDT   SUNSET   750 PM CDT


-  INDICATES NEGATIVE NUMBERS.
R  INDICATES RECORD WAS SET OR TIED.
MM INDICATES DATA IS MISSING.
T  INDICATES TRACE AMOUNT.




$$

&&
...........................................................

THE ARKANSAS RIVER AT VAN BUREN

                   OBSERVED      24 HOUR     24 HOUR
                    VALUE        CHANGE      FORECAST

 STAGE (FEET)
  THIS MORNING       19.2         -0.2

MEAN FLOW (CFS)
  TODAY                                        12900
...........................................................
ALL DATA MEASURED AT THE FORT SMITH REGIONAL AIRPORT
