000
CDUS44 KTSA 030811
CLIFSM

CLIMATE REPORT
NATIONAL WEATHER SERVICE TULSA OK
147 AM CDT MON AUG 3 2015


...................................

...THE FORT SMITH ARKANSAS CLIMATE SUMMARY FOR AUGUST 2 2015...

CLIMATE NORMAL PERIOD 1981 TO 2010
CLIMATE RECORD PERIOD 1882 TO 2015


WEATHER ITEM   OBSERVED TIME   RECORD YEAR NORMAL DEPARTURE LAST
                VALUE   (LST)  VALUE       VALUE  FROM      YEAR
                                                  NORMAL
..................................................................
TEMPERATURE (F)
 YESTERDAY
  MAXIMUM         97    311 PM 113    2011  94      3       88
  MINIMUM         72    604 AM  56    1965  72      0       66
  AVERAGE         85                        83      2       77

PRECIPITATION (IN)
  YESTERDAY        0.00          1.74 1974   0.09  -0.09     0.00
  MONTH TO DATE    0.00                      0.18  -0.18     0.00
  SINCE JUN 1     11.92                      7.76   4.16     7.13
  SINCE JAN 1     45.17                     26.95  18.22    21.87

DEGREE DAYS
 COOLING
  YESTERDAY       20                        18      2       12
  MONTH TO DATE   38                        36      2       23
  SINCE JUN 1   1135                       957    178      880
  SINCE JAN 1   1375                      1201    174     1158
..................................................................


WIND (MPH)
  HIGHEST WIND SPEED     9   HIGHEST WIND DIRECTION    NE (40)
  HIGHEST GUST SPEED    13   HIGHEST GUST DIRECTION    NW (330)
  AVERAGE WIND SPEED     3.5


SKY COVER
  POSSIBLE SUNSHINE  MM
  AVERAGE SKY COVER 0.1


WEATHER CONDITIONS
 THE FOLLOWING WEATHER WAS RECORDED YESTERDAY.
  NO SIGNIFICANT WEATHER WAS OBSERVED.


RELATIVE HUMIDITY (PERCENT)
 HIGHEST    87           300 AM
 LOWEST     28           100 PM
 AVERAGE    58

..........................................................


THE FORT SMITH ARKANSAS CLIMATE NORMALS FOR TODAY
                         NORMAL    RECORD    YEAR
 MAXIMUM TEMPERATURE (F)   94       115      2011
 MINIMUM TEMPERATURE (F)   72        55      1976


SUNRISE AND SUNSET
AUGUST  3 2015........SUNRISE   628 AM CDT   SUNSET   819 PM CDT
AUGUST  4 2015........SUNRISE   628 AM CDT   SUNSET   818 PM CDT


-  INDICATES NEGATIVE NUMBERS.
R  INDICATES RECORD WAS SET OR TIED.
MM INDICATES DATA IS MISSING.
T  INDICATES TRACE AMOUNT.




$$

&&
...........................................................

THE ARKANSAS RIVER AT VAN BUREN

                   OBSERVED      24 HOUR     24 HOUR
                    VALUE        CHANGE      FORECAST

 STAGE (FEET)
  THIS MORNING       19.2         -0.8

MEAN FLOW (CFS)
  TODAY                                        53500
...........................................................
ALL DATA MEASURED AT THE FORT SMITH REGIONAL AIRPORT
