000
CDUS44 KTSA 200903
CLIFSM

CLIMATE REPORT
NATIONAL WEATHER SERVICE TULSA OK
302 AM CST SAT DEC 20 2014


...................................

...THE FORT SMITH ARKANSAS CLIMATE SUMMARY FOR DECEMBER 19 2014...

CLIMATE NORMAL PERIOD 1981 TO 2010
CLIMATE RECORD PERIOD 1882 TO 2014


WEATHER ITEM   OBSERVED TIME   RECORD YEAR NORMAL DEPARTURE LAST
                VALUE   (LST)  VALUE       VALUE  FROM      YEAR
                                                  NORMAL
..................................................................
TEMPERATURE (F)
 YESTERDAY
  MAXIMUM         44    429 PM  77    1978  50     -6       67
  MINIMUM         40    309 AM   7    1929  30     10       42
  AVERAGE         42                        40      2       55

PRECIPITATION (IN)
  YESTERDAY        0.00          3.48 1895   0.10  -0.10     0.00
  MONTH TO DATE    2.15                      2.16  -0.01     1.94
  SINCE DEC 1      2.15                      2.16  -0.01     1.94
  SINCE JAN 1     41.98                     44.33  -2.35    44.89

SNOWFALL (IN)
  YESTERDAY        0.0                                       0.0
  MONTH TO DATE    T                                         5.0
  SINCE DEC 1      T                                         5.0
  SINCE JUL 1      T                                         5.0

DEGREE DAYS
 HEATING
  YESTERDAY       23                        25     -2       10
  MONTH TO DATE  378                       429    -51      479
  SINCE DEC 1    378                       429    -51      479
  SINCE JUL 1    997                       994      3     1069
..................................................................


WIND (MPH)
  HIGHEST WIND SPEED    13   HIGHEST WIND DIRECTION     E (70)
  HIGHEST GUST SPEED    14   HIGHEST GUST DIRECTION     E (70)
  AVERAGE WIND SPEED     5.1


SKY COVER
  POSSIBLE SUNSHINE  MM
  AVERAGE SKY COVER 1.0


WEATHER CONDITIONS
 THE FOLLOWING WEATHER WAS RECORDED YESTERDAY.
  FOG
  HAZE


RELATIVE HUMIDITY (PERCENT)
 HIGHEST    92           300 AM
 LOWEST     76           300 PM
 AVERAGE    84

..........................................................


THE FORT SMITH ARKANSAS CLIMATE NORMALS FOR TODAY
                         NORMAL    RECORD    YEAR
 MAXIMUM TEMPERATURE (F)   50        71      1967
                                             1949
 MINIMUM TEMPERATURE (F)   30         8      1901


SUNRISE AND SUNSET
DECEMBER 20 2014......SUNRISE   722 AM CST   SUNSET   508 PM CST
DECEMBER 21 2014......SUNRISE   722 AM CST   SUNSET   509 PM CST


-  INDICATES NEGATIVE NUMBERS.
R  INDICATES RECORD WAS SET OR TIED.
MM INDICATES DATA IS MISSING.
T  INDICATES TRACE AMOUNT.




$$

&&
...........................................................

THE ARKANSAS RIVER AT VAN BUREN

                   OBSERVED      24 HOUR     24 HOUR
                    VALUE        CHANGE      FORECAST

 STAGE (FEET)
  THIS MORNING       19.9         +1.1

MEAN FLOW (CFS)
  TODAY                                        9000
...........................................................
ALL DATA MEASURED AT THE FORT SMITH REGIONAL AIRPORT
