000
CDUS44 KTSA 300801
CLIFSM

CLIMATE REPORT
NATIONAL WEATHER SERVICE TULSA OK
300 AM CDT SAT JUL 30 2016


...................................

...THE FORT SMITH ARKANSAS CLIMATE SUMMARY FOR JULY 29 2016...

CLIMATE NORMAL PERIOD 1981 TO 2010
CLIMATE RECORD PERIOD 1882 TO 2016


WEATHER ITEM   OBSERVED TIME   RECORD YEAR NORMAL DEPARTURE LAST
                VALUE   (LST)  VALUE       VALUE  FROM      YEAR
                                                  NORMAL
..................................................................
TEMPERATURE (F)
 YESTERDAY
  MAXIMUM         92    442 PM 108    1986  94     -2       98
                                      1930
  MINIMUM         73   1222 PM  62    1969  72      1       78
  AVERAGE         83                        83      0       88

PRECIPITATION (IN)
  YESTERDAY        0.02          2.43 1891   0.10  -0.08     0.00
  MONTH TO DATE    3.65                      3.09   0.56     8.79
  SINCE JUN 1      5.56                      7.37  -1.81    11.92
  SINCE JAN 1     22.77                     26.56  -3.79    45.17

DEGREE DAYS
 COOLING
  YESTERDAY       18                        18      0       23
  MONTH TO DATE  572                       502     70      575
  SINCE JUN 1   1075                       887    188     1058
  SINCE JAN 1   1260                      1131    129     1298
..................................................................


WIND (MPH)
  HIGHEST WIND SPEED    30   HIGHEST WIND DIRECTION     W (280)
  HIGHEST GUST SPEED    36   HIGHEST GUST DIRECTION     W (290)
  AVERAGE WIND SPEED     5.0


SKY COVER
  POSSIBLE SUNSHINE  MM
  AVERAGE SKY COVER 0.1


WEATHER CONDITIONS
 THE FOLLOWING WEATHER WAS RECORDED YESTERDAY.
  THUNDERSTORM
  LIGHT RAIN


RELATIVE HUMIDITY (PERCENT)
 HIGHEST    79           400 AM
 LOWEST     44           400 PM
 AVERAGE    62

..........................................................


THE FORT SMITH ARKANSAS CLIMATE NORMALS FOR TODAY
                         NORMAL    RECORD    YEAR
 MAXIMUM TEMPERATURE (F)   94       109      1986
 MINIMUM TEMPERATURE (F)   72        58      1965


SUNRISE AND SUNSET
JULY 30 2016..........SUNRISE   625 AM CDT   SUNSET   822 PM CDT
JULY 31 2016..........SUNRISE   626 AM CDT   SUNSET   821 PM CDT


-  INDICATES NEGATIVE NUMBERS.
R  INDICATES RECORD WAS SET OR TIED.
MM INDICATES DATA IS MISSING.
T  INDICATES TRACE AMOUNT.




$$

&&
...........................................................

THE ARKANSAS RIVER AT VAN BUREN

                   OBSERVED      24 HOUR     24 HOUR
                    VALUE        CHANGE      FORECAST

 STAGE (FEET)
  THIS MORNING       19.9         +0.2

MEAN FLOW (CFS)
  TODAY                                        -99
...........................................................
ALL DATA MEASURED AT THE FORT SMITH REGIONAL AIRPORT
