000
CDUS44 KTSA 300805
CLIFSM

CLIMATE REPORT
NATIONAL WEATHER SERVICE TULSA OK
302 AM CDT THU OCT 30 2014


...................................

...THE FORT SMITH ARKANSAS CLIMATE SUMMARY FOR OCTOBER 29 2014...

CLIMATE NORMAL PERIOD 1981 TO 2010
CLIMATE RECORD PERIOD 1882 TO 2014


WEATHER ITEM   OBSERVED TIME   RECORD YEAR NORMAL DEPARTURE LAST
                VALUE   (LST)  VALUE       VALUE  FROM      YEAR
                                                  NORMAL
..................................................................
TEMPERATURE (F)
 YESTERDAY
  MAXIMUM         73    327 PM  89    1950  71      2       75
  MINIMUM         44    650 AM  22    1952  47     -3       60
  AVERAGE         59                        59      0       68

PRECIPITATION (IN)
  YESTERDAY        0.00          1.79 1896   0.15  -0.15     0.07
  MONTH TO DATE    7.90                      4.04   3.86     3.58
  SINCE SEP 1     14.80                      8.09   6.71     5.08
  SINCE JAN 1     38.25                     37.45   0.80    39.95

SNOWFALL (IN)
  YESTERDAY        0.0                                       0.0
  MONTH TO DATE    0.0                                       0.0
  SINCE SEP 1      0.0                                       0.0
  SINCE JUL 1      0.0                                       0.0

DEGREE DAYS
 HEATING
  YESTERDAY        6                         7     -1        0
  MONTH TO DATE   51                       121    -70      135
  SINCE SEP 1     55                       138    -83      135
  SINCE JUL 1     55                       138    -83      135

 COOLING
  YESTERDAY        0                         1     -1        3
  MONTH TO DATE   94                        65     29       84
  SINCE SEP 1    390                       348     42      503
  SINCE JAN 1   2053                      2043     10     2306
..................................................................


WIND (MPH)
  HIGHEST WIND SPEED     9   HIGHEST WIND DIRECTION     W (270)
  HIGHEST GUST SPEED    12   HIGHEST GUST DIRECTION     W (270)
  AVERAGE WIND SPEED     2.3


SKY COVER
  POSSIBLE SUNSHINE  MM
  AVERAGE SKY COVER 0.0


WEATHER CONDITIONS
 THE FOLLOWING WEATHER WAS RECORDED YESTERDAY.
  FOG


RELATIVE HUMIDITY (PERCENT)
 HIGHEST    92           700 AM
 LOWEST     25           100 PM
 AVERAGE    59

..........................................................


THE FORT SMITH ARKANSAS CLIMATE NORMALS FOR TODAY
                         NORMAL    RECORD    YEAR
 MAXIMUM TEMPERATURE (F)   70        89      1968
                                             1937
 MINIMUM TEMPERATURE (F)   46        22      1917


SUNRISE AND SUNSET
OCTOBER 30 2014.......SUNRISE   737 AM CDT   SUNSET   625 PM CDT
OCTOBER 31 2014.......SUNRISE   738 AM CDT   SUNSET   624 PM CDT


-  INDICATES NEGATIVE NUMBERS.
R  INDICATES RECORD WAS SET OR TIED.
MM INDICATES DATA IS MISSING.
T  INDICATES TRACE AMOUNT.




$$

&&
...........................................................

THE ARKANSAS RIVER AT VAN BUREN

                   OBSERVED      24 HOUR     24 HOUR
                    VALUE        CHANGE      FORECAST

 STAGE (FEET)
  THIS MORNING       19.7         -0.0

MEAN FLOW (CFS)
  TODAY                                        11900
...........................................................
ALL DATA MEASURED AT THE FORT SMITH REGIONAL AIRPORT
